--
-- Host: localhost    Database: store_flexfit
-- ------------------------------------------------------


--
-- Table structure for table `admin_analytics_usage_version_log`
--

CREATE TABLE `admin_analytics_usage_version_log` (
  `id` int(10) unsigned NOT NULL AUTO_INCREMENT COMMENT 'Log ID',
  `last_viewed_in_version` varchar(50) NOT NULL COMMENT 'Viewer last viewed on product version',
  PRIMARY KEY (`id`),
  UNIQUE KEY `ADMIN_ANALYTICS_USAGE_VERSION_LOG_LAST_VIEWED_IN_VERSION` (`last_viewed_in_version`)
) ENGINE=InnoDB AUTO_INCREMENT=2 DEFAULT CHARSET=utf8 COMMENT='Admin Notification Viewer Log Table';

--
-- Dumping data for table `admin_analytics_usage_version_log`
--

INSERT INTO `admin_analytics_usage_version_log` VALUES (1,'2.4.2');

--
-- Table structure for table `admin_passwords`
--

CREATE TABLE `admin_passwords` (
  `password_id` int(10) unsigned NOT NULL AUTO_INCREMENT COMMENT 'Password ID',
  `user_id` int(10) unsigned NOT NULL DEFAULT 0 COMMENT 'User ID',
  `password_hash` varchar(255) DEFAULT NULL COMMENT 'Password Hash',
  `expires` int(10) unsigned NOT NULL DEFAULT 0 COMMENT 'Deprecated',
  `last_updated` int(10) unsigned NOT NULL DEFAULT 0 COMMENT 'Last Updated',
  PRIMARY KEY (`password_id`),
  KEY `ADMIN_PASSWORDS_USER_ID` (`user_id`),
  CONSTRAINT `ADMIN_PASSWORDS_USER_ID_ADMIN_USER_USER_ID` FOREIGN KEY (`user_id`) REFERENCES `admin_user` (`user_id`) ON DELETE CASCADE
) ENGINE=InnoDB AUTO_INCREMENT=13 DEFAULT CHARSET=utf8 COMMENT='Admin Passwords';

--
-- Dumping data for table `admin_passwords`
--

INSERT INTO `admin_passwords` VALUES (1,1,'cc21d25b72176a32357230b2e8b24cd47fd5400c6d204f26ebd7048b5851cdae:W2RZ7jUPOxuQHmrnORjM9Vyb6mEVz5Ev:3_32_2_67108864',0,1614303820),(2,2,'814a6b85cf44f74aade239b567328527ac4800a0e18d8f8ed6c015f360d5f582:cCr9HRscjseEF4zN2tfyupql3RIqNrkt:3_32_2_67108864',0,1614304396),(3,3,'0eb07a871a6b81149718270f3797c24569d79119b7aa7d3080ccafd2c9b69b86:So83yIGOA0MNHOWQxmfx2YeCMR3mNIhs:3_32_2_67108864',0,1617765674),(4,4,'3015f6cd5c8f048e07546a296f5633208ad79da4397147472849cb27c8287e33:pioEJqfb4P0folRl6AB9MLl7H4rUuQ2g:3_32_2_67108864',0,1619142042),(5,5,'a803e5d18df1cd9806dca9eca7637b64565c173e9a851c84337220e4a3ef0139:dqppATw1VRm21D9FXAQXViOXDxfJ7bXa:3_32_2_67108864',0,1619170739),(6,1,'b09e7f059b752b9a672afa4fad7f0a4ffede99286ccb8ab349701f3be3e6c0c5:h5ijEGP1wMbO1qzKxo6AhzA0uw3ujNdh:3_32_2_67108864',0,1622082578),(7,6,'66dcecccb6e41498ba6dae9d0bd523648075b2a54cfc4d090b6de41a366be174:IJTizFyjIGloXtDE3P8XbQJg5VHePBsh:3_32_2_67108864',0,1622172934),(8,7,'13e96a0ebcefc31fbcddae439e4bdcadd309441234070b12a7f934bb9697d925:EMdBn8wsnJ9jBkxJUWkP5TKDxIqT0ADk:3_32_2_67108864',0,1622706990),(9,8,'d596f088a97ca1dd91f17ea20cd611940a7c4128ee68b151b7ed9cc4c0b1b1e3:tvAXsGi6jRtdaBhsY3ZD20yse2ewKfs1:3_32_2_67108864',0,1622773093),(10,9,'f7cec1b5cee591bc56d9b7e21e9f03fe5697e6eed825872422b13a1f6b0e9917:l2NtHClh1yzm7A0P3Qu6HIBK3Zu3U1wq:3_32_2_67108864',0,1623767925),(11,10,'994095232e89ce6837dc0fec512633b1fe6750e21618a18e71c0a2925fc3be42:IePy5g2I4FonIuJoiMyxu3BfJck1EJF3:3_32_2_67108864',0,1628258859),(12,11,'2a6f733a6a63466005abdc3103247118b12c641810c3f7a37594b351f3de2d86:LN0VVIqcvfjW9fEm8oqZs8erXkGdcy3h:3_32_2_67108864',0,1628318877);

--
-- Table structure for table `admin_system_messages`
--

CREATE TABLE `admin_system_messages` (
  `identity` varchar(100) NOT NULL COMMENT 'Message ID',
  `severity` smallint(5) unsigned NOT NULL DEFAULT 0 COMMENT 'Problem type',
  `created_at` timestamp NOT NULL DEFAULT current_timestamp() COMMENT 'Create date',
  PRIMARY KEY (`identity`)
) ENGINE=InnoDB DEFAULT CHARSET=utf8 COMMENT='Admin System Messages';

--
-- Dumping data for table `admin_system_messages`
--


--
-- Table structure for table `admin_user`
--



--
-- Dumping data for table `admin_user`
--

INSERT INTO `admin_user` VALUES (1,'tony','pham','tony.pham.web.developer@gmail.com','adminnew','b09e7f059b752b9a672afa4fad7f0a4ffede99286ccb8ab349701f3be3e6c0c5:h5ijEGP1wMbO1qzKxo6AhzA0uw3ujNdh:3_32_2_67108864','2021-02-26 01:43:40','2021-06-15 14:17:03','2021-06-15 14:17:03',312,0,1,'{\"configState\":{\"activationcode_activation\":\"1\",\"rokanthemesbrand_general_settings\":\"0\",\"rokanthemesbrand_product_view_page\":\"1\",\"rokanthemesbrand_brand_list_page\":\"1\",\"rokanthemesbrand_group_page\":\"0\",\"catalog_placeholder\":\"0\",\"catalog_productalert_cron\":\"0\",\"catalog_productalert\":\"0\",\"catalog_review\":\"0\",\"catalog_frontend\":\"0\",\"catalog_fields_masks\":\"0\",\"mfblog_index_page\":\"1\",\"mfblog_post_view\":\"1\",\"mfblog_post_list\":\"0\",\"mfblog_general\":\"1\",\"mfblog_sidebar\":\"1\",\"mfblog_product_page\":\"0\",\"mfblog_author\":\"0\",\"mfblog_tag\":\"0\",\"mfblog_search\":\"0\",\"mfblog_permalink\":\"0\",\"mfblog_seo\":\"0\",\"mfblog_social\":\"0\",\"mfblog_top_menu\":\"1\",\"themeoption_general\":\"1\",\"themeoption_page\":\"1\",\"themeoption_search_category\":\"1\",\"themeoption_newsletter\":\"1\",\"themeoption_about\":\"1\",\"themeoption_blogpage\":\"1\",\"themeoption_font\":\"1\",\"themeoption_colors\":\"0\",\"themeoption_header\":\"1\",\"themeoption_footer\":\"1\",\"themeoption_main\":\"1\",\"themeoption_newsletter_form\":\"1\",\"themeoption_fake_order\":\"0\",\"themeoption_bloggeneral\":\"1\",\"web_unsecure\":\"0\",\"web_secure\":\"1\",\"web_default\":\"1\",\"wishlist_general\":\"0\",\"wishlist_email\":\"0\",\"wishlist_wishlist_link\":\"0\",\"themeoption_contact\":\"1\",\"themeoption_cart\":\"0\",\"web_url\":\"0\",\"web_seo\":\"0\",\"web_cookie\":\"0\",\"web_browser_capabilities\":\"0\",\"web_default_layouts\":\"0\",\"web_session\":\"0\",\"currency_options\":\"1\",\"currency_import\":\"0\",\"currency_currencyconverterapi\":\"0\",\"currency_fixerio\":\"0\",\"catalog_price\":\"1\",\"catalog_layered_navigation\":\"0\",\"catalog_search\":\"0\",\"catalog_seo\":\"0\",\"catalog_navigation\":\"0\",\"catalog_downloadable\":\"0\",\"storelocator_google_api_key\":\"1\",\"mageworx_searchsuite_searchsuiteautocomplete_main\":\"1\",\"custommenu_custom_links\":\"1\",\"custommenu_general\":\"0\",\"custommenu_cat_labels\":\"0\",\"testimonial_general\":\"1\",\"demoimporter_importerall\":\"1\",\"import_export_export\":\"0\",\"import_export_import\":\"0\",\"instagramsection_instagramgroup\":\"1\",\"faq_setting_faq_rokan\":\"1\"}}',NULL,NULL,'en_US',0,NULL,NULL,NULL),(2,'nguyen','khiem','demo.us@gmail.com','dev_khiemnv','814a6b85cf44f74aade239b567328527ac4800a0e18d8f8ed6c015f360d5f582:cCr9HRscjseEF4zN2tfyupql3RIqNrkt:3_32_2_67108864','2021-02-26 01:53:16','2021-05-19 07:13:15','2021-03-04 06:57:39',20,0,1,'{\"configState\":{\"mfblog_general\":\"1\",\"mfblog_index_page\":\"0\",\"mfblog_post_view\":\"0\",\"mfblog_post_list\":\"0\",\"mfblog_sidebar\":\"0\",\"mfblog_product_page\":\"0\",\"mfblog_author\":\"0\",\"mfblog_tag\":\"0\",\"mfblog_search\":\"0\",\"mfblog_permalink\":\"0\",\"mfblog_seo\":\"0\",\"mfblog_social\":\"0\",\"mfblog_top_menu\":\"0\",\"faq_setting_faq_rokan\":\"1\",\"themeoption_cart\":\"0\",\"themeoption_bloggeneral\":\"0\",\"custommenu_custom_links\":\"1\",\"custommenu_cat_labels\":\"1\",\"custommenu_general\":\"1\",\"mageworx_searchsuite_searchsuiteautocomplete_main\":\"1\",\"themeoption_page\":\"0\",\"themeoption_main\":\"0\",\"themeoption_blogpage\":\"0\",\"themeoption_login\":\"0\",\"themeoption_faq\":\"0\",\"themeoption_search_category\":\"1\",\"themeoption_general\":\"0\",\"themeoption_font\":\"1\",\"themeoption_colors\":\"1\",\"themeoption_header\":\"0\",\"themeoption_footer\":\"0\",\"themeoption_about\":\"0\",\"themeoption_newsletter\":\"1\",\"themeoption_newsletter_form\":\"0\",\"themeoption_fake_order\":\"0\"}}',NULL,NULL,'en_US',1,'2021-05-19 07:13:15',NULL,NULL),(3,'Admin','Admin','tokithemes@gmail7.com','dev_huy','0eb07a871a6b81149718270f3797c24569d79119b7aa7d3080ccafd2c9b69b86:So83yIGOA0MNHOWQxmfx2YeCMR3mNIhs:3_32_2_67108864','2021-04-07 03:21:14','2021-06-16 11:28:27','2021-06-16 11:28:27',35,0,1,'{\"configState\":{\"themeoption_header\":\"1\",\"themeoption_general\":\"1\",\"themeoption_font\":\"1\",\"themeoption_colors\":\"1\",\"themeoption_footer\":\"1\",\"themeoption_search_category\":\"0\",\"themeoption_page\":\"0\",\"themeoption_main\":\"0\",\"themeoption_contact\":\"0\",\"themeoption_newsletter\":\"1\",\"themeoption_blogpage\":\"1\",\"themeoption_bloggeneral\":\"1\",\"themeoption_cart\":\"1\",\"themeoption_newsletter_form\":\"1\",\"themeoption_fake_order\":\"1\",\"web_default\":\"1\",\"web_url\":\"1\",\"web_seo\":\"0\",\"web_unsecure\":\"0\",\"web_secure\":\"0\",\"web_cookie\":\"0\",\"web_browser_capabilities\":\"0\",\"optimizespeed_optimizespeed_html\":\"1\",\"optimizespeed_lazyload\":\"1\",\"dev_debug\":\"1\",\"dev_front_end_development_workflow\":\"1\",\"dev_restrict\":\"0\",\"dev_template\":\"0\",\"dev_translate_inline\":\"0\",\"dev_js\":\"1\",\"dev_css\":\"1\",\"dev_image\":\"0\",\"dev_caching\":\"0\",\"dev_static\":\"1\",\"dev_grid\":\"1\",\"general_single_store_mode\":\"1\",\"catalog_seo\":\"1\",\"catalog_search\":\"1\",\"general_region\":\"0\",\"catalog_fields_masks\":\"0\",\"catalog_frontend\":\"0\",\"catalog_review\":\"0\",\"catalog_productalert\":\"0\",\"catalog_productalert_cron\":\"0\",\"catalog_placeholder\":\"0\",\"catalog_recently_products\":\"0\",\"catalog_product_video\":\"0\",\"catalog_price\":\"0\",\"catalog_layered_navigation\":\"0\",\"catalog_navigation\":\"0\",\"catalog_downloadable\":\"0\",\"catalog_custom_options\":\"0\",\"instagramsection_instagramgroup\":\"1\"}}',NULL,NULL,'en_US',0,NULL,NULL,NULL),(4,'nguyen','khiem','tokithemes5@gmail.com','dev_thang','3015f6cd5c8f048e07546a296f5633208ad79da4397147472849cb27c8287e33:pioEJqfb4P0folRl6AB9MLl7H4rUuQ2g:3_32_2_67108864','2021-04-23 01:40:42','2021-06-16 09:16:21','2021-06-16 09:16:21',57,0,1,'{\"configState\":{\"web_default\":\"1\",\"web_url\":\"0\",\"web_seo\":\"0\",\"web_unsecure\":\"0\",\"web_secure\":\"0\",\"web_cookie\":\"0\",\"web_browser_capabilities\":\"0\",\"producttab_general\":\"1\",\"general_country\":\"0\",\"themeoption_bloggeneral\":\"1\",\"instagramsection_instagramgroup\":\"1\",\"themeoption_newsletter\":\"1\",\"themeoption_general\":\"0\",\"themeoption_font\":\"1\",\"themeoption_colors\":\"0\",\"themeoption_header\":\"0\",\"themeoption_footer\":\"1\",\"themeoption_search_category\":\"0\",\"themeoption_page\":\"0\",\"themeoption_main\":\"0\",\"themeoption_contact\":\"0\",\"themeoption_blogpage\":\"0\",\"themeoption_cart\":\"0\",\"themeoption_newsletter_form\":\"1\",\"themeoption_fake_order\":\"0\",\"demoimporter_importerall\":\"1\",\"custommenu_cat_labels\":\"1\",\"custommenu_custom_links\":\"1\",\"custommenu_general\":\"1\",\"checkout_payment_failed\":\"0\",\"payment_us_other_payment_methods\":\"1\",\"payment_us_free\":\"1\",\"payment_us_amazon_payment\":\"0\",\"payment_us_other_paypal_payment_solutions\":\"1\",\"carriers_freeshipping\":\"0\",\"carriers_flatrate\":\"1\",\"carriers_tablerate\":\"0\",\"carriers_instore\":\"0\",\"carriers_ups\":\"0\",\"carriers_usps\":\"0\",\"carriers_fedex\":\"0\",\"carriers_dhl\":\"0\",\"checkout_options\":\"0\",\"payment_us_cashondelivery\":\"1\",\"payment_us_account\":\"1\",\"payment_us_recommended_solutions\":\"1\",\"payment_us_paypal_group_all_in_one\":\"1\",\"payment_us_paypal_payment_gateways\":\"1\",\"payment_us_klarna_section\":\"0\",\"payment_us_checkmo\":\"0\",\"payment_us_banktransfer\":\"0\",\"payment_us_purchaseorder\":\"0\"}}',NULL,NULL,'en_US',0,NULL,NULL,NULL),(5,'Admin','Admin','tokithemes@gmail1227.com','admin_westintrends','a803e5d18df1cd9806dca9eca7637b64565c173e9a851c84337220e4a3ef0139:dqppATw1VRm21D9FXAQXViOXDxfJ7bXa:3_32_2_67108864','2021-04-23 09:38:59','2021-04-23 09:38:59',NULL,0,0,1,NULL,NULL,NULL,'en_US',0,NULL,NULL,NULL),(6,'nguyen','khiemnv','tokithemes8@gmail.com','dev_khiem','66dcecccb6e41498ba6dae9d0bd523648075b2a54cfc4d090b6de41a366be174:IJTizFyjIGloXtDE3P8XbQJg5VHePBsh:3_32_2_67108864','2021-05-28 03:35:34','2021-05-28 03:35:44','2021-05-28 03:35:44',1,0,1,NULL,NULL,NULL,'en_US',0,NULL,NULL,NULL),(7,'Admin','Admin','tokithemes@gmail.com','dev_huan','13e96a0ebcefc31fbcddae439e4bdcadd309441234070b12a7f934bb9697d925:EMdBn8wsnJ9jBkxJUWkP5TKDxIqT0ADk:3_32_2_67108864','2021-06-03 07:56:30','2021-06-03 08:08:45',NULL,0,0,1,'null',NULL,NULL,'en_US',1,'2021-06-03 08:08:45',NULL,NULL),(8,'dev','bluskytechco','dev_bluskytechco@gmail.com','dev_bluskytechco','d596f088a97ca1dd91f17ea20cd611940a7c4128ee68b151b7ed9cc4c0b1b1e3:tvAXsGi6jRtdaBhsY3ZD20yse2ewKfs1:3_32_2_67108864','2021-06-04 02:18:13','2021-06-16 03:38:49','2021-06-16 03:38:49',5,0,1,'{\"configState\":{\"themeoption_general\":\"1\",\"themeoption_fake_order\":\"1\",\"themeoption_newsletter_form\":\"1\",\"storelocator_google_api_key\":\"1\"}}',NULL,NULL,'en_US',0,NULL,NULL,NULL),(9,'Admin','Admin','tokithemes@gmail997.com','dev_ly','f7cec1b5cee591bc56d9b7e21e9f03fe5697e6eed825872422b13a1f6b0e9917:l2NtHClh1yzm7A0P3Qu6HIBK3Zu3U1wq:3_32_2_67108864','2021-06-15 14:38:45','2021-06-15 14:38:45',NULL,0,0,1,NULL,NULL,NULL,'en_US',0,NULL,NULL,NULL),(10,'admin','admin','demo@demo.com','cmsmart','994095232e89ce6837dc0fec512633b1fe6750e21618a18e71c0a2925fc3be42:IePy5g2I4FonIuJoiMyxu3BfJck1EJF3:3_32_2_67108864','2021-08-06 14:07:39','2021-08-19 15:17:51','2021-08-19 15:16:58',4,0,1,'{\"configState\":{\"demoimporter_importerall\":\"1\",\"themeoption_general\":\"1\",\"themeoption_font\":\"1\",\"themeoption_header\":\"0\",\"themeoption_colors\":\"0\",\"themeoption_footer\":\"0\",\"themeoption_search_category\":\"0\",\"themeoption_page\":\"0\",\"themeoption_main\":\"0\",\"themeoption_contact\":\"0\",\"themeoption_newsletter\":\"0\",\"themeoption_blogpage\":\"0\",\"themeoption_bloggeneral\":\"0\",\"themeoption_cart\":\"0\",\"themeoption_newsletter_form\":\"0\",\"themeoption_fake_order\":\"0\",\"custommenu_general\":\"1\",\"custommenu_custom_links\":\"1\",\"custommenu_cat_labels\":\"0\"}}',NULL,NULL,'en_US',0,NULL,NULL,NULL),(11,'Netbase','Admin','hi@mageplaza.com','admin','2a6f733a6a63466005abdc3103247118b12c641810c3f7a37594b351f3de2d86:LN0VVIqcvfjW9fEm8oqZs8erXkGdcy3h:3_32_2_67108864','2021-08-07 06:47:57','2022-01-10 03:06:58','2022-01-10 03:06:58',565,0,1,'{\"configState\":{\"general_country\":\"0\",\"custommenu_general\":\"1\",\"custommenu_custom_links\":\"1\",\"custommenu_cat_labels\":\"1\",\"verticalmenu_general\":\"1\",\"verticalmenu_custom_links\":\"1\",\"verticalmenu_cat_labels\":\"1\",\"optimizespeed_optimizespeed_html\":\"1\",\"optimizespeed_lazyload\":\"1\",\"admin_security\":\"0\",\"admin_url\":\"0\",\"admin_startup\":\"0\",\"admin_emails\":\"0\",\"admin_dashboard\":\"0\",\"admin_captcha\":\"0\",\"admin_usage\":\"0\",\"web_unsecure\":\"0\",\"web_secure\":\"0\",\"web_url\":\"0\",\"web_seo\":\"0\",\"web_default\":\"0\",\"web_default_layouts\":\"0\",\"web_cookie\":\"0\",\"web_session\":\"0\",\"web_browser_capabilities\":\"0\",\"general_region\":\"0\",\"general_locale\":\"0\",\"general_store_information\":\"0\",\"general_single_store_mode\":\"0\",\"currency_options\":\"1\",\"currency_fixerio\":\"1\",\"currency_currencyconverterapi\":\"1\",\"currency_import\":\"1\",\"goivvydecimalplaces_general\":\"1\",\"themeoption_font\":\"0\",\"themeoption_general\":\"0\",\"themeoption_colors\":\"0\",\"themeoption_header\":\"0\",\"themeoption_footer\":\"0\",\"themeoption_search_category\":\"1\",\"themeoption_page\":\"0\",\"themeoption_main\":\"0\",\"themeoption_contact\":\"0\",\"themeoption_newsletter\":\"1\",\"themeoption_blogpage\":\"1\",\"themeoption_bloggeneral\":\"0\",\"themeoption_cart\":\"0\",\"themeoption_newsletter_form\":\"0\",\"themeoption_fake_order\":\"0\",\"rokanthemesbrand_general_settings\":\"0\",\"rokanthemesbrand_product_view_page\":\"1\",\"rokanthemesbrand_brand_list_page\":\"0\",\"rokanthemesbrand_group_page\":\"0\",\"dev_css\":\"0\",\"dev_js\":\"0\",\"dev_template\":\"0\",\"dev_restrict\":\"0\",\"mfblog_index_page\":\"0\",\"mfblog_post_view\":\"0\",\"mfblog_top_menu\":\"0\",\"mfblog_product_page\":\"0\",\"mfblog_sidebar\":\"1\",\"testimonial_general\":\"1\",\"catalog_frontend\":\"1\",\"catalog_productalert\":\"0\",\"catalog_placeholder\":\"0\",\"catalog_layered_navigation\":\"0\",\"catalog_search\":\"1\",\"catalog_seo\":\"0\",\"sitemap_category\":\"0\",\"sitemap_product\":\"0\",\"sitemap_store\":\"1\",\"sitemap_page\":\"0\",\"sitemap_limit\":\"0\",\"sitemap_search_engines\":\"0\",\"mfblog_post_list\":\"0\",\"mfblog_author\":\"0\",\"mfblog_tag\":\"0\",\"mfblog_search\":\"0\",\"mfblog_seo\":\"0\",\"mfblog_social\":\"0\",\"newsletter_general\":\"0\",\"newsletter_subscription\":\"1\",\"mfblog_general\":\"0\",\"newrelicreporting_cron\":\"1\",\"newrelicreporting_general\":\"1\",\"webapi_webapisecurity\":\"1\",\"webapi_soap\":\"1\",\"trans_email_ident_custom1\":\"1\",\"trans_email_ident_custom2\":\"1\",\"trans_email_ident_support\":\"1\",\"trans_email_ident_sales\":\"1\",\"trans_email_ident_general\":\"1\",\"contact_contact\":\"1\",\"contact_email\":\"1\",\"rss_order\":\"1\",\"rss_catalog\":\"1\",\"rss_config\":\"1\",\"customer_address_templates\":\"0\",\"customer_startup\":\"1\",\"customer_account_information\":\"0\",\"customer_address\":\"1\",\"customer_password\":\"0\",\"customer_online_customers\":\"0\",\"customer_account_share\":\"0\",\"customer_captcha\":\"1\",\"connector_developer_settings_system_alerts\":\"0\",\"connector_developer_settings_cron_schedules\":\"0\",\"connector_developer_settings_ip_restriction\":\"0\",\"connector_developer_settings_oauth\":\"0\",\"connector_developer_settings_sync_settings\":\"0\",\"connector_developer_settings_import_settings\":\"0\",\"mfblog_permalink\":\"0\",\"quickview_general\":\"1\",\"carriers_flatrate\":\"0\",\"carriers_freeshipping\":\"0\",\"shipping_shipping_policy\":\"1\",\"shipping_origin\":\"1\",\"checkout_options\":\"1\",\"checkout_cart\":\"1\",\"checkout_cart_link\":\"1\",\"checkout_sidebar\":\"1\",\"checkout_payment_failed\":\"1\",\"onepagecheckout_general\":\"1\",\"system_media_gallery\":\"1\",\"system_mysqlmq\":\"0\",\"system_cron\":\"0\",\"system_smtp\":\"0\",\"system_currency\":\"0\",\"system_adminnotification\":\"0\",\"system_backup\":\"0\",\"system_full_page_cache\":\"0\",\"system_bulk\":\"0\",\"system_media_storage_configuration\":\"0\",\"system_upload_configuration\":\"0\",\"system_media_gallery_renditions\":\"0\",\"system_adobe_stock_integration\":\"0\",\"carriers_tablerate\":\"0\",\"carriers_instore\":\"0\",\"carriers_ups\":\"0\",\"carriers_usps\":\"0\",\"carriers_fedex\":\"0\",\"carriers_dhl\":\"0\",\"catalog_fields_masks\":\"0\",\"catalog_review\":\"0\",\"catalog_productalert_cron\":\"0\",\"catalog_recently_products\":\"0\",\"catalog_product_video\":\"0\",\"catalog_price\":\"0\",\"catalog_navigation\":\"0\",\"catalog_downloadable\":\"0\",\"catalog_custom_options\":\"0\",\"payment_other_checkmo\":\"0\",\"payment_other_cashondelivery\":\"0\",\"payment_other_account\":\"0\",\"payment_other_recommended_solutions\":\"0\",\"payment_other_express_checkout_other\":\"0\",\"payment_other_other_paypal_payment_solutions\":\"0\",\"payment_other_paypal_group_all_in_one\":\"1\",\"payment_other_other_payment_methods\":\"1\",\"payment_other_klarna_section\":\"0\",\"payment_other_amazon_payment\":\"0\",\"payment_other_free\":\"0\",\"payment_other_banktransfer\":\"0\",\"payment_other_purchaseorder\":\"0\",\"payment_other_momo\":\"1\",\"payment_other_zalopay\":\"1\",\"payment_other_vnpay\":\"0\",\"payment_other_onepay_domestic\":\"0\",\"payment_other_onepay_international\":\"0\",\"cataloginventory_options\":\"1\",\"cataloginventory_item_options\":\"0\",\"cataloginventory_bulk_operations\":\"0\",\"cataloginventory_indexer\":\"0\",\"cataloginventory_source_selection_distance_based\":\"0\",\"cataloginventory_source_selection_distance_based_google\":\"0\",\"cleversoft_shopbybrand_all_brand_page\":\"1\",\"cleversoft_shopbybrand_product_view_page\":\"1\",\"cleversoft_shopbybrand_info_shopbybrand\":\"1\",\"oauth_access_token_lifetime\":\"0\",\"oauth_cleanup\":\"0\",\"oauth_consumer\":\"0\",\"oauth_authentication_lock\":\"0\",\"sales_general\":\"0\",\"payment_other_lof_zalopayment\":\"1\",\"sales_instant_purchase\":\"0\",\"sales_reorder\":\"0\",\"sales_totals_sort\":\"0\",\"sales_email_general\":\"0\",\"sales_email_order\":\"1\",\"sales_email_order_comment\":\"0\",\"sales_email_invoice\":\"0\",\"sales_email_invoice_comment\":\"0\",\"sales_email_shipment\":\"0\",\"sales_email_shipment_comment\":\"0\",\"sales_email_creditmemo\":\"0\",\"sales_email_creditmemo_comment\":\"0\",\"sales_email_order_ready_for_pickup\":\"0\",\"sales_minimum_order\":\"0\",\"google_analytics\":\"0\",\"google_adwords\":\"0\",\"recaptcha_frontend_type_recaptcha\":\"1\",\"recaptcha_frontend_type_invisible\":\"0\",\"recaptcha_frontend_type_recaptcha_v3\":\"0\",\"recaptcha_frontend_failure_messages\":\"0\",\"recaptcha_frontend_type_for\":\"1\",\"customer_create_account\":\"1\",\"magento_securitytxt_securitytxt_general\":\"0\",\"ajaxsuite_general\":\"0\",\"ajaxsuite_ajaxcart\":\"0\",\"ajaxsuite_ajaxwishlist\":\"0\",\"ajaxsuite_ajaxcompare\":\"0\"}}',NULL,NULL,'en_US',0,NULL,NULL,NULL);

--
-- Table structure for table `admin_user_expiration`
--

CREATE TABLE `admin_user_expiration` (
  `user_id` int(10) unsigned NOT NULL COMMENT 'User ID',
  `expires_at` timestamp NOT NULL DEFAULT '0000-00-00 00:00:00' COMMENT 'User Expiration Date',
  PRIMARY KEY (`user_id`),
  CONSTRAINT `ADMIN_USER_EXPIRATION_USER_ID_ADMIN_USER_USER_ID` FOREIGN KEY (`user_id`) REFERENCES `admin_user` (`user_id`) ON DELETE CASCADE
) ENGINE=InnoDB DEFAULT CHARSET=utf8 COMMENT='Admin User expiration dates table';

--
-- Dumping data for table `admin_user_expiration`
--


--
-- Table structure for table `admin_user_session`
--

CREATE TABLE `admin_user_session` (
  `id` int(10) unsigned NOT NULL AUTO_INCREMENT COMMENT 'Entity ID',
  `session_id` varchar(128) NOT NULL COMMENT 'Session ID value',
  `user_id` int(10) unsigned DEFAULT NULL COMMENT 'Admin User ID',
  `status` smallint(5) unsigned NOT NULL DEFAULT 1 COMMENT 'Current Session status',
  `created_at` timestamp NOT NULL DEFAULT current_timestamp() COMMENT 'Created Time',
  `updated_at` timestamp NOT NULL DEFAULT current_timestamp() ON UPDATE current_timestamp() COMMENT 'Update Time',
  `ip` varchar(15) NOT NULL COMMENT 'Remote user IP',
  PRIMARY KEY (`id`),
  KEY `ADMIN_USER_SESSION_SESSION_ID` (`session_id`),
  KEY `ADMIN_USER_SESSION_USER_ID` (`user_id`),
  CONSTRAINT `ADMIN_USER_SESSION_USER_ID_ADMIN_USER_USER_ID` FOREIGN KEY (`user_id`) REFERENCES `admin_user` (`user_id`) ON DELETE CASCADE
) ENGINE=InnoDB AUTO_INCREMENT=1000 DEFAULT CHARSET=utf8 COMMENT='Admin User sessions table';

--
-- Dumping data for table `admin_user_session`
--

INSERT INTO `admin_user_session` VALUES (997,'c2a160869df7103b42caecf5ef70c428',11,1,'2022-01-08 06:59:04','2022-01-08 07:24:19','117.7.237.55'),(998,'5bb86e4f2cf6d2dc9b1d81c4fdd48f0f',11,1,'2022-01-10 02:02:39','2022-01-10 02:19:04','118.70.81.72'),(999,'723dd9c4f8ab3bfe4ce5b63017da9284',11,1,'2022-01-10 03:06:59','2022-01-10 03:31:06','118.70.52.240');

--
-- Table structure for table `adminnotification_inbox`
--

CREATE TABLE `adminnotification_inbox` (
  `notification_id` int(10) unsigned NOT NULL AUTO_INCREMENT COMMENT 'Notification ID',
  `severity` smallint(5) unsigned NOT NULL DEFAULT 0 COMMENT 'Problem type',
  `date_added` timestamp NOT NULL DEFAULT current_timestamp() COMMENT 'Create date',
  `title` varchar(255) NOT NULL COMMENT 'Title',
  `description` text DEFAULT NULL COMMENT 'Description',
  `url` varchar(255) DEFAULT NULL COMMENT 'Url',
  `is_read` smallint(5) unsigned NOT NULL DEFAULT 0 COMMENT 'Flag if notification read',
  `is_remove` smallint(5) unsigned NOT NULL DEFAULT 0 COMMENT 'Flag if notification might be removed',
  PRIMARY KEY (`notification_id`),
  KEY `ADMINNOTIFICATION_INBOX_SEVERITY` (`severity`),
  KEY `ADMINNOTIFICATION_INBOX_IS_READ` (`is_read`),
  KEY `ADMINNOTIFICATION_INBOX_IS_REMOVE` (`is_remove`)
) ENGINE=InnoDB AUTO_INCREMENT=57 DEFAULT CHARSET=utf8 COMMENT='Adminnotification Inbox';

--
-- Dumping data for table `adminnotification_inbox`
--

INSERT INTO `adminnotification_inbox` VALUES (1,4,'2021-02-26 01:43:39','Disable Notice','To improve performance, collecting statistics for the Magento Report module is disabled by default. \nYou can enable it in System Config.','',0,0),(2,3,'2021-02-26 02:24:39','New version 2.9.8 of Magefan Magento 2 Blog Extension is now available.',' You can download the new version from Magefan Store or update it via composer. Get us in touch if you need our help with an update or you have any questions.\n                                    https://magefan.com/magento2-blog-extension?version=2.9.8\n                                 ','https://magefan.com/magento2-blog-extension?version=2.9.8',0,0),(3,4,'2021-02-26 02:24:39','FAQ: How to configure &quot;read more&quot; in your Magento 2 blog post',' If you still don&#039;t know how to configure read more functionality in your magento 2 blog post, please read this article.\n                    Online documentation for Magento 2 blog extension is also available on our website. http://goo.gl/XOEdpy ','http://magefan.com/blog/add-read-more-tag-to-blog-post-content/?from=notification1',0,0),(4,4,'2021-02-26 02:24:39','NEW Magento 2 Zero Downtime Deployment Extension.',' Do you hate to see when your store is broken while running Magento 2 deployment commands? Install New Zero Downtime Deployment extension and forget about it. Deploy new features and bug fixes without interrupting your customers.','https://magefan.com/magento-2-zero-downtime-deployment?from=ntf-new',0,0),(5,4,'2021-03-23 00:33:54','You&#039;re invited to our webinar this week: How digital commerce can scale B2B selling','Digital commerce is fast becoming the default way to buy—even for B2B customers. In just 8 weeks, Byrne Electrical, the leading manufacturer of power and data solutions for numerous industries, launched an eCommerce portal for more than 1,100 of their customers. To learn how they did it, join George Fabis, Director of IT for Byrne, and Slava Kravchuk, CEO &amp; Founder of Atwix, a Magento Commerce solutions partner, for a live discussion on Thursday, March 25. Register Now: https://bit.ly/3r1MCvG','https://bit.ly/3r1MCvG',0,0),(6,3,'2021-05-03 00:33:17','New version 2.10.0 of Magefan Magento 2 Blog Extension is now available.',' You can download the new version from Magefan Store or update it via composer. Get us in touch if you need our help with an update or you have any questions.\n                                    https://magefan.com/magento2-blog-extension?version=2.10.0\n                                 ','https://magefan.com/magento2-blog-extension?version=2.10.0',0,0),(7,4,'2021-05-11 20:44:41','Magento Open Source 2.4.2-p1 &amp; 2.3.7 deliver important security updates','The latest releases of Magento Open Source – 2.3.7 and 2.4.2-p1 – are now generally available. The latest release of Magento Open Source includes important security updates. With these important updates we strongly recommend that you upgrade to ensure your sites maintain the highest level of security. You can review the release notes for more information about all of the updates. Learn how this release can help you save time and maximize resources at Magento.com/blog.','https://devdocs.magento.com/guides/v2.3/release-notes/bk-release-notes.html ',0,0),(8,3,'2021-05-12 01:10:02','New version 2.10.1 of Magefan Magento 2 Blog Extension is now available.',' You can download the new version from Magefan Store or update it via composer. Get us in touch if you need our help with an update or you have any questions.\n                                    https://magefan.com/magento2-blog-extension?version=2.10.1\n                                 ','https://magefan.com/magento2-blog-extension?version=2.10.1',0,0),(9,3,'2021-08-06 16:02:23','New version 2.10.2 of Magefan Magento 2 Blog Extension is now available.',' You can download the new version from Magefan Store or update it via composer. Get us in touch if you need our help with an update or you have any questions.\n                                    https://magefan.com/magento2-blog-extension?version=2.10.2\n                                 ','https://magefan.com/magento2-blog-extension?version=2.10.2',1,0),(10,3,'2021-08-03 00:00:00','New FREE Magento 2 Facebook Pixel Extension','Integrate Facebook Pixel just in a few clicks with the new FREE Magento 2 Facebook Pixel Extension. Hurry up to try it out! https://magefan.com/magento-2-facebook-pixel-extension','https://magefan.com/magento-2-facebook-pixel-extension?utm_source=website&amp;utm_medium=admin_notification&amp;utm_campaign=new_extension_fb_pixel',1,0),(11,4,'2021-08-10 17:53:11','Magento Open Source 2.4.3 available today!','Magento Open Source 2.4.3, along with security-only patches 2.4.2-p1 and 2.3.7-p2, is now generally available. Magento Open Source 2.4.3 includes 33 security and 370+ quality improvements, along with performance and scale enhancements.  With these important updates, we strongly recommend that you upgrade to maintain the highest level of security for your sites. Learn how this release can help you save time and maximize resources in our release blog. ','http://magento.com/blog/magento-news/get-ready-your-peak-season-adobe-commerce-243',1,0),(12,3,'2021-09-21 02:40:37','New version 2.10.3 of Magefan Magento 2 Blog Extension is now available.',' You can download the new version from Magefan Store or update it via composer. Get us in touch if you need our help with an update or you have any questions.\n                                    https://magefan.com/magento2-blog-extension?version=2.10.3\n                                 ','https://magefan.com/magento2-blog-extension?version=2.10.3',0,0),(13,4,'2021-10-01 14:44:47','New, Simplified Upgrade Process and Lifecycle Policy Helps Reduce Your TCO ','Adobe Commerce developed a new release strategy and updated its lifecycle policy in effort to help Merchants lower their total cost of ownership and accelerate their time to innovation. Learn more about how upgrades are now more predictable and easier to implement in our blog.','https://magento.com/blog/accelerating-innovation-through-simplified-release-strategy',0,0),(14,2,'2021-10-04 11:23:05','Your export file is ready','You can pick up your file at export main page','',0,0),(15,2,'2021-10-08 03:57:04','Your export file is ready','You can pick up your file at export main page','',0,0),(16,2,'2021-10-08 04:00:27','Your export file is ready','You can pick up your file at export main page','',0,0),(17,2,'2021-10-11 03:52:04','Your export file is ready','You can pick up your file at export main page','',0,0),(18,2,'2021-10-11 07:38:05','Your export file is ready','You can pick up your file at export main page','',0,0),(19,2,'2021-10-11 08:29:12','Your export file is ready','You can pick up your file at export main page','',0,0),(20,2,'2021-10-13 08:15:06','Your export file is ready','You can pick up your file at export main page','',0,0),(21,2,'2021-10-14 02:49:18','Your export file is ready','You can pick up your file at export main page','',0,0),(22,2,'2021-10-20 08:46:06','Your export file is ready','You can pick up your file at export main page','',0,0),(23,2,'2021-10-20 08:46:07','Your export file is ready','You can pick up your file at export main page','',0,0),(24,2,'2021-10-21 18:26:05','Your export file is ready','You can pick up your file at export main page','',0,0),(25,4,'2021-10-22 19:06:48','Magento Technology Stack Evaluation Survey','Please take a few minutes to fill out this survey https://forms.office.com/r/DLN8K3h2h0. We appreciate your effort to support the future of Adobe Commerce!','https://forms.office.com/r/DLN8K3h2h0',0,0),(26,3,'2021-11-17 07:40:59','New version 2.10.4 of Magefan Magento 2 Blog Extension is now available.',' You can download the new version from Magefan Store or update it via composer. Get us in touch if you need our help with an update or you have any questions.\n                                    https://magefan.com/magento2-blog-extension?version=2.10.4\n                                 ','https://magefan.com/magento2-blog-extension?version=2.10.4',0,0),(27,4,'2021-11-17 00:00:00','Guess whose birthday it is today? Magefan&#039;s!','Hurry up to get FREE Installation Service with any of Magento 2 extension purchased on November 2021! ','https://magefan.com/magento2-extensions?utm_source=website_admin&amp;utm_medium=a_notification&amp;utm_campaign=magefan6&amp;utm_id=magefan%27sbday',0,0),(28,4,'2021-11-22 00:00:00','This Deal’s Unreal! ','Save up to 50% OFF all Magento 2 extensions this Black Friday. Explore the best offers of the year now! https://bit.ly/3HLUQ4Y','https://magefan.com/magento2-extensions?utm_source=admn-ntf&amp;utm_medium=notice&amp;utm_campaign=black-friday-sale&amp;utm_id=bf-2021',0,0),(29,2,'2021-11-24 15:36:03','Your coupons are ready','You can check your coupons at sales rule page','',0,0),(30,2,'2021-11-30 07:26:06','Your export file is ready','You can pick up your file at export main page','',1,0),(31,4,'2021-11-28 00:00:00','Missed Black Friday Deals? Cyber Monday is here.','Save up to 30% off all Magento 2 extensions - this week only. Buy more and pay less this last BIG sale of the year! Visit our website https://bit.ly/3p78GWZ','https://magefan.com/magento2-extensions?utm_source=admn-ntfct&amp;utm_medium=notice&amp;utm_campaign=cyber-monday-sale&amp;utm_id=cm-2021',1,0),(32,2,'2021-12-03 04:10:05','Your export file is ready','You can pick up your file at export main page','',1,0),(33,4,'2021-12-06 00:00:00','NEW Magento 2 AMP Blog Release! ','This extension integrates our Magento 2 Blog Extension with Magento 2 AMP extension by  Plumrocket, our trusted partner.  Improve your Blog on mobile devices for better user engagement!  https://bit.ly/3y2Yy5z','https://magefan.com/magento-2-amp-blog-extension?utm_source=admin&amp;utm_medium=notifications&amp;utm_id=new-release-ampblog',0,0),(34,2,'2021-12-08 10:48:05','Your coupons are ready','You can check your coupons at sales rule page','',0,0),(35,2,'2021-12-08 11:06:05','Your coupons are ready','You can check your coupons at sales rule page','',0,0),(36,2,'2021-12-10 16:31:22','Your coupons are ready','You can check your coupons at sales rule page','',0,0),(37,2,'2021-12-10 16:31:47','Your coupons are ready','You can check your coupons at sales rule page','',0,0),(38,2,'2021-12-15 07:50:07','Your export file is ready','You can pick up your file at export main page','',0,0),(39,4,'2021-12-15 00:00:00','Save up to 15% OFF select M2 extensions - Happy Holidays from the Magefan team!  ','Wishing you and your families peaceful and joyful holidays! Check out our Christmas Sale https://bit.ly/3s51aPw','https://magefan.com/magento2-extensions?utm_source=admin-notif&amp;utm_medium=ntf&amp;utm_campaign=christmas-sale&amp;utm_id=15off ',0,0),(40,2,'2021-12-17 10:01:04','Your coupons are ready','You can check your coupons at sales rule page','',0,0),(41,2,'2021-12-19 05:46:06','Your export file is ready','You can pick up your file at export main page','',0,0),(42,2,'2021-12-21 03:35:04','Your coupons are ready','You can check your coupons at sales rule page','',0,0),(43,2,'2021-12-22 11:06:04','Your coupons are ready','You can check your coupons at sales rule page','',0,0),(44,2,'2021-12-23 02:21:06','Your export file is ready','You can pick up your file at export main page','',0,0),(45,2,'2021-12-23 04:52:22','Your coupons are ready','You can check your coupons at sales rule page','',0,0),(46,2,'2021-12-23 04:59:54','Your coupons are ready','You can check your coupons at sales rule page','',0,0),(47,2,'2021-12-23 08:29:43','Your coupons are ready','You can check your coupons at sales rule page','',0,0),(48,2,'2021-12-23 08:46:26','Your coupons are ready','You can check your coupons at sales rule page','',0,0),(49,2,'2021-12-24 04:08:16','Your export file is ready','You can pick up your file at export main page','',0,0),(50,2,'2021-12-30 08:41:05','Your coupons are ready','You can check your coupons at sales rule page','',0,0),(51,2,'2021-12-30 08:59:07','Your export file is ready','You can pick up your file at export main page','',0,0),(52,2,'2021-12-31 09:45:16','Your export file is ready','You can pick up your file at export main page','',0,0),(53,2,'2022-01-06 09:34:07','Your export file is ready','You can pick up your file at export main page','',0,0),(54,2,'2022-01-07 14:52:54','Your export file is ready','You can pick up your file at export main page','',0,0),(55,2,'2022-01-07 15:07:52','Your export file is ready','You can pick up your file at export main page','',0,0),(56,2,'2022-01-10 02:03:19','Your export file is ready','You can pick up your file at export main page','',0,0);

--
-- Table structure for table `adobe_stock_asset`
--

CREATE TABLE `adobe_stock_asset` (
  `id` int(10) unsigned NOT NULL AUTO_INCREMENT COMMENT 'Entity ID',
  `media_gallery_id` int(10) unsigned DEFAULT NULL COMMENT 'Media gallery ID',
  `category_id` int(10) unsigned DEFAULT NULL COMMENT 'Category ID',
  `creator_id` int(10) unsigned DEFAULT NULL COMMENT 'Creator ID',
  `is_licensed` int(10) unsigned NOT NULL DEFAULT 0 COMMENT 'Is Licensed',
  `creation_date` varchar(255) DEFAULT NULL COMMENT 'Creation Date',
  PRIMARY KEY (`id`),
  KEY `ADOBE_STOCK_ASSET_MEDIA_GALLERY_ID_MEDIA_GALLERY_ASSET_ID` (`media_gallery_id`),
  KEY `ADOBE_STOCK_ASSET_ID` (`id`),
  KEY `ADOBE_STOCK_ASSET_CATEGORY_ID` (`category_id`),
  KEY `ADOBE_STOCK_ASSET_CREATOR_ID` (`creator_id`),
  CONSTRAINT `ADOBE_STOCK_ASSET_CATEGORY_ID_ADOBE_STOCK_CATEGORY_ID` FOREIGN KEY (`category_id`) REFERENCES `adobe_stock_category` (`id`) ON DELETE SET NULL,
  CONSTRAINT `ADOBE_STOCK_ASSET_CREATOR_ID_ADOBE_STOCK_CREATOR_ID` FOREIGN KEY (`creator_id`) REFERENCES `adobe_stock_creator` (`id`) ON DELETE SET NULL,
  CONSTRAINT `ADOBE_STOCK_ASSET_MEDIA_GALLERY_ID_MEDIA_GALLERY_ASSET_ID` FOREIGN KEY (`media_gallery_id`) REFERENCES `media_gallery_asset` (`id`) ON DELETE CASCADE
) ENGINE=InnoDB DEFAULT CHARSET=utf8 COMMENT='Adobe Stock Asset';

--
-- Dumping data for table `adobe_stock_asset`
--


--
-- Table structure for table `adobe_stock_category`
--

CREATE TABLE `adobe_stock_category` (
  `id` int(10) unsigned NOT NULL AUTO_INCREMENT COMMENT 'Entity ID',
  `name` varchar(255) DEFAULT NULL COMMENT 'Name',
  PRIMARY KEY (`id`),
  KEY `ADOBE_STOCK_CATEGORY_ID` (`id`)
) ENGINE=InnoDB DEFAULT CHARSET=utf8 COMMENT='Adobe Stock Category';

--
-- Dumping data for table `adobe_stock_category`
--


--
-- Table structure for table `adobe_stock_creator`
--

CREATE TABLE `adobe_stock_creator` (
  `id` int(10) unsigned NOT NULL AUTO_INCREMENT COMMENT 'ID',
  `name` varchar(255) DEFAULT NULL COMMENT 'Asset creator''s name',
  PRIMARY KEY (`id`),
  KEY `ADOBE_STOCK_CREATOR_ID` (`id`)
) ENGINE=InnoDB DEFAULT CHARSET=utf8 COMMENT='Adobe Stock Creator';

--
-- Dumping data for table `adobe_stock_creator`
--


--
-- Table structure for table `adobe_user_profile`
--

CREATE TABLE `adobe_user_profile` (
  `id` int(10) unsigned NOT NULL AUTO_INCREMENT COMMENT 'Entity ID',
  `admin_user_id` int(10) unsigned NOT NULL DEFAULT 0 COMMENT 'Admin User Id',
  `name` varchar(255) NOT NULL COMMENT 'Display Name',
  `email` varchar(255) NOT NULL COMMENT 'user profile email',
  `image` varchar(255) NOT NULL COMMENT 'user profile avatar',
  `account_type` varchar(255) DEFAULT NULL COMMENT 'Account Type',
  `access_token` text DEFAULT NULL COMMENT 'Access Token',
  `refresh_token` text DEFAULT NULL COMMENT 'Refresh Token',
  `created_at` timestamp NOT NULL DEFAULT current_timestamp() COMMENT 'Created At',
  `updated_at` timestamp NOT NULL DEFAULT current_timestamp() ON UPDATE current_timestamp() COMMENT 'Updated At',
  `access_token_expires_at` timestamp NOT NULL DEFAULT '0000-00-00 00:00:00' COMMENT 'Access Token Expires At',
  PRIMARY KEY (`id`),
  KEY `ADOBE_USER_PROFILE_ADMIN_USER_ID_ADMIN_USER_USER_ID` (`admin_user_id`),
  KEY `ADOBE_USER_PROFILE_ID` (`id`),
  CONSTRAINT `ADOBE_USER_PROFILE_ADMIN_USER_ID_ADMIN_USER_USER_ID` FOREIGN KEY (`admin_user_id`) REFERENCES `admin_user` (`user_id`) ON DELETE CASCADE
) ENGINE=InnoDB DEFAULT CHARSET=utf8 COMMENT='Adobe IMS User Profile';

--
-- Dumping data for table `adobe_user_profile`
--


--
-- Table structure for table `amazon_customer`
--

CREATE TABLE `amazon_customer` (
  `entity_id` int(10) unsigned NOT NULL AUTO_INCREMENT COMMENT 'Entity_id',
  `customer_id` int(10) unsigned NOT NULL COMMENT 'Customer_id',
  `amazon_id` varchar(255) NOT NULL COMMENT 'Amazon_id',
  PRIMARY KEY (`entity_id`),
  UNIQUE KEY `AMAZON_CUSTOMER_CUSTOMER_ID_AMAZON_ID` (`customer_id`,`amazon_id`),
  UNIQUE KEY `AMAZON_CUSTOMER_CUSTOMER_ID` (`customer_id`),
  CONSTRAINT `AMAZON_CUSTOMER_CUSTOMER_ID_CUSTOMER_ENTITY_ENTITY_ID` FOREIGN KEY (`customer_id`) REFERENCES `customer_entity` (`entity_id`) ON DELETE CASCADE
) ENGINE=InnoDB DEFAULT CHARSET=utf8 COMMENT='amazon_customer';

--
-- Dumping data for table `amazon_customer`
--


--
-- Table structure for table `amazon_pending_authorization`
--

CREATE TABLE `amazon_pending_authorization` (
  `entity_id` int(10) unsigned NOT NULL AUTO_INCREMENT COMMENT 'Entity_id',
  `order_id` int(10) unsigned NOT NULL COMMENT 'Order_id',
  `payment_id` int(10) unsigned NOT NULL COMMENT 'Payment_id',
  `authorization_id` varchar(255) DEFAULT NULL COMMENT 'Authorization_id',
  `created_at` datetime NOT NULL COMMENT 'Created_at',
  `updated_at` datetime DEFAULT NULL COMMENT 'Updated_at',
  `processed` smallint(5) unsigned DEFAULT 0 COMMENT 'Initial authorization processed',
  `capture` smallint(5) unsigned DEFAULT 0 COMMENT 'Initial authorization has capture',
  `capture_id` varchar(255) DEFAULT NULL COMMENT 'Initial authorization capture id',
  PRIMARY KEY (`entity_id`),
  UNIQUE KEY `UNQ_E6CCA08713FB32BB136A56837009C371` (`order_id`,`payment_id`,`authorization_id`)
) ENGINE=InnoDB DEFAULT CHARSET=utf8 COMMENT='amazon_pending_authorization';

--
-- Dumping data for table `amazon_pending_authorization`
--


--
-- Table structure for table `amazon_pending_capture`
--

CREATE TABLE `amazon_pending_capture` (
  `entity_id` int(10) unsigned NOT NULL AUTO_INCREMENT COMMENT 'Entity_id',
  `capture_id` varchar(255) NOT NULL COMMENT 'Capture_id',
  `created_at` datetime NOT NULL COMMENT 'Created_at',
  `order_id` int(10) unsigned NOT NULL COMMENT 'order id',
  `payment_id` int(10) unsigned NOT NULL COMMENT 'payment id',
  PRIMARY KEY (`entity_id`),
  UNIQUE KEY `AMAZON_PENDING_CAPTURE_ORDER_ID_PAYMENT_ID_CAPTURE_ID` (`order_id`,`payment_id`,`capture_id`)
) ENGINE=InnoDB DEFAULT CHARSET=utf8 COMMENT='amazon_pending_capture';

--
-- Dumping data for table `amazon_pending_capture`
--


--
-- Table structure for table `amazon_pending_refund`
--

CREATE TABLE `amazon_pending_refund` (
  `entity_id` int(10) unsigned NOT NULL AUTO_INCREMENT COMMENT 'Entity_id',
  `refund_id` varchar(255) NOT NULL COMMENT 'Refund_id',
  `created_at` datetime NOT NULL COMMENT 'Created_at',
  `order_id` int(10) unsigned NOT NULL COMMENT 'Order_id',
  `payment_id` int(10) unsigned NOT NULL COMMENT 'Payment_id',
  PRIMARY KEY (`entity_id`),
  UNIQUE KEY `AMAZON_PENDING_REFUND_ORDER_ID_PAYMENT_ID_REFUND_ID` (`order_id`,`payment_id`,`refund_id`)
) ENGINE=InnoDB DEFAULT CHARSET=utf8 COMMENT='amazon_pending_refund';

--
-- Dumping data for table `amazon_pending_refund`
--


--
-- Table structure for table `amazon_quote`
--

CREATE TABLE `amazon_quote` (
  `entity_id` int(10) unsigned NOT NULL AUTO_INCREMENT COMMENT 'Entity ID',
  `quote_id` int(10) unsigned NOT NULL COMMENT 'Quote ID',
  `amazon_order_reference_id` varchar(255) NOT NULL COMMENT 'Amazon Order Reference ID',
  `sandbox_simulation_reference` varchar(255) DEFAULT NULL COMMENT 'Sandbox simulation reference',
  `confirmed` smallint(5) unsigned NOT NULL DEFAULT 0 COMMENT 'Quote confirmed with Amazon',
  PRIMARY KEY (`entity_id`),
  UNIQUE KEY `AMAZON_QUOTE_QUOTE_ID` (`quote_id`),
  CONSTRAINT `AMAZON_QUOTE_QUOTE_ID_QUOTE_ENTITY_ID` FOREIGN KEY (`quote_id`) REFERENCES `quote` (`entity_id`) ON DELETE CASCADE
) ENGINE=InnoDB DEFAULT CHARSET=utf8 COMMENT='amazon_quote';

--
-- Dumping data for table `amazon_quote`
--


--
-- Table structure for table `amazon_sales_order`
--

CREATE TABLE `amazon_sales_order` (
  `entity_id` int(10) unsigned NOT NULL AUTO_INCREMENT COMMENT 'Entity ID',
  `order_id` int(10) unsigned NOT NULL COMMENT 'Order ID',
  `amazon_order_reference_id` varchar(255) NOT NULL COMMENT 'Amazon Order Reference ID',
  PRIMARY KEY (`entity_id`),
  UNIQUE KEY `AMAZON_SALES_ORDER_ORDER_ID` (`order_id`),
  CONSTRAINT `AMAZON_SALES_ORDER_ORDER_ID_SALES_ORDER_ENTITY_ID` FOREIGN KEY (`order_id`) REFERENCES `sales_order` (`entity_id`) ON DELETE CASCADE
) ENGINE=InnoDB DEFAULT CHARSET=utf8 COMMENT='amazon_sales_order';

--
-- Dumping data for table `amazon_sales_order`
--


--
-- Table structure for table `authorization_role`
--

CREATE TABLE `authorization_role` (
  `role_id` int(10) unsigned NOT NULL AUTO_INCREMENT COMMENT 'Role ID',
  `parent_id` int(10) unsigned NOT NULL DEFAULT 0 COMMENT 'Parent Role ID',
  `tree_level` smallint(5) unsigned NOT NULL DEFAULT 0 COMMENT 'Role Tree Level',
  `sort_order` smallint(5) unsigned NOT NULL DEFAULT 0 COMMENT 'Role Sort Order',
  `role_type` varchar(1) NOT NULL DEFAULT '0' COMMENT 'Role Type',
  `user_id` int(10) unsigned NOT NULL DEFAULT 0 COMMENT 'User ID',
  `user_type` varchar(16) DEFAULT NULL COMMENT 'User Type',
  `role_name` varchar(50) DEFAULT NULL COMMENT 'Role Name',
  PRIMARY KEY (`role_id`),
  KEY `AUTHORIZATION_ROLE_PARENT_ID_SORT_ORDER` (`parent_id`,`sort_order`),
  KEY `AUTHORIZATION_ROLE_TREE_LEVEL` (`tree_level`)
) ENGINE=InnoDB AUTO_INCREMENT=17 DEFAULT CHARSET=utf8 COMMENT='Admin Role Table';

--
-- Dumping data for table `authorization_role`
--

INSERT INTO `authorization_role` VALUES (1,0,1,1,'G',0,'2','Administrators'),(2,1,2,0,'U',1,'2','adminnew'),(3,1,2,0,'U',2,'2','dev_khiemnv'),(4,1,2,0,'U',3,'2','dev_huy'),(5,1,2,0,'U',4,'2','dev_thang'),(6,1,2,0,'U',5,'2','admin_westintrends'),(7,1,2,0,'U',6,'2','dev_khiem'),(8,1,2,0,'U',7,'2','Admin'),(9,1,2,0,'U',8,'2','dev_bluskytechco'),(10,1,2,0,'U',9,'2','dev_ly'),(11,1,2,0,'U',10,'2','cmsmart'),(12,1,2,0,'U',11,'2','admin'),(15,0,1,0,'U',3,'1','13'),(16,0,1,0,'U',4,'1','14');

--
-- Table structure for table `authorization_rule`
--

CREATE TABLE `authorization_rule` (
  `rule_id` int(10) unsigned NOT NULL AUTO_INCREMENT COMMENT 'Rule ID',
  `role_id` int(10) unsigned NOT NULL DEFAULT 0 COMMENT 'Role ID',
  `resource_id` varchar(255) DEFAULT NULL COMMENT 'Resource ID',
  `privileges` varchar(20) DEFAULT NULL COMMENT 'Privileges',
  `permission` varchar(10) DEFAULT NULL COMMENT 'Permission',
  PRIMARY KEY (`rule_id`),
  KEY `AUTHORIZATION_RULE_RESOURCE_ID_ROLE_ID` (`resource_id`,`role_id`),
  KEY `AUTHORIZATION_RULE_ROLE_ID_RESOURCE_ID` (`role_id`,`resource_id`),
  CONSTRAINT `AUTHORIZATION_RULE_ROLE_ID_AUTHORIZATION_ROLE_ROLE_ID` FOREIGN KEY (`role_id`) REFERENCES `authorization_role` (`role_id`) ON DELETE CASCADE
) ENGINE=InnoDB AUTO_INCREMENT=163479 DEFAULT CHARSET=utf8 COMMENT='Admin Rule Table';

--
-- Dumping data for table `authorization_rule`
--

INSERT INTO `authorization_rule` VALUES (1,1,'Magento_Backend::all',NULL,'allow'),(162482,15,'Magento_Backend::all',NULL,'allow'),(163147,16,'Magento_Backend::all',NULL,'deny'),(163148,16,'Magento_Backend::admin',NULL,'allow'),(163149,16,'Magento_Backend::dashboard',NULL,'deny'),(163150,16,'Flexfit_Extensions::flexfitextensions',NULL,'deny'),(163151,16,'Flexfit_Design::design',NULL,'deny'),(163152,16,'Magento_Analytics::analytics',NULL,'allow'),(163153,16,'Magento_Analytics::analytics_api',NULL,'allow'),(163154,16,'Magento_Sales::sales',NULL,'deny'),(163155,16,'Magento_Sales::sales_operation',NULL,'deny'),(163156,16,'Magento_Sales::sales_order',NULL,'deny'),(163157,16,'Magento_Sales::actions',NULL,'deny'),(163158,16,'Magento_Sales::create',NULL,'deny'),(163159,16,'Magento_Sales::actions_view',NULL,'deny'),(163160,16,'Magento_Sales::email',NULL,'deny'),(163161,16,'Magento_Sales::reorder',NULL,'deny'),(163162,16,'Magento_Sales::actions_edit',NULL,'deny'),(163163,16,'Magento_Sales::cancel',NULL,'deny'),(163164,16,'Magento_Sales::review_payment',NULL,'deny'),(163165,16,'Magento_Sales::capture',NULL,'deny'),(163166,16,'Magento_Sales::invoice',NULL,'deny'),(163167,16,'Magento_Sales::creditmemo',NULL,'deny'),(163168,16,'Magento_Sales::hold',NULL,'deny'),(163169,16,'Magento_Sales::unhold',NULL,'deny'),(163170,16,'Magento_Sales::ship',NULL,'deny'),(163171,16,'Magento_Sales::comment',NULL,'deny'),(163172,16,'Magento_Sales::emails',NULL,'deny'),(163173,16,'Magento_Paypal::authorization',NULL,'deny'),(163174,16,'Magento_Sales::sales_invoice',NULL,'deny'),(163175,16,'Magento_Sales::shipment',NULL,'deny'),(163176,16,'Magento_Sales::sales_creditmemo',NULL,'deny'),(163177,16,'Magento_Paypal::billing_agreement',NULL,'deny'),(163178,16,'Magento_Paypal::billing_agreement_actions',NULL,'deny'),(163179,16,'Magento_Paypal::billing_agreement_actions_view',NULL,'deny'),(163180,16,'Magento_Paypal::actions_manage',NULL,'deny'),(163181,16,'Magento_Paypal::use',NULL,'deny'),(163182,16,'Magento_Sales::transactions',NULL,'deny'),(163183,16,'Magento_Sales::transactions_fetch',NULL,'deny'),(163184,16,'Magento_Catalog::catalog',NULL,'deny'),(163185,16,'Magento_Catalog::catalog_inventory',NULL,'deny'),(163186,16,'Magento_Catalog::products',NULL,'deny'),(163187,16,'Magento_Catalog::update_attributes',NULL,'deny'),(163188,16,'Magento_Catalog::edit_product_design',NULL,'deny'),(163189,16,'Magento_Catalog::categories',NULL,'deny'),(163190,16,'Magento_Catalog::edit_category_design',NULL,'deny'),(163191,16,'Magento_Customer::customer',NULL,'deny'),(163192,16,'Magento_Customer::manage',NULL,'deny'),(163193,16,'Magento_Customer::actions',NULL,'deny'),(163194,16,'Magento_Customer::delete',NULL,'deny'),(163195,16,'Magento_Customer::reset_password',NULL,'deny'),(163196,16,'Magento_Customer::invalidate_tokens',NULL,'deny'),(163197,16,'Magento_LoginAsCustomer::allow_shopping_assistance',NULL,'deny'),(163198,16,'Magento_Customer::online',NULL,'deny'),(163199,16,'Magento_Customer::group',NULL,'deny'),(163200,16,'Magento_LoginAsCustomer::login',NULL,'deny'),(163201,16,'Magento_LoginAsCustomerLog::login_log',NULL,'deny'),(163202,16,'Magento_Cart::cart',NULL,'deny'),(163203,16,'Magento_Cart::manage',NULL,'deny'),(163204,16,'Magento_Backend::myaccount',NULL,'deny'),(163205,16,'Magento_Backend::marketing',NULL,'deny'),(163206,16,'Magento_CatalogRule::promo',NULL,'deny'),(163207,16,'Magento_CatalogRule::promo_catalog',NULL,'deny'),(163208,16,'Magento_SalesRule::quote',NULL,'deny'),(163209,16,'Dotdigitalgroup_Email::automation',NULL,'deny'),(163210,16,'Dotdigitalgroup_Email::automation_studio',NULL,'deny'),(163211,16,'Dotdigitalgroup_Chat::config',NULL,'deny'),(163212,16,'Dotdigitalgroup_Sms::config',NULL,'deny'),(163213,16,'Dotdigitalgroup_Email::exclusion_rules',NULL,'deny'),(163214,16,'Magento_Backend::marketing_communications',NULL,'deny'),(163215,16,'Magento_Email::template',NULL,'deny'),(163216,16,'Magento_Newsletter::template',NULL,'deny'),(163217,16,'Magento_Newsletter::queue',NULL,'deny'),(163218,16,'Magento_Newsletter::subscriber',NULL,'deny'),(163219,16,'Magento_Backend::marketing_seo',NULL,'deny'),(163220,16,'Magento_Search::search',NULL,'deny'),(163221,16,'Magento_Search::synonyms',NULL,'deny'),(163222,16,'Magento_UrlRewrite::urlrewrite',NULL,'deny'),(163223,16,'Magento_Sitemap::sitemap',NULL,'deny'),(163224,16,'Magento_Backend::marketing_user_content',NULL,'deny'),(163225,16,'Magento_Review::reviews_all',NULL,'deny'),(163226,16,'Magento_Review::pending',NULL,'deny'),(163227,16,'Yotpo_Yotpo::yotpo_report_reviews',NULL,'deny'),(163228,16,'Magento_Backend::content',NULL,'deny'),(163229,16,'Magento_Backend::content_elements',NULL,'deny'),(163230,16,'Magento_Cms::page',NULL,'deny'),(163231,16,'Magento_Cms::save',NULL,'deny'),(163232,16,'Magento_Cms::save_design',NULL,'deny'),(163233,16,'Magento_Cms::page_delete',NULL,'deny'),(163234,16,'Magento_Cms::block',NULL,'deny'),(163235,16,'Magento_Widget::widget_instance',NULL,'deny'),(163236,16,'Magento_Cms::media_gallery',NULL,'deny'),(163237,16,'Magento_MediaGalleryUiApi::insert_assets',NULL,'deny'),(163238,16,'Magento_MediaGalleryUiApi::upload_assets',NULL,'deny'),(163239,16,'Magento_MediaGalleryUiApi::edit_assets',NULL,'deny'),(163240,16,'Magento_AdobeStockImageAdminUi::media_gallery',NULL,'deny'),(163241,16,'Magento_AdobeStockImageAdminUi::save_preview_images',NULL,'deny'),(163242,16,'Magento_AdobeStockImageAdminUi::license_images',NULL,'deny'),(163243,16,'Magento_MediaGalleryUiApi::delete_assets',NULL,'deny'),(163244,16,'Magento_MediaGalleryUiApi::create_folder',NULL,'deny'),(163245,16,'Magento_MediaGalleryUiApi::delete_folder',NULL,'deny'),(163246,16,'Magefan_Blog::elements',NULL,'deny'),(163247,16,'Magefan_Blog::post',NULL,'deny'),(163248,16,'Magefan_Blog::post_save',NULL,'deny'),(163249,16,'Magefan_Blog::post_delete',NULL,'deny'),(163250,16,'Magefan_Blog::category',NULL,'deny'),(163251,16,'Magefan_Blog::category_save',NULL,'deny'),(163252,16,'Magefan_Blog::category_delete',NULL,'deny'),(163253,16,'Magefan_Blog::tag',NULL,'deny'),(163254,16,'Magefan_Blog::tag_save',NULL,'deny'),(163255,16,'Magefan_Blog::tag_delete',NULL,'deny'),(163256,16,'Magefan_Blog::comment',NULL,'deny'),(163257,16,'Magefan_Blog::comment_save',NULL,'deny'),(163258,16,'Magefan_Blog::comment_delete',NULL,'deny'),(163259,16,'Magefan_Blog::import',NULL,'deny'),(163260,16,'Magento_Backend::design',NULL,'deny'),(163261,16,'Magento_Theme::theme',NULL,'deny'),(163262,16,'Magento_Backend::schedule',NULL,'deny'),(163263,16,'Magento_Backend::content_translation',NULL,'deny'),(163264,16,'Rokanthemes_RokanBase::rokanbase',NULL,'deny'),(163265,16,'Rokanthemes_Themeoption::theme',NULL,'deny'),(163266,16,'Rokanthemes_Themeoption::themeoption',NULL,'deny'),(163267,16,'Rokanthemes_Themeoption::exportoptions',NULL,'deny'),(163268,16,'Rokanthemes_Themeoption::demoimporter',NULL,'deny'),(163269,16,'Rokanthemes_Themeoption::activationcode',NULL,'deny'),(163270,16,'Rokanthemes_RokanBase::rokanbase_setting',NULL,'deny'),(163271,16,'Rokanthemes_PriceCountdown::rokanbase_pricecountdown',NULL,'deny'),(163272,16,'Rokanthemes_Newproduct::rokanbase_setproduct',NULL,'deny'),(163273,16,'Rokanthemes_CustomMenu::custommenu',NULL,'deny'),(163274,16,'Rokanthemes_Superdeals::superdeals_configuration',NULL,'deny'),(163275,16,'Rokanthemes_OnePageCheckout::onepagecheckout',NULL,'deny'),(163276,16,'Rokanthemes_OnePageCheckout::onepagecheckout_menu_config',NULL,'deny'),(163277,16,'Rokanthemes_OnePageCheckout::onepagecheckout_sorting_fields',NULL,'deny'),(163278,16,'Rokanthemes_VerticalMenu::verticalmenusetting',NULL,'deny'),(163279,16,'Rokanthemes_VerticalMenu::verticalmenu',NULL,'deny'),(163280,16,'Rokanthemes_Testimonial::testimonial_testimonial',NULL,'deny'),(163281,16,'Rokanthemes_Testimonial::testimonial_testimos',NULL,'deny'),(163282,16,'Rokanthemes_Testimonial::settings',NULL,'deny'),(163283,16,'Rokanthemes_SlideBanner::slidebanner',NULL,'deny'),(163284,16,'Rokanthemes_SlideBanner::slider',NULL,'deny'),(163285,16,'Rokanthemes_SlideBanner::slide',NULL,'deny'),(163286,16,'Rokanthemes_OptimizeSpeed::optimizespeed',NULL,'deny'),(163287,16,'Rokanthemes_OptimizeSpeed::configuration',NULL,'deny'),(163288,16,'Rokanthemes_StoreLocator::configuration',NULL,'deny'),(163289,16,'Rokanthemes_StoreLocator::stores',NULL,'deny'),(163290,16,'Magento_Reports::report',NULL,'deny'),(163291,16,'Dotdigitalgroup_Sms::reports',NULL,'deny'),(163292,16,'Dotdigitalgroup_Sms::report',NULL,'deny'),(163293,16,'Dotdigitalgroup_Email::reports',NULL,'deny'),(163294,16,'Dotdigitalgroup_Email::contact',NULL,'deny'),(163295,16,'Dotdigitalgroup_Email::order',NULL,'deny'),(163296,16,'Dotdigitalgroup_Email::review',NULL,'deny'),(163297,16,'Dotdigitalgroup_Email::wishlist',NULL,'deny'),(163298,16,'Dotdigitalgroup_Email::catalog',NULL,'deny'),(163299,16,'Dotdigitalgroup_Email::importer',NULL,'deny'),(163300,16,'Dotdigitalgroup_Email::campaign',NULL,'deny'),(163301,16,'Dotdigitalgroup_Email::cron',NULL,'deny'),(163302,16,'Dotdigitalgroup_Email::dashboard',NULL,'deny'),(163303,16,'Dotdigitalgroup_Email::automation_enrollment',NULL,'deny'),(163304,16,'Dotdigitalgroup_Email::logviewer',NULL,'deny'),(163305,16,'Dotdigitalgroup_Email::abandoned',NULL,'deny'),(163306,16,'Magento_Reports::report_marketing',NULL,'deny'),(163307,16,'Magento_Reports::shopcart',NULL,'deny'),(163308,16,'Magento_Reports::product',NULL,'deny'),(163309,16,'Magento_Reports::abandoned',NULL,'deny'),(163310,16,'Magento_Reports::report_search',NULL,'deny'),(163311,16,'Magento_Newsletter::problem',NULL,'deny'),(163312,16,'Magento_Reports::review',NULL,'deny'),(163313,16,'Magento_Reports::review_customer',NULL,'deny'),(163314,16,'Magento_Reports::review_product',NULL,'deny'),(163315,16,'Yotpo_Yotpo::yotpo_reviews_external',NULL,'deny'),(163316,16,'Magento_Reports::salesroot',NULL,'deny'),(163317,16,'Magento_Reports::salesroot_sales',NULL,'deny'),(163318,16,'Magento_Reports::tax',NULL,'deny'),(163319,16,'Magento_Reports::invoiced',NULL,'deny'),(163320,16,'Magento_Reports::shipping',NULL,'deny'),(163321,16,'Magento_Reports::refunded',NULL,'deny'),(163322,16,'Magento_Reports::coupons',NULL,'deny'),(163323,16,'Magento_Paypal::paypal_settlement_reports',NULL,'deny'),(163324,16,'Magento_Paypal::paypal_settlement_reports_view',NULL,'deny'),(163325,16,'Magento_Paypal::fetch',NULL,'deny'),(163326,16,'PayPal_Braintree::settlement_report',NULL,'deny'),(163327,16,'Magento_Reports::customers',NULL,'deny'),(163328,16,'Magento_Reports::totals',NULL,'deny'),(163329,16,'Magento_Reports::customers_orders',NULL,'deny'),(163330,16,'Magento_Reports::accounts',NULL,'deny'),(163331,16,'Magento_Reports::report_products',NULL,'deny'),(163332,16,'Magento_Reports::viewed',NULL,'deny'),(163333,16,'Magento_Reports::bestsellers',NULL,'deny'),(163334,16,'Magento_Reports::lowstock',NULL,'deny'),(163335,16,'Magento_Reports::sold',NULL,'deny'),(163336,16,'Magento_Reports::downloads',NULL,'deny'),(163337,16,'Magento_Reports::statistics',NULL,'deny'),(163338,16,'Magento_Reports::statistics_refresh',NULL,'deny'),(163339,16,'Magento_Analytics::business_intelligence',NULL,'deny'),(163340,16,'Magento_Analytics::advanced_reporting',NULL,'deny'),(163341,16,'Magento_Analytics::bi_essentials',NULL,'deny'),(163342,16,'Yotpo_Yotpo::yotpo_analytics_external',NULL,'deny'),(163343,16,'Magento_Backend::stores',NULL,'deny'),(163344,16,'Magento_Backend::stores_settings',NULL,'deny'),(163345,16,'Magento_Backend::store',NULL,'deny'),(163346,16,'Magento_Config::config',NULL,'deny'),(163347,16,'Flexfit_Design::config_design',NULL,'deny'),(163348,16,'Magento_Payment::payment_services',NULL,'deny'),(163349,16,'Dotdigitalgroup_Email::config',NULL,'deny'),(163350,16,'Magefan_Blog::config_blog',NULL,'deny'),(163351,16,'Magefan_WysiwygAdvanced::config',NULL,'deny'),(163352,16,'Magento_Newsletter::newsletter',NULL,'deny'),(163353,16,'Rokanthemes_AjaxSuite::config_ajaxsuite',NULL,'deny'),(163354,16,'Magento_LoginAsCustomer::config_section',NULL,'deny'),(163355,16,'Rokanthemes_CategoryTab::config_categorytab',NULL,'deny'),(163356,16,'Goivvy_DecimalPlaces::goivvy_decimalplaces',NULL,'deny'),(163357,16,'Magento_Downloadable::downloadable',NULL,'deny'),(163358,16,'Magento_Contact::contact',NULL,'deny'),(163359,16,'Magento_GoogleAnalytics::google',NULL,'deny'),(163360,16,'Magento_Payment::payment',NULL,'deny'),(163361,16,'Magento_Cms::config_cms',NULL,'deny'),(163362,16,'Rokanthemes_OnePageCheckout::onepagecheckout_config',NULL,'deny'),(163363,16,'Magento_CatalogInventory::cataloginventory',NULL,'deny'),(163364,16,'Rokanthemes_Instagram::instagram_config',NULL,'deny'),(163365,16,'Rokanthemes_ProductTab::config_producttab',NULL,'deny'),(163366,16,'Rokanthemes_QuickView::config_quickview',NULL,'deny'),(163367,16,'Magento_Catalog::config_catalog',NULL,'deny'),(163368,16,'Magento_CatalogSearch::config_catalog_search',NULL,'deny'),(163369,16,'Rokanthemes_WidgetSubCategory::config_widgetsubcategory',NULL,'deny'),(163370,16,'Magento_Shipping::config_shipping',NULL,'deny'),(163371,16,'Magento_Shipping::shipping_policy',NULL,'deny'),(163372,16,'Magento_Shipping::carriers',NULL,'deny'),(163373,16,'Magento_Multishipping::config_multishipping',NULL,'deny'),(163374,16,'Magento_ReCaptchaUi::config',NULL,'deny'),(163375,16,'Magento_Securitytxt::config',NULL,'deny'),(163376,16,'Magento_Config::config_general',NULL,'deny'),(163377,16,'Magento_Config::web',NULL,'deny'),(163378,16,'Magento_Config::config_design',NULL,'deny'),(163379,16,'Magento_Customer::config_customer',NULL,'deny'),(163380,16,'Magento_Paypal::paypal',NULL,'deny'),(163381,16,'Magento_Tax::config_tax',NULL,'deny'),(163382,16,'Magento_Checkout::checkout',NULL,'deny'),(163383,16,'Magento_Persistent::persistent',NULL,'deny'),(163384,16,'Magento_Sales::config_sales',NULL,'deny'),(163385,16,'Magento_Sales::sales_email',NULL,'deny'),(163386,16,'Magento_Sales::sales_pdf',NULL,'deny'),(163387,16,'Magento_Sitemap::config_sitemap',NULL,'deny'),(163388,16,'Magento_Reports::reports',NULL,'deny'),(163389,16,'MageWorx_SearchSuiteAutocomplete::config_searchsuiteautocomplete',NULL,'deny'),(163390,16,'Yotpo_Core::config',NULL,'deny'),(163391,16,'Yotpo_Yotpo::config',NULL,'deny'),(163392,16,'Magento_Wishlist::config_wishlist',NULL,'deny'),(163393,16,'Magento_Config::config_system',NULL,'deny'),(163394,16,'Magento_SalesRule::config_promo',NULL,'deny'),(163395,16,'Magento_Config::trans_email',NULL,'deny'),(163396,16,'Magento_Config::config_admin',NULL,'deny'),(163397,16,'Magento_Config::dev',NULL,'deny'),(163398,16,'Magento_Config::currency',NULL,'deny'),(163399,16,'Magento_Rss::rss',NULL,'deny'),(163400,16,'Magento_Config::sendfriend',NULL,'deny'),(163401,16,'Magento_Analytics::analytics_settings',NULL,'deny'),(163402,16,'Magento_NewRelicReporting::config_newrelicreporting',NULL,'deny'),(163403,16,'Magento_CheckoutAgreements::checkoutagreement',NULL,'deny'),(163404,16,'Magento_Sales::order_statuses',NULL,'deny'),(163405,16,'Magento_InventoryApi::inventory',NULL,'deny'),(163406,16,'Magento_InventoryApi::source',NULL,'deny'),(163407,16,'Magento_InventoryApi::source_edit',NULL,'deny'),(163408,16,'Magento_InventoryApi::stock',NULL,'deny'),(163409,16,'Magento_InventoryApi::stock_edit',NULL,'deny'),(163410,16,'Magento_InventoryApi::stock_delete',NULL,'deny'),(163411,16,'Magento_InventoryApi::stock_source_link',NULL,'deny'),(163412,16,'Magento_InventoryInStorePickupApi::inStorePickup',NULL,'deny'),(163413,16,'Magento_InventoryInStorePickupApi::notify_orders_are_ready_for_pickup',NULL,'deny'),(163414,16,'Magento_InventorySalesApi::stock',NULL,'deny'),(163415,16,'Magento_Tax::manage_tax',NULL,'deny'),(163416,16,'Magento_CurrencySymbol::system_currency',NULL,'deny'),(163417,16,'Magento_CurrencySymbol::currency_rates',NULL,'deny'),(163418,16,'Magento_CurrencySymbol::symbols',NULL,'deny'),(163419,16,'Magento_Backend::stores_attributes',NULL,'deny'),(163420,16,'Magento_Catalog::attributes_attributes',NULL,'deny'),(163421,16,'Magento_Catalog::sets',NULL,'deny'),(163422,16,'Magento_Review::ratings',NULL,'deny'),(163423,16,'Magento_Swatches::iframe',NULL,'deny'),(163424,16,'Magento_Backend::stores_other_settings',NULL,'deny'),(163425,16,'Magento_Backend::system',NULL,'deny'),(163426,16,'Magento_AdobeIms::adobe_ims',NULL,'deny'),(163427,16,'Magento_AdobeIms::actions',NULL,'deny'),(163428,16,'Magento_AdobeIms::login',NULL,'deny'),(163429,16,'Magento_AdobeIms::logout',NULL,'deny'),(163430,16,'Magento_AdobeStockAsset::adobe_stock_asset',NULL,'deny'),(163431,16,'Magento_AdobeStockAsset::actions',NULL,'deny'),(163432,16,'Magento_AdobeStockAsset::actions_delete',NULL,'deny'),(163433,16,'Magento_AdobeStockAsset::actions_save',NULL,'deny'),(163434,16,'Magento_AdobeStockAsset::actions_view',NULL,'deny'),(163435,16,'Magento_AdobeStockAsset::actions_get',NULL,'deny'),(163436,16,'Magento_Backend::convert',NULL,'deny'),(163437,16,'Magento_ImportExport::import',NULL,'deny'),(163438,16,'Magento_ImportExport::export',NULL,'deny'),(163439,16,'Magento_TaxImportExport::import_export',NULL,'deny'),(163440,16,'Magento_ImportExport::history',NULL,'deny'),(163441,16,'Magento_Backend::extensions',NULL,'deny'),(163442,16,'Magento_Backend::local',NULL,'deny'),(163443,16,'Magento_Backend::custom',NULL,'deny'),(163444,16,'Magento_Integration::extensions',NULL,'deny'),(163445,16,'Magento_Integration::integrations',NULL,'deny'),(163446,16,'Magento_Backend::tools',NULL,'deny'),(163447,16,'Magento_Backend::cache',NULL,'deny'),(163448,16,'Magento_Backend::main_actions',NULL,'deny'),(163449,16,'Magento_Backend::flush_cache_storage',NULL,'deny'),(163450,16,'Magento_Backend::flush_magento_cache',NULL,'deny'),(163451,16,'Magento_Backend::mass_actions',NULL,'deny'),(163452,16,'Magento_Backend::toggling_cache_type',NULL,'deny'),(163453,16,'Magento_Backend::refresh_cache_type',NULL,'deny'),(163454,16,'Magento_Backend::additional_cache_management',NULL,'deny'),(163455,16,'Magento_Backend::flush_catalog_images',NULL,'deny'),(163456,16,'Magento_Backend::flush_js_css',NULL,'deny'),(163457,16,'Magento_Backend::flush_static_files',NULL,'deny'),(163458,16,'Magento_Backup::backup',NULL,'deny'),(163459,16,'Magento_Backup::rollback',NULL,'deny'),(163460,16,'Magento_Indexer::index',NULL,'deny'),(163461,16,'Magento_Indexer::changeMode',NULL,'deny'),(163462,16,'Magento_Indexer::invalidate',NULL,'deny'),(163463,16,'Magento_User::acl',NULL,'deny'),(163464,16,'Magento_User::acl_users',NULL,'deny'),(163465,16,'Magento_User::locks',NULL,'deny'),(163466,16,'Magento_User::acl_roles',NULL,'deny'),(163467,16,'Magento_Logging::magento_logging',NULL,'deny'),(163468,16,'Magento_Logging::magento_logging_events',NULL,'deny'),(163469,16,'Magento_Logging::system_magento_logging_bulk_operations',NULL,'deny'),(163470,16,'Magento_Backend::system_other_settings',NULL,'deny'),(163471,16,'Magento_AdminNotification::adminnotification',NULL,'deny'),(163472,16,'Magento_AdminNotification::show_toolbar',NULL,'deny'),(163473,16,'Magento_AdminNotification::show_list',NULL,'deny'),(163474,16,'Magento_AdminNotification::mark_as_read',NULL,'deny'),(163475,16,'Magento_AdminNotification::adminnotification_remove',NULL,'deny'),(163476,16,'Magento_Variable::variable',NULL,'deny'),(163477,16,'Magento_EncryptionKey::crypt_key',NULL,'deny'),(163478,16,'Magento_Backend::global_search',NULL,'deny');

--
-- Table structure for table `braintree_credit_prices`
--

CREATE TABLE `braintree_credit_prices` (
  `id` int(10) unsigned NOT NULL AUTO_INCREMENT COMMENT 'Row ID',
  `product_id` int(10) unsigned NOT NULL COMMENT 'Product Id',
  `term` int(11) NOT NULL COMMENT 'Credit Term',
  `monthly_payment` decimal(12,2) NOT NULL COMMENT 'Monthly Payment',
  `instalment_rate` decimal(12,2) NOT NULL COMMENT 'Instalment Rate',
  `cost_of_purchase` decimal(12,2) NOT NULL COMMENT 'Cost of purchase',
  `total_inc_interest` decimal(12,2) NOT NULL COMMENT 'Total Inc Interest',
  PRIMARY KEY (`id`),
  UNIQUE KEY `BRAINTREE_CREDIT_PRICES_PRODUCT_ID_TERM` (`product_id`,`term`),
  KEY `BRAINTREE_CREDIT_PRICES_PRODUCT_ID` (`product_id`)
) ENGINE=InnoDB DEFAULT CHARSET=utf8 COMMENT='Braintree credit rates';

--
-- Dumping data for table `braintree_credit_prices`
--


--
-- Table structure for table `braintree_transaction_details`
--

CREATE TABLE `braintree_transaction_details` (
  `entity_id` int(10) unsigned NOT NULL AUTO_INCREMENT COMMENT 'Entity ID',
  `order_id` int(10) unsigned NOT NULL COMMENT 'Order Id',
  `transaction_source` varchar(12) DEFAULT NULL COMMENT 'Transaction Source',
  PRIMARY KEY (`entity_id`),
  KEY `BRAINTREE_TRANSACTION_DETAILS_ORDER_ID` (`order_id`),
  CONSTRAINT `BRAINTREE_TRANSACTION_DETAILS_ORDER_ID_SALES_ORDER_ENTITY_ID` FOREIGN KEY (`order_id`) REFERENCES `sales_order` (`entity_id`) ON DELETE CASCADE
) ENGINE=InnoDB DEFAULT CHARSET=utf8 COMMENT='Braintree transaction details table';

--
-- Dumping data for table `braintree_transaction_details`
--


--
-- Table structure for table `cache`
--

CREATE TABLE `cache` (
  `id` varchar(200) NOT NULL COMMENT 'Cache Id',
  `data` mediumblob DEFAULT NULL COMMENT 'Cache Data',
  `create_time` int(11) DEFAULT NULL COMMENT 'Cache Creation Time',
  `update_time` int(11) DEFAULT NULL COMMENT 'Time of Cache Updating',
  `expire_time` int(11) DEFAULT NULL COMMENT 'Cache Expiration Time',
  PRIMARY KEY (`id`),
  KEY `CACHE_EXPIRE_TIME` (`expire_time`)
) ENGINE=InnoDB DEFAULT CHARSET=utf8 COMMENT='Caches';

--
-- Dumping data for table `cache`
--


--
-- Table structure for table `cache_tag`
--

CREATE TABLE `cache_tag` (
  `tag` varchar(100) NOT NULL COMMENT 'Tag',
  `cache_id` varchar(200) NOT NULL COMMENT 'Cache Id',
  PRIMARY KEY (`tag`,`cache_id`),
  KEY `CACHE_TAG_CACHE_ID` (`cache_id`)
) ENGINE=InnoDB DEFAULT CHARSET=utf8 COMMENT='Tag Caches';

--
-- Dumping data for table `cache_tag`
--


--
-- Table structure for table `captcha_log`
--

CREATE TABLE `captcha_log` (
  `type` varchar(32) NOT NULL COMMENT 'Type',
  `value` varchar(255) NOT NULL COMMENT 'Value',
  `count` int(10) unsigned NOT NULL DEFAULT 0 COMMENT 'Count',
  `updated_at` timestamp NULL DEFAULT NULL COMMENT 'Update Time',
  PRIMARY KEY (`type`,`value`)
) ENGINE=InnoDB DEFAULT CHARSET=utf8 COMMENT='Count Login Attempts';

--
-- Dumping data for table `captcha_log`
--


--
-- Table structure for table `catalog_category_entity`
--

CREATE TABLE `catalog_category_entity` (
  `entity_id` int(10) unsigned NOT NULL AUTO_INCREMENT COMMENT 'Entity ID',
  `attribute_set_id` smallint(5) unsigned NOT NULL DEFAULT 0 COMMENT 'Attribute Set ID',
  `parent_id` int(10) unsigned NOT NULL DEFAULT 0 COMMENT 'Parent Category ID',
  `created_at` timestamp NOT NULL DEFAULT current_timestamp() COMMENT 'Creation Time',
  `updated_at` timestamp NOT NULL DEFAULT current_timestamp() ON UPDATE current_timestamp() COMMENT 'Update Time',
  `path` varchar(255) NOT NULL COMMENT 'Tree Path',
  `position` int(11) NOT NULL COMMENT 'Position',
  `level` int(11) NOT NULL DEFAULT 0 COMMENT 'Tree Level',
  `children_count` int(11) NOT NULL COMMENT 'Child Count',
  PRIMARY KEY (`entity_id`),
  KEY `CATALOG_CATEGORY_ENTITY_LEVEL` (`level`),
  KEY `CATALOG_CATEGORY_ENTITY_PATH` (`path`)
) ENGINE=InnoDB AUTO_INCREMENT=174 DEFAULT CHARSET=utf8 COMMENT='Catalog Category Table';

--
-- Dumping data for table `catalog_category_entity`
--

INSERT INTO `catalog_category_entity` VALUES (1,3,0,'2021-02-26 01:43:38','2021-12-30 05:34:49','1',0,0,76),(2,3,1,'2021-02-26 01:43:38','2021-10-04 08:05:02','1/2',1,1,0),(3,3,1,'2021-02-26 02:26:14','2021-12-30 05:34:49','1/3',2,1,74),(43,3,3,'2021-08-06 15:29:31','2021-12-30 05:34:49','1/3/43',2,2,73),(44,3,43,'2021-08-06 15:30:03','2021-12-30 05:34:49','1/3/43/44',1,3,64),(45,3,43,'2021-08-06 15:30:29','2021-12-06 14:00:47','1/3/43/45',2,3,5),(51,3,105,'2021-08-06 15:33:25','2021-10-20 01:52:14','1/3/43/44/102/105/51',1,6,0),(56,3,106,'2021-08-06 15:35:44','2021-10-26 03:08:23','1/3/43/44/102/106/56',1,6,4),(57,3,45,'2021-08-06 15:36:35','2021-12-02 09:31:48','1/3/43/45/57',1,4,3),(60,3,57,'2021-08-06 15:38:17','2021-08-31 08:27:36','1/3/43/45/57/60',1,5,0),(61,3,57,'2021-08-06 15:38:49','2021-08-31 08:27:57','1/3/43/45/57/61',2,5,0),(62,3,57,'2021-08-06 15:39:21','2021-08-31 08:28:14','1/3/43/45/57/62',3,5,0),(64,3,102,'2021-08-23 11:50:29','2021-11-29 02:20:34','1/3/43/44/102/64',1,5,10),(73,3,103,'2021-10-13 07:46:06','2021-11-25 07:50:03','1/3/43/44/103/73',4,5,0),(74,3,108,'2021-10-13 09:03:08','2021-10-20 01:56:01','1/3/43/44/102/108/74',2,6,0),(75,3,103,'2021-10-13 09:03:08','2021-11-25 07:50:03','1/3/43/44/103/75',3,5,0),(76,3,106,'2021-10-13 09:03:09','2021-10-20 01:52:05','1/3/43/44/102/106/76',2,6,0),(77,3,108,'2021-10-13 09:03:09','2021-10-20 01:54:25','1/3/43/44/102/108/77',1,6,0),(79,3,105,'2021-10-13 09:03:09','2021-10-20 01:58:52','1/3/43/44/102/105/79',3,6,0),(81,3,105,'2021-10-13 09:03:10','2021-10-20 01:57:52','1/3/43/44/102/105/81',2,6,0),(82,3,106,'2021-10-13 09:03:10','2021-10-20 01:57:33','1/3/43/44/102/106/82',5,6,0),(83,3,106,'2021-10-13 09:03:10','2021-10-20 01:57:05','1/3/43/44/102/106/83',3,6,0),(84,3,106,'2021-10-13 09:03:11','2021-10-20 01:57:13','1/3/43/44/102/106/84',4,6,0),(85,3,156,'2021-10-13 09:03:11','2021-11-25 07:50:03','1/3/43/44/103/156/85',2,6,0),(92,3,64,'2021-10-13 09:36:15','2021-10-20 01:48:10','1/3/43/44/102/64/92',1,6,0),(93,3,64,'2021-10-13 09:36:40','2021-10-20 01:48:10','1/3/43/44/102/64/93',2,6,0),(94,3,64,'2021-10-13 09:37:30','2021-11-04 07:26:07','1/3/43/44/102/64/94',3,6,3),(95,3,64,'2021-10-13 09:37:57','2021-10-20 01:48:10','1/3/43/44/102/64/95',4,6,0),(96,3,103,'2021-10-13 09:38:41','2021-11-25 07:50:03','1/3/43/44/103/96',2,5,0),(97,3,103,'2021-10-13 09:39:21','2021-11-25 07:50:03','1/3/43/44/103/97',1,5,0),(101,3,64,'2021-10-18 10:37:27','2021-10-20 01:48:10','1/3/43/44/102/64/101',5,6,0),(102,3,44,'2021-10-20 01:41:16','2021-12-17 08:46:04','1/3/43/44/102',16,4,47),(103,3,44,'2021-10-20 01:44:05','2021-12-17 08:46:04','1/3/43/44/103',17,4,7),(105,3,102,'2021-10-20 01:49:44','2021-11-24 04:37:09','1/3/43/44/102/105',2,5,4),(106,3,102,'2021-10-20 01:50:07','2021-11-25 04:40:32','1/3/43/44/102/106',3,5,10),(108,3,102,'2021-10-20 01:51:24','2021-11-25 07:45:47','1/3/43/44/102/108',5,5,12),(110,3,56,'2021-10-22 20:24:24','2021-10-26 03:08:12','1/3/43/44/102/106/56/110',2,7,0),(111,3,56,'2021-10-22 20:24:26','2021-10-26 03:08:06','1/3/43/44/102/106/56/111',1,7,0),(112,3,56,'2021-10-22 20:24:26','2021-10-26 03:08:16','1/3/43/44/102/106/56/112',3,7,0),(113,3,56,'2021-10-22 20:24:26','2021-10-26 03:08:23','1/3/43/44/102/106/56/113',4,7,0),(114,3,64,'2021-10-22 20:24:26','2021-10-22 20:24:26','1/3/43/44/102/64/114',6,6,0),(115,3,94,'2021-10-23 02:53:19','2021-10-23 02:53:20','1/3/43/44/102/64/94/115',1,7,0),(116,3,94,'2021-10-23 02:53:20','2021-10-23 02:53:20','1/3/43/44/102/64/94/116',2,7,0),(118,3,64,'2021-11-03 09:09:55','2021-11-03 09:09:55','1/3/43/44/102/64/118',8,6,0),(121,3,94,'2021-11-04 07:26:07','2021-11-04 07:26:07','1/3/43/44/102/64/94/121',3,7,0),(134,3,43,'2021-11-18 04:48:51','2021-12-29 09:24:24','1/3/43/134',3,3,0),(135,3,102,'2021-11-21 16:21:53','2021-11-24 12:00:01','1/3/43/44/102/135',7,5,6),(138,3,105,'2021-11-24 04:37:09','2021-11-24 04:37:09','1/3/43/44/102/105/138',4,6,0),(139,3,135,'2021-11-24 11:57:54','2021-11-24 11:58:09','1/3/43/44/102/135/139',2,6,4),(140,3,139,'2021-11-24 11:57:55','2021-11-24 11:57:55','1/3/43/44/102/135/139/140',1,7,0),(141,3,139,'2021-11-24 11:57:56','2021-11-24 11:57:56','1/3/43/44/102/135/139/141',2,7,0),(142,3,135,'2021-11-24 11:57:56','2021-11-24 11:57:56','1/3/43/44/102/135/142',3,6,0),(143,3,139,'2021-11-24 11:57:57','2021-11-24 11:57:57','1/3/43/44/102/135/139/143',3,7,0),(144,3,108,'2021-11-24 11:57:58','2021-11-24 11:57:58','1/3/43/44/102/108/144',4,6,1),(145,3,144,'2021-11-24 11:57:58','2021-11-24 11:57:58','1/3/43/44/102/108/144/145',1,7,0),(146,3,108,'2021-11-24 11:57:59','2021-11-24 11:57:59','1/3/43/44/102/108/146',5,6,0),(147,3,108,'2021-11-24 11:58:00','2021-11-24 11:58:01','1/3/43/44/102/108/147',6,6,3),(148,3,147,'2021-11-24 11:58:00','2021-11-24 11:58:00','1/3/43/44/102/108/147/148',1,7,0),(149,3,147,'2021-11-24 11:58:00','2021-11-24 11:58:00','1/3/43/44/102/108/147/149',2,7,0),(150,3,147,'2021-11-24 11:58:01','2021-11-24 11:58:01','1/3/43/44/102/108/147/150',3,7,0),(151,3,108,'2021-11-24 11:58:02','2021-11-24 11:58:02','1/3/43/44/102/108/151',7,6,0),(152,3,108,'2021-11-24 11:58:03','2021-11-24 11:58:03','1/3/43/44/102/108/152',8,6,0),(153,3,108,'2021-11-24 11:58:04','2021-11-24 11:58:04','1/3/43/44/102/108/153',9,6,0),(154,3,139,'2021-11-24 11:58:09','2021-11-24 11:58:09','1/3/43/44/102/135/139/154',4,7,0),(155,3,106,'2021-11-25 04:40:32','2021-11-25 04:40:32','1/3/43/44/102/106/155',6,6,0),(156,3,103,'2021-11-25 07:15:14','2021-11-25 07:50:03','1/3/43/44/103/156',5,5,2),(157,3,156,'2021-11-25 07:15:39','2021-11-25 07:50:24','1/3/43/44/103/156/157',1,6,0),(164,3,45,'2021-12-06 14:00:47','2021-12-06 14:00:47','1/3/43/45/164',2,4,0),(165,3,43,'2021-12-07 08:40:00','2021-12-29 09:23:25','1/3/43/165',4,3,0),(166,3,44,'2021-12-17 03:25:27','2022-01-10 03:10:50','1/3/43/44/166',1,4,7),(167,3,166,'2021-12-17 07:50:58','2021-12-21 06:47:44','1/3/43/44/166/167',2,5,0),(168,3,166,'2021-12-17 07:51:26','2021-12-21 06:47:44','1/3/43/44/166/168',3,5,0),(169,3,166,'2021-12-17 07:51:53','2021-12-21 06:47:44','1/3/43/44/166/169',4,5,0),(170,3,166,'2021-12-17 07:52:20','2021-12-21 06:47:44','1/3/43/44/166/170',5,5,0),(171,3,166,'2021-12-17 07:53:09','2021-12-21 06:47:44','1/3/43/44/166/171',6,5,0),(172,3,166,'2021-12-21 06:47:19','2021-12-21 06:55:54','1/3/43/44/166/172',1,5,0),(173,3,166,'2021-12-30 05:34:49','2021-12-30 05:34:49','1/3/43/44/166/173',7,5,0);

--
-- Table structure for table `catalog_category_entity_datetime`
--

CREATE TABLE `catalog_category_entity_datetime` (
  `value_id` int(11) NOT NULL AUTO_INCREMENT COMMENT 'Value ID',
  `attribute_id` smallint(5) unsigned NOT NULL DEFAULT 0 COMMENT 'Attribute ID',
  `store_id` smallint(5) unsigned NOT NULL DEFAULT 0 COMMENT 'Store ID',
  `entity_id` int(10) unsigned NOT NULL DEFAULT 0 COMMENT 'Entity ID',
  `value` datetime DEFAULT NULL COMMENT 'Value',
  PRIMARY KEY (`value_id`),
  UNIQUE KEY `CATALOG_CATEGORY_ENTITY_DATETIME_ENTITY_ID_ATTRIBUTE_ID_STORE_ID` (`entity_id`,`attribute_id`,`store_id`),
  KEY `CATALOG_CATEGORY_ENTITY_DATETIME_ENTITY_ID` (`entity_id`),
  KEY `CATALOG_CATEGORY_ENTITY_DATETIME_ATTRIBUTE_ID` (`attribute_id`),
  KEY `CATALOG_CATEGORY_ENTITY_DATETIME_STORE_ID` (`store_id`),
  CONSTRAINT `CATALOG_CATEGORY_ENTITY_DATETIME_STORE_ID_STORE_STORE_ID` FOREIGN KEY (`store_id`) REFERENCES `store` (`store_id`) ON DELETE CASCADE,
  CONSTRAINT `CAT_CTGR_ENTT_DTIME_ATTR_ID_EAV_ATTR_ATTR_ID` FOREIGN KEY (`attribute_id`) REFERENCES `eav_attribute` (`attribute_id`) ON DELETE CASCADE,
  CONSTRAINT `CAT_CTGR_ENTT_DTIME_ENTT_ID_CAT_CTGR_ENTT_ENTT_ID` FOREIGN KEY (`entity_id`) REFERENCES `catalog_category_entity` (`entity_id`) ON DELETE CASCADE
) ENGINE=InnoDB AUTO_INCREMENT=155 DEFAULT CHARSET=utf8 COMMENT='Catalog Category Datetime Attribute Backend Table';

--
-- Dumping data for table `catalog_category_entity_datetime`
--

INSERT INTO `catalog_category_entity_datetime` VALUES (31,61,0,3,NULL),(32,62,0,3,NULL),(91,61,0,51,NULL),(92,62,0,51,NULL),(99,61,0,56,NULL),(100,62,0,56,NULL),(101,61,0,57,NULL),(102,62,0,57,NULL),(103,61,0,60,NULL),(104,62,0,60,NULL),(105,61,0,43,NULL),(106,62,0,43,NULL),(107,61,0,44,NULL),(108,62,0,44,NULL),(109,61,0,45,NULL),(110,62,0,45,NULL),(111,61,0,61,NULL),(112,62,0,61,NULL),(113,61,0,62,NULL),(114,62,0,62,NULL),(123,61,0,64,NULL),(124,62,0,64,NULL),(131,61,0,96,NULL),(132,62,0,96,NULL),(135,61,0,85,NULL),(136,62,0,85,NULL),(137,61,0,134,NULL),(138,62,0,134,NULL),(139,61,0,157,NULL),(140,62,0,157,NULL),(141,61,0,168,NULL),(142,62,0,168,NULL),(143,61,0,170,NULL),(144,62,0,170,NULL),(145,61,0,171,NULL),(146,62,0,171,NULL),(147,61,0,166,NULL),(148,62,0,166,NULL),(149,61,0,167,NULL),(150,62,0,167,NULL),(151,61,0,172,NULL),(152,62,0,172,NULL),(153,61,0,165,NULL),(154,62,0,165,NULL);

--
-- Table structure for table `catalog_category_entity_decimal`
--

CREATE TABLE `catalog_category_entity_decimal` (
  `value_id` int(11) NOT NULL AUTO_INCREMENT COMMENT 'Value ID',
  `attribute_id` smallint(5) unsigned NOT NULL DEFAULT 0 COMMENT 'Attribute ID',
  `store_id` smallint(5) unsigned NOT NULL DEFAULT 0 COMMENT 'Store ID',
  `entity_id` int(10) unsigned NOT NULL DEFAULT 0 COMMENT 'Entity ID',
  `value` decimal(20,6) DEFAULT NULL COMMENT 'Value',
  PRIMARY KEY (`value_id`),
  UNIQUE KEY `CATALOG_CATEGORY_ENTITY_DECIMAL_ENTITY_ID_ATTRIBUTE_ID_STORE_ID` (`entity_id`,`attribute_id`,`store_id`),
  KEY `CATALOG_CATEGORY_ENTITY_DECIMAL_ENTITY_ID` (`entity_id`),
  KEY `CATALOG_CATEGORY_ENTITY_DECIMAL_ATTRIBUTE_ID` (`attribute_id`),
  KEY `CATALOG_CATEGORY_ENTITY_DECIMAL_STORE_ID` (`store_id`),
  CONSTRAINT `CATALOG_CATEGORY_ENTITY_DECIMAL_STORE_ID_STORE_STORE_ID` FOREIGN KEY (`store_id`) REFERENCES `store` (`store_id`) ON DELETE CASCADE,
  CONSTRAINT `CAT_CTGR_ENTT_DEC_ATTR_ID_EAV_ATTR_ATTR_ID` FOREIGN KEY (`attribute_id`) REFERENCES `eav_attribute` (`attribute_id`) ON DELETE CASCADE,
  CONSTRAINT `CAT_CTGR_ENTT_DEC_ENTT_ID_CAT_CTGR_ENTT_ENTT_ID` FOREIGN KEY (`entity_id`) REFERENCES `catalog_category_entity` (`entity_id`) ON DELETE CASCADE
) ENGINE=InnoDB DEFAULT CHARSET=utf8 COMMENT='Catalog Category Decimal Attribute Backend Table';

--
-- Dumping data for table `catalog_category_entity_decimal`
--


--
-- Table structure for table `catalog_category_entity_int`
--

CREATE TABLE `catalog_category_entity_int` (
  `value_id` int(11) NOT NULL AUTO_INCREMENT COMMENT 'Value ID',
  `attribute_id` smallint(5) unsigned NOT NULL DEFAULT 0 COMMENT 'Attribute ID',
  `store_id` smallint(5) unsigned NOT NULL DEFAULT 0 COMMENT 'Store ID',
  `entity_id` int(10) unsigned NOT NULL DEFAULT 0 COMMENT 'Entity ID',
  `value` int(11) DEFAULT NULL COMMENT 'Value',
  PRIMARY KEY (`value_id`),
  UNIQUE KEY `CATALOG_CATEGORY_ENTITY_INT_ENTITY_ID_ATTRIBUTE_ID_STORE_ID` (`entity_id`,`attribute_id`,`store_id`),
  KEY `CATALOG_CATEGORY_ENTITY_INT_ENTITY_ID` (`entity_id`),
  KEY `CATALOG_CATEGORY_ENTITY_INT_ATTRIBUTE_ID` (`attribute_id`),
  KEY `CATALOG_CATEGORY_ENTITY_INT_STORE_ID` (`store_id`),
  CONSTRAINT `CATALOG_CATEGORY_ENTITY_INT_STORE_ID_STORE_STORE_ID` FOREIGN KEY (`store_id`) REFERENCES `store` (`store_id`) ON DELETE CASCADE,
  CONSTRAINT `CAT_CTGR_ENTT_INT_ATTR_ID_EAV_ATTR_ATTR_ID` FOREIGN KEY (`attribute_id`) REFERENCES `eav_attribute` (`attribute_id`) ON DELETE CASCADE,
  CONSTRAINT `CAT_CTGR_ENTT_INT_ENTT_ID_CAT_CTGR_ENTT_ENTT_ID` FOREIGN KEY (`entity_id`) REFERENCES `catalog_category_entity` (`entity_id`) ON DELETE CASCADE
) ENGINE=InnoDB AUTO_INCREMENT=989 DEFAULT CHARSET=utf8 COMMENT='Catalog Category Integer Attribute Backend Table';

--
-- Dumping data for table `catalog_category_entity_int`
--

INSERT INTO `catalog_category_entity_int` VALUES (1,69,0,1,1),(2,46,0,2,1),(3,69,0,2,1),(4,46,0,3,1),(5,54,0,3,1),(6,69,0,3,1),(7,70,0,3,0),(8,71,0,3,0),(9,138,0,3,0),(10,156,0,3,0),(299,53,0,3,NULL),(324,46,0,43,1),(325,54,0,43,1),(326,69,0,43,1),(327,70,0,43,0),(328,71,0,43,0),(329,138,0,43,0),(330,156,0,43,0),(331,46,0,44,1),(332,54,0,44,1),(333,69,0,44,1),(334,70,0,44,0),(335,71,0,44,0),(336,138,0,44,0),(337,156,0,44,0),(338,46,0,45,1),(339,54,0,45,1),(340,69,0,45,1),(341,70,0,45,0),(342,71,0,45,0),(343,138,0,45,0),(344,156,0,45,0),(380,46,0,51,1),(381,54,0,51,1),(382,69,0,51,1),(383,70,0,51,0),(384,71,0,51,0),(385,138,0,51,0),(386,156,0,51,0),(415,46,0,56,1),(416,54,0,56,1),(417,69,0,56,1),(418,70,0,56,0),(419,71,0,56,0),(420,138,0,56,0),(421,156,0,56,0),(422,46,0,57,1),(423,54,0,57,1),(424,69,0,57,1),(425,70,0,57,0),(426,71,0,57,0),(427,138,0,57,0),(428,156,0,57,0),(443,46,0,60,1),(444,54,0,60,1),(445,69,0,60,1),(446,70,0,60,0),(447,71,0,60,0),(448,138,0,60,0),(449,156,0,60,0),(450,46,0,61,1),(451,54,0,61,1),(452,69,0,61,1),(453,70,0,61,0),(454,71,0,61,0),(455,138,0,61,0),(456,156,0,61,0),(457,46,0,62,1),(458,54,0,62,1),(459,69,0,62,1),(460,70,0,62,0),(461,71,0,62,0),(462,138,0,62,0),(463,156,0,62,0),(476,53,0,51,NULL),(480,53,0,56,NULL),(481,53,0,57,NULL),(482,46,0,64,1),(483,54,0,64,1),(484,69,0,64,1),(485,53,0,60,NULL),(486,53,0,43,NULL),(487,53,0,44,NULL),(488,53,0,45,NULL),(489,53,0,61,NULL),(490,53,0,62,NULL),(495,53,0,64,NULL),(496,70,0,64,0),(497,71,0,64,0),(498,138,0,64,0),(499,156,0,64,0),(524,46,0,73,1),(525,54,0,73,1),(526,69,0,73,1),(527,46,0,74,1),(528,54,0,74,1),(529,69,0,74,1),(530,46,0,75,1),(531,54,0,75,1),(532,69,0,75,1),(533,46,0,76,1),(534,54,0,76,1),(535,69,0,76,1),(536,46,0,77,1),(537,54,0,77,1),(538,69,0,77,1),(542,46,0,79,1),(543,54,0,79,1),(544,69,0,79,1),(548,46,0,81,1),(549,54,0,81,1),(550,69,0,81,1),(551,46,0,82,1),(552,54,0,82,1),(553,69,0,82,1),(554,46,0,83,1),(555,54,0,83,1),(556,69,0,83,1),(557,46,0,84,1),(558,54,0,84,1),(559,69,0,84,1),(560,46,0,85,1),(561,54,0,85,1),(562,69,0,85,1),(608,46,0,92,1),(609,54,0,92,1),(610,69,0,92,1),(611,70,0,92,0),(612,71,0,92,0),(613,138,0,92,0),(614,156,0,92,0),(615,46,0,93,1),(616,54,0,93,1),(617,69,0,93,1),(618,70,0,93,0),(619,71,0,93,0),(620,138,0,93,0),(621,156,0,93,0),(622,46,0,94,1),(623,54,0,94,1),(624,69,0,94,1),(625,70,0,94,0),(626,71,0,94,0),(627,138,0,94,0),(628,156,0,94,0),(629,46,0,95,1),(630,54,0,95,1),(631,69,0,95,1),(632,70,0,95,0),(633,71,0,95,0),(634,138,0,95,0),(635,156,0,95,0),(636,46,0,96,1),(637,54,0,96,1),(638,69,0,96,1),(639,70,0,96,0),(640,71,0,96,0),(641,138,0,96,0),(642,156,0,96,0),(643,46,0,97,1),(644,54,0,97,1),(645,69,0,97,1),(646,70,0,97,0),(647,71,0,97,0),(648,138,0,97,0),(649,156,0,97,0),(650,53,0,96,NULL),(660,46,0,101,1),(661,54,0,101,1),(662,69,0,101,1),(663,46,0,102,1),(664,54,0,102,1),(665,69,0,102,1),(666,70,0,102,0),(667,71,0,102,0),(668,138,0,102,0),(669,156,0,102,0),(670,46,0,103,1),(671,54,0,103,1),(672,69,0,103,1),(673,70,0,103,0),(674,71,0,103,0),(675,138,0,103,0),(676,156,0,103,0),(684,46,0,105,1),(685,54,0,105,1),(686,69,0,105,1),(687,70,0,105,0),(688,71,0,105,0),(689,138,0,105,0),(690,156,0,105,0),(691,46,0,106,1),(692,54,0,106,1),(693,69,0,106,1),(694,70,0,106,0),(695,71,0,106,0),(696,138,0,106,0),(697,156,0,106,0),(705,46,0,108,1),(706,54,0,108,1),(707,69,0,108,1),(708,70,0,108,0),(709,71,0,108,0),(710,138,0,108,0),(711,156,0,108,0),(713,53,0,85,NULL),(714,70,0,85,0),(715,71,0,85,0),(716,138,0,85,0),(717,156,0,85,0),(725,46,0,110,1),(726,54,0,110,1),(727,69,0,110,1),(728,46,0,111,1),(729,54,0,111,1),(730,69,0,111,1),(731,46,0,112,1),(732,54,0,112,1),(733,69,0,112,1),(734,46,0,113,1),(735,54,0,113,1),(736,69,0,113,1),(737,46,0,114,1),(738,54,0,114,1),(739,69,0,114,1),(740,46,0,115,1),(741,54,0,115,1),(742,69,0,115,1),(743,46,0,116,1),(744,54,0,116,1),(745,69,0,116,1),(749,46,0,118,1),(750,54,0,118,1),(751,69,0,118,1),(758,46,0,121,1),(759,54,0,121,1),(760,69,0,121,1),(809,46,0,134,1),(810,54,0,134,1),(811,69,0,134,1),(812,46,0,135,1),(813,54,0,135,1),(814,69,0,135,1),(820,46,0,138,1),(821,54,0,138,1),(822,69,0,138,1),(823,46,0,139,1),(824,54,0,139,1),(825,69,0,139,1),(826,46,0,140,1),(827,54,0,140,1),(828,69,0,140,1),(829,46,0,141,1),(830,54,0,141,1),(831,69,0,141,1),(832,46,0,142,1),(833,54,0,142,1),(834,69,0,142,1),(835,46,0,143,1),(836,54,0,143,1),(837,69,0,143,1),(838,46,0,144,1),(839,54,0,144,1),(840,69,0,144,1),(841,46,0,145,1),(842,54,0,145,1),(843,69,0,145,1),(844,46,0,146,1),(845,54,0,146,1),(846,69,0,146,1),(847,46,0,147,1),(848,54,0,147,1),(849,69,0,147,1),(850,46,0,148,1),(851,54,0,148,1),(852,69,0,148,1),(853,46,0,149,1),(854,54,0,149,1),(855,69,0,149,1),(856,46,0,150,1),(857,54,0,150,1),(858,69,0,150,1),(859,46,0,151,1),(860,54,0,151,1),(861,69,0,151,1),(862,46,0,152,1),(863,54,0,152,1),(864,69,0,152,1),(865,46,0,153,1),(866,54,0,153,1),(867,69,0,153,1),(868,46,0,154,1),(869,54,0,154,1),(870,69,0,154,1),(871,53,0,134,NULL),(872,70,0,134,0),(873,71,0,134,0),(874,138,0,134,0),(875,156,0,134,0),(876,46,0,155,1),(877,54,0,155,1),(878,69,0,155,1),(879,46,0,156,1),(880,54,0,156,1),(881,69,0,156,1),(882,46,0,157,1),(883,54,0,157,1),(884,69,0,157,1),(885,53,0,157,NULL),(886,70,0,157,0),(887,71,0,157,0),(888,138,0,157,0),(889,156,0,157,0),(912,46,0,164,1),(913,54,0,164,0),(914,69,0,164,0),(915,70,0,164,0),(916,71,0,164,0),(917,138,0,164,0),(918,156,0,164,0),(919,46,0,165,1),(920,54,0,165,1),(921,69,0,165,1),(922,46,0,166,1),(923,54,0,166,1),(924,69,0,166,1),(925,70,0,166,0),(926,71,0,166,0),(927,138,0,166,0),(928,156,0,166,0),(929,46,0,167,1),(930,54,0,167,1),(931,69,0,167,0),(932,70,0,167,0),(933,71,0,167,0),(934,138,0,167,0),(935,156,0,167,0),(936,46,0,168,1),(937,54,0,168,1),(938,69,0,168,0),(939,70,0,168,0),(940,71,0,168,0),(941,138,0,168,0),(942,156,0,168,0),(943,46,0,169,1),(944,54,0,169,1),(945,69,0,169,0),(946,70,0,169,0),(947,71,0,169,0),(948,138,0,169,0),(949,156,0,169,0),(950,46,0,170,1),(951,54,0,170,1),(952,69,0,170,0),(953,70,0,170,0),(954,71,0,170,0),(955,138,0,170,0),(956,156,0,170,0),(957,46,0,171,1),(958,54,0,171,1),(959,69,0,171,0),(960,70,0,171,0),(961,71,0,171,0),(962,138,0,171,0),(963,156,0,171,0),(964,53,0,168,NULL),(965,53,0,170,NULL),(966,53,0,171,NULL),(967,53,0,166,NULL),(968,46,0,172,1),(969,54,0,172,1),(970,69,0,172,0),(971,70,0,172,0),(972,71,0,172,0),(973,138,0,172,0),(974,156,0,172,0),(975,53,0,167,NULL),(976,53,0,172,NULL),(977,53,0,165,NULL),(978,70,0,165,0),(979,71,0,165,0),(980,138,0,165,0),(981,156,0,165,0),(982,46,0,173,1),(983,54,0,173,1),(984,69,0,173,0),(985,70,0,173,0),(986,71,0,173,0),(987,138,0,173,0),(988,156,0,173,0);

--
-- Table structure for table `catalog_category_entity_text`
--

CREATE TABLE `catalog_category_entity_text` (
  `value_id` int(11) NOT NULL AUTO_INCREMENT COMMENT 'Value ID',
  `attribute_id` smallint(5) unsigned NOT NULL DEFAULT 0 COMMENT 'Attribute ID',
  `store_id` smallint(5) unsigned NOT NULL DEFAULT 0 COMMENT 'Store ID',
  `entity_id` int(10) unsigned NOT NULL DEFAULT 0 COMMENT 'Entity ID',
  `value` mediumtext DEFAULT NULL COMMENT 'Value',
  PRIMARY KEY (`value_id`),
  UNIQUE KEY `CATALOG_CATEGORY_ENTITY_TEXT_ENTITY_ID_ATTRIBUTE_ID_STORE_ID` (`entity_id`,`attribute_id`,`store_id`),
  KEY `CATALOG_CATEGORY_ENTITY_TEXT_ENTITY_ID` (`entity_id`),
  KEY `CATALOG_CATEGORY_ENTITY_TEXT_ATTRIBUTE_ID` (`attribute_id`),
  KEY `CATALOG_CATEGORY_ENTITY_TEXT_STORE_ID` (`store_id`),
  CONSTRAINT `CATALOG_CATEGORY_ENTITY_TEXT_STORE_ID_STORE_STORE_ID` FOREIGN KEY (`store_id`) REFERENCES `store` (`store_id`) ON DELETE CASCADE,
  CONSTRAINT `CAT_CTGR_ENTT_TEXT_ATTR_ID_EAV_ATTR_ATTR_ID` FOREIGN KEY (`attribute_id`) REFERENCES `eav_attribute` (`attribute_id`) ON DELETE CASCADE,
  CONSTRAINT `CAT_CTGR_ENTT_TEXT_ENTT_ID_CAT_CTGR_ENTT_ENTT_ID` FOREIGN KEY (`entity_id`) REFERENCES `catalog_category_entity` (`entity_id`) ON DELETE CASCADE
) ENGINE=InnoDB AUTO_INCREMENT=848 DEFAULT CHARSET=utf8 COMMENT='Catalog Category Text Attribute Backend Table';

--
-- Dumping data for table `catalog_category_entity_text`
--

INSERT INTO `catalog_category_entity_text` VALUES (166,47,0,3,NULL),(167,50,0,3,NULL),(168,51,0,3,NULL),(169,146,0,3,NULL),(170,148,0,3,'{{widget type=\"Magento\\Catalog\\Block\\Category\\Widget\\Link\" title=\"Nội thất\" template=\"category/widget/link/link_block.phtml\" id_path=\"category/5\"}}'),(171,150,0,3,'{{widget type=\"Magento\\Catalog\\Block\\Category\\Widget\\Link\" title=\"Casper sleep shops\" template=\"category/widget/link/link_block.phtml\" id_path=\"category/42\"}}'),(172,151,0,3,NULL),(173,164,0,3,NULL),(174,166,0,3,NULL),(175,168,0,3,NULL),(176,169,0,3,NULL),(496,47,0,51,NULL),(497,50,0,51,NULL),(498,51,0,51,NULL),(499,146,0,51,NULL),(500,148,0,51,NULL),(501,150,0,51,NULL),(502,151,0,51,NULL),(503,164,0,51,NULL),(504,166,0,51,NULL),(505,168,0,51,NULL),(506,169,0,51,NULL),(540,47,0,56,NULL),(541,50,0,56,NULL),(542,51,0,56,NULL),(543,146,0,56,NULL),(544,148,0,56,NULL),(545,150,0,56,NULL),(546,151,0,56,NULL),(547,164,0,56,NULL),(548,166,0,56,NULL),(549,168,0,56,NULL),(550,169,0,56,NULL),(551,47,0,57,NULL),(552,50,0,57,NULL),(553,51,0,57,NULL),(554,146,0,57,NULL),(555,148,0,57,NULL),(556,150,0,57,NULL),(557,151,0,57,NULL),(558,164,0,57,NULL),(559,166,0,57,NULL),(560,168,0,57,NULL),(561,169,0,57,NULL),(562,47,0,60,NULL),(563,50,0,60,NULL),(564,51,0,60,NULL),(565,146,0,60,NULL),(566,148,0,60,NULL),(567,150,0,60,NULL),(568,151,0,60,NULL),(569,164,0,60,NULL),(570,166,0,60,NULL),(571,168,0,60,NULL),(572,169,0,60,NULL),(573,47,0,43,NULL),(574,50,0,43,NULL),(575,51,0,43,NULL),(576,146,0,43,NULL),(577,148,0,43,NULL),(578,150,0,43,NULL),(579,151,0,43,NULL),(580,164,0,43,NULL),(581,166,0,43,NULL),(582,168,0,43,NULL),(583,169,0,43,NULL),(584,47,0,44,NULL),(585,50,0,44,NULL),(586,51,0,44,NULL),(587,146,0,44,NULL),(588,148,0,44,NULL),(589,150,0,44,NULL),(590,151,0,44,NULL),(591,164,0,44,NULL),(592,166,0,44,NULL),(593,168,0,44,NULL),(594,169,0,44,NULL),(595,47,0,45,NULL),(596,50,0,45,NULL),(597,51,0,45,NULL),(598,146,0,45,NULL),(599,148,0,45,NULL),(600,150,0,45,NULL),(601,151,0,45,NULL),(602,164,0,45,NULL),(603,166,0,45,NULL),(604,168,0,45,NULL),(605,169,0,45,NULL),(606,47,0,61,NULL),(607,50,0,61,NULL),(608,51,0,61,NULL),(609,146,0,61,NULL),(610,148,0,61,NULL),(611,150,0,61,NULL),(612,151,0,61,NULL),(613,164,0,61,NULL),(614,166,0,61,NULL),(615,168,0,61,NULL),(616,169,0,61,NULL),(617,47,0,62,NULL),(618,50,0,62,NULL),(619,51,0,62,NULL),(620,146,0,62,NULL),(621,148,0,62,NULL),(622,150,0,62,NULL),(623,151,0,62,NULL),(624,164,0,62,NULL),(625,166,0,62,NULL),(626,168,0,62,NULL),(627,169,0,62,NULL),(672,47,0,64,NULL),(673,50,0,64,NULL),(674,51,0,64,NULL),(675,146,0,64,NULL),(676,148,0,64,NULL),(677,150,0,64,NULL),(678,151,0,64,NULL),(679,164,0,64,NULL),(680,166,0,64,NULL),(681,168,0,64,NULL),(682,169,0,64,NULL),(716,47,0,96,NULL),(717,50,0,96,NULL),(718,51,0,96,NULL),(719,146,0,96,NULL),(720,148,0,96,NULL),(721,150,0,96,NULL),(722,151,0,96,NULL),(723,164,0,96,NULL),(724,166,0,96,NULL),(725,168,0,96,NULL),(726,169,0,96,NULL),(738,47,0,85,NULL),(739,50,0,85,NULL),(740,51,0,85,NULL),(741,146,0,85,NULL),(742,148,0,85,NULL),(743,150,0,85,NULL),(744,151,0,85,NULL),(745,164,0,85,NULL),(746,166,0,85,NULL),(747,168,0,85,NULL),(748,169,0,85,NULL),(749,47,0,134,'<h3>FLEXFIT EASY - NỘI THẤT TIẾT KIỆM</h3>'),(750,50,0,134,'FLEXFIT EASY- NỘI THẤT TIẾT KIỆM'),(751,51,0,134,'FLEXFIT EASY - NỘI THẤT TIẾT KIỆM'),(752,146,0,134,NULL),(753,148,0,134,NULL),(754,150,0,134,NULL),(755,151,0,134,NULL),(756,164,0,134,NULL),(757,166,0,134,NULL),(758,168,0,134,NULL),(759,169,0,134,NULL),(760,47,0,157,NULL),(761,50,0,157,NULL),(762,51,0,157,NULL),(763,146,0,157,NULL),(764,148,0,157,NULL),(765,150,0,157,NULL),(766,151,0,157,NULL),(767,164,0,157,NULL),(768,166,0,157,NULL),(769,168,0,157,NULL),(770,169,0,157,NULL),(771,47,0,168,NULL),(772,50,0,168,NULL),(773,51,0,168,NULL),(774,146,0,168,NULL),(775,148,0,168,NULL),(776,150,0,168,NULL),(777,151,0,168,NULL),(778,164,0,168,NULL),(779,166,0,168,NULL),(780,168,0,168,NULL),(781,169,0,168,NULL),(782,47,0,170,NULL),(783,50,0,170,NULL),(784,51,0,170,NULL),(785,146,0,170,NULL),(786,148,0,170,NULL),(787,150,0,170,NULL),(788,151,0,170,NULL),(789,164,0,170,NULL),(790,166,0,170,NULL),(791,168,0,170,NULL),(792,169,0,170,NULL),(793,47,0,171,NULL),(794,50,0,171,NULL),(795,51,0,171,NULL),(796,146,0,171,NULL),(797,148,0,171,NULL),(798,150,0,171,NULL),(799,151,0,171,NULL),(800,164,0,171,NULL),(801,166,0,171,NULL),(802,168,0,171,NULL),(803,169,0,171,NULL),(804,47,0,166,NULL),(805,50,0,166,NULL),(806,51,0,166,NULL),(807,146,0,166,NULL),(808,148,0,166,NULL),(809,150,0,166,NULL),(810,151,0,166,NULL),(811,164,0,166,NULL),(812,166,0,166,NULL),(813,168,0,166,NULL),(814,169,0,166,NULL),(815,47,0,167,NULL),(816,50,0,167,NULL),(817,51,0,167,NULL),(818,146,0,167,NULL),(819,148,0,167,NULL),(820,150,0,167,NULL),(821,151,0,167,NULL),(822,164,0,167,NULL),(823,166,0,167,NULL),(824,168,0,167,NULL),(825,169,0,167,NULL),(826,47,0,172,NULL),(827,50,0,172,NULL),(828,51,0,172,NULL),(829,146,0,172,NULL),(830,148,0,172,NULL),(831,150,0,172,NULL),(832,151,0,172,NULL),(833,164,0,172,NULL),(834,166,0,172,NULL),(835,168,0,172,NULL),(836,169,0,172,NULL),(837,47,0,165,'<h3>FLEXFIT RENTAL - NỘI THẤT CHO THUÊ</h3>'),(838,50,0,165,'FLEXFIT RENTAL - NỘI THẤT CHO THUÊ'),(839,51,0,165,'FLEXFIT RENTAL - NỘI THẤT CHO THUÊ'),(840,146,0,165,NULL),(841,148,0,165,NULL),(842,150,0,165,NULL),(843,151,0,165,NULL),(844,164,0,165,NULL),(845,166,0,165,NULL),(846,168,0,165,NULL),(847,169,0,165,NULL);

--
-- Table structure for table `catalog_category_entity_varchar`
--

CREATE TABLE `catalog_category_entity_varchar` (
  `value_id` int(11) NOT NULL AUTO_INCREMENT COMMENT 'Value ID',
  `attribute_id` smallint(5) unsigned NOT NULL DEFAULT 0 COMMENT 'Attribute ID',
  `store_id` smallint(5) unsigned NOT NULL DEFAULT 0 COMMENT 'Store ID',
  `entity_id` int(10) unsigned NOT NULL DEFAULT 0 COMMENT 'Entity ID',
  `value` varchar(255) DEFAULT NULL COMMENT 'Value',
  PRIMARY KEY (`value_id`),
  UNIQUE KEY `CATALOG_CATEGORY_ENTITY_VARCHAR_ENTITY_ID_ATTRIBUTE_ID_STORE_ID` (`entity_id`,`attribute_id`,`store_id`),
  KEY `CATALOG_CATEGORY_ENTITY_VARCHAR_ENTITY_ID` (`entity_id`),
  KEY `CATALOG_CATEGORY_ENTITY_VARCHAR_ATTRIBUTE_ID` (`attribute_id`),
  KEY `CATALOG_CATEGORY_ENTITY_VARCHAR_STORE_ID` (`store_id`),
  CONSTRAINT `CATALOG_CATEGORY_ENTITY_VARCHAR_STORE_ID_STORE_STORE_ID` FOREIGN KEY (`store_id`) REFERENCES `store` (`store_id`) ON DELETE CASCADE,
  CONSTRAINT `CAT_CTGR_ENTT_VCHR_ATTR_ID_EAV_ATTR_ATTR_ID` FOREIGN KEY (`attribute_id`) REFERENCES `eav_attribute` (`attribute_id`) ON DELETE CASCADE,
  CONSTRAINT `CAT_CTGR_ENTT_VCHR_ENTT_ID_CAT_CTGR_ENTT_ENTT_ID` FOREIGN KEY (`entity_id`) REFERENCES `catalog_category_entity` (`entity_id`) ON DELETE CASCADE
) ENGINE=InnoDB AUTO_INCREMENT=2689 DEFAULT CHARSET=utf8 COMMENT='Catalog Category Varchar Attribute Backend Table';

--
-- Dumping data for table `catalog_category_entity_varchar`
--

INSERT INTO `catalog_category_entity_varchar` VALUES (1,45,0,1,'Root Catalog'),(2,45,0,2,'Default Category'),(3,52,0,2,'PRODUCTS'),(4,45,0,3,'Furniture'),(5,52,0,3,'PRODUCTS'),(6,119,0,3,'funiture'),(7,147,0,3,'6'),(8,149,0,3,'6'),(9,165,0,3,'0'),(10,167,0,3,'0'),(675,48,0,3,NULL),(676,49,0,3,NULL),(677,60,0,3,NULL),(678,63,0,3,NULL),(679,120,0,3,NULL),(680,139,0,3,'fullwidth'),(681,140,0,3,NULL),(682,141,0,3,'3'),(683,142,0,3,'left'),(684,143,0,3,'label3'),(685,145,0,3,NULL),(686,157,0,3,NULL),(687,158,0,3,NULL),(688,159,0,3,NULL),(689,160,0,3,NULL),(690,161,0,3,NULL),(691,163,0,3,NULL),(692,170,0,3,NULL),(1179,45,0,43,'Sản phẩm'),(1180,52,0,43,'PRODUCTS'),(1181,119,0,43,'san-pham'),(1182,120,0,43,'san-pham'),(1183,147,0,43,'0'),(1184,149,0,43,'0'),(1185,165,0,43,'0'),(1186,167,0,43,'0'),(1187,45,0,44,'NỘI THẤT ĐỒ RỜI'),(1188,52,0,44,'PRODUCTS'),(1189,119,0,44,'noi-that-do-roi'),(1190,120,0,44,'san-pham/noi-that-do-roi'),(1191,147,0,44,'0'),(1192,149,0,44,'0'),(1193,165,0,44,'0'),(1194,167,0,44,'0'),(1195,45,0,45,'NỘI THẤT THIẾT KẾ'),(1196,52,0,45,'PRODUCTS'),(1197,119,0,45,'noi-that-thiet-ke'),(1198,120,0,45,'san-pham/noi-that-thiet-ke'),(1199,147,0,45,'0'),(1200,149,0,45,'0'),(1201,165,0,45,'0'),(1202,167,0,45,'0'),(1243,45,0,51,'Giường'),(1244,52,0,51,'PRODUCTS'),(1245,119,0,51,'giuong'),(1246,120,0,51,'san-pham/noi-that-do-roi/home/phong-ng/giuong'),(1247,147,0,51,'0'),(1248,149,0,51,'0'),(1249,165,0,51,'0'),(1250,167,0,51,'0'),(1283,45,0,56,'Sofa'),(1284,52,0,56,'PRODUCTS'),(1285,119,0,56,'sofa'),(1286,120,0,56,'san-pham/noi-that-do-roi/home/phong-khach/sofa'),(1287,147,0,56,'0'),(1288,149,0,56,'0'),(1289,165,0,56,'0'),(1290,167,0,56,'0'),(1291,45,0,57,'Tủ bếp'),(1292,52,0,57,'PRODUCTS'),(1293,119,0,57,'tu-bep'),(1294,120,0,57,'san-pham/noi-that-thiet-ke/tu-bep'),(1295,147,0,57,'0'),(1296,149,0,57,'0'),(1297,165,0,57,'0'),(1298,167,0,57,'0'),(1315,45,0,60,'Tủ bếp chữ I'),(1316,52,0,60,'PRODUCTS'),(1317,119,0,60,'tu-bep-chu-i'),(1318,120,0,60,'san-pham/noi-that-thiet-ke/tu-bep/tu-bep-chu-i'),(1319,147,0,60,'0'),(1320,149,0,60,'0'),(1321,165,0,60,'0'),(1322,167,0,60,'0'),(1323,45,0,61,'Tủ bếp chữ L'),(1324,52,0,61,'PRODUCTS'),(1325,119,0,61,'tu-bep-chu-l'),(1326,120,0,61,'san-pham/noi-that-thiet-ke/tu-bep/tu-bep-chu-l'),(1327,147,0,61,'0'),(1328,149,0,61,'0'),(1329,165,0,61,'0'),(1330,167,0,61,'0'),(1331,45,0,62,'Tủ bếp chữ U'),(1332,52,0,62,'PRODUCTS'),(1333,119,0,62,'tu-bep-chu-u'),(1334,120,0,62,'san-pham/noi-that-thiet-ke/tu-bep/tu-bep-chu-u'),(1335,147,0,62,'0'),(1336,149,0,62,'0'),(1337,165,0,62,'0'),(1338,167,0,62,'0'),(1439,48,0,51,NULL),(1440,49,0,51,NULL),(1441,60,0,51,NULL),(1442,63,0,51,NULL),(1443,139,0,51,NULL),(1444,140,0,51,NULL),(1445,141,0,51,NULL),(1446,142,0,51,NULL),(1447,143,0,51,NULL),(1448,145,0,51,NULL),(1449,157,0,51,NULL),(1450,158,0,51,NULL),(1451,159,0,51,NULL),(1452,160,0,51,NULL),(1453,161,0,51,NULL),(1454,163,0,51,NULL),(1455,170,0,51,NULL),(1522,171,0,51,'/pubhttp://store.flexfit.vn/media/catalog/category/col95.png'),(1526,48,0,56,NULL),(1527,49,0,56,NULL),(1528,60,0,56,NULL),(1529,63,0,56,NULL),(1530,139,0,56,NULL),(1531,140,0,56,NULL),(1532,141,0,56,NULL),(1533,142,0,56,NULL),(1534,143,0,56,NULL),(1535,145,0,56,NULL),(1536,157,0,56,NULL),(1537,158,0,56,NULL),(1538,159,0,56,NULL),(1539,160,0,56,NULL),(1540,161,0,56,NULL),(1541,163,0,56,NULL),(1542,170,0,56,NULL),(1543,171,0,56,'/media/catalog/category/sofa-icon_2.png'),(1553,48,0,57,NULL),(1554,49,0,57,NULL),(1555,60,0,57,NULL),(1556,63,0,57,NULL),(1557,139,0,57,NULL),(1558,140,0,57,NULL),(1559,141,0,57,NULL),(1560,142,0,57,NULL),(1561,143,0,57,NULL),(1562,145,0,57,NULL),(1563,157,0,57,NULL),(1564,158,0,57,NULL),(1565,159,0,57,NULL),(1566,160,0,57,NULL),(1567,161,0,57,NULL),(1568,163,0,57,NULL),(1569,170,0,57,NULL),(1572,45,0,64,'Trang Trí'),(1573,119,0,64,'trang-tri'),(1574,120,0,64,'san-pham/noi-that-do-roi/home/trang-tri'),(1576,48,0,60,NULL),(1577,49,0,60,NULL),(1578,60,0,60,NULL),(1579,63,0,60,NULL),(1580,139,0,60,NULL),(1581,140,0,60,NULL),(1582,141,0,60,NULL),(1583,142,0,60,NULL),(1584,143,0,60,NULL),(1585,145,0,60,NULL),(1586,157,0,60,NULL),(1587,158,0,60,NULL),(1588,159,0,60,NULL),(1589,160,0,60,NULL),(1590,161,0,60,NULL),(1591,163,0,60,NULL),(1592,170,0,60,NULL),(1615,48,0,43,NULL),(1616,49,0,43,NULL),(1617,60,0,43,NULL),(1618,63,0,43,NULL),(1619,139,0,43,NULL),(1620,140,0,43,NULL),(1621,141,0,43,NULL),(1622,142,0,43,NULL),(1623,143,0,43,NULL),(1624,145,0,43,NULL),(1625,157,0,43,NULL),(1626,158,0,43,NULL),(1627,159,0,43,NULL),(1628,160,0,43,NULL),(1629,161,0,43,NULL),(1630,163,0,43,NULL),(1631,170,0,43,NULL),(1644,48,0,44,NULL),(1645,49,0,44,NULL),(1646,60,0,44,NULL),(1647,63,0,44,NULL),(1648,139,0,44,NULL),(1649,140,0,44,NULL),(1650,141,0,44,NULL),(1651,142,0,44,NULL),(1652,143,0,44,NULL),(1653,145,0,44,NULL),(1654,157,0,44,NULL),(1655,158,0,44,NULL),(1656,159,0,44,NULL),(1657,160,0,44,NULL),(1658,161,0,44,NULL),(1659,163,0,44,NULL),(1660,170,0,44,NULL),(1676,48,0,45,NULL),(1677,49,0,45,NULL),(1678,60,0,45,NULL),(1679,63,0,45,NULL),(1680,139,0,45,NULL),(1681,140,0,45,NULL),(1682,141,0,45,NULL),(1683,142,0,45,NULL),(1684,143,0,45,NULL),(1685,145,0,45,NULL),(1686,157,0,45,NULL),(1687,158,0,45,NULL),(1688,159,0,45,NULL),(1689,160,0,45,NULL),(1690,161,0,45,NULL),(1691,163,0,45,NULL),(1692,170,0,45,NULL),(1700,48,0,61,NULL),(1701,49,0,61,NULL),(1702,60,0,61,NULL),(1703,63,0,61,NULL),(1704,139,0,61,NULL),(1705,140,0,61,NULL),(1706,141,0,61,NULL),(1707,142,0,61,NULL),(1708,143,0,61,NULL),(1709,145,0,61,NULL),(1710,157,0,61,NULL),(1711,158,0,61,NULL),(1712,159,0,61,NULL),(1713,160,0,61,NULL),(1714,161,0,61,NULL),(1715,163,0,61,NULL),(1716,170,0,61,NULL),(1718,48,0,62,NULL),(1719,49,0,62,NULL),(1720,60,0,62,NULL),(1721,63,0,62,NULL),(1722,139,0,62,NULL),(1723,140,0,62,NULL),(1724,141,0,62,NULL),(1725,142,0,62,NULL),(1726,143,0,62,NULL),(1727,145,0,62,NULL),(1728,157,0,62,NULL),(1729,158,0,62,NULL),(1730,159,0,62,NULL),(1731,160,0,62,NULL),(1732,161,0,62,NULL),(1733,163,0,62,NULL),(1734,170,0,62,NULL),(1810,48,0,64,NULL),(1811,49,0,64,NULL),(1812,52,0,64,'PRODUCTS'),(1813,60,0,64,NULL),(1814,63,0,64,NULL),(1815,139,0,64,NULL),(1816,140,0,64,NULL),(1817,141,0,64,NULL),(1818,142,0,64,NULL),(1819,143,0,64,NULL),(1820,145,0,64,NULL),(1821,147,0,64,'0'),(1822,149,0,64,'0'),(1823,157,0,64,NULL),(1824,158,0,64,NULL),(1825,159,0,64,NULL),(1826,160,0,64,NULL),(1827,161,0,64,NULL),(1828,163,0,64,NULL),(1829,165,0,64,'0'),(1830,167,0,64,'0'),(1831,170,0,64,NULL),(1856,45,0,73,'Bàn giám đốc'),(1857,119,0,73,'ban-giam-d-c'),(1858,120,0,73,'san-pham/noi-that-do-roi/office/ban-giam-d-c'),(1859,45,0,74,'Bàn ăn'),(1860,119,0,74,'ban-an'),(1861,120,0,74,'san-pham/noi-that-do-roi/home/phong-b-p/ban-an'),(1862,45,0,75,'Bàn làm việc'),(1863,119,0,75,'ban-lam-vi-c'),(1864,120,0,75,'san-pham/noi-that-do-roi/office/ban-lam-vi-c'),(1865,45,0,76,'Bàn trà'),(1866,119,0,76,'ban-tra'),(1867,120,0,76,'san-pham/noi-that-do-roi/home/phong-khach/ban-tra'),(1868,45,0,77,'Ghế ăn'),(1869,119,0,77,'gh-an'),(1870,120,0,77,'san-pham/noi-that-do-roi/home/phong-b-p/gh-an'),(1874,45,0,79,'Tủ quần áo'),(1875,119,0,79,'t-qu-n-ao'),(1876,120,0,79,'san-pham/noi-that-do-roi/home/phong-ng/t-qu-n-ao'),(1880,45,0,81,'Kệ sách'),(1881,119,0,81,'k-sach'),(1882,120,0,81,'san-pham/noi-that-do-roi/home/phong-ng/k-sach'),(1883,45,0,82,'Kệ tivi'),(1884,119,0,82,'k-tivi'),(1885,120,0,82,'san-pham/noi-that-do-roi/home/phong-khach/k-tivi'),(1886,45,0,83,'Tủ console'),(1887,119,0,83,'t-console'),(1888,120,0,83,'san-pham/noi-that-do-roi/home/phong-khach/t-console'),(1889,45,0,84,'Tủ giày'),(1890,119,0,84,'t-giay'),(1891,120,0,84,'san-pham/noi-that-do-roi/home/phong-khach/t-giay'),(1892,45,0,85,'Tủ sách'),(1893,119,0,85,'t-sach'),(1894,120,0,85,'san-pham/noi-that-do-roi/office/t/t-sach'),(1997,45,0,92,'Gương'),(1998,52,0,92,'PRODUCTS'),(1999,119,0,92,'guong'),(2000,120,0,92,'san-pham/noi-that-do-roi/home/trang-tri/guong'),(2001,147,0,92,'0'),(2002,149,0,92,'0'),(2003,165,0,92,'0'),(2004,167,0,92,'0'),(2005,45,0,93,'Thảm'),(2006,52,0,93,'PRODUCTS'),(2007,119,0,93,'th-m'),(2008,120,0,93,'san-pham/noi-that-do-roi/home/trang-tri/th-m'),(2009,147,0,93,'0'),(2010,149,0,93,'0'),(2011,165,0,93,'0'),(2012,167,0,93,'0'),(2013,45,0,94,'Đèn'),(2014,52,0,94,'PRODUCTS'),(2015,119,0,94,'den'),(2016,120,0,94,'san-pham/noi-that-do-roi/home/trang-tri/den'),(2017,147,0,94,'0'),(2018,149,0,94,'0'),(2019,165,0,94,'0'),(2020,167,0,94,'0'),(2021,45,0,95,'Cây giả'),(2022,52,0,95,'PRODUCTS'),(2023,119,0,95,'cay-gi'),(2024,120,0,95,'san-pham/noi-that-do-roi/home/trang-tri/cay-gi'),(2025,147,0,95,'0'),(2026,149,0,95,'0'),(2027,165,0,95,'0'),(2028,167,0,95,'0'),(2029,45,0,96,'Ghế làm việc'),(2030,52,0,96,'PRODUCTS'),(2031,119,0,96,'gh-van-phong'),(2032,120,0,96,'san-pham/noi-that-do-roi/office/gh-van-phong'),(2033,147,0,96,'0'),(2034,149,0,96,'0'),(2035,165,0,96,'0'),(2036,167,0,96,'0'),(2037,45,0,97,'Ghế giám đốc'),(2038,52,0,97,'PRODUCTS'),(2039,119,0,97,'gh-giam-d-c'),(2040,120,0,97,'san-pham/noi-that-do-roi/office/gh-giam-d-c'),(2041,147,0,97,'0'),(2042,149,0,97,'0'),(2043,165,0,97,'0'),(2044,167,0,97,'0'),(2046,48,0,96,NULL),(2047,49,0,96,NULL),(2048,60,0,96,NULL),(2049,63,0,96,NULL),(2050,139,0,96,NULL),(2051,140,0,96,NULL),(2052,141,0,96,NULL),(2053,142,0,96,NULL),(2054,143,0,96,NULL),(2055,145,0,96,NULL),(2056,157,0,96,NULL),(2057,158,0,96,NULL),(2058,159,0,96,NULL),(2059,160,0,96,NULL),(2060,161,0,96,NULL),(2061,163,0,96,NULL),(2062,170,0,96,NULL),(2072,45,0,101,'Quạt trần'),(2073,119,0,101,'qu-t-tr-n'),(2074,120,0,101,'san-pham/noi-that-do-roi/home/trang-tri/qu-t-tr-n'),(2075,45,0,102,'HOME'),(2076,52,0,102,'PRODUCTS'),(2077,119,0,102,'home'),(2078,120,0,102,'san-pham/noi-that-do-roi/home'),(2079,147,0,102,'0'),(2080,149,0,102,'0'),(2081,165,0,102,'0'),(2082,167,0,102,'0'),(2083,45,0,103,'OFFICE'),(2084,52,0,103,'PRODUCTS'),(2085,119,0,103,'office'),(2086,120,0,103,'san-pham/noi-that-do-roi/office'),(2087,147,0,103,'0'),(2088,149,0,103,'0'),(2089,165,0,103,'0'),(2090,167,0,103,'0'),(2111,45,0,105,'Phòng Ngủ'),(2112,52,0,105,'PRODUCTS'),(2113,119,0,105,'phong-ng'),(2114,120,0,105,'san-pham/noi-that-do-roi/home/phong-ng'),(2115,147,0,105,'0'),(2116,149,0,105,'0'),(2117,165,0,105,'0'),(2118,167,0,105,'0'),(2119,45,0,106,'Phòng Khách'),(2120,52,0,106,'PRODUCTS'),(2121,119,0,106,'phong-khach'),(2122,120,0,106,'san-pham/noi-that-do-roi/home/phong-khach'),(2123,147,0,106,'0'),(2124,149,0,106,'0'),(2125,165,0,106,'0'),(2126,167,0,106,'0'),(2135,45,0,108,'Phòng Bếp'),(2136,52,0,108,'PRODUCTS'),(2137,119,0,108,'phong-b-p'),(2138,120,0,108,'san-pham/noi-that-do-roi/home/phong-b-p'),(2139,147,0,108,'0'),(2140,149,0,108,'0'),(2141,165,0,108,'0'),(2142,167,0,108,'0'),(2184,48,0,85,NULL),(2185,49,0,85,NULL),(2186,52,0,85,'PRODUCTS'),(2187,60,0,85,NULL),(2188,63,0,85,NULL),(2189,139,0,85,NULL),(2190,140,0,85,NULL),(2191,141,0,85,NULL),(2192,142,0,85,NULL),(2193,143,0,85,NULL),(2194,145,0,85,NULL),(2195,147,0,85,'0'),(2196,149,0,85,'0'),(2197,157,0,85,NULL),(2198,158,0,85,NULL),(2199,159,0,85,NULL),(2200,160,0,85,NULL),(2201,161,0,85,NULL),(2202,163,0,85,NULL),(2203,165,0,85,'0'),(2204,167,0,85,'0'),(2205,170,0,85,NULL),(2214,45,0,110,'Sofa vải'),(2215,119,0,110,'sofa-v-i'),(2216,120,0,110,'san-pham/noi-that-do-roi/home/phong-khach/sofa/sofa-v-i'),(2217,45,0,111,'Sofa góc'),(2218,119,0,111,'sofa-goc'),(2219,120,0,111,'san-pham/noi-that-do-roi/home/phong-khach/sofa/sofa-goc'),(2220,45,0,112,'Sofa nỉ'),(2221,119,0,112,'sofa-n'),(2222,120,0,112,'san-pham/noi-that-do-roi/home/phong-khach/sofa/sofa-n'),(2223,45,0,113,'Sofa da'),(2224,119,0,113,'sofa-da'),(2225,120,0,113,'san-pham/noi-that-do-roi/home/phong-khach/sofa/sofa-da'),(2226,45,0,114,'Tab'),(2227,119,0,114,'tab'),(2228,120,0,114,'san-pham/noi-that-do-roi/home/trang-tri/tab'),(2229,45,0,115,'Đèn thả'),(2230,119,0,115,'den-th'),(2231,120,0,115,'san-pham/noi-that-do-roi/home/trang-tri/den/den-th'),(2232,45,0,116,'Đèn chùm'),(2233,119,0,116,'den-chum'),(2234,120,0,116,'san-pham/noi-that-do-roi/home/trang-tri/den/den-chum'),(2244,45,0,118,'Đồng hồ'),(2245,119,0,118,'d-ng-h'),(2246,120,0,118,'san-pham/noi-that-do-roi/home/trang-tri/d-ng-h'),(2253,45,0,121,'Đèn gắn tường'),(2254,119,0,121,'den-g-n-tu-ng'),(2255,120,0,121,'san-pham/noi-that-do-roi/home/trang-tri/den/den-g-n-tu-ng'),(2310,45,0,134,'FLEXFIT EASY'),(2311,119,0,134,'flexfit-easy'),(2312,120,0,134,'san-pham/flexfit-easy'),(2313,45,0,135,'Phòng Tắm'),(2314,119,0,135,'phong-t-m'),(2315,120,0,135,'san-pham/noi-that-do-roi/home/phong-t-m'),(2321,45,0,138,'Nệm'),(2322,119,0,138,'n-m'),(2323,120,0,138,'san-pham/noi-that-do-roi/home/phong-ng/n-m'),(2324,45,0,139,'Tủ Lavabo'),(2325,119,0,139,'t-lavabo'),(2326,120,0,139,'san-pham/noi-that-do-roi/home/phong-t-m/t-lavabo'),(2327,45,0,140,'Vòi Trộn'),(2328,119,0,140,'voi-tr-n'),(2329,120,0,140,'san-pham/noi-that-do-roi/home/phong-t-m/t-lavabo/voi-tr-n'),(2330,45,0,141,'Bộ xả'),(2331,119,0,141,'b-x'),(2332,120,0,141,'san-pham/noi-that-do-roi/home/phong-t-m/t-lavabo/b-x'),(2333,45,0,142,'Bồn Cầu'),(2334,119,0,142,'b-n-c-u'),(2335,120,0,142,'san-pham/noi-that-do-roi/home/phong-t-m/b-n-c-u'),(2336,45,0,143,'Chậu'),(2337,119,0,143,'ch-u'),(2338,120,0,143,'san-pham/noi-that-do-roi/home/phong-t-m/t-lavabo/ch-u'),(2339,45,0,144,'Bếp'),(2340,119,0,144,'b-p'),(2341,120,0,144,'san-pham/noi-that-do-roi/home/phong-b-p/b-p'),(2342,45,0,145,'Bếp Từ'),(2343,119,0,145,'b-p-t'),(2344,120,0,145,'san-pham/noi-that-do-roi/home/phong-b-p/b-p/b-p-t'),(2345,45,0,146,'Máy Hút Mùi'),(2346,119,0,146,'may-hut-mui'),(2347,120,0,146,'san-pham/noi-that-do-roi/home/phong-b-p/may-hut-mui'),(2348,45,0,147,'Lò'),(2349,119,0,147,'lo'),(2350,120,0,147,'san-pham/noi-that-do-roi/home/phong-b-p/lo'),(2351,45,0,148,'Lò Nướng'),(2352,119,0,148,'lo-nu-ng'),(2353,120,0,148,'san-pham/noi-that-do-roi/home/phong-b-p/lo/lo-nu-ng'),(2354,45,0,149,'Lò Vi Sóng'),(2355,119,0,149,'lo-vi-song'),(2356,120,0,149,'san-pham/noi-that-do-roi/home/phong-b-p/lo/lo-vi-song'),(2357,45,0,150,'Khay Giữ Ấm'),(2358,119,0,150,'khay-gi-m'),(2359,120,0,150,'san-pham/noi-that-do-roi/home/phong-b-p/lo/khay-gi-m'),(2360,45,0,151,'Tủ Rượu'),(2361,119,0,151,'t-ru-u'),(2362,120,0,151,'san-pham/noi-that-do-roi/home/phong-b-p/t-ru-u'),(2363,45,0,152,'Máy Rửa Bát'),(2364,119,0,152,'may-r-a-bat'),(2365,120,0,152,'san-pham/noi-that-do-roi/home/phong-b-p/may-r-a-bat'),(2366,45,0,153,'Chậu Vòi Rửa Bát'),(2367,119,0,153,'ch-u-voi-r-a-bat'),(2368,120,0,153,'san-pham/noi-that-do-roi/home/phong-b-p/ch-u-voi-r-a-bat'),(2369,45,0,154,'Bẫy Nước'),(2370,119,0,154,'b-y-nu-c'),(2371,120,0,154,'san-pham/noi-that-do-roi/home/phong-t-m/t-lavabo/b-y-nu-c'),(2373,48,0,134,NULL),(2374,49,0,134,'FLEXFIT EASY - NỘI THẤT TIẾT KIỆM'),(2375,52,0,134,'PRODUCTS'),(2376,60,0,134,NULL),(2377,63,0,134,NULL),(2378,139,0,134,NULL),(2379,140,0,134,NULL),(2380,141,0,134,NULL),(2381,142,0,134,NULL),(2382,143,0,134,NULL),(2383,145,0,134,NULL),(2384,147,0,134,'0'),(2385,149,0,134,'0'),(2386,157,0,134,NULL),(2387,158,0,134,NULL),(2388,159,0,134,NULL),(2389,160,0,134,NULL),(2390,161,0,134,NULL),(2391,163,0,134,NULL),(2392,165,0,134,'0'),(2393,167,0,134,'0'),(2394,170,0,134,NULL),(2395,45,0,155,'Ghế'),(2396,119,0,155,'gh'),(2397,120,0,155,'san-pham/noi-that-do-roi/home/phong-khach/gh'),(2398,45,0,156,'Tủ'),(2399,119,0,156,'t'),(2400,120,0,156,'san-pham/noi-that-do-roi/office/t'),(2401,45,0,157,'Tủ di động'),(2402,119,0,157,'t-di-d-ng'),(2403,120,0,157,'san-pham/noi-that-do-roi/office/t/t-di-d-ng'),(2406,48,0,157,NULL),(2407,49,0,157,NULL),(2408,52,0,157,'PRODUCTS'),(2409,60,0,157,NULL),(2410,63,0,157,NULL),(2411,139,0,157,NULL),(2412,140,0,157,NULL),(2413,141,0,157,NULL),(2414,142,0,157,NULL),(2415,143,0,157,NULL),(2416,145,0,157,NULL),(2417,147,0,157,'0'),(2418,149,0,157,'0'),(2419,157,0,157,NULL),(2420,158,0,157,NULL),(2421,159,0,157,NULL),(2422,160,0,157,NULL),(2423,161,0,157,NULL),(2424,163,0,157,NULL),(2425,165,0,157,'0'),(2426,167,0,157,'0'),(2427,170,0,157,NULL),(2455,45,0,164,'Tủ bếp thiết kế'),(2456,52,0,164,'PAGE'),(2457,119,0,164,'t-b-p-thi-t-k'),(2458,120,0,164,'san-pham/noi-that-thiet-ke/t-b-p-thi-t-k'),(2459,147,0,164,'0'),(2460,149,0,164,'0'),(2461,165,0,164,'0'),(2462,167,0,164,'0'),(2463,45,0,165,'FLEXFIT RENTAL'),(2464,119,0,165,'flexfit-rental'),(2465,120,0,165,'san-pham/flexfit-rental'),(2466,45,0,166,'FLASH SALE'),(2467,52,0,166,'PRODUCTS'),(2468,119,0,166,'sale'),(2469,120,0,166,'san-pham/noi-that-do-roi/sale'),(2470,147,0,166,'0'),(2471,149,0,166,'0'),(2472,165,0,166,'0'),(2473,167,0,166,'0'),(2474,45,0,167,'sale 15%'),(2475,52,0,167,'PRODUCTS'),(2476,119,0,167,'sale-15'),(2477,120,0,167,'san-pham/noi-that-do-roi/sale/sale-15'),(2478,147,0,167,'0'),(2479,149,0,167,'0'),(2480,165,0,167,'0'),(2481,167,0,167,'0'),(2482,45,0,168,'sale 20%'),(2483,52,0,168,'PRODUCTS'),(2484,119,0,168,'sale-20'),(2485,120,0,168,'san-pham/noi-that-do-roi/sale/sale-20'),(2486,147,0,168,'0'),(2487,149,0,168,'0'),(2488,165,0,168,'0'),(2489,167,0,168,'0'),(2491,45,0,169,'sale 25%'),(2492,52,0,169,'PRODUCTS'),(2493,119,0,169,'sale-25'),(2494,120,0,169,'san-pham/noi-that-do-roi/sale/sale-25'),(2495,147,0,169,'0'),(2496,149,0,169,'0'),(2497,165,0,169,'0'),(2498,167,0,169,'0'),(2499,45,0,170,'sale 30%'),(2500,52,0,170,'PRODUCTS'),(2501,119,0,170,'sale-30'),(2502,120,0,170,'san-pham/noi-that-do-roi/sale/sale-30'),(2503,147,0,170,'0'),(2504,149,0,170,'0'),(2505,165,0,170,'0'),(2506,167,0,170,'0'),(2509,45,0,171,'sale 40%'),(2510,52,0,171,'PRODUCTS'),(2511,119,0,171,'sale-40'),(2512,120,0,171,'san-pham/noi-that-do-roi/sale/sale-40'),(2513,147,0,171,'0'),(2514,149,0,171,'0'),(2515,165,0,171,'0'),(2516,167,0,171,'0'),(2518,48,0,168,NULL),(2519,49,0,168,NULL),(2520,60,0,168,NULL),(2521,63,0,168,NULL),(2522,139,0,168,NULL),(2523,140,0,168,NULL),(2524,141,0,168,NULL),(2525,142,0,168,NULL),(2526,143,0,168,NULL),(2527,145,0,168,NULL),(2528,157,0,168,NULL),(2529,158,0,168,NULL),(2530,159,0,168,NULL),(2531,160,0,168,NULL),(2532,161,0,168,NULL),(2533,163,0,168,NULL),(2534,170,0,168,NULL),(2536,48,0,170,NULL),(2537,49,0,170,NULL),(2538,60,0,170,NULL),(2539,63,0,170,NULL),(2540,139,0,170,NULL),(2541,140,0,170,NULL),(2542,141,0,170,NULL),(2543,142,0,170,NULL),(2544,143,0,170,NULL),(2545,145,0,170,NULL),(2546,157,0,170,NULL),(2547,158,0,170,NULL),(2548,159,0,170,NULL),(2549,160,0,170,NULL),(2550,161,0,170,NULL),(2551,163,0,170,NULL),(2552,170,0,170,NULL),(2554,48,0,171,NULL),(2555,49,0,171,NULL),(2556,60,0,171,NULL),(2557,63,0,171,NULL),(2558,139,0,171,NULL),(2559,140,0,171,NULL),(2560,141,0,171,NULL),(2561,142,0,171,NULL),(2562,143,0,171,NULL),(2563,145,0,171,NULL),(2564,157,0,171,NULL),(2565,158,0,171,NULL),(2566,159,0,171,NULL),(2567,160,0,171,NULL),(2568,161,0,171,NULL),(2569,163,0,171,NULL),(2570,170,0,171,NULL),(2578,48,0,166,NULL),(2579,49,0,166,NULL),(2580,60,0,166,NULL),(2581,63,0,166,NULL),(2582,139,0,166,NULL),(2583,140,0,166,NULL),(2584,141,0,166,NULL),(2585,142,0,166,NULL),(2586,143,0,166,NULL),(2587,145,0,166,NULL),(2588,157,0,166,NULL),(2589,158,0,166,NULL),(2590,159,0,166,NULL),(2591,160,0,166,NULL),(2592,161,0,166,NULL),(2593,163,0,166,NULL),(2594,170,0,166,NULL),(2598,45,0,172,'sale 10%'),(2599,52,0,172,'PRODUCTS'),(2600,119,0,172,'sale-10'),(2601,120,0,172,'san-pham/noi-that-do-roi/sale/sale-10'),(2602,147,0,172,'0'),(2603,149,0,172,'0'),(2604,165,0,172,'0'),(2605,167,0,172,'0'),(2607,48,0,167,NULL),(2608,49,0,167,NULL),(2609,60,0,167,NULL),(2610,63,0,167,NULL),(2611,139,0,167,NULL),(2612,140,0,167,NULL),(2613,141,0,167,NULL),(2614,142,0,167,NULL),(2615,143,0,167,NULL),(2616,145,0,167,NULL),(2617,157,0,167,NULL),(2618,158,0,167,NULL),(2619,159,0,167,NULL),(2620,160,0,167,NULL),(2621,161,0,167,NULL),(2622,163,0,167,NULL),(2623,170,0,167,NULL),(2626,48,0,172,NULL),(2627,49,0,172,NULL),(2628,60,0,172,NULL),(2629,63,0,172,NULL),(2630,139,0,172,NULL),(2631,140,0,172,NULL),(2632,141,0,172,NULL),(2633,142,0,172,NULL),(2634,143,0,172,NULL),(2635,145,0,172,NULL),(2636,157,0,172,NULL),(2637,158,0,172,NULL),(2638,159,0,172,NULL),(2639,160,0,172,NULL),(2640,161,0,172,NULL),(2641,163,0,172,NULL),(2642,170,0,172,NULL),(2648,48,0,165,NULL),(2649,49,0,165,'FLEXFIT RENTAL - NỘI THẤT CHO THUÊ'),(2650,52,0,165,'PRODUCTS'),(2651,60,0,165,NULL),(2652,63,0,165,NULL),(2653,139,0,165,NULL),(2654,140,0,165,NULL),(2655,141,0,165,NULL),(2656,142,0,165,NULL),(2657,143,0,165,NULL),(2658,145,0,165,NULL),(2659,147,0,165,'0'),(2660,149,0,165,'0'),(2661,157,0,165,NULL),(2662,158,0,165,NULL),(2663,159,0,165,NULL),(2664,160,0,165,NULL),(2665,161,0,165,NULL),(2666,163,0,165,NULL),(2667,165,0,165,'0'),(2668,167,0,165,'0'),(2669,170,0,165,NULL),(2679,45,0,173,'sale 35%'),(2680,52,0,173,'PRODUCTS'),(2681,119,0,173,'sale-35'),(2682,120,0,173,'san-pham/noi-that-do-roi/sale/sale-35'),(2683,147,0,173,'0'),(2684,149,0,173,'0'),(2685,165,0,173,'0'),(2686,167,0,173,'0');

--
-- Table structure for table `catalog_category_product`
--

CREATE TABLE `catalog_category_product` (
  `entity_id` int(11) NOT NULL AUTO_INCREMENT COMMENT 'Entity ID',
  `category_id` int(10) unsigned NOT NULL DEFAULT 0 COMMENT 'Category ID',
  `product_id` int(10) unsigned NOT NULL DEFAULT 0 COMMENT 'Product ID',
  `position` int(11) NOT NULL DEFAULT 0 COMMENT 'Position',
  PRIMARY KEY (`entity_id`,`category_id`,`product_id`),
  UNIQUE KEY `CATALOG_CATEGORY_PRODUCT_CATEGORY_ID_PRODUCT_ID` (`category_id`,`product_id`),
  KEY `CATALOG_CATEGORY_PRODUCT_PRODUCT_ID` (`product_id`),
  CONSTRAINT `CAT_CTGR_PRD_CTGR_ID_CAT_CTGR_ENTT_ENTT_ID` FOREIGN KEY (`category_id`) REFERENCES `catalog_category_entity` (`entity_id`) ON DELETE CASCADE,
  CONSTRAINT `CAT_CTGR_PRD_PRD_ID_CAT_PRD_ENTT_ENTT_ID` FOREIGN KEY (`product_id`) REFERENCES `catalog_product_entity` (`entity_id`) ON DELETE CASCADE
) ENGINE=InnoDB AUTO_INCREMENT=42814 DEFAULT CHARSET=utf8 COMMENT='Catalog Product To Category Linkage Table';

--
-- Dumping data for table `catalog_category_product`
--

INSERT INTO `catalog_category_product` VALUES (410,3,36,0),(411,45,36,0),(412,57,36,0),(413,60,36,0),(414,3,37,0),(415,45,37,0),(416,57,37,0),(417,60,37,1),(418,3,38,0),(419,45,38,0),(420,57,38,0),(421,60,38,2),(422,3,39,0),(423,45,39,0),(424,57,39,0),(425,60,39,3),(426,3,40,0),(427,45,40,0),(428,57,40,0),(429,60,40,4),(25628,114,4330,0),(25763,96,4465,0),(25764,96,4466,0),(25765,96,4467,0),(25766,96,4468,0),(25767,96,4469,0),(25793,96,4495,0),(25794,96,4496,0),(25795,96,4497,0),(25797,96,4499,0),(25798,96,4500,0),(25799,96,4501,0),(25800,96,4502,0),(25801,96,4503,0),(25815,96,4517,0),(25816,96,4518,0),(25819,96,4521,0),(25824,96,4526,0),(25825,96,4527,0),(25826,96,4528,0),(25827,96,4529,0),(25828,96,4530,0),(25829,96,4531,0),(25830,96,4532,0),(25831,96,4533,0),(25832,96,4534,0),(25833,96,4535,0),(25837,96,4539,0),(25838,96,4540,0),(25839,96,4541,0),(25854,96,4556,0),(25856,96,4558,0),(25857,96,4559,0),(25858,96,4560,0),(25862,96,4564,0),(25879,96,4581,0),(25881,96,4583,0),(25882,96,4584,0),(25883,96,4585,0),(25884,96,4586,0),(25885,96,4587,0),(25886,96,4588,0),(25887,96,4589,0),(25888,96,4590,0),(25889,96,4591,0),(25890,96,4592,0),(25891,96,4593,0),(25892,96,4594,0),(25893,96,4595,0),(25894,96,4596,0),(25895,96,4597,0),(25896,96,4598,0),(25897,96,4599,0),(25898,96,4600,0),(25899,96,4601,0),(25900,96,4602,0),(26512,3,5193,0),(26513,43,5193,0),(26514,45,5193,0),(26515,57,5193,0),(26516,61,5193,0),(26517,3,5194,0),(26518,43,5194,0),(26519,45,5194,0),(26520,57,5194,0),(26521,62,5194,0),(28707,134,5370,0),(28710,44,5371,0),(28711,134,5371,0),(28712,44,5372,0),(28713,134,5372,0),(28714,44,5373,0),(28715,134,5373,0),(28716,44,5374,0),(28717,134,5374,0),(28718,44,5375,0),(28719,134,5375,0),(28721,134,5376,0),(28722,43,5377,0),(28723,44,5377,0),(28724,134,5377,0),(28725,43,5378,0),(28726,44,5378,0),(28727,134,5378,0),(28728,43,5379,0),(28729,44,5379,0),(28730,134,5379,0),(28731,43,5380,0),(28732,44,5380,0),(28733,134,5380,0),(28734,43,5381,0),(28735,44,5381,0),(28736,134,5381,0),(28739,134,5382,0),(34827,76,9388,0),(34828,76,9389,0),(34829,76,9390,0),(34830,76,9391,0),(34831,76,9392,0),(34832,76,9393,0),(34833,76,9394,0),(34834,76,9395,0),(34835,76,9396,0),(34836,76,9397,0),(34837,76,9398,0),(34838,76,9399,0),(34839,76,9400,0),(34840,76,9401,0),(34841,76,9402,0),(34842,76,9403,0),(34843,76,9404,0),(34844,76,9405,0),(34845,76,9406,0),(34846,76,9407,0),(34847,76,9408,0),(34848,76,9409,0),(34849,76,9410,0),(34850,76,9411,0),(34851,76,9412,0),(34852,76,9413,0),(34853,76,9414,0),(34854,76,9415,0),(34855,76,9416,0),(34856,76,9417,0),(34857,76,9418,0),(34858,76,9419,0),(34859,76,9420,0),(34860,76,9421,0),(34861,76,9422,0),(34862,76,9423,0),(34863,76,9424,0),(34864,76,9425,0),(34865,76,9426,0),(34866,76,9427,0),(34867,76,9428,0),(34868,76,9429,0),(34869,76,9430,0),(34870,76,9431,0),(34871,76,9432,0),(34872,76,9433,0),(34873,76,9434,0),(34874,76,9435,0),(34875,76,9436,0),(34876,76,9437,0),(34877,76,9438,0),(34878,76,9439,0),(34879,76,9440,0),(34880,76,9441,0),(34881,76,9442,0),(34882,76,9443,0),(34883,76,9444,0),(34884,76,9445,0),(34885,76,9446,0),(34886,76,9447,0),(34887,76,9448,0),(34888,76,9449,0),(34889,76,9450,0),(34890,76,9451,0),(34891,76,9452,0),(34892,76,9453,0),(34893,76,9454,0),(34894,76,9455,0),(34895,76,9456,0),(34896,76,9457,0),(34897,76,9458,0),(34898,76,9459,0),(34899,76,9460,0),(34900,76,9461,0),(34901,76,9462,0),(34902,76,9463,0),(34903,76,9464,0),(34904,76,9465,0),(34905,76,9466,0),(34906,76,9467,0),(34907,76,9468,0),(34908,76,9469,0),(34909,76,9470,0),(34910,76,9471,0),(34911,76,9472,0),(34912,76,9473,0),(34913,76,9474,0),(34914,76,9475,0),(34915,76,9476,0),(34916,76,9477,0),(34917,76,9478,0),(34918,76,9479,0),(34919,76,9480,0),(34920,76,9481,0),(34921,110,9482,0),(34922,110,9483,0),(34923,110,9484,0),(34924,110,9485,0),(34925,111,9486,0),(34926,111,9487,0),(34927,112,9488,0),(34928,110,9489,0),(34929,113,9490,0),(34930,113,9491,0),(34931,110,9492,0),(34932,113,9493,0),(34933,114,9494,0),(34934,76,9495,0),(34935,76,9496,0),(34936,76,9497,0),(34937,76,9498,0),(34938,76,9499,0),(34939,113,9500,0),(34940,113,9501,0),(34941,112,9502,0),(34942,113,9503,0),(34943,113,9504,0),(34944,155,9505,0),(34945,111,9506,0),(34946,113,9507,0),(34947,113,9508,0),(34948,76,9509,0),(34949,76,9510,0),(34950,76,9511,0),(34951,76,9512,0),(34952,76,9513,0),(34953,76,9514,0),(34954,76,9515,0),(34955,76,9516,0),(34956,76,9517,0),(34957,76,9518,0),(34958,155,9519,0),(34959,155,9520,0),(34960,155,9521,0),(34961,155,9522,0),(34962,155,9523,0),(34963,155,9524,0),(34964,155,9525,0),(34965,155,9526,0),(34966,155,9527,0),(34967,75,9528,0),(34968,75,9529,0),(34969,75,9530,0),(34970,75,9531,0),(34971,75,9532,0),(34972,75,9533,0),(34973,75,9534,0),(34974,75,9535,0),(34975,75,9536,0),(34976,75,9537,0),(34977,75,9538,0),(34978,75,9539,0),(34979,75,9540,0),(34980,96,9541,0),(34981,96,9542,0),(34982,96,9543,0),(34983,97,9544,0),(34984,97,9545,0),(34985,97,9546,0),(34986,96,9547,0),(34987,97,9548,0),(34988,96,9549,0),(34989,96,9550,0),(34990,96,9551,0),(34991,96,9552,0),(34992,96,9553,0),(34993,96,9554,0),(34994,96,9555,0),(34995,96,9556,0),(34996,96,9557,0),(34997,96,9558,0),(34998,96,9559,0),(34999,96,9560,0),(35000,96,9561,0),(35001,96,9562,0),(35002,96,9563,0),(35003,96,9564,0),(35004,96,9565,0),(35005,96,9566,0),(35006,96,9567,0),(35007,96,9568,0),(35008,96,9569,0),(35009,96,9570,0),(35010,96,9571,0),(35011,96,9572,0),(35012,96,9573,0),(35013,96,9574,0),(35014,96,9575,0),(35015,96,9576,0),(35016,96,9577,0),(35017,97,9578,0),(35018,96,9579,0),(35019,96,9580,0),(35020,96,9581,0),(35021,96,9582,0),(35022,96,9583,0),(35023,96,9584,0),(35024,96,9585,0),(35025,96,9586,0),(35026,96,9587,0),(35027,96,9588,0),(35028,96,9589,0),(35029,96,9590,0),(35030,96,9591,0),(35031,96,9592,0),(35032,96,9593,0),(35033,96,9594,0),(35034,96,9595,0),(35035,96,9596,0),(35036,96,9597,0),(35037,96,9598,0),(35038,96,9599,0),(35039,96,9600,0),(35040,96,9601,0),(35041,96,9602,0),(35042,96,9603,0),(35043,96,9604,0),(35044,96,9605,0),(35045,96,9606,0),(35046,96,9607,0),(35047,96,9608,0),(35048,96,9609,0),(35049,96,9610,0),(35050,96,9611,0),(35051,96,9612,0),(35052,96,9613,0),(35053,96,9614,0),(35054,96,9615,0),(35055,96,9616,0),(35056,96,9617,0),(35057,96,9618,0),(35058,96,9619,0),(35059,96,9620,0),(35060,96,9621,0),(35061,96,9622,0),(35062,96,9623,0),(35063,96,9624,0),(35064,96,9625,0),(35065,96,9626,0),(35066,96,9627,0),(35067,96,9628,0),(35068,96,9629,0),(35069,96,9630,0),(35070,96,9631,0),(35071,96,9632,0),(35072,96,9633,0),(35073,96,9634,0),(35074,96,9635,0),(35075,96,9636,0),(35076,96,9637,0),(35077,96,9638,0),(35078,96,9639,0),(35079,96,9640,0),(35080,96,9641,0),(35081,96,9642,0),(35082,96,9643,0),(35083,96,9644,0),(35084,96,9645,0),(35085,96,9646,0),(35086,96,9647,0),(35087,96,9648,0),(35088,96,9649,0),(35089,96,9650,0),(35090,96,9651,0),(35091,96,9652,0),(35092,96,9653,0),(35093,96,9654,0),(35094,96,9655,0),(35095,96,9656,0),(35096,96,9657,0),(35097,96,9658,0),(35098,96,9659,0),(35099,96,9660,0),(35100,96,9661,0),(35101,96,9662,0),(35102,96,9663,0),(35103,96,9664,0),(35104,96,9665,0),(35105,97,9666,0),(35106,97,9667,0),(35107,97,9668,0),(35108,97,9669,0),(35109,97,9670,0),(35110,97,9671,0),(35111,97,9672,0),(35112,97,9673,0),(35113,97,9674,0),(35114,97,9675,0),(35115,97,9676,0),(35116,97,9677,0),(35117,97,9678,0),(35118,73,9679,0),(35119,73,9680,0),(35120,73,9681,0),(35121,73,9682,0),(35122,73,9683,0),(35123,73,9684,0),(35124,73,9685,0),(35125,73,9686,0),(35126,73,9687,0),(35127,97,9688,0),(35128,97,9689,0),(35129,97,9690,0),(35130,97,9691,0),(35131,97,9692,0),(35132,97,9693,0),(35133,97,9694,0),(35134,97,9695,0),(35135,97,9696,0),(35136,97,9697,0),(35137,97,9698,0),(35138,97,9699,0),(35139,97,9700,0),(35140,97,9701,0),(35141,97,9702,0),(35142,97,9703,0),(35143,97,9704,0),(35144,97,9705,0),(35145,97,9706,0),(35146,97,9707,0),(35147,97,9708,0),(35148,97,9709,0),(35149,97,9710,0),(35150,97,9711,0),(35151,97,9712,0),(35152,97,9713,0),(35153,97,9714,0),(35154,97,9715,0),(35155,97,9716,0),(35156,97,9717,0),(35157,97,9718,0),(35158,97,9719,0),(35159,97,9720,0),(35160,97,9721,0),(35161,97,9722,0),(35162,97,9723,0),(35163,97,9724,0),(35164,97,9725,0),(35165,97,9726,0),(35166,97,9727,0),(35167,97,9728,0),(35168,97,9729,0),(35169,97,9730,0),(35170,97,9731,0),(35171,97,9732,0),(35172,97,9733,0),(35173,97,9734,0),(35174,97,9735,0),(35175,97,9736,0),(35176,97,9737,0),(35177,97,9738,0),(35178,97,9739,0),(35179,97,9740,0),(35180,97,9741,0),(35181,97,9742,0),(35182,97,9743,0),(35183,97,9744,0),(35184,97,9745,0),(35185,97,9746,0),(35186,97,9747,0),(35187,97,9748,0),(35188,97,9749,0),(35189,97,9750,0),(35190,97,9751,0),(35191,97,9752,0),(35192,97,9753,0),(35193,97,9754,0),(35194,97,9755,0),(35195,97,9756,0),(35196,97,9757,0),(35197,97,9758,0),(35198,97,9759,0),(35199,97,9760,0),(35200,97,9761,0),(35201,97,9762,0),(35202,97,9763,0),(35203,97,9764,0),(35204,95,9765,0),(35205,95,9766,0),(35206,95,9767,0),(35207,95,9768,0),(35208,95,9769,0),(35209,95,9770,0),(35210,95,9771,0),(35211,95,9772,0),(35212,115,9773,0),(35213,115,9774,0),(35214,115,9775,0),(35215,115,9776,0),(35216,115,9777,0),(35217,115,9778,0),(35218,115,9779,0),(35219,115,9780,0),(35220,115,9781,0),(35221,115,9782,0),(35222,115,9783,0),(35223,115,9784,0),(35224,115,9785,0),(35225,115,9786,0),(35226,115,9787,0),(35227,115,9788,0),(35228,115,9789,0),(35229,115,9790,0),(35230,115,9791,0),(35231,115,9792,0),(35232,115,9793,0),(35233,115,9794,0),(35234,115,9795,0),(35235,115,9796,0),(35236,115,9797,0),(35237,115,9798,0),(35238,115,9799,0),(35239,115,9800,0),(35240,115,9801,0),(35241,115,9802,0),(35242,115,9803,0),(35243,115,9804,0),(35244,115,9805,0),(35245,115,9806,0),(35246,115,9807,0),(35247,115,9808,0),(35248,115,9809,0),(35249,115,9810,0),(35250,115,9811,0),(35251,115,9812,0),(35252,115,9813,0),(35253,115,9814,0),(35254,115,9815,0),(35255,115,9816,0),(35256,115,9817,0),(35257,115,9818,0),(35258,115,9819,0),(35259,115,9820,0),(35260,115,9821,0),(35261,115,9822,0),(35262,115,9823,0),(35263,115,9824,0),(35264,115,9825,0),(35265,115,9826,0),(35266,115,9827,0),(35267,115,9828,0),(35268,115,9829,0),(35269,115,9830,0),(35270,115,9831,0),(35271,115,9832,0),(35272,93,9833,0),(35273,93,9834,0),(35274,93,9835,0),(35275,93,9836,0),(35276,115,9837,0),(35277,115,9838,0),(35278,115,9839,0),(35279,115,9840,0),(35280,116,9841,0),(35281,116,9842,0),(35282,116,9843,0),(35283,116,9844,0),(35284,116,9845,0),(35285,116,9846,0),(35286,116,9847,0),(35287,116,9848,0),(35288,115,9849,0),(35289,101,9850,0),(35290,101,9851,0),(35291,101,9852,0),(35292,101,9853,0),(35293,101,9854,0),(35294,101,9855,0),(35295,101,9856,0),(35296,101,9857,0),(35297,101,9858,0),(35298,101,9859,0),(35299,101,9860,0),(35300,101,9861,0),(35301,101,9862,0),(35302,101,9863,0),(35303,101,9864,0),(35304,92,9865,0),(35305,92,9866,0),(35306,92,9867,0),(35307,92,9868,0),(35308,74,9869,0),(35309,74,9870,0),(35310,74,9871,0),(35311,74,9872,0),(35312,75,9873,0),(35313,75,9874,0),(35314,75,9875,0),(35315,75,9876,0),(35316,75,9877,0),(35317,76,9878,0),(35318,76,9879,0),(35319,76,9880,0),(35320,77,9881,0),(35321,77,9882,0),(35323,79,9884,0),(35324,112,9885,0),(35325,110,9886,0),(35326,110,9887,0),(35327,114,9888,0),(35328,83,9889,0),(35329,83,9890,0),(35330,83,9891,0),(35331,77,9892,0),(35332,51,9893,0),(35333,51,9894,0),(35334,51,9895,0),(35335,51,9896,0),(35336,51,9897,0),(35337,51,9898,0),(35338,81,9899,0),(35339,82,9900,0),(35340,82,9901,0),(35341,82,9902,0),(35342,82,9903,0),(35343,82,9904,0),(35344,83,9905,0),(35345,83,9906,0),(35346,83,9907,0),(35347,84,9908,0),(35348,79,9909,0),(35349,79,9910,0),(35350,85,9911,0),(35351,85,9912,0),(35352,76,9913,0),(35353,74,9914,0),(35354,74,9915,0),(35355,74,9916,0),(35356,74,9917,0),(35357,74,9918,0),(35358,74,9919,0),(35359,74,9920,0),(35360,74,9921,0),(35361,74,9922,0),(35362,74,9923,0),(35363,74,9924,0),(35364,74,9925,0),(35365,74,9926,0),(35366,74,9927,0),(35367,74,9928,0),(35368,74,9929,0),(35369,74,9930,0),(35370,74,9931,0),(35371,74,9932,0),(35372,74,9933,0),(35373,74,9934,0),(35374,74,9935,0),(35375,74,9936,0),(35376,74,9937,0),(35377,74,9938,0),(35378,74,9939,0),(35379,74,9940,0),(35380,74,9941,0),(35381,74,9942,0),(35382,74,9943,0),(35383,74,9944,0),(35384,74,9945,0),(35385,74,9946,0),(35386,74,9947,0),(35387,74,9948,0),(35388,74,9949,0),(35389,74,9950,0),(35390,74,9951,0),(35391,74,9952,0),(35392,74,9953,0),(35393,74,9954,0),(35394,74,9955,0),(35395,74,9956,0),(35396,74,9957,0),(35397,74,9958,0),(35398,74,9959,0),(35399,74,9960,0),(35400,74,9961,0),(35401,74,9962,0),(35402,74,9963,0),(35403,74,9964,0),(35404,74,9965,0),(35405,74,9966,0),(35406,74,9967,0),(35407,74,9968,0),(35408,74,9969,0),(35409,74,9970,0),(35410,74,9971,0),(35411,74,9972,0),(35412,74,9973,0),(35413,74,9974,0),(35414,74,9975,0),(35415,74,9976,0),(35416,74,9977,0),(35417,74,9978,0),(35418,74,9979,0),(35419,74,9980,0),(35420,74,9981,0),(35421,74,9982,0),(35422,74,9983,0),(35423,74,9984,0),(35424,74,9985,0),(35425,74,9986,0),(35426,74,9987,0),(35427,74,9988,0),(35428,74,9989,0),(35429,74,9990,0),(35430,74,9991,0),(35431,74,9992,0),(35432,74,9993,0),(35433,74,9994,0),(35434,74,9995,0),(35435,74,9996,0),(35436,74,9997,0),(35437,74,9998,0),(35438,74,9999,0),(35439,74,10000,0),(35440,74,10001,0),(35441,74,10002,0),(35442,74,10003,0),(35443,74,10004,0),(35444,74,10005,0),(35445,74,10006,0),(35446,74,10007,0),(35447,74,10008,0),(35448,74,10009,0),(35449,74,10010,0),(35450,74,10011,0),(35451,74,10012,0),(35452,74,10013,0),(35453,74,10014,0),(35454,74,10015,0),(35455,74,10016,0),(35456,74,10017,0),(35457,74,10018,0),(35458,74,10019,0),(35459,74,10020,0),(35460,74,10021,0),(35461,74,10022,0),(35462,74,10023,0),(35463,74,10024,0),(35464,74,10025,0),(35465,74,10026,0),(35466,74,10027,0),(35467,74,10028,0),(35468,74,10029,0),(35469,74,10030,0),(35470,74,10031,0),(35471,74,10032,0),(35472,74,10033,0),(35473,74,10034,0),(35474,74,10035,0),(35475,74,10036,0),(35476,74,10037,0),(35477,74,10038,0),(35478,74,10039,0),(35479,74,10040,0),(35480,74,10041,0),(35481,74,10042,0),(35482,74,10043,0),(35483,74,10044,0),(35484,74,10045,0),(35485,74,10046,0),(35486,74,10047,0),(35487,74,10048,0),(35488,74,10049,0),(35489,74,10050,0),(35490,74,10051,0),(35491,74,10052,0),(35492,74,10053,0),(35493,74,10054,0),(35494,74,10055,0),(35495,74,10056,0),(35496,74,10057,0),(35497,74,10058,0),(35498,74,10059,0),(35499,74,10060,0),(35500,74,10061,0),(35501,74,10062,0),(35502,74,10063,0),(35503,74,10064,0),(35504,74,10065,0),(35505,74,10066,0),(35506,74,10067,0),(35507,77,10068,0),(35508,77,10069,0),(35509,77,10070,0),(35510,77,10071,0),(35511,77,10072,0),(35512,77,10073,0),(35513,77,10074,0),(35514,77,10075,0),(35515,77,10076,0),(35516,77,10077,0),(35517,77,10078,0),(35518,77,10079,0),(35519,77,10080,0),(35520,77,10081,0),(35521,77,10082,0),(35522,77,10083,0),(35523,77,10084,0),(35524,77,10085,0),(35525,77,10086,0),(35526,77,10087,0),(35527,77,10088,0),(35528,77,10089,0),(35529,77,10090,0),(35530,77,10091,0),(35531,77,10092,0),(35532,77,10093,0),(35533,77,10094,0),(35534,77,10095,0),(35535,77,10096,0),(35536,77,10097,0),(35537,77,10098,0),(35538,77,10099,0),(35539,77,10100,0),(35540,77,10101,0),(35541,77,10102,0),(35542,77,10103,0),(35543,77,10104,0),(35544,77,10105,0),(35545,77,10106,0),(35546,77,10107,0),(35547,77,10108,0),(35548,77,10109,0),(35549,77,10110,0),(35550,77,10111,0),(35551,77,10112,0),(35552,77,10113,0),(35553,77,10114,0),(35554,77,10115,0),(35555,77,10116,0),(35556,77,10117,0),(35557,77,10118,0),(35558,77,10119,0),(35559,77,10120,0),(35560,77,10121,0),(35561,77,10122,0),(35562,77,10123,0),(35563,77,10124,0),(35564,77,10125,0),(35565,77,10126,0),(35566,77,10127,0),(35567,77,10128,0),(35568,77,10129,0),(35569,77,10130,0),(35570,77,10131,0),(35571,77,10132,0),(35572,77,10133,0),(35573,77,10134,0),(35574,77,10135,0),(35575,77,10136,0),(35576,77,10137,0),(35577,77,10138,0),(35578,77,10139,0),(35579,77,10140,0),(35580,77,10141,0),(35581,77,10142,0),(35582,77,10143,0),(35583,77,10144,0),(35584,77,10145,0),(35585,77,10146,0),(35586,77,10147,0),(35587,77,10148,0),(35588,77,10149,0),(35589,77,10150,0),(35590,77,10151,0),(35591,77,10152,0),(35592,77,10153,0),(35593,77,10154,0),(35594,77,10155,0),(35595,77,10156,0),(35596,77,10157,0),(35597,77,10158,0),(35598,77,10159,0),(35599,77,10160,0),(35600,77,10161,0),(35601,77,10162,0),(35602,77,10163,0),(35603,77,10164,0),(35604,77,10165,0),(35605,77,10166,0),(35606,77,10167,0),(35607,77,10168,0),(35608,77,10169,0),(35609,77,10170,0),(35610,77,10171,0),(35611,77,10172,0),(35612,77,10173,0),(35613,77,10174,0),(35614,77,10175,0),(35615,77,10176,0),(35616,77,10177,0),(35617,77,10178,0),(35618,77,10179,0),(35619,77,10180,0),(35620,77,10181,0),(35621,77,10182,0),(35622,77,10183,0),(35623,77,10184,0),(35624,77,10185,0),(35625,77,10186,0),(35626,77,10187,0),(35627,77,10188,0),(35628,77,10189,0),(35629,77,10190,0),(35630,77,10191,0),(35631,77,10192,0),(35632,77,10193,0),(35633,77,10194,0),(35634,77,10195,0),(35635,77,10196,0),(35636,77,10197,0),(35637,74,10198,0),(35638,74,10199,0),(35639,74,10200,0),(35640,74,10201,0),(35641,77,10202,0),(35642,77,10203,0),(35643,77,10204,0),(35644,77,10205,0),(35645,77,10206,0),(35646,51,10207,0),(35647,51,10208,0),(35648,74,10209,0),(35649,74,10210,0),(35650,74,10211,0),(35651,74,10212,0),(35652,74,10213,0),(35653,74,10214,0),(35654,74,10215,0),(35655,74,10216,0),(35656,74,10217,0),(35657,74,10218,0),(35658,74,10219,0),(35659,74,10220,0),(35660,74,10221,0),(35661,74,10222,0),(35662,74,10223,0),(35663,74,10224,0),(35664,74,10225,0),(35665,74,10226,0),(35666,74,10227,0),(35667,74,10228,0),(35668,74,10229,0),(35669,74,10230,0),(35670,74,10231,0),(35671,74,10232,0),(35672,74,10233,0),(35673,74,10234,0),(35674,74,10235,0),(35675,74,10236,0),(35676,95,10237,0),(35677,118,10238,0),(35678,77,10239,0),(35679,77,10240,0),(35680,77,10241,0),(35681,121,10242,0),(35682,121,10243,0),(35683,121,10244,0),(35684,121,10245,0),(35685,121,10246,0),(35686,121,10247,0),(35687,121,10248,0),(35688,121,10249,0),(35689,74,10250,0),(35690,77,10251,0),(35691,77,10252,0),(35692,77,10253,0),(35693,121,10254,0),(35694,121,10255,0),(35695,138,10256,0),(35697,138,10258,0),(35698,138,10259,0),(35699,138,10260,0),(35700,138,10261,0),(35701,138,10262,0),(35702,138,10263,0),(35703,138,10264,0),(35705,138,10266,0),(35706,138,10267,0),(35707,138,10268,0),(35708,138,10269,0),(35709,138,10270,0),(35710,138,10271,0),(35711,140,10272,0),(35712,140,10273,0),(35713,140,10274,0),(35714,140,10275,0),(35715,140,10276,0),(35716,140,10277,0),(35717,140,10278,0),(35718,140,10279,0),(35719,140,10280,0),(35720,140,10281,0),(35721,140,10282,0),(35722,140,10283,0),(35723,140,10284,0),(35724,140,10285,0),(35725,141,10286,0),(35726,141,10287,0),(35727,141,10288,0),(35728,141,10289,0),(35729,142,10290,0),(35730,142,10291,0),(35731,142,10292,0),(35732,142,10293,0),(35733,142,10294,0),(35734,143,10295,0),(35735,143,10296,0),(35736,143,10297,0),(35737,143,10298,0),(35738,143,10299,0),(35739,143,10300,0),(35740,143,10301,0),(35741,143,10302,0),(35742,145,10303,0),(35743,145,10304,0),(35744,145,10305,0),(35745,145,10306,0),(35746,146,10307,0),(35747,146,10308,0),(35748,146,10309,0),(35749,146,10310,0),(35750,146,10311,0),(35751,146,10312,0),(35752,146,10313,0),(35753,146,10314,0),(35754,146,10315,0),(35755,146,10316,0),(35756,146,10317,0),(35757,146,10318,0),(35758,146,10319,0),(35759,148,10320,0),(35760,148,10321,0),(35761,149,10322,0),(35762,148,10323,0),(35763,148,10324,0),(35764,150,10325,0),(35765,149,10326,0),(35766,148,10327,0),(35767,148,10328,0),(35768,149,10329,0),(35769,148,10330,0),(35770,151,10331,0),(35771,148,10332,0),(35772,149,10333,0),(35773,152,10334,0),(35774,152,10335,0),(35775,152,10336,0),(35776,152,10337,0),(35777,152,10338,0),(35778,152,10339,0),(35779,152,10340,0),(35780,153,10341,0),(35781,153,10342,0),(35782,153,10343,0),(35783,153,10344,0),(35784,153,10345,0),(35785,153,10346,0),(35786,153,10347,0),(35787,153,10348,0),(35788,153,10349,0),(35789,153,10350,0),(35790,153,10351,0),(35791,153,10352,0),(35792,153,10353,0),(35793,153,10354,0),(35794,153,10355,0),(35795,153,10356,0),(35796,153,10357,0),(35797,153,10358,0),(35798,153,10359,0),(35799,153,10360,0),(35800,153,10361,0),(35801,153,10362,0),(35802,153,10363,0),(35803,153,10364,0),(35804,153,10365,0),(35805,153,10366,0),(35806,153,10367,0),(35807,153,10368,0),(35808,153,10369,0),(35809,153,10370,0),(35810,153,10371,0),(35811,153,10372,0),(35812,153,10373,0),(35813,153,10374,0),(35814,153,10375,0),(35815,153,10376,0),(35816,153,10377,0),(35817,153,10378,0),(35818,143,10379,0),(35819,154,10380,0),(35820,154,10381,0),(35821,143,10382,0),(35822,140,10383,0),(35823,140,10384,0),(35824,140,10385,0),(35825,140,10386,0),(35826,140,10387,0),(35827,140,10388,0),(35828,148,10389,0),(35829,140,10390,0),(35830,157,9889,0),(35831,157,9890,0),(35832,157,9891,0),(37837,3,10391,0),(37838,43,10391,0),(37839,45,10391,0),(37840,57,10391,0),(37841,61,10391,0),(37870,92,10392,0),(37871,92,10393,0),(37872,92,10394,0),(37873,92,10395,0),(37874,92,10396,0),(37875,92,10397,0),(37876,92,10398,0),(37877,92,10399,0),(37878,92,10400,0),(37879,92,10401,0),(37880,92,10402,0),(37881,92,10403,0),(37882,92,10404,0),(37883,92,10405,0),(37884,92,10406,0),(37885,92,10407,0),(37886,92,10408,0),(37887,92,10409,0),(37888,92,10410,0),(37889,92,10411,0),(37890,92,10412,0),(37891,92,10413,0),(37892,92,10414,0),(37893,92,10415,0),(37894,92,10416,0),(37895,92,10417,0),(37896,92,10418,0),(37897,92,10419,0),(37898,134,5365,0),(37899,43,5365,0),(37900,44,5365,0),(37901,134,5366,0),(37902,43,5366,0),(37903,44,5366,0),(37904,134,5367,0),(37905,43,5367,0),(37906,44,5367,0),(37907,134,5368,0),(37908,43,5368,0),(37909,44,5368,0),(37910,134,5369,0),(37911,43,5369,0),(37912,44,5369,0),(37914,164,10420,0),(37915,164,10421,0),(37916,164,10422,0),(37922,3,10424,0),(37923,43,10424,0),(37924,45,10424,0),(37925,57,10424,0),(37926,62,10424,0),(37927,3,10425,0),(37928,43,10425,0),(37929,45,10425,0),(37930,57,10425,0),(37931,62,10425,0),(37935,165,10433,0),(37936,3,10426,0),(37937,43,10426,0),(37938,44,10426,0),(37939,165,10426,0),(37940,3,10427,0),(37941,43,10427,0),(37942,44,10427,0),(37943,165,10427,0),(37944,3,10428,0),(37945,43,10428,0),(37946,44,10428,0),(37947,165,10428,0),(37951,165,10434,0),(37955,165,10435,0),(37956,3,10436,0),(37957,43,10436,0),(37958,45,10436,0),(37959,57,10436,0),(37960,62,10436,0),(37961,3,10437,0),(37962,43,10437,0),(37963,45,10437,0),(37964,57,10437,0),(37965,62,10437,0),(37966,3,10438,0),(37967,43,10438,0),(37968,44,10438,0),(37969,165,10438,0),(37970,3,10439,0),(37971,43,10439,0),(37972,44,10439,0),(37973,165,10439,0),(37974,3,10440,0),(37975,43,10440,0),(37976,44,10440,0),(37977,165,10440,0),(37978,3,10441,0),(37979,43,10441,0),(37980,44,10441,0),(37981,165,10441,0),(37982,3,10442,0),(37983,43,10442,0),(37984,44,10442,0),(37985,165,10442,0),(37986,3,10443,0),(37987,43,10443,0),(37988,44,10443,0),(37989,165,10443,0),(37990,3,10444,0),(37991,43,10444,0),(37992,44,10444,0),(37993,165,10444,0),(37994,3,10445,0),(37995,43,10445,0),(37996,44,10445,0),(37997,165,10445,0),(37998,3,10446,0),(37999,43,10446,0),(38000,44,10446,0),(38001,165,10446,0),(38002,3,10447,0),(38003,43,10447,0),(38004,44,10447,0),(38005,165,10447,0),(38006,3,10448,0),(38007,43,10448,0),(38008,44,10448,0),(38009,165,10448,0),(38010,3,10449,0),(38011,43,10449,0),(38012,44,10449,0),(38013,165,10449,0),(38014,3,10450,0),(38015,43,10450,0),(38016,44,10450,0),(38017,165,10450,0),(38018,3,10451,0),(38019,43,10451,0),(38020,44,10451,0),(38021,165,10451,0),(38022,3,10452,0),(38023,43,10452,0),(38024,45,10452,0),(38025,57,10452,0),(38026,61,10452,0),(38027,3,10453,0),(38028,43,10453,0),(38029,45,10453,0),(38030,57,10453,0),(38031,61,10453,0),(38032,3,10454,0),(38033,43,10454,0),(38034,45,10454,0),(38035,57,10454,0),(38036,61,10454,0),(38039,170,9881,0),(38040,170,9878,0),(38041,169,9882,0),(38042,167,9880,0),(38043,167,9872,0),(38044,167,9879,0),(38045,168,9888,0),(38046,168,9886,0),(38048,168,9885,0),(38049,171,9871,0),(38050,171,9870,0),(38051,166,9887,0),(38052,167,9887,0),(38053,171,9869,0),(38054,75,10455,0),(38055,75,10456,0),(38056,170,9873,0),(38057,170,10455,0),(38058,170,10456,0),(38059,75,10457,0),(38060,75,10458,0),(38061,75,10459,0),(38062,170,10459,0),(38063,75,10460,0),(38064,170,10460,0),(38065,170,9877,0),(38066,170,9874,0),(38067,75,10461,0),(38068,170,10461,0),(38069,75,10462,0),(38070,170,10462,0),(38071,170,9875,0),(38072,170,9891,0),(38073,170,9890,0),(38074,167,9894,0),(38075,167,9897,0),(38076,167,9898,0),(38077,167,9910,0),(38078,167,9909,0),(38201,170,9876,0),(38202,167,9912,0),(38431,3,10429,0),(38432,43,10429,0),(38433,44,10429,0),(38434,165,10429,0),(38435,3,10430,0),(38436,43,10430,0),(38437,44,10430,0),(38438,165,10430,0),(38439,3,10431,0),(38440,43,10431,0),(38441,44,10431,0),(38442,165,10431,0),(38443,3,10432,0),(38444,43,10432,0),(38445,44,10432,0),(38446,165,10432,0),(38447,170,10457,0),(38448,170,10458,0),(38585,167,9896,0),(38586,168,9900,0),(38587,167,9901,0),(38588,167,9902,0),(38589,167,9903,0),(38590,167,9904,0),(38591,168,9905,0),(38592,168,9906,0),(38593,167,9907,0),(38594,168,9908,0),(38595,168,9911,0),(38596,168,9913,0),(38862,172,10256,0),(38863,172,10258,0),(38864,172,10259,0),(38865,172,10260,0),(38866,172,10261,0),(38867,172,10262,0),(38868,172,10263,0),(38869,172,10264,0),(38870,172,10266,0),(38871,172,10267,0),(38872,172,10268,0),(38873,172,10269,0),(38874,172,10270,0),(38875,172,10271,0),(38918,170,9892,0),(39006,113,10463,0),(39007,113,10464,0),(39008,113,10465,0),(39009,113,10466,0),(39010,173,10463,0),(39011,173,10464,0),(39012,173,10466,0),(39013,173,10465,0),(39014,77,10467,0),(39015,77,10468,0),(39016,77,10469,0),(39017,77,10470,0),(39018,77,10471,0),(39019,77,10472,0),(39020,77,10473,0),(39021,77,10474,0),(39022,77,10475,0),(39023,77,10476,0),(39024,77,10477,0),(39025,77,10478,0),(39026,77,10479,0),(41966,81,10498,0),(41967,81,10499,0),(41968,173,9388,0),(41969,173,9389,0),(41970,173,9390,0),(41971,173,9391,0),(41972,173,9392,0),(41973,173,9393,0),(41974,173,9394,0),(41975,173,9395,0),(41976,173,9396,0),(41977,173,9412,0),(41978,173,9413,0),(41979,173,9414,0),(41980,173,9415,0),(41981,173,9416,0),(41982,173,9417,0),(41983,173,9418,0),(41984,173,9419,0),(41985,173,9420,0),(41986,173,9421,0),(41987,173,9422,0),(41988,173,9423,0),(41989,173,9424,0),(41990,173,9428,0),(41991,173,9429,0),(41992,173,9430,0),(41993,173,9431,0),(41994,173,9432,0),(41995,173,9433,0),(41996,173,9434,0),(41997,173,9435,0),(41998,173,9436,0),(41999,173,9437,0),(42000,173,9438,0),(42001,173,9439,0),(42002,173,9440,0),(42003,173,9441,0),(42004,173,9451,0),(42005,173,9452,0),(42006,173,9453,0),(42007,173,9454,0),(42008,173,9455,0),(42009,173,9456,0),(42010,173,9457,0),(42011,173,9458,0),(42012,173,9460,0),(42013,173,9461,0),(42014,173,9462,0),(42015,173,9463,0),(42016,173,9465,0),(42017,173,9466,0),(42018,173,9468,0),(42019,173,9469,0),(42020,173,9470,0),(42021,173,9471,0),(42022,173,9473,0),(42023,173,9476,0),(42024,173,9477,0),(42025,173,9478,0),(42026,173,9479,0),(42027,173,9480,0),(42028,173,9481,0),(42029,172,9482,0),(42030,172,9483,0),(42031,172,9484,0),(42032,172,9485,0),(42033,110,9486,0),(42034,172,9486,0),(42035,110,9487,0),(42036,172,9487,0),(42037,110,9488,0),(42038,172,9488,0),(42039,172,9489,0),(42040,110,9490,0),(42041,172,9490,0),(42042,110,9491,0),(42043,172,9491,0),(42044,172,9492,0),(42045,110,9493,0),(42046,172,9493,0),(42047,173,9765,0),(42048,173,9766,0),(42049,173,9767,0),(42050,173,9768,0),(42051,173,9769,0),(42052,173,9770,0),(42053,173,9771,0),(42054,173,9772,0),(42055,171,9773,0),(42056,171,9774,0),(42057,171,9775,0),(42058,171,9776,0),(42059,171,9777,0),(42060,171,9778,0),(42061,171,9779,0),(42062,171,9780,0),(42063,171,9781,0),(42064,171,9782,0),(42065,171,9783,0),(42066,171,9784,0),(42067,171,9785,0),(42068,171,9786,0),(42069,171,9787,0),(42070,171,9788,0),(42071,171,9789,0),(42072,171,9790,0),(42073,171,9791,0),(42168,171,9792,0),(42169,171,9793,0),(42170,171,9794,0),(42171,173,9795,0),(42172,173,9796,0),(42173,173,9797,0),(42174,173,9798,0),(42175,173,9799,0),(42176,173,9800,0),(42177,173,9801,0),(42178,173,9802,0),(42179,173,9803,0),(42180,173,9804,0),(42181,173,9805,0),(42182,173,9806,0),(42183,173,9807,0),(42184,173,9816,0),(42185,173,9817,0),(42186,173,9818,0),(42187,173,9819,0),(42188,173,9825,0),(42189,173,9826,0),(42190,173,9827,0),(42191,173,9828,0),(42192,173,9829,0),(42193,173,9830,0),(42194,173,9831,0),(42195,173,9832,0),(42196,171,9833,0),(42197,171,9834,0),(42198,171,9835,0),(42199,171,9836,0),(42200,173,9914,0),(42201,173,9915,0),(42202,173,9916,0),(42203,173,9917,0),(42204,173,9918,0),(42205,173,9919,0),(42206,173,9920,0),(42207,173,9921,0),(42208,173,9922,0),(42209,173,9923,0),(42210,173,9924,0),(42211,173,9925,0),(42212,173,9926,0),(42213,173,9927,0),(42214,173,9928,0),(42215,173,9934,0),(42216,173,9935,0),(42217,173,9936,0),(42218,173,9937,0),(42219,173,9938,0),(42220,173,9939,0),(42221,173,9940,0),(42222,173,9941,0),(42223,173,9942,0),(42224,173,9943,0),(42225,173,9947,0),(42226,173,9948,0),(42227,173,9949,0),(42228,173,9950,0),(42371,173,9951,0),(42372,173,9952,0),(42373,173,9953,0),(42374,173,9975,0),(42375,173,9976,0),(42376,173,9977,0),(42377,173,9978,0),(42378,173,9979,0),(42379,173,9980,0),(42380,173,9981,0),(42381,173,9982,0),(42382,173,9983,0),(42383,173,9984,0),(42384,173,9985,0),(42385,173,9986,0),(42386,173,9987,0),(42387,173,9988,0),(42388,173,9989,0),(42389,173,9990,0),(42390,173,9991,0),(42391,173,9992,0),(42392,173,9993,0),(42393,173,9994,0),(42394,173,9995,0),(42395,173,9996,0),(42396,173,9997,0),(42397,173,9998,0),(42398,173,9999,0),(42399,173,10000,0),(42400,173,10001,0),(42401,173,10016,0),(42402,173,10017,0),(42403,173,10018,0),(42404,173,10019,0),(42405,173,10020,0),(42406,173,10021,0),(42407,173,10022,0),(42408,173,10023,0),(42409,173,10024,0),(42410,173,10025,0),(42411,173,10026,0),(42412,173,10027,0),(42413,173,10028,0),(42414,173,10029,0),(42415,173,10030,0),(42416,173,10031,0),(42417,173,10032,0),(42418,173,10040,0),(42419,173,10041,0),(42420,173,10042,0),(42421,173,10043,0),(42422,173,10044,0),(42423,173,10045,0),(42424,173,10046,0),(42425,173,10051,0),(42426,173,10052,0),(42427,173,10053,0),(42428,173,10054,0),(42429,173,10055,0),(42430,173,10056,0),(42431,173,10057,0),(42432,171,10068,0),(42433,171,10069,0),(42434,171,10070,0),(42435,171,10071,0),(42436,171,10076,0),(42437,171,10077,0),(42438,171,10078,0),(42439,171,10079,0),(42440,171,10080,0),(42441,171,10081,0),(42442,171,10082,0),(42443,171,10083,0),(42444,173,10084,0),(42445,173,10085,0),(42446,173,10086,0),(42447,173,10087,0),(42448,173,10088,0),(42449,173,10089,0),(42450,173,10090,0),(42451,173,10091,0),(42452,171,10092,0),(42453,171,10093,0),(42454,171,10094,0),(42455,171,10095,0),(42456,171,10096,0),(42457,171,10097,0),(42458,171,10098,0),(42459,171,10099,0),(42460,171,10100,0),(42461,173,10101,0),(42462,173,10102,0),(42463,173,10103,0),(42464,173,10104,0),(42465,173,10105,0),(42466,173,10106,0),(42467,173,10107,0),(42468,173,10108,0),(42469,171,10109,0),(42470,171,10110,0),(42571,171,10111,0),(42572,171,10112,0),(42573,173,10113,0),(42574,173,10114,0),(42575,173,10115,0),(42576,173,10116,0),(42577,173,10117,0),(42578,173,10118,0),(42579,173,10123,0),(42580,173,10124,0),(42581,173,10125,0),(42582,173,10126,0),(42583,173,10127,0),(42584,173,10128,0),(42585,173,10129,0),(42586,173,10134,0),(42587,173,10135,0),(42588,173,10136,0),(42589,173,10150,0),(42590,173,10152,0),(42591,173,10153,0),(42592,173,10154,0),(42593,173,10168,0),(42594,173,10169,0),(42595,173,10170,0),(42596,173,10171,0),(42597,173,10172,0),(42598,173,10173,0),(42599,173,10174,0),(42600,173,10178,0),(42601,173,10179,0),(42602,173,10180,0),(42603,173,10181,0),(42604,173,10182,0),(42605,173,10186,0),(42606,173,10187,0),(42607,173,10188,0),(42608,173,10192,0),(42609,173,10193,0),(42610,173,10194,0),(42611,173,10195,0),(42612,173,10196,0),(42613,173,10197,0);

--
-- Table structure for table `catalog_category_product_index`
--

CREATE TABLE `catalog_category_product_index` (
  `category_id` int(10) unsigned NOT NULL DEFAULT 0 COMMENT 'Category ID',
  `product_id` int(10) unsigned NOT NULL DEFAULT 0 COMMENT 'Product ID',
  `position` int(11) DEFAULT NULL COMMENT 'Position',
  `is_parent` smallint(5) unsigned NOT NULL DEFAULT 0 COMMENT 'Is Parent',
  `store_id` smallint(5) unsigned NOT NULL DEFAULT 0 COMMENT 'Store ID',
  `visibility` smallint(5) unsigned NOT NULL COMMENT 'Visibility',
  PRIMARY KEY (`category_id`,`product_id`,`store_id`),
  KEY `CAT_CTGR_PRD_IDX_PRD_ID_STORE_ID_CTGR_ID_VISIBILITY` (`product_id`,`store_id`,`category_id`,`visibility`),
  KEY `CAT_CTGR_PRD_IDX_STORE_ID_CTGR_ID_VISIBILITY_IS_PARENT_POSITION` (`store_id`,`category_id`,`visibility`,`is_parent`,`position`)
) ENGINE=InnoDB DEFAULT CHARSET=utf8 COMMENT='Catalog Category Product Index';

--
-- Dumping data for table `catalog_category_product_index`
--


--
-- Table structure for table `catalog_category_product_index_replica`
--

CREATE TABLE `catalog_category_product_index_replica` (
  `category_id` int(10) unsigned NOT NULL DEFAULT 0 COMMENT 'Category ID',
  `product_id` int(10) unsigned NOT NULL DEFAULT 0 COMMENT 'Product ID',
  `position` int(11) DEFAULT NULL COMMENT 'Position',
  `is_parent` smallint(5) unsigned NOT NULL DEFAULT 0 COMMENT 'Is Parent',
  `store_id` smallint(5) unsigned NOT NULL DEFAULT 0 COMMENT 'Store ID',
  `visibility` smallint(5) unsigned NOT NULL COMMENT 'Visibility',
  PRIMARY KEY (`category_id`,`product_id`,`store_id`),
  KEY `CAT_CTGR_PRD_IDX_PRD_ID_STORE_ID_CTGR_ID_VISIBILITY` (`product_id`,`store_id`,`category_id`,`visibility`),
  KEY `CAT_CTGR_PRD_IDX_STORE_ID_CTGR_ID_VISIBILITY_IS_PARENT_POSITION` (`store_id`,`category_id`,`visibility`,`is_parent`,`position`)
) ENGINE=InnoDB DEFAULT CHARSET=utf8 COMMENT='Catalog Category Product Index';

--
-- Dumping data for table `catalog_category_product_index_replica`
--


--
-- Table structure for table `catalog_category_product_index_store9`
--

CREATE TABLE `catalog_category_product_index_store9` (
  `category_id` int(10) unsigned NOT NULL DEFAULT 0 COMMENT 'Category Id',
  `product_id` int(10) unsigned NOT NULL DEFAULT 0 COMMENT 'Product Id',
  `position` int(11) DEFAULT NULL COMMENT 'Position',
  `is_parent` smallint(5) unsigned NOT NULL DEFAULT 0 COMMENT 'Is Parent',
  `store_id` smallint(5) unsigned NOT NULL DEFAULT 0 COMMENT 'Store Id',
  `visibility` smallint(5) unsigned NOT NULL COMMENT 'Visibility',
  PRIMARY KEY (`category_id`,`product_id`,`store_id`),
  KEY `IDX_ADE8510F1BBEC8E64D9E49D2B86DF6A6` (`product_id`,`store_id`,`category_id`,`visibility`),
  KEY `IDX_CAE8981A33EEF72C92B0DA20D82E8789` (`store_id`,`category_id`,`visibility`,`is_parent`,`position`)
) ENGINE=InnoDB DEFAULT CHARSET=utf8 COMMENT='Catalog Category Product Index Store9';

--
-- Dumping data for table `catalog_category_product_index_store9`
--

INSERT INTO `catalog_category_product_index_store9` VALUES (3,36,0,0,9,4),(3,37,0,0,9,4),(3,38,0,0,9,4),(3,39,0,0,9,4),(3,40,0,0,9,4),(3,3284,0,0,9,4),(3,5193,0,0,9,4),(3,5194,0,0,9,4),(3,10391,0,0,9,4),(3,10424,0,0,9,4),(3,10425,0,0,9,4),(3,10436,0,0,9,4),(3,10437,0,0,9,4),(3,10452,0,0,9,4),(3,10453,0,0,9,4),(3,10454,0,0,9,4),(3,4330,10000,0,9,4),(3,4465,10000,0,9,4),(3,4466,10000,0,9,4),(3,4467,10000,0,9,4),(3,4468,10000,0,9,4),(3,4469,10000,0,9,4),(3,4495,10000,0,9,4),(3,4496,10000,0,9,4),(3,4497,10000,0,9,4),(3,4499,10000,0,9,4),(3,4500,10000,0,9,4),(3,4501,10000,0,9,4),(3,4502,10000,0,9,4),(3,4503,10000,0,9,4),(3,4517,10000,0,9,4),(3,4518,10000,0,9,4),(3,4521,10000,0,9,4),(3,4526,10000,0,9,4),(3,4527,10000,0,9,4),(3,4528,10000,0,9,4),(3,4529,10000,0,9,4),(3,4530,10000,0,9,4),(3,4531,10000,0,9,4),(3,4532,10000,0,9,4),(3,4533,10000,0,9,4),(3,4534,10000,0,9,4),(3,4535,10000,0,9,4),(3,4539,10000,0,9,4),(3,4540,10000,0,9,4),(3,4541,10000,0,9,4),(3,4556,10000,0,9,4),(3,4558,10000,0,9,4),(3,4559,10000,0,9,4),(3,4560,10000,0,9,4),(3,4564,10000,0,9,4),(3,4581,10000,0,9,4),(3,4583,10000,0,9,4),(3,4584,10000,0,9,4),(3,4585,10000,0,9,4),(3,4586,10000,0,9,4),(3,4587,10000,0,9,4),(3,4588,10000,0,9,4),(3,4589,10000,0,9,4),(3,4590,10000,0,9,4),(3,4591,10000,0,9,4),(3,4592,10000,0,9,4),(3,4593,10000,0,9,4),(3,4594,10000,0,9,4),(3,4595,10000,0,9,4),(3,4596,10000,0,9,4),(3,4597,10000,0,9,4),(3,4598,10000,0,9,4),(3,4599,10000,0,9,4),(3,4600,10000,0,9,4),(3,4601,10000,0,9,4),(3,4602,10000,0,9,4),(3,5370,10000,0,9,4),(3,5376,10000,0,9,4),(3,5382,10000,0,9,4),(3,9388,10000,0,9,4),(3,9392,10000,0,9,4),(3,9397,10000,0,9,4),(3,9398,10000,0,9,4),(3,9405,10000,0,9,4),(3,9412,10000,0,9,4),(3,9417,10000,0,9,4),(3,9425,10000,0,9,4),(3,9428,10000,0,9,4),(3,9429,10000,0,9,4),(3,9430,10000,0,9,4),(3,9439,10000,0,9,4),(3,9442,10000,0,9,4),(3,9445,10000,0,9,4),(3,9449,10000,0,9,4),(3,9451,10000,0,9,4),(3,9455,10000,0,9,4),(3,9457,10000,0,9,4),(3,9459,10000,0,9,4),(3,9460,10000,0,9,4),(3,9461,10000,0,9,4),(3,9464,10000,0,9,4),(3,9465,10000,0,9,4),(3,9466,10000,0,9,4),(3,9467,10000,0,9,4),(3,9468,10000,0,9,4),(3,9471,10000,0,9,4),(3,9472,10000,0,9,4),(3,9473,10000,0,9,4),(3,9474,10000,0,9,4),(3,9475,10000,0,9,4),(3,9476,10000,0,9,4),(3,9479,10000,0,9,4),(3,9482,10000,0,9,4),(3,9483,10000,0,9,4),(3,9484,10000,0,9,4),(3,9485,10000,0,9,4),(3,9486,10000,0,9,4),(3,9487,10000,0,9,4),(3,9488,10000,0,9,4),(3,9489,10000,0,9,4),(3,9490,10000,0,9,4),(3,9491,10000,0,9,4),(3,9492,10000,0,9,4),(3,9493,10000,0,9,4),(3,9494,10000,0,9,4),(3,9495,10000,0,9,4),(3,9496,10000,0,9,4),(3,9497,10000,0,9,4),(3,9498,10000,0,9,4),(3,9499,10000,0,9,4),(3,9528,10000,0,9,4),(3,9529,10000,0,9,4),(3,9530,10000,0,9,4),(3,9531,10000,0,9,4),(3,9532,10000,0,9,4),(3,9533,10000,0,9,4),(3,9534,10000,0,9,4),(3,9535,10000,0,9,4),(3,9536,10000,0,9,4),(3,9537,10000,0,9,4),(3,9538,10000,0,9,4),(3,9539,10000,0,9,4),(3,9540,10000,0,9,4),(3,9541,10000,0,9,4),(3,9542,10000,0,9,4),(3,9543,10000,0,9,4),(3,9544,10000,0,9,4),(3,9545,10000,0,9,4),(3,9546,10000,0,9,4),(3,9547,10000,0,9,4),(3,9548,10000,0,9,4),(3,9549,10000,0,9,4),(3,9550,10000,0,9,4),(3,9551,10000,0,9,4),(3,9552,10000,0,9,4),(3,9553,10000,0,9,4),(3,9554,10000,0,9,4),(3,9555,10000,0,9,4),(3,9556,10000,0,9,4),(3,9557,10000,0,9,4),(3,9558,10000,0,9,4),(3,9559,10000,0,9,4),(3,9560,10000,0,9,4),(3,9561,10000,0,9,4),(3,9562,10000,0,9,4),(3,9563,10000,0,9,4),(3,9564,10000,0,9,4),(3,9565,10000,0,9,4),(3,9566,10000,0,9,4),(3,9567,10000,0,9,4),(3,9568,10000,0,9,4),(3,9569,10000,0,9,4),(3,9570,10000,0,9,4),(3,9571,10000,0,9,4),(3,9572,10000,0,9,4),(3,9573,10000,0,9,4),(3,9574,10000,0,9,4),(3,9575,10000,0,9,4),(3,9576,10000,0,9,4),(3,9577,10000,0,9,4),(3,9578,10000,0,9,4),(3,9579,10000,0,9,4),(3,9580,10000,0,9,4),(3,9581,10000,0,9,4),(3,9582,10000,0,9,4),(3,9583,10000,0,9,4),(3,9584,10000,0,9,4),(3,9585,10000,0,9,4),(3,9586,10000,0,9,4),(3,9587,10000,0,9,4),(3,9588,10000,0,9,4),(3,9589,10000,0,9,4),(3,9590,10000,0,9,4),(3,9591,10000,0,9,4),(3,9592,10000,0,9,4),(3,9593,10000,0,9,4),(3,9594,10000,0,9,4),(3,9595,10000,0,9,4),(3,9596,10000,0,9,4),(3,9597,10000,0,9,4),(3,9598,10000,0,9,4),(3,9599,10000,0,9,4),(3,9600,10000,0,9,4),(3,9601,10000,0,9,4),(3,9602,10000,0,9,4),(3,9603,10000,0,9,4),(3,9604,10000,0,9,4),(3,9605,10000,0,9,4),(3,9606,10000,0,9,4),(3,9607,10000,0,9,4),(3,9608,10000,0,9,4),(3,9609,10000,0,9,4),(3,9610,10000,0,9,4),(3,9611,10000,0,9,4),(3,9612,10000,0,9,4),(3,9613,10000,0,9,4),(3,9614,10000,0,9,4),(3,9615,10000,0,9,4),(3,9616,10000,0,9,4),(3,9617,10000,0,9,4),(3,9618,10000,0,9,4),(3,9619,10000,0,9,4),(3,9620,10000,0,9,4),(3,9621,10000,0,9,4),(3,9622,10000,0,9,4),(3,9623,10000,0,9,4),(3,9624,10000,0,9,4),(3,9625,10000,0,9,4),(3,9626,10000,0,9,4),(3,9627,10000,0,9,4),(3,9628,10000,0,9,4),(3,9629,10000,0,9,4),(3,9630,10000,0,9,4),(3,9631,10000,0,9,4),(3,9632,10000,0,9,4),(3,9633,10000,0,9,4),(3,9634,10000,0,9,4),(3,9635,10000,0,9,4),(3,9636,10000,0,9,4),(3,9637,10000,0,9,4),(3,9638,10000,0,9,4),(3,9639,10000,0,9,4),(3,9640,10000,0,9,4),(3,9641,10000,0,9,4),(3,9642,10000,0,9,4),(3,9643,10000,0,9,4),(3,9644,10000,0,9,4),(3,9645,10000,0,9,4),(3,9646,10000,0,9,4),(3,9647,10000,0,9,4),(3,9648,10000,0,9,4),(3,9649,10000,0,9,4),(3,9650,10000,0,9,4),(3,9651,10000,0,9,4),(3,9652,10000,0,9,4),(3,9653,10000,0,9,4),(3,9654,10000,0,9,4),(3,9655,10000,0,9,4),(3,9656,10000,0,9,4),(3,9657,10000,0,9,4),(3,9658,10000,0,9,4),(3,9659,10000,0,9,4),(3,9660,10000,0,9,4),(3,9661,10000,0,9,4),(3,9662,10000,0,9,4),(3,9663,10000,0,9,4),(3,9664,10000,0,9,4),(3,9665,10000,0,9,4),(3,9666,10000,0,9,4),(3,9667,10000,0,9,4),(3,9668,10000,0,9,4),(3,9669,10000,0,9,4),(3,9670,10000,0,9,4),(3,9671,10000,0,9,4),(3,9672,10000,0,9,4),(3,9673,10000,0,9,4),(3,9674,10000,0,9,4),(3,9675,10000,0,9,4),(3,9676,10000,0,9,4),(3,9677,10000,0,9,4),(3,9678,10000,0,9,4),(3,9679,10000,0,9,4),(3,9680,10000,0,9,4),(3,9681,10000,0,9,4),(3,9682,10000,0,9,4),(3,9683,10000,0,9,4),(3,9684,10000,0,9,4),(3,9685,10000,0,9,4),(3,9686,10000,0,9,4),(3,9687,10000,0,9,4),(3,9688,10000,0,9,4),(3,9689,10000,0,9,4),(3,9690,10000,0,9,4),(3,9691,10000,0,9,4),(3,9692,10000,0,9,4),(3,9693,10000,0,9,4),(3,9694,10000,0,9,4),(3,9695,10000,0,9,4),(3,9696,10000,0,9,4),(3,9697,10000,0,9,4),(3,9698,10000,0,9,4),(3,9699,10000,0,9,4),(3,9700,10000,0,9,4),(3,9701,10000,0,9,4),(3,9702,10000,0,9,4),(3,9703,10000,0,9,4),(3,9704,10000,0,9,4),(3,9705,10000,0,9,4),(3,9706,10000,0,9,4),(3,9707,10000,0,9,4),(3,9708,10000,0,9,4),(3,9709,10000,0,9,4),(3,9710,10000,0,9,4),(3,9711,10000,0,9,4),(3,9712,10000,0,9,4),(3,9713,10000,0,9,4),(3,9714,10000,0,9,4),(3,9715,10000,0,9,4),(3,9716,10000,0,9,4),(3,9717,10000,0,9,4),(3,9718,10000,0,9,4),(3,9719,10000,0,9,4),(3,9720,10000,0,9,4),(3,9721,10000,0,9,4),(3,9722,10000,0,9,4),(3,9723,10000,0,9,4),(3,9724,10000,0,9,4),(3,9725,10000,0,9,4),(3,9726,10000,0,9,4),(3,9727,10000,0,9,4),(3,9728,10000,0,9,4),(3,9729,10000,0,9,4),(3,9730,10000,0,9,4),(3,9731,10000,0,9,4),(3,9732,10000,0,9,4),(3,9733,10000,0,9,4),(3,9734,10000,0,9,4),(3,9735,10000,0,9,4),(3,9736,10000,0,9,4),(3,9737,10000,0,9,4),(3,9738,10000,0,9,4),(3,9739,10000,0,9,4),(3,9740,10000,0,9,4),(3,9741,10000,0,9,4),(3,9742,10000,0,9,4),(3,9743,10000,0,9,4),(3,9744,10000,0,9,4),(3,9745,10000,0,9,4),(3,9746,10000,0,9,4),(3,9747,10000,0,9,4),(3,9748,10000,0,9,4),(3,9749,10000,0,9,4),(3,9750,10000,0,9,4),(3,9751,10000,0,9,4),(3,9752,10000,0,9,4),(3,9753,10000,0,9,4),(3,9754,10000,0,9,4),(3,9755,10000,0,9,4),(3,9756,10000,0,9,4),(3,9757,10000,0,9,4),(3,9758,10000,0,9,4),(3,9759,10000,0,9,4),(3,9760,10000,0,9,4),(3,9761,10000,0,9,4),(3,9762,10000,0,9,4),(3,9763,10000,0,9,4),(3,9764,10000,0,9,4),(3,9765,10000,0,9,4),(3,9770,10000,0,9,4),(3,9773,10000,0,9,4),(3,9782,10000,0,9,4),(3,9785,10000,0,9,4),(3,9788,10000,0,9,4),(3,9789,10000,0,9,4),(3,9794,10000,0,9,4),(3,9795,10000,0,9,4),(3,9808,10000,0,9,4),(3,9813,10000,0,9,4),(3,9816,10000,0,9,4),(3,9820,10000,0,9,4),(3,9825,10000,0,9,4),(3,9826,10000,0,9,4),(3,9833,10000,0,9,4),(3,9834,10000,0,9,4),(3,9835,10000,0,9,4),(3,9836,10000,0,9,4),(3,9837,10000,0,9,4),(3,9838,10000,0,9,4),(3,9839,10000,0,9,4),(3,9840,10000,0,9,4),(3,9841,10000,0,9,4),(3,9842,10000,0,9,4),(3,9843,10000,0,9,4),(3,9844,10000,0,9,4),(3,9845,10000,0,9,4),(3,9846,10000,0,9,4),(3,9847,10000,0,9,4),(3,9848,10000,0,9,4),(3,9849,10000,0,9,4),(3,9850,10000,0,9,4),(3,9851,10000,0,9,4),(3,9852,10000,0,9,4),(3,9853,10000,0,9,4),(3,9854,10000,0,9,4),(3,9855,10000,0,9,4),(3,9856,10000,0,9,4),(3,9857,10000,0,9,4),(3,9858,10000,0,9,4),(3,9859,10000,0,9,4),(3,9860,10000,0,9,4),(3,9861,10000,0,9,4),(3,9862,10000,0,9,4),(3,9863,10000,0,9,4),(3,9864,10000,0,9,4),(3,9865,10000,0,9,4),(3,9866,10000,0,9,4),(3,9867,10000,0,9,4),(3,9868,10000,0,9,4),(3,9869,10000,0,9,4),(3,9872,10000,0,9,4),(3,9873,10000,0,9,4),(3,9874,10000,0,9,4),(3,9875,10000,0,9,4),(3,9876,10000,0,9,4),(3,9877,10000,0,9,4),(3,9878,10000,0,9,4),(3,9879,10000,0,9,4),(3,9880,10000,0,9,4),(3,9881,10000,0,9,4),(3,9882,10000,0,9,4),(3,9884,10000,0,9,4),(3,9885,10000,0,9,4),(3,9886,10000,0,9,4),(3,9887,10000,0,9,4),(3,9888,10000,0,9,4),(3,9889,10000,0,9,4),(3,9892,10000,0,9,4),(3,9893,10000,0,9,4),(3,9894,10000,0,9,4),(3,9895,10000,0,9,4),(3,9896,10000,0,9,4),(3,9899,10000,0,9,4),(3,9900,10000,0,9,4),(3,9901,10000,0,9,4),(3,9902,10000,0,9,4),(3,9903,10000,0,9,4),(3,9904,10000,0,9,4),(3,9905,10000,0,9,4),(3,9906,10000,0,9,4),(3,9907,10000,0,9,4),(3,9908,10000,0,9,4),(3,9909,10000,0,9,4),(3,9910,10000,0,9,4),(3,9911,10000,0,9,4),(3,9912,10000,0,9,4),(3,9913,10000,0,9,4),(3,9914,10000,0,9,4),(3,9919,10000,0,9,4),(3,9924,10000,0,9,4),(3,9929,10000,0,9,4),(3,9934,10000,0,9,4),(3,9935,10000,0,9,4),(3,9944,10000,0,9,4),(3,9947,10000,0,9,4),(3,9954,10000,0,9,4),(3,9955,10000,0,9,4),(3,9965,10000,0,9,4),(3,9975,10000,0,9,4),(3,9980,10000,0,9,4),(3,9987,10000,0,9,4),(3,9997,10000,0,9,4),(3,10002,10000,0,9,4),(3,10009,10000,0,9,4),(3,10016,10000,0,9,4),(3,10023,10000,0,9,4),(3,10032,10000,0,9,4),(3,10033,10000,0,9,4),(3,10040,10000,0,9,4),(3,10047,10000,0,9,4),(3,10051,10000,0,9,4),(3,10058,10000,0,9,4),(3,10063,10000,0,9,4),(3,10068,10000,0,9,4),(3,10072,10000,0,9,4),(3,10076,10000,0,9,4),(3,10080,10000,0,9,4),(3,10084,10000,0,9,4),(3,10088,10000,0,9,4),(3,10092,10000,0,9,4),(3,10097,10000,0,9,4),(3,10101,10000,0,9,4),(3,10109,10000,0,9,4),(3,10113,10000,0,9,4),(3,10119,10000,0,9,4),(3,10123,10000,0,9,4),(3,10126,10000,0,9,4),(3,10130,10000,0,9,4),(3,10134,10000,0,9,4),(3,10137,10000,0,9,4),(3,10141,10000,0,9,4),(3,10145,10000,0,9,4),(3,10149,10000,0,9,4),(3,10150,10000,0,9,4),(3,10151,10000,0,9,4),(3,10152,10000,0,9,4),(3,10155,10000,0,9,4),(3,10159,10000,0,9,4),(3,10162,10000,0,9,4),(3,10165,10000,0,9,4),(3,10168,10000,0,9,4),(3,10171,10000,0,9,4),(3,10175,10000,0,9,4),(3,10178,10000,0,9,4),(3,10183,10000,0,9,4),(3,10186,10000,0,9,4),(3,10189,10000,0,9,4),(3,10192,10000,0,9,4),(3,10195,10000,0,9,4),(3,10209,10000,0,9,4),(3,10210,10000,0,9,4),(3,10211,10000,0,9,4),(3,10212,10000,0,9,4),(3,10213,10000,0,9,4),(3,10214,10000,0,9,4),(3,10215,10000,0,9,4),(3,10216,10000,0,9,4),(3,10217,10000,0,9,4),(3,10218,10000,0,9,4),(3,10219,10000,0,9,4),(3,10220,10000,0,9,4),(3,10221,10000,0,9,4),(3,10222,10000,0,9,4),(3,10223,10000,0,9,4),(3,10224,10000,0,9,4),(3,10225,10000,0,9,4),(3,10226,10000,0,9,4),(3,10227,10000,0,9,4),(3,10228,10000,0,9,4),(3,10229,10000,0,9,4),(3,10230,10000,0,9,4),(3,10231,10000,0,9,4),(3,10232,10000,0,9,4),(3,10233,10000,0,9,4),(3,10234,10000,0,9,4),(3,10235,10000,0,9,4),(3,10236,10000,0,9,4),(3,10237,10000,0,9,4),(3,10238,10000,0,9,4),(3,10239,10000,0,9,4),(3,10241,10000,0,9,4),(3,10242,10000,0,9,4),(3,10243,10000,0,9,4),(3,10244,10000,0,9,4),(3,10245,10000,0,9,4),(3,10246,10000,0,9,4),(3,10247,10000,0,9,4),(3,10248,10000,0,9,4),(3,10249,10000,0,9,4),(3,10250,10000,0,9,4),(3,10254,10000,0,9,4),(3,10255,10000,0,9,4),(3,10256,10000,0,9,4),(3,10264,10000,0,9,4),(3,10272,10000,0,9,4),(3,10275,10000,0,9,4),(3,10276,10000,0,9,4),(3,10277,10000,0,9,4),(3,10278,10000,0,9,4),(3,10279,10000,0,9,4),(3,10280,10000,0,9,4),(3,10281,10000,0,9,4),(3,10282,10000,0,9,4),(3,10283,10000,0,9,4),(3,10284,10000,0,9,4),(3,10285,10000,0,9,4),(3,10286,10000,0,9,4),(3,10287,10000,0,9,4),(3,10288,10000,0,9,4),(3,10289,10000,0,9,4),(3,10290,10000,0,9,4),(3,10291,10000,0,9,4),(3,10292,10000,0,9,4),(3,10293,10000,0,9,4),(3,10294,10000,0,9,4),(3,10295,10000,0,9,4),(3,10296,10000,0,9,4),(3,10297,10000,0,9,4),(3,10298,10000,0,9,4),(3,10299,10000,0,9,4),(3,10300,10000,0,9,4),(3,10301,10000,0,9,4),(3,10302,10000,0,9,4),(3,10303,10000,0,9,4),(3,10304,10000,0,9,4),(3,10305,10000,0,9,4),(3,10306,10000,0,9,4),(3,10307,10000,0,9,4),(3,10308,10000,0,9,4),(3,10309,10000,0,9,4),(3,10310,10000,0,9,4),(3,10311,10000,0,9,4),(3,10312,10000,0,9,4),(3,10313,10000,0,9,4),(3,10314,10000,0,9,4),(3,10315,10000,0,9,4),(3,10316,10000,0,9,4),(3,10317,10000,0,9,4),(3,10318,10000,0,9,4),(3,10319,10000,0,9,4),(3,10320,10000,0,9,4),(3,10321,10000,0,9,4),(3,10322,10000,0,9,4),(3,10323,10000,0,9,4),(3,10324,10000,0,9,4),(3,10325,10000,0,9,4),(3,10326,10000,0,9,4),(3,10327,10000,0,9,4),(3,10328,10000,0,9,4),(3,10329,10000,0,9,4),(3,10330,10000,0,9,4),(3,10331,10000,0,9,4),(3,10332,10000,0,9,4),(3,10333,10000,0,9,4),(3,10334,10000,0,9,4),(3,10335,10000,0,9,4),(3,10336,10000,0,9,4),(3,10337,10000,0,9,4),(3,10338,10000,0,9,4),(3,10339,10000,0,9,4),(3,10340,10000,0,9,4),(3,10341,10000,0,9,4),(3,10342,10000,0,9,4),(3,10343,10000,0,9,4),(3,10344,10000,0,9,4),(3,10345,10000,0,9,4),(3,10346,10000,0,9,4),(3,10347,10000,0,9,4),(3,10348,10000,0,9,4),(3,10349,10000,0,9,4),(3,10350,10000,0,9,4),(3,10354,10000,0,9,4),(3,10358,10000,0,9,4),(3,10362,10000,0,9,4),(3,10366,10000,0,9,4),(3,10370,10000,0,9,4),(3,10374,10000,0,9,4),(3,10375,10000,0,9,4),(3,10376,10000,0,9,4),(3,10377,10000,0,9,4),(3,10378,10000,0,9,4),(3,10379,10000,0,9,4),(3,10380,10000,0,9,4),(3,10381,10000,0,9,4),(3,10382,10000,0,9,4),(3,10383,10000,0,9,4),(3,10384,10000,0,9,4),(3,10389,10000,0,9,4),(3,10390,10000,0,9,4),(3,10392,10000,0,9,4),(3,10395,10000,0,9,4),(3,10398,10000,0,9,4),(3,10401,10000,0,9,4),(3,10404,10000,0,9,4),(3,10407,10000,0,9,4),(3,10410,10000,0,9,4),(3,10413,10000,0,9,4),(3,10414,10000,0,9,4),(3,10415,10000,0,9,4),(3,10416,10000,0,9,4),(3,10420,10000,0,9,4),(3,10421,10000,0,9,4),(3,10422,10000,0,9,4),(3,10433,10000,0,9,4),(3,10434,10000,0,9,4),(3,10435,10000,0,9,4),(3,10463,10000,0,9,4),(3,10478,10000,0,9,4),(43,36,10000,0,9,4),(43,37,10000,0,9,4),(43,38,10000,0,9,4),(43,39,10000,0,9,4),(43,40,10000,0,9,4),(43,4330,10000,0,9,4),(43,4465,10000,0,9,4),(43,4466,10000,0,9,4),(43,4467,10000,0,9,4),(43,4468,10000,0,9,4),(43,4469,10000,0,9,4),(43,4495,10000,0,9,4),(43,4496,10000,0,9,4),(43,4497,10000,0,9,4),(43,4499,10000,0,9,4),(43,4500,10000,0,9,4),(43,4501,10000,0,9,4),(43,4502,10000,0,9,4),(43,4503,10000,0,9,4),(43,4517,10000,0,9,4),(43,4518,10000,0,9,4),(43,4521,10000,0,9,4),(43,4526,10000,0,9,4),(43,4527,10000,0,9,4),(43,4528,10000,0,9,4),(43,4529,10000,0,9,4),(43,4530,10000,0,9,4),(43,4531,10000,0,9,4),(43,4532,10000,0,9,4),(43,4533,10000,0,9,4),(43,4534,10000,0,9,4),(43,4535,10000,0,9,4),(43,4539,10000,0,9,4),(43,4540,10000,0,9,4),(43,4541,10000,0,9,4),(43,4556,10000,0,9,4),(43,4558,10000,0,9,4),(43,4559,10000,0,9,4),(43,4560,10000,0,9,4),(43,4564,10000,0,9,4),(43,4581,10000,0,9,4),(43,4583,10000,0,9,4),(43,4584,10000,0,9,4),(43,4585,10000,0,9,4),(43,4586,10000,0,9,4),(43,4587,10000,0,9,4),(43,4588,10000,0,9,4),(43,4589,10000,0,9,4),(43,4590,10000,0,9,4),(43,4591,10000,0,9,4),(43,4592,10000,0,9,4),(43,4593,10000,0,9,4),(43,4594,10000,0,9,4),(43,4595,10000,0,9,4),(43,4596,10000,0,9,4),(43,4597,10000,0,9,4),(43,4598,10000,0,9,4),(43,4599,10000,0,9,4),(43,4600,10000,0,9,4),(43,4601,10000,0,9,4),(43,4602,10000,0,9,4),(43,5370,10000,0,9,4),(43,5376,10000,0,9,4),(43,5382,10000,0,9,4),(43,9388,10000,0,9,4),(43,9392,10000,0,9,4),(43,9397,10000,0,9,4),(43,9398,10000,0,9,4),(43,9405,10000,0,9,4),(43,9412,10000,0,9,4),(43,9417,10000,0,9,4),(43,9425,10000,0,9,4),(43,9428,10000,0,9,4),(43,9429,10000,0,9,4),(43,9430,10000,0,9,4),(43,9439,10000,0,9,4),(43,9442,10000,0,9,4),(43,9445,10000,0,9,4),(43,9449,10000,0,9,4),(43,9451,10000,0,9,4),(43,9455,10000,0,9,4),(43,9457,10000,0,9,4),(43,9459,10000,0,9,4),(43,9460,10000,0,9,4),(43,9461,10000,0,9,4),(43,9464,10000,0,9,4),(43,9465,10000,0,9,4),(43,9466,10000,0,9,4),(43,9467,10000,0,9,4),(43,9468,10000,0,9,4),(43,9471,10000,0,9,4),(43,9472,10000,0,9,4),(43,9473,10000,0,9,4),(43,9474,10000,0,9,4),(43,9475,10000,0,9,4),(43,9476,10000,0,9,4),(43,9479,10000,0,9,4),(43,9482,10000,0,9,4),(43,9483,10000,0,9,4),(43,9484,10000,0,9,4),(43,9485,10000,0,9,4),(43,9486,10000,0,9,4),(43,9487,10000,0,9,4),(43,9488,10000,0,9,4),(43,9489,10000,0,9,4),(43,9490,10000,0,9,4),(43,9491,10000,0,9,4),(43,9492,10000,0,9,4),(43,9493,10000,0,9,4),(43,9494,10000,0,9,4),(43,9495,10000,0,9,4),(43,9496,10000,0,9,4),(43,9497,10000,0,9,4),(43,9498,10000,0,9,4),(43,9499,10000,0,9,4),(43,9528,10000,0,9,4),(43,9529,10000,0,9,4),(43,9530,10000,0,9,4),(43,9531,10000,0,9,4),(43,9532,10000,0,9,4),(43,9533,10000,0,9,4),(43,9534,10000,0,9,4),(43,9535,10000,0,9,4),(43,9536,10000,0,9,4),(43,9537,10000,0,9,4),(43,9538,10000,0,9,4),(43,9539,10000,0,9,4),(43,9540,10000,0,9,4),(43,9541,10000,0,9,4),(43,9542,10000,0,9,4),(43,9543,10000,0,9,4),(43,9544,10000,0,9,4),(43,9545,10000,0,9,4),(43,9546,10000,0,9,4),(43,9547,10000,0,9,4),(43,9548,10000,0,9,4),(43,9549,10000,0,9,4),(43,9550,10000,0,9,4),(43,9551,10000,0,9,4),(43,9552,10000,0,9,4),(43,9553,10000,0,9,4),(43,9554,10000,0,9,4),(43,9555,10000,0,9,4),(43,9556,10000,0,9,4),(43,9557,10000,0,9,4),(43,9558,10000,0,9,4),(43,9559,10000,0,9,4),(43,9560,10000,0,9,4),(43,9561,10000,0,9,4),(43,9562,10000,0,9,4),(43,9563,10000,0,9,4),(43,9564,10000,0,9,4),(43,9565,10000,0,9,4),(43,9566,10000,0,9,4),(43,9567,10000,0,9,4),(43,9568,10000,0,9,4),(43,9569,10000,0,9,4),(43,9570,10000,0,9,4),(43,9571,10000,0,9,4),(43,9572,10000,0,9,4),(43,9573,10000,0,9,4),(43,9574,10000,0,9,4),(43,9575,10000,0,9,4),(43,9576,10000,0,9,4),(43,9577,10000,0,9,4),(43,9578,10000,0,9,4),(43,9579,10000,0,9,4),(43,9580,10000,0,9,4),(43,9581,10000,0,9,4),(43,9582,10000,0,9,4),(43,9583,10000,0,9,4),(43,9584,10000,0,9,4),(43,9585,10000,0,9,4),(43,9586,10000,0,9,4),(43,9587,10000,0,9,4),(43,9588,10000,0,9,4),(43,9589,10000,0,9,4),(43,9590,10000,0,9,4),(43,9591,10000,0,9,4),(43,9592,10000,0,9,4),(43,9593,10000,0,9,4),(43,9594,10000,0,9,4),(43,9595,10000,0,9,4),(43,9596,10000,0,9,4),(43,9597,10000,0,9,4),(43,9598,10000,0,9,4),(43,9599,10000,0,9,4),(43,9600,10000,0,9,4),(43,9601,10000,0,9,4),(43,9602,10000,0,9,4),(43,9603,10000,0,9,4),(43,9604,10000,0,9,4),(43,9605,10000,0,9,4),(43,9606,10000,0,9,4),(43,9607,10000,0,9,4),(43,9608,10000,0,9,4),(43,9609,10000,0,9,4),(43,9610,10000,0,9,4),(43,9611,10000,0,9,4),(43,9612,10000,0,9,4),(43,9613,10000,0,9,4),(43,9614,10000,0,9,4),(43,9615,10000,0,9,4),(43,9616,10000,0,9,4),(43,9617,10000,0,9,4),(43,9618,10000,0,9,4),(43,9619,10000,0,9,4),(43,9620,10000,0,9,4),(43,9621,10000,0,9,4),(43,9622,10000,0,9,4),(43,9623,10000,0,9,4),(43,9624,10000,0,9,4),(43,9625,10000,0,9,4),(43,9626,10000,0,9,4),(43,9627,10000,0,9,4),(43,9628,10000,0,9,4),(43,9629,10000,0,9,4),(43,9630,10000,0,9,4),(43,9631,10000,0,9,4),(43,9632,10000,0,9,4),(43,9633,10000,0,9,4),(43,9634,10000,0,9,4),(43,9635,10000,0,9,4),(43,9636,10000,0,9,4),(43,9637,10000,0,9,4),(43,9638,10000,0,9,4),(43,9639,10000,0,9,4),(43,9640,10000,0,9,4),(43,9641,10000,0,9,4),(43,9642,10000,0,9,4),(43,9643,10000,0,9,4),(43,9644,10000,0,9,4),(43,9645,10000,0,9,4),(43,9646,10000,0,9,4),(43,9647,10000,0,9,4),(43,9648,10000,0,9,4),(43,9649,10000,0,9,4),(43,9650,10000,0,9,4),(43,9651,10000,0,9,4),(43,9652,10000,0,9,4),(43,9653,10000,0,9,4),(43,9654,10000,0,9,4),(43,9655,10000,0,9,4),(43,9656,10000,0,9,4),(43,9657,10000,0,9,4),(43,9658,10000,0,9,4),(43,9659,10000,0,9,4),(43,9660,10000,0,9,4),(43,9661,10000,0,9,4),(43,9662,10000,0,9,4),(43,9663,10000,0,9,4),(43,9664,10000,0,9,4),(43,9665,10000,0,9,4),(43,9666,10000,0,9,4),(43,9667,10000,0,9,4),(43,9668,10000,0,9,4),(43,9669,10000,0,9,4),(43,9670,10000,0,9,4),(43,9671,10000,0,9,4),(43,9672,10000,0,9,4),(43,9673,10000,0,9,4),(43,9674,10000,0,9,4),(43,9675,10000,0,9,4),(43,9676,10000,0,9,4),(43,9677,10000,0,9,4),(43,9678,10000,0,9,4),(43,9679,10000,0,9,4),(43,9680,10000,0,9,4),(43,9681,10000,0,9,4),(43,9682,10000,0,9,4),(43,9683,10000,0,9,4),(43,9684,10000,0,9,4),(43,9685,10000,0,9,4),(43,9686,10000,0,9,4),(43,9687,10000,0,9,4),(43,9688,10000,0,9,4),(43,9689,10000,0,9,4),(43,9690,10000,0,9,4),(43,9691,10000,0,9,4),(43,9692,10000,0,9,4),(43,9693,10000,0,9,4),(43,9694,10000,0,9,4),(43,9695,10000,0,9,4),(43,9696,10000,0,9,4),(43,9697,10000,0,9,4),(43,9698,10000,0,9,4),(43,9699,10000,0,9,4),(43,9700,10000,0,9,4),(43,9701,10000,0,9,4),(43,9702,10000,0,9,4),(43,9703,10000,0,9,4),(43,9704,10000,0,9,4),(43,9705,10000,0,9,4),(43,9706,10000,0,9,4),(43,9707,10000,0,9,4),(43,9708,10000,0,9,4),(43,9709,10000,0,9,4),(43,9710,10000,0,9,4),(43,9711,10000,0,9,4),(43,9712,10000,0,9,4),(43,9713,10000,0,9,4),(43,9714,10000,0,9,4),(43,9715,10000,0,9,4),(43,9716,10000,0,9,4),(43,9717,10000,0,9,4),(43,9718,10000,0,9,4),(43,9719,10000,0,9,4),(43,9720,10000,0,9,4),(43,9721,10000,0,9,4),(43,9722,10000,0,9,4),(43,9723,10000,0,9,4),(43,9724,10000,0,9,4),(43,9725,10000,0,9,4),(43,9726,10000,0,9,4),(43,9727,10000,0,9,4),(43,9728,10000,0,9,4),(43,9729,10000,0,9,4),(43,9730,10000,0,9,4),(43,9731,10000,0,9,4),(43,9732,10000,0,9,4),(43,9733,10000,0,9,4),(43,9734,10000,0,9,4),(43,9735,10000,0,9,4),(43,9736,10000,0,9,4),(43,9737,10000,0,9,4),(43,9738,10000,0,9,4),(43,9739,10000,0,9,4),(43,9740,10000,0,9,4),(43,9741,10000,0,9,4),(43,9742,10000,0,9,4),(43,9743,10000,0,9,4),(43,9744,10000,0,9,4),(43,9745,10000,0,9,4),(43,9746,10000,0,9,4),(43,9747,10000,0,9,4),(43,9748,10000,0,9,4),(43,9749,10000,0,9,4),(43,9750,10000,0,9,4),(43,9751,10000,0,9,4),(43,9752,10000,0,9,4),(43,9753,10000,0,9,4),(43,9754,10000,0,9,4),(43,9755,10000,0,9,4),(43,9756,10000,0,9,4),(43,9757,10000,0,9,4),(43,9758,10000,0,9,4),(43,9759,10000,0,9,4),(43,9760,10000,0,9,4),(43,9761,10000,0,9,4),(43,9762,10000,0,9,4),(43,9763,10000,0,9,4),(43,9764,10000,0,9,4),(43,9765,10000,0,9,4),(43,9770,10000,0,9,4),(43,9773,10000,0,9,4),(43,9782,10000,0,9,4),(43,9785,10000,0,9,4),(43,9788,10000,0,9,4),(43,9789,10000,0,9,4),(43,9794,10000,0,9,4),(43,9795,10000,0,9,4),(43,9808,10000,0,9,4),(43,9813,10000,0,9,4),(43,9816,10000,0,9,4),(43,9820,10000,0,9,4),(43,9825,10000,0,9,4),(43,9826,10000,0,9,4),(43,9833,10000,0,9,4),(43,9834,10000,0,9,4),(43,9835,10000,0,9,4),(43,9836,10000,0,9,4),(43,9837,10000,0,9,4),(43,9838,10000,0,9,4),(43,9839,10000,0,9,4),(43,9840,10000,0,9,4),(43,9841,10000,0,9,4),(43,9842,10000,0,9,4),(43,9843,10000,0,9,4),(43,9844,10000,0,9,4),(43,9845,10000,0,9,4),(43,9846,10000,0,9,4),(43,9847,10000,0,9,4),(43,9848,10000,0,9,4),(43,9849,10000,0,9,4),(43,9850,10000,0,9,4),(43,9851,10000,0,9,4),(43,9852,10000,0,9,4),(43,9853,10000,0,9,4),(43,9854,10000,0,9,4),(43,9855,10000,0,9,4),(43,9856,10000,0,9,4),(43,9857,10000,0,9,4),(43,9858,10000,0,9,4),(43,9859,10000,0,9,4),(43,9860,10000,0,9,4),(43,9861,10000,0,9,4),(43,9862,10000,0,9,4),(43,9863,10000,0,9,4),(43,9864,10000,0,9,4),(43,9865,10000,0,9,4),(43,9866,10000,0,9,4),(43,9867,10000,0,9,4),(43,9868,10000,0,9,4),(43,9869,10000,0,9,4),(43,9872,10000,0,9,4),(43,9873,10000,0,9,4),(43,9874,10000,0,9,4),(43,9875,10000,0,9,4),(43,9876,10000,0,9,4),(43,9877,10000,0,9,4),(43,9878,10000,0,9,4),(43,9879,10000,0,9,4),(43,9880,10000,0,9,4),(43,9881,10000,0,9,4),(43,9882,10000,0,9,4),(43,9884,10000,0,9,4),(43,9885,10000,0,9,4),(43,9886,10000,0,9,4),(43,9887,10000,0,9,4),(43,9888,10000,0,9,4),(43,9889,10000,0,9,4),(43,9892,10000,0,9,4),(43,9893,10000,0,9,4),(43,9894,10000,0,9,4),(43,9895,10000,0,9,4),(43,9896,10000,0,9,4),(43,9899,10000,0,9,4),(43,9900,10000,0,9,4),(43,9901,10000,0,9,4),(43,9902,10000,0,9,4),(43,9903,10000,0,9,4),(43,9904,10000,0,9,4),(43,9905,10000,0,9,4),(43,9906,10000,0,9,4),(43,9907,10000,0,9,4),(43,9908,10000,0,9,4),(43,9909,10000,0,9,4),(43,9910,10000,0,9,4),(43,9911,10000,0,9,4),(43,9912,10000,0,9,4),(43,9913,10000,0,9,4),(43,9914,10000,0,9,4),(43,9919,10000,0,9,4),(43,9924,10000,0,9,4),(43,9929,10000,0,9,4),(43,9934,10000,0,9,4),(43,9935,10000,0,9,4),(43,9944,10000,0,9,4),(43,9947,10000,0,9,4),(43,9954,10000,0,9,4),(43,9955,10000,0,9,4),(43,9965,10000,0,9,4),(43,9975,10000,0,9,4),(43,9980,10000,0,9,4),(43,9987,10000,0,9,4),(43,9997,10000,0,9,4),(43,10002,10000,0,9,4),(43,10009,10000,0,9,4),(43,10016,10000,0,9,4),(43,10023,10000,0,9,4),(43,10032,10000,0,9,4),(43,10033,10000,0,9,4),(43,10040,10000,0,9,4),(43,10047,10000,0,9,4),(43,10051,10000,0,9,4),(43,10058,10000,0,9,4),(43,10063,10000,0,9,4),(43,10068,10000,0,9,4),(43,10072,10000,0,9,4),(43,10076,10000,0,9,4),(43,10080,10000,0,9,4),(43,10084,10000,0,9,4),(43,10088,10000,0,9,4),(43,10092,10000,0,9,4),(43,10097,10000,0,9,4),(43,10101,10000,0,9,4),(43,10109,10000,0,9,4),(43,10113,10000,0,9,4),(43,10119,10000,0,9,4),(43,10123,10000,0,9,4),(43,10126,10000,0,9,4),(43,10130,10000,0,9,4),(43,10134,10000,0,9,4),(43,10137,10000,0,9,4),(43,10141,10000,0,9,4),(43,10145,10000,0,9,4),(43,10149,10000,0,9,4),(43,10150,10000,0,9,4),(43,10151,10000,0,9,4),(43,10152,10000,0,9,4),(43,10155,10000,0,9,4),(43,10159,10000,0,9,4),(43,10162,10000,0,9,4),(43,10165,10000,0,9,4),(43,10168,10000,0,9,4),(43,10171,10000,0,9,4),(43,10175,10000,0,9,4),(43,10178,10000,0,9,4),(43,10183,10000,0,9,4),(43,10186,10000,0,9,4),(43,10189,10000,0,9,4),(43,10192,10000,0,9,4),(43,10195,10000,0,9,4),(43,10209,10000,0,9,4),(43,10210,10000,0,9,4),(43,10211,10000,0,9,4),(43,10212,10000,0,9,4),(43,10213,10000,0,9,4),(43,10214,10000,0,9,4),(43,10215,10000,0,9,4),(43,10216,10000,0,9,4),(43,10217,10000,0,9,4),(43,10218,10000,0,9,4),(43,10219,10000,0,9,4),(43,10220,10000,0,9,4),(43,10221,10000,0,9,4),(43,10222,10000,0,9,4),(43,10223,10000,0,9,4),(43,10224,10000,0,9,4),(43,10225,10000,0,9,4),(43,10226,10000,0,9,4),(43,10227,10000,0,9,4),(43,10228,10000,0,9,4),(43,10229,10000,0,9,4),(43,10230,10000,0,9,4),(43,10231,10000,0,9,4),(43,10232,10000,0,9,4),(43,10233,10000,0,9,4),(43,10234,10000,0,9,4),(43,10235,10000,0,9,4),(43,10236,10000,0,9,4),(43,10237,10000,0,9,4),(43,10238,10000,0,9,4),(43,10239,10000,0,9,4),(43,10241,10000,0,9,4),(43,10242,10000,0,9,4),(43,10243,10000,0,9,4),(43,10244,10000,0,9,4),(43,10245,10000,0,9,4),(43,10246,10000,0,9,4),(43,10247,10000,0,9,4),(43,10248,10000,0,9,4),(43,10249,10000,0,9,4),(43,10250,10000,0,9,4),(43,10254,10000,0,9,4),(43,10255,10000,0,9,4),(43,10256,10000,0,9,4),(43,10264,10000,0,9,4),(43,10272,10000,0,9,4),(43,10275,10000,0,9,4),(43,10276,10000,0,9,4),(43,10277,10000,0,9,4),(43,10278,10000,0,9,4),(43,10279,10000,0,9,4),(43,10280,10000,0,9,4),(43,10281,10000,0,9,4),(43,10282,10000,0,9,4),(43,10283,10000,0,9,4),(43,10284,10000,0,9,4),(43,10285,10000,0,9,4),(43,10286,10000,0,9,4),(43,10287,10000,0,9,4),(43,10288,10000,0,9,4),(43,10289,10000,0,9,4),(43,10290,10000,0,9,4),(43,10291,10000,0,9,4),(43,10292,10000,0,9,4),(43,10293,10000,0,9,4),(43,10294,10000,0,9,4),(43,10295,10000,0,9,4),(43,10296,10000,0,9,4),(43,10297,10000,0,9,4),(43,10298,10000,0,9,4),(43,10299,10000,0,9,4),(43,10300,10000,0,9,4),(43,10301,10000,0,9,4),(43,10302,10000,0,9,4),(43,10303,10000,0,9,4),(43,10304,10000,0,9,4),(43,10305,10000,0,9,4),(43,10306,10000,0,9,4),(43,10307,10000,0,9,4),(43,10308,10000,0,9,4),(43,10309,10000,0,9,4),(43,10310,10000,0,9,4),(43,10311,10000,0,9,4),(43,10312,10000,0,9,4),(43,10313,10000,0,9,4),(43,10314,10000,0,9,4),(43,10315,10000,0,9,4),(43,10316,10000,0,9,4),(43,10317,10000,0,9,4),(43,10318,10000,0,9,4),(43,10319,10000,0,9,4),(43,10320,10000,0,9,4),(43,10321,10000,0,9,4),(43,10322,10000,0,9,4),(43,10323,10000,0,9,4),(43,10324,10000,0,9,4),(43,10325,10000,0,9,4),(43,10326,10000,0,9,4),(43,10327,10000,0,9,4),(43,10328,10000,0,9,4),(43,10329,10000,0,9,4),(43,10330,10000,0,9,4),(43,10331,10000,0,9,4),(43,10332,10000,0,9,4),(43,10333,10000,0,9,4),(43,10334,10000,0,9,4),(43,10335,10000,0,9,4),(43,10336,10000,0,9,4),(43,10337,10000,0,9,4),(43,10338,10000,0,9,4),(43,10339,10000,0,9,4),(43,10340,10000,0,9,4),(43,10341,10000,0,9,4),(43,10342,10000,0,9,4),(43,10343,10000,0,9,4),(43,10344,10000,0,9,4),(43,10345,10000,0,9,4),(43,10346,10000,0,9,4),(43,10347,10000,0,9,4),(43,10348,10000,0,9,4),(43,10349,10000,0,9,4),(43,10350,10000,0,9,4),(43,10354,10000,0,9,4),(43,10358,10000,0,9,4),(43,10362,10000,0,9,4),(43,10366,10000,0,9,4),(43,10370,10000,0,9,4),(43,10374,10000,0,9,4),(43,10375,10000,0,9,4),(43,10376,10000,0,9,4),(43,10377,10000,0,9,4),(43,10378,10000,0,9,4),(43,10379,10000,0,9,4),(43,10380,10000,0,9,4),(43,10381,10000,0,9,4),(43,10382,10000,0,9,4),(43,10383,10000,0,9,4),(43,10384,10000,0,9,4),(43,10389,10000,0,9,4),(43,10390,10000,0,9,4),(43,10392,10000,0,9,4),(43,10395,10000,0,9,4),(43,10398,10000,0,9,4),(43,10401,10000,0,9,4),(43,10404,10000,0,9,4),(43,10407,10000,0,9,4),(43,10410,10000,0,9,4),(43,10413,10000,0,9,4),(43,10414,10000,0,9,4),(43,10415,10000,0,9,4),(43,10416,10000,0,9,4),(43,10420,10000,0,9,4),(43,10421,10000,0,9,4),(43,10422,10000,0,9,4),(43,10433,10000,0,9,4),(43,10434,10000,0,9,4),(43,10435,10000,0,9,4),(43,10463,10000,0,9,4),(43,10478,10000,0,9,4),(43,5193,0,1,9,4),(43,5194,0,1,9,4),(43,10391,0,1,9,4),(43,10424,0,1,9,4),(43,10425,0,1,9,4),(43,10436,0,1,9,4),(43,10437,0,1,9,4),(43,10452,0,1,9,4),(43,10453,0,1,9,4),(43,10454,0,1,9,4),(44,4330,10000,0,9,4),(44,4465,10000,0,9,4),(44,4466,10000,0,9,4),(44,4467,10000,0,9,4),(44,4468,10000,0,9,4),(44,4469,10000,0,9,4),(44,4495,10000,0,9,4),(44,4496,10000,0,9,4),(44,4497,10000,0,9,4),(44,4499,10000,0,9,4),(44,4500,10000,0,9,4),(44,4501,10000,0,9,4),(44,4502,10000,0,9,4),(44,4503,10000,0,9,4),(44,4517,10000,0,9,4),(44,4518,10000,0,9,4),(44,4521,10000,0,9,4),(44,4526,10000,0,9,4),(44,4527,10000,0,9,4),(44,4528,10000,0,9,4),(44,4529,10000,0,9,4),(44,4530,10000,0,9,4),(44,4531,10000,0,9,4),(44,4532,10000,0,9,4),(44,4533,10000,0,9,4),(44,4534,10000,0,9,4),(44,4535,10000,0,9,4),(44,4539,10000,0,9,4),(44,4540,10000,0,9,4),(44,4541,10000,0,9,4),(44,4556,10000,0,9,4),(44,4558,10000,0,9,4),(44,4559,10000,0,9,4),(44,4560,10000,0,9,4),(44,4564,10000,0,9,4),(44,4581,10000,0,9,4),(44,4583,10000,0,9,4),(44,4584,10000,0,9,4),(44,4585,10000,0,9,4),(44,4586,10000,0,9,4),(44,4587,10000,0,9,4),(44,4588,10000,0,9,4),(44,4589,10000,0,9,4),(44,4590,10000,0,9,4),(44,4591,10000,0,9,4),(44,4592,10000,0,9,4),(44,4593,10000,0,9,4),(44,4594,10000,0,9,4),(44,4595,10000,0,9,4),(44,4596,10000,0,9,4),(44,4597,10000,0,9,4),(44,4598,10000,0,9,4),(44,4599,10000,0,9,4),(44,4600,10000,0,9,4),(44,4601,10000,0,9,4),(44,4602,10000,0,9,4),(44,9388,10000,0,9,4),(44,9392,10000,0,9,4),(44,9397,10000,0,9,4),(44,9398,10000,0,9,4),(44,9405,10000,0,9,4),(44,9412,10000,0,9,4),(44,9417,10000,0,9,4),(44,9425,10000,0,9,4),(44,9428,10000,0,9,4),(44,9429,10000,0,9,4),(44,9430,10000,0,9,4),(44,9439,10000,0,9,4),(44,9442,10000,0,9,4),(44,9445,10000,0,9,4),(44,9449,10000,0,9,4),(44,9451,10000,0,9,4),(44,9455,10000,0,9,4),(44,9457,10000,0,9,4),(44,9459,10000,0,9,4),(44,9460,10000,0,9,4),(44,9461,10000,0,9,4),(44,9464,10000,0,9,4),(44,9465,10000,0,9,4),(44,9466,10000,0,9,4),(44,9467,10000,0,9,4),(44,9468,10000,0,9,4),(44,9471,10000,0,9,4),(44,9472,10000,0,9,4),(44,9473,10000,0,9,4),(44,9474,10000,0,9,4),(44,9475,10000,0,9,4),(44,9476,10000,0,9,4),(44,9479,10000,0,9,4),(44,9482,10000,0,9,4),(44,9483,10000,0,9,4),(44,9484,10000,0,9,4),(44,9485,10000,0,9,4),(44,9486,10000,0,9,4),(44,9487,10000,0,9,4),(44,9488,10000,0,9,4),(44,9489,10000,0,9,4),(44,9490,10000,0,9,4),(44,9491,10000,0,9,4),(44,9492,10000,0,9,4),(44,9493,10000,0,9,4),(44,9494,10000,0,9,4),(44,9495,10000,0,9,4),(44,9496,10000,0,9,4),(44,9497,10000,0,9,4),(44,9498,10000,0,9,4),(44,9499,10000,0,9,4),(44,9528,10000,0,9,4),(44,9529,10000,0,9,4),(44,9530,10000,0,9,4),(44,9531,10000,0,9,4),(44,9532,10000,0,9,4),(44,9533,10000,0,9,4),(44,9534,10000,0,9,4),(44,9535,10000,0,9,4),(44,9536,10000,0,9,4),(44,9537,10000,0,9,4),(44,9538,10000,0,9,4),(44,9539,10000,0,9,4),(44,9540,10000,0,9,4),(44,9541,10000,0,9,4),(44,9542,10000,0,9,4),(44,9543,10000,0,9,4),(44,9544,10000,0,9,4),(44,9545,10000,0,9,4),(44,9546,10000,0,9,4),(44,9547,10000,0,9,4),(44,9548,10000,0,9,4),(44,9549,10000,0,9,4),(44,9550,10000,0,9,4),(44,9551,10000,0,9,4),(44,9552,10000,0,9,4),(44,9553,10000,0,9,4),(44,9554,10000,0,9,4),(44,9555,10000,0,9,4),(44,9556,10000,0,9,4),(44,9557,10000,0,9,4),(44,9558,10000,0,9,4),(44,9559,10000,0,9,4),(44,9560,10000,0,9,4),(44,9561,10000,0,9,4),(44,9562,10000,0,9,4),(44,9563,10000,0,9,4),(44,9564,10000,0,9,4),(44,9565,10000,0,9,4),(44,9566,10000,0,9,4),(44,9567,10000,0,9,4),(44,9568,10000,0,9,4),(44,9569,10000,0,9,4),(44,9570,10000,0,9,4),(44,9571,10000,0,9,4),(44,9572,10000,0,9,4),(44,9573,10000,0,9,4),(44,9574,10000,0,9,4),(44,9575,10000,0,9,4),(44,9576,10000,0,9,4),(44,9577,10000,0,9,4),(44,9578,10000,0,9,4),(44,9579,10000,0,9,4),(44,9580,10000,0,9,4),(44,9581,10000,0,9,4),(44,9582,10000,0,9,4),(44,9583,10000,0,9,4),(44,9584,10000,0,9,4),(44,9585,10000,0,9,4),(44,9586,10000,0,9,4),(44,9587,10000,0,9,4),(44,9588,10000,0,9,4),(44,9589,10000,0,9,4),(44,9590,10000,0,9,4),(44,9591,10000,0,9,4),(44,9592,10000,0,9,4),(44,9593,10000,0,9,4),(44,9594,10000,0,9,4),(44,9595,10000,0,9,4),(44,9596,10000,0,9,4),(44,9597,10000,0,9,4),(44,9598,10000,0,9,4),(44,9599,10000,0,9,4),(44,9600,10000,0,9,4),(44,9601,10000,0,9,4),(44,9602,10000,0,9,4),(44,9603,10000,0,9,4),(44,9604,10000,0,9,4),(44,9605,10000,0,9,4),(44,9606,10000,0,9,4),(44,9607,10000,0,9,4),(44,9608,10000,0,9,4),(44,9609,10000,0,9,4),(44,9610,10000,0,9,4),(44,9611,10000,0,9,4),(44,9612,10000,0,9,4),(44,9613,10000,0,9,4),(44,9614,10000,0,9,4),(44,9615,10000,0,9,4),(44,9616,10000,0,9,4),(44,9617,10000,0,9,4),(44,9618,10000,0,9,4),(44,9619,10000,0,9,4),(44,9620,10000,0,9,4),(44,9621,10000,0,9,4),(44,9622,10000,0,9,4),(44,9623,10000,0,9,4),(44,9624,10000,0,9,4),(44,9625,10000,0,9,4),(44,9626,10000,0,9,4),(44,9627,10000,0,9,4),(44,9628,10000,0,9,4),(44,9629,10000,0,9,4),(44,9630,10000,0,9,4),(44,9631,10000,0,9,4),(44,9632,10000,0,9,4),(44,9633,10000,0,9,4),(44,9634,10000,0,9,4),(44,9635,10000,0,9,4),(44,9636,10000,0,9,4),(44,9637,10000,0,9,4),(44,9638,10000,0,9,4),(44,9639,10000,0,9,4),(44,9640,10000,0,9,4),(44,9641,10000,0,9,4),(44,9642,10000,0,9,4),(44,9643,10000,0,9,4),(44,9644,10000,0,9,4),(44,9645,10000,0,9,4),(44,9646,10000,0,9,4),(44,9647,10000,0,9,4),(44,9648,10000,0,9,4),(44,9649,10000,0,9,4),(44,9650,10000,0,9,4),(44,9651,10000,0,9,4),(44,9652,10000,0,9,4),(44,9653,10000,0,9,4),(44,9654,10000,0,9,4),(44,9655,10000,0,9,4),(44,9656,10000,0,9,4),(44,9657,10000,0,9,4),(44,9658,10000,0,9,4),(44,9659,10000,0,9,4),(44,9660,10000,0,9,4),(44,9661,10000,0,9,4),(44,9662,10000,0,9,4),(44,9663,10000,0,9,4),(44,9664,10000,0,9,4),(44,9665,10000,0,9,4),(44,9666,10000,0,9,4),(44,9667,10000,0,9,4),(44,9668,10000,0,9,4),(44,9669,10000,0,9,4),(44,9670,10000,0,9,4),(44,9671,10000,0,9,4),(44,9672,10000,0,9,4),(44,9673,10000,0,9,4),(44,9674,10000,0,9,4),(44,9675,10000,0,9,4),(44,9676,10000,0,9,4),(44,9677,10000,0,9,4),(44,9678,10000,0,9,4),(44,9679,10000,0,9,4),(44,9680,10000,0,9,4),(44,9681,10000,0,9,4),(44,9682,10000,0,9,4),(44,9683,10000,0,9,4),(44,9684,10000,0,9,4),(44,9685,10000,0,9,4),(44,9686,10000,0,9,4),(44,9687,10000,0,9,4),(44,9688,10000,0,9,4),(44,9689,10000,0,9,4),(44,9690,10000,0,9,4),(44,9691,10000,0,9,4),(44,9692,10000,0,9,4),(44,9693,10000,0,9,4),(44,9694,10000,0,9,4),(44,9695,10000,0,9,4),(44,9696,10000,0,9,4),(44,9697,10000,0,9,4),(44,9698,10000,0,9,4),(44,9699,10000,0,9,4),(44,9700,10000,0,9,4),(44,9701,10000,0,9,4),(44,9702,10000,0,9,4),(44,9703,10000,0,9,4),(44,9704,10000,0,9,4),(44,9705,10000,0,9,4),(44,9706,10000,0,9,4),(44,9707,10000,0,9,4),(44,9708,10000,0,9,4),(44,9709,10000,0,9,4),(44,9710,10000,0,9,4),(44,9711,10000,0,9,4),(44,9712,10000,0,9,4),(44,9713,10000,0,9,4),(44,9714,10000,0,9,4),(44,9715,10000,0,9,4),(44,9716,10000,0,9,4),(44,9717,10000,0,9,4),(44,9718,10000,0,9,4),(44,9719,10000,0,9,4),(44,9720,10000,0,9,4),(44,9721,10000,0,9,4),(44,9722,10000,0,9,4),(44,9723,10000,0,9,4),(44,9724,10000,0,9,4),(44,9725,10000,0,9,4),(44,9726,10000,0,9,4),(44,9727,10000,0,9,4),(44,9728,10000,0,9,4),(44,9729,10000,0,9,4),(44,9730,10000,0,9,4),(44,9731,10000,0,9,4),(44,9732,10000,0,9,4),(44,9733,10000,0,9,4),(44,9734,10000,0,9,4),(44,9735,10000,0,9,4),(44,9736,10000,0,9,4),(44,9737,10000,0,9,4),(44,9738,10000,0,9,4),(44,9739,10000,0,9,4),(44,9740,10000,0,9,4),(44,9741,10000,0,9,4),(44,9742,10000,0,9,4),(44,9743,10000,0,9,4),(44,9744,10000,0,9,4),(44,9745,10000,0,9,4),(44,9746,10000,0,9,4),(44,9747,10000,0,9,4),(44,9748,10000,0,9,4),(44,9749,10000,0,9,4),(44,9750,10000,0,9,4),(44,9751,10000,0,9,4),(44,9752,10000,0,9,4),(44,9753,10000,0,9,4),(44,9754,10000,0,9,4),(44,9755,10000,0,9,4),(44,9756,10000,0,9,4),(44,9757,10000,0,9,4),(44,9758,10000,0,9,4),(44,9759,10000,0,9,4),(44,9760,10000,0,9,4),(44,9761,10000,0,9,4),(44,9762,10000,0,9,4),(44,9763,10000,0,9,4),(44,9764,10000,0,9,4),(44,9765,10000,0,9,4),(44,9770,10000,0,9,4),(44,9773,10000,0,9,4),(44,9782,10000,0,9,4),(44,9785,10000,0,9,4),(44,9788,10000,0,9,4),(44,9789,10000,0,9,4),(44,9794,10000,0,9,4),(44,9795,10000,0,9,4),(44,9808,10000,0,9,4),(44,9813,10000,0,9,4),(44,9816,10000,0,9,4),(44,9820,10000,0,9,4),(44,9825,10000,0,9,4),(44,9826,10000,0,9,4),(44,9833,10000,0,9,4),(44,9834,10000,0,9,4),(44,9835,10000,0,9,4),(44,9836,10000,0,9,4),(44,9837,10000,0,9,4),(44,9838,10000,0,9,4),(44,9839,10000,0,9,4),(44,9840,10000,0,9,4),(44,9841,10000,0,9,4),(44,9842,10000,0,9,4),(44,9843,10000,0,9,4),(44,9844,10000,0,9,4),(44,9845,10000,0,9,4),(44,9846,10000,0,9,4),(44,9847,10000,0,9,4),(44,9848,10000,0,9,4),(44,9849,10000,0,9,4),(44,9850,10000,0,9,4),(44,9851,10000,0,9,4),(44,9852,10000,0,9,4),(44,9853,10000,0,9,4),(44,9854,10000,0,9,4),(44,9855,10000,0,9,4),(44,9856,10000,0,9,4),(44,9857,10000,0,9,4),(44,9858,10000,0,9,4),(44,9859,10000,0,9,4),(44,9860,10000,0,9,4),(44,9861,10000,0,9,4),(44,9862,10000,0,9,4),(44,9863,10000,0,9,4),(44,9864,10000,0,9,4),(44,9865,10000,0,9,4),(44,9866,10000,0,9,4),(44,9867,10000,0,9,4),(44,9868,10000,0,9,4),(44,9869,10000,0,9,4),(44,9872,10000,0,9,4),(44,9873,10000,0,9,4),(44,9874,10000,0,9,4),(44,9875,10000,0,9,4),(44,9876,10000,0,9,4),(44,9877,10000,0,9,4),(44,9878,10000,0,9,4),(44,9879,10000,0,9,4),(44,9880,10000,0,9,4),(44,9881,10000,0,9,4),(44,9882,10000,0,9,4),(44,9884,10000,0,9,4),(44,9885,10000,0,9,4),(44,9886,10000,0,9,4),(44,9887,10000,0,9,4),(44,9888,10000,0,9,4),(44,9889,10000,0,9,4),(44,9892,10000,0,9,4),(44,9893,10000,0,9,4),(44,9894,10000,0,9,4),(44,9895,10000,0,9,4),(44,9896,10000,0,9,4),(44,9899,10000,0,9,4),(44,9900,10000,0,9,4),(44,9901,10000,0,9,4),(44,9902,10000,0,9,4),(44,9903,10000,0,9,4),(44,9904,10000,0,9,4),(44,9905,10000,0,9,4),(44,9906,10000,0,9,4),(44,9907,10000,0,9,4),(44,9908,10000,0,9,4),(44,9909,10000,0,9,4),(44,9910,10000,0,9,4),(44,9911,10000,0,9,4),(44,9912,10000,0,9,4),(44,9913,10000,0,9,4),(44,9914,10000,0,9,4),(44,9919,10000,0,9,4),(44,9924,10000,0,9,4),(44,9929,10000,0,9,4),(44,9934,10000,0,9,4),(44,9935,10000,0,9,4),(44,9944,10000,0,9,4),(44,9947,10000,0,9,4),(44,9954,10000,0,9,4),(44,9955,10000,0,9,4),(44,9965,10000,0,9,4),(44,9975,10000,0,9,4),(44,9980,10000,0,9,4),(44,9987,10000,0,9,4),(44,9997,10000,0,9,4),(44,10002,10000,0,9,4),(44,10009,10000,0,9,4),(44,10016,10000,0,9,4),(44,10023,10000,0,9,4),(44,10032,10000,0,9,4),(44,10033,10000,0,9,4),(44,10040,10000,0,9,4),(44,10047,10000,0,9,4),(44,10051,10000,0,9,4),(44,10058,10000,0,9,4),(44,10063,10000,0,9,4),(44,10068,10000,0,9,4),(44,10072,10000,0,9,4),(44,10076,10000,0,9,4),(44,10080,10000,0,9,4),(44,10084,10000,0,9,4),(44,10088,10000,0,9,4),(44,10092,10000,0,9,4),(44,10097,10000,0,9,4),(44,10101,10000,0,9,4),(44,10109,10000,0,9,4),(44,10113,10000,0,9,4),(44,10119,10000,0,9,4),(44,10123,10000,0,9,4),(44,10126,10000,0,9,4),(44,10130,10000,0,9,4),(44,10134,10000,0,9,4),(44,10137,10000,0,9,4),(44,10141,10000,0,9,4),(44,10145,10000,0,9,4),(44,10149,10000,0,9,4),(44,10150,10000,0,9,4),(44,10151,10000,0,9,4),(44,10152,10000,0,9,4),(44,10155,10000,0,9,4),(44,10159,10000,0,9,4),(44,10162,10000,0,9,4),(44,10165,10000,0,9,4),(44,10168,10000,0,9,4),(44,10171,10000,0,9,4),(44,10175,10000,0,9,4),(44,10178,10000,0,9,4),(44,10183,10000,0,9,4),(44,10186,10000,0,9,4),(44,10189,10000,0,9,4),(44,10192,10000,0,9,4),(44,10195,10000,0,9,4),(44,10209,10000,0,9,4),(44,10210,10000,0,9,4),(44,10211,10000,0,9,4),(44,10212,10000,0,9,4),(44,10213,10000,0,9,4),(44,10214,10000,0,9,4),(44,10215,10000,0,9,4),(44,10216,10000,0,9,4),(44,10217,10000,0,9,4),(44,10218,10000,0,9,4),(44,10219,10000,0,9,4),(44,10220,10000,0,9,4),(44,10221,10000,0,9,4),(44,10222,10000,0,9,4),(44,10223,10000,0,9,4),(44,10224,10000,0,9,4),(44,10225,10000,0,9,4),(44,10226,10000,0,9,4),(44,10227,10000,0,9,4),(44,10228,10000,0,9,4),(44,10229,10000,0,9,4),(44,10230,10000,0,9,4),(44,10231,10000,0,9,4),(44,10232,10000,0,9,4),(44,10233,10000,0,9,4),(44,10234,10000,0,9,4),(44,10235,10000,0,9,4),(44,10236,10000,0,9,4),(44,10237,10000,0,9,4),(44,10238,10000,0,9,4),(44,10239,10000,0,9,4),(44,10241,10000,0,9,4),(44,10242,10000,0,9,4),(44,10243,10000,0,9,4),(44,10244,10000,0,9,4),(44,10245,10000,0,9,4),(44,10246,10000,0,9,4),(44,10247,10000,0,9,4),(44,10248,10000,0,9,4),(44,10249,10000,0,9,4),(44,10250,10000,0,9,4),(44,10254,10000,0,9,4),(44,10255,10000,0,9,4),(44,10256,10000,0,9,4),(44,10264,10000,0,9,4),(44,10272,10000,0,9,4),(44,10275,10000,0,9,4),(44,10276,10000,0,9,4),(44,10277,10000,0,9,4),(44,10278,10000,0,9,4),(44,10279,10000,0,9,4),(44,10280,10000,0,9,4),(44,10281,10000,0,9,4),(44,10282,10000,0,9,4),(44,10283,10000,0,9,4),(44,10284,10000,0,9,4),(44,10285,10000,0,9,4),(44,10286,10000,0,9,4),(44,10287,10000,0,9,4),(44,10288,10000,0,9,4),(44,10289,10000,0,9,4),(44,10290,10000,0,9,4),(44,10291,10000,0,9,4),(44,10292,10000,0,9,4),(44,10293,10000,0,9,4),(44,10294,10000,0,9,4),(44,10295,10000,0,9,4),(44,10296,10000,0,9,4),(44,10297,10000,0,9,4),(44,10298,10000,0,9,4),(44,10299,10000,0,9,4),(44,10300,10000,0,9,4),(44,10301,10000,0,9,4),(44,10302,10000,0,9,4),(44,10303,10000,0,9,4),(44,10304,10000,0,9,4),(44,10305,10000,0,9,4),(44,10306,10000,0,9,4),(44,10307,10000,0,9,4),(44,10308,10000,0,9,4),(44,10309,10000,0,9,4),(44,10310,10000,0,9,4),(44,10311,10000,0,9,4),(44,10312,10000,0,9,4),(44,10313,10000,0,9,4),(44,10314,10000,0,9,4),(44,10315,10000,0,9,4),(44,10316,10000,0,9,4),(44,10317,10000,0,9,4),(44,10318,10000,0,9,4),(44,10319,10000,0,9,4),(44,10320,10000,0,9,4),(44,10321,10000,0,9,4),(44,10322,10000,0,9,4),(44,10323,10000,0,9,4),(44,10324,10000,0,9,4),(44,10325,10000,0,9,4),(44,10326,10000,0,9,4),(44,10327,10000,0,9,4),(44,10328,10000,0,9,4),(44,10329,10000,0,9,4),(44,10330,10000,0,9,4),(44,10331,10000,0,9,4),(44,10332,10000,0,9,4),(44,10333,10000,0,9,4),(44,10334,10000,0,9,4),(44,10335,10000,0,9,4),(44,10336,10000,0,9,4),(44,10337,10000,0,9,4),(44,10338,10000,0,9,4),(44,10339,10000,0,9,4),(44,10340,10000,0,9,4),(44,10341,10000,0,9,4),(44,10342,10000,0,9,4),(44,10343,10000,0,9,4),(44,10344,10000,0,9,4),(44,10345,10000,0,9,4),(44,10346,10000,0,9,4),(44,10347,10000,0,9,4),(44,10348,10000,0,9,4),(44,10349,10000,0,9,4),(44,10350,10000,0,9,4),(44,10354,10000,0,9,4),(44,10358,10000,0,9,4),(44,10362,10000,0,9,4),(44,10366,10000,0,9,4),(44,10370,10000,0,9,4),(44,10374,10000,0,9,4),(44,10375,10000,0,9,4),(44,10376,10000,0,9,4),(44,10377,10000,0,9,4),(44,10378,10000,0,9,4),(44,10379,10000,0,9,4),(44,10380,10000,0,9,4),(44,10381,10000,0,9,4),(44,10382,10000,0,9,4),(44,10383,10000,0,9,4),(44,10384,10000,0,9,4),(44,10389,10000,0,9,4),(44,10390,10000,0,9,4),(44,10392,10000,0,9,4),(44,10395,10000,0,9,4),(44,10398,10000,0,9,4),(44,10401,10000,0,9,4),(44,10404,10000,0,9,4),(44,10407,10000,0,9,4),(44,10410,10000,0,9,4),(44,10413,10000,0,9,4),(44,10414,10000,0,9,4),(44,10415,10000,0,9,4),(44,10416,10000,0,9,4),(44,10463,10000,0,9,4),(44,10478,10000,0,9,4),(45,10420,10000,0,9,4),(45,10421,10000,0,9,4),(45,10422,10000,0,9,4),(45,36,0,1,9,4),(45,37,0,1,9,4),(45,38,0,1,9,4),(45,39,0,1,9,4),(45,40,0,1,9,4),(45,5193,0,1,9,4),(45,5194,0,1,9,4),(45,10391,0,1,9,4),(45,10424,0,1,9,4),(45,10425,0,1,9,4),(45,10436,0,1,9,4),(45,10437,0,1,9,4),(45,10452,0,1,9,4),(45,10453,0,1,9,4),(45,10454,0,1,9,4),(51,9893,0,1,9,4),(51,9894,0,1,9,4),(51,9895,0,1,9,4),(51,9896,0,1,9,4),(56,9482,10000,0,9,4),(56,9483,10000,0,9,4),(56,9484,10000,0,9,4),(56,9485,10000,0,9,4),(56,9486,10000,0,9,4),(56,9487,10000,0,9,4),(56,9488,10000,0,9,4),(56,9489,10000,0,9,4),(56,9490,10000,0,9,4),(56,9491,10000,0,9,4),(56,9492,10000,0,9,4),(56,9493,10000,0,9,4),(56,9885,10000,0,9,4),(56,9886,10000,0,9,4),(56,9887,10000,0,9,4),(56,10463,10000,0,9,4),(57,36,0,1,9,4),(57,37,0,1,9,4),(57,38,0,1,9,4),(57,39,0,1,9,4),(57,40,0,1,9,4),(57,5193,0,1,9,4),(57,5194,0,1,9,4),(57,10391,0,1,9,4),(57,10424,0,1,9,4),(57,10425,0,1,9,4),(57,10436,0,1,9,4),(57,10437,0,1,9,4),(57,10452,0,1,9,4),(57,10453,0,1,9,4),(57,10454,0,1,9,4),(60,36,0,1,9,4),(60,37,1,1,9,4),(60,38,2,1,9,4),(60,39,3,1,9,4),(60,40,4,1,9,4),(61,5193,0,1,9,4),(61,10391,0,1,9,4),(61,10452,0,1,9,4),(61,10453,0,1,9,4),(61,10454,0,1,9,4),(62,5194,0,1,9,4),(62,10424,0,1,9,4),(62,10425,0,1,9,4),(62,10436,0,1,9,4),(62,10437,0,1,9,4),(64,4330,10000,0,9,4),(64,9494,10000,0,9,4),(64,9765,10000,0,9,4),(64,9770,10000,0,9,4),(64,9773,10000,0,9,4),(64,9782,10000,0,9,4),(64,9785,10000,0,9,4),(64,9788,10000,0,9,4),(64,9789,10000,0,9,4),(64,9794,10000,0,9,4),(64,9795,10000,0,9,4),(64,9808,10000,0,9,4),(64,9813,10000,0,9,4),(64,9816,10000,0,9,4),(64,9820,10000,0,9,4),(64,9825,10000,0,9,4),(64,9826,10000,0,9,4),(64,9833,10000,0,9,4),(64,9834,10000,0,9,4),(64,9835,10000,0,9,4),(64,9836,10000,0,9,4),(64,9837,10000,0,9,4),(64,9838,10000,0,9,4),(64,9839,10000,0,9,4),(64,9840,10000,0,9,4),(64,9841,10000,0,9,4),(64,9842,10000,0,9,4),(64,9843,10000,0,9,4),(64,9844,10000,0,9,4),(64,9845,10000,0,9,4),(64,9846,10000,0,9,4),(64,9847,10000,0,9,4),(64,9848,10000,0,9,4),(64,9849,10000,0,9,4),(64,9850,10000,0,9,4),(64,9851,10000,0,9,4),(64,9852,10000,0,9,4),(64,9853,10000,0,9,4),(64,9854,10000,0,9,4),(64,9855,10000,0,9,4),(64,9856,10000,0,9,4),(64,9857,10000,0,9,4),(64,9858,10000,0,9,4),(64,9859,10000,0,9,4),(64,9860,10000,0,9,4),(64,9861,10000,0,9,4),(64,9862,10000,0,9,4),(64,9863,10000,0,9,4),(64,9864,10000,0,9,4),(64,9865,10000,0,9,4),(64,9866,10000,0,9,4),(64,9867,10000,0,9,4),(64,9868,10000,0,9,4),(64,9888,10000,0,9,4),(64,10237,10000,0,9,4),(64,10238,10000,0,9,4),(64,10242,10000,0,9,4),(64,10243,10000,0,9,4),(64,10244,10000,0,9,4),(64,10245,10000,0,9,4),(64,10246,10000,0,9,4),(64,10247,10000,0,9,4),(64,10248,10000,0,9,4),(64,10249,10000,0,9,4),(64,10254,10000,0,9,4),(64,10255,10000,0,9,4),(64,10392,10000,0,9,4),(64,10395,10000,0,9,4),(64,10398,10000,0,9,4),(64,10401,10000,0,9,4),(64,10404,10000,0,9,4),(64,10407,10000,0,9,4),(64,10410,10000,0,9,4),(64,10413,10000,0,9,4),(64,10414,10000,0,9,4),(64,10415,10000,0,9,4),(64,10416,10000,0,9,4),(73,9679,0,1,9,4),(73,9680,0,1,9,4),(73,9681,0,1,9,4),(73,9682,0,1,9,4),(73,9683,0,1,9,4),(73,9684,0,1,9,4),(73,9685,0,1,9,4),(73,9686,0,1,9,4),(73,9687,0,1,9,4),(74,9869,0,1,9,4),(74,9872,0,1,9,4),(74,9914,0,1,9,4),(74,9919,0,1,9,4),(74,9924,0,1,9,4),(74,9929,0,1,9,4),(74,9934,0,1,9,4),(74,9935,0,1,9,4),(74,9944,0,1,9,4),(74,9947,0,1,9,4),(74,9954,0,1,9,4),(74,9955,0,1,9,4),(74,9965,0,1,9,4),(74,9975,0,1,9,4),(74,9980,0,1,9,4),(74,9987,0,1,9,4),(74,9997,0,1,9,4),(74,10002,0,1,9,4),(74,10009,0,1,9,4),(74,10016,0,1,9,4),(74,10023,0,1,9,4),(74,10032,0,1,9,4),(74,10033,0,1,9,4),(74,10040,0,1,9,4),(74,10047,0,1,9,4),(74,10051,0,1,9,4),(74,10058,0,1,9,4),(74,10063,0,1,9,4),(74,10209,0,1,9,4),(74,10210,0,1,9,4),(74,10211,0,1,9,4),(74,10212,0,1,9,4),(74,10213,0,1,9,4),(74,10214,0,1,9,4),(74,10215,0,1,9,4),(74,10216,0,1,9,4),(74,10217,0,1,9,4),(74,10218,0,1,9,4),(74,10219,0,1,9,4),(74,10220,0,1,9,4),(74,10221,0,1,9,4),(74,10222,0,1,9,4),(74,10223,0,1,9,4),(74,10224,0,1,9,4),(74,10225,0,1,9,4),(74,10226,0,1,9,4),(74,10227,0,1,9,4),(74,10228,0,1,9,4),(74,10229,0,1,9,4),(74,10230,0,1,9,4),(74,10231,0,1,9,4),(74,10232,0,1,9,4),(74,10233,0,1,9,4),(74,10234,0,1,9,4),(74,10235,0,1,9,4),(74,10236,0,1,9,4),(74,10250,0,1,9,4),(75,9528,0,1,9,4),(75,9529,0,1,9,4),(75,9530,0,1,9,4),(75,9531,0,1,9,4),(75,9532,0,1,9,4),(75,9533,0,1,9,4),(75,9534,0,1,9,4),(75,9535,0,1,9,4),(75,9536,0,1,9,4),(75,9537,0,1,9,4),(75,9538,0,1,9,4),(75,9539,0,1,9,4),(75,9540,0,1,9,4),(75,9873,0,1,9,4),(75,9874,0,1,9,4),(75,9875,0,1,9,4),(75,9876,0,1,9,4),(75,9877,0,1,9,4),(76,9388,0,1,9,4),(76,9392,0,1,9,4),(76,9397,0,1,9,4),(76,9398,0,1,9,4),(76,9405,0,1,9,4),(76,9412,0,1,9,4),(76,9417,0,1,9,4),(76,9425,0,1,9,4),(76,9428,0,1,9,4),(76,9429,0,1,9,4),(76,9430,0,1,9,4),(76,9439,0,1,9,4),(76,9442,0,1,9,4),(76,9445,0,1,9,4),(76,9449,0,1,9,4),(76,9451,0,1,9,4),(76,9455,0,1,9,4),(76,9457,0,1,9,4),(76,9459,0,1,9,4),(76,9460,0,1,9,4),(76,9461,0,1,9,4),(76,9464,0,1,9,4),(76,9465,0,1,9,4),(76,9466,0,1,9,4),(76,9467,0,1,9,4),(76,9468,0,1,9,4),(76,9471,0,1,9,4),(76,9472,0,1,9,4),(76,9473,0,1,9,4),(76,9474,0,1,9,4),(76,9475,0,1,9,4),(76,9476,0,1,9,4),(76,9479,0,1,9,4),(76,9495,0,1,9,4),(76,9496,0,1,9,4),(76,9497,0,1,9,4),(76,9498,0,1,9,4),(76,9499,0,1,9,4),(76,9878,0,1,9,4),(76,9879,0,1,9,4),(76,9880,0,1,9,4),(76,9913,0,1,9,4),(77,9881,0,1,9,4),(77,9882,0,1,9,4),(77,9892,0,1,9,4),(77,10068,0,1,9,4),(77,10072,0,1,9,4),(77,10076,0,1,9,4),(77,10080,0,1,9,4),(77,10084,0,1,9,4),(77,10088,0,1,9,4),(77,10092,0,1,9,4),(77,10097,0,1,9,4),(77,10101,0,1,9,4),(77,10109,0,1,9,4),(77,10113,0,1,9,4),(77,10119,0,1,9,4),(77,10123,0,1,9,4),(77,10126,0,1,9,4),(77,10130,0,1,9,4),(77,10134,0,1,9,4),(77,10137,0,1,9,4),(77,10141,0,1,9,4),(77,10145,0,1,9,4),(77,10149,0,1,9,4),(77,10150,0,1,9,4),(77,10151,0,1,9,4),(77,10152,0,1,9,4),(77,10155,0,1,9,4),(77,10159,0,1,9,4),(77,10162,0,1,9,4),(77,10165,0,1,9,4),(77,10168,0,1,9,4),(77,10171,0,1,9,4),(77,10175,0,1,9,4),(77,10178,0,1,9,4),(77,10183,0,1,9,4),(77,10186,0,1,9,4),(77,10189,0,1,9,4),(77,10192,0,1,9,4),(77,10195,0,1,9,4),(77,10239,0,1,9,4),(77,10241,0,1,9,4),(77,10478,0,1,9,4),(79,9884,0,1,9,4),(79,9909,0,1,9,4),(79,9910,0,1,9,4),(81,9899,0,1,9,4),(82,9900,0,1,9,4),(82,9901,0,1,9,4),(82,9902,0,1,9,4),(82,9903,0,1,9,4),(82,9904,0,1,9,4),(83,9889,0,1,9,4),(83,9905,0,1,9,4),(83,9906,0,1,9,4),(83,9907,0,1,9,4),(84,9908,0,1,9,4),(85,9911,0,1,9,4),(85,9912,0,1,9,4),(92,9865,0,1,9,4),(92,9866,0,1,9,4),(92,9867,0,1,9,4),(92,9868,0,1,9,4),(92,10392,0,1,9,4),(92,10395,0,1,9,4),(92,10398,0,1,9,4),(92,10401,0,1,9,4),(92,10404,0,1,9,4),(92,10407,0,1,9,4),(92,10410,0,1,9,4),(92,10413,0,1,9,4),(92,10414,0,1,9,4),(92,10415,0,1,9,4),(92,10416,0,1,9,4),(93,9833,0,1,9,4),(93,9834,0,1,9,4),(93,9835,0,1,9,4),(93,9836,0,1,9,4),(94,9773,10000,0,9,4),(94,9782,10000,0,9,4),(94,9785,10000,0,9,4),(94,9788,10000,0,9,4),(94,9789,10000,0,9,4),(94,9794,10000,0,9,4),(94,9795,10000,0,9,4),(94,9808,10000,0,9,4),(94,9813,10000,0,9,4),(94,9816,10000,0,9,4),(94,9820,10000,0,9,4),(94,9825,10000,0,9,4),(94,9826,10000,0,9,4),(94,9837,10000,0,9,4),(94,9838,10000,0,9,4),(94,9839,10000,0,9,4),(94,9840,10000,0,9,4),(94,9841,10000,0,9,4),(94,9842,10000,0,9,4),(94,9843,10000,0,9,4),(94,9844,10000,0,9,4),(94,9845,10000,0,9,4),(94,9846,10000,0,9,4),(94,9847,10000,0,9,4),(94,9848,10000,0,9,4),(94,9849,10000,0,9,4),(94,10242,10000,0,9,4),(94,10243,10000,0,9,4),(94,10244,10000,0,9,4),(94,10245,10000,0,9,4),(94,10246,10000,0,9,4),(94,10247,10000,0,9,4),(94,10248,10000,0,9,4),(94,10249,10000,0,9,4),(94,10254,10000,0,9,4),(94,10255,10000,0,9,4),(95,9765,0,1,9,4),(95,9770,0,1,9,4),(95,10237,0,1,9,4),(96,4465,0,1,9,4),(96,4466,0,1,9,4),(96,4467,0,1,9,4),(96,4468,0,1,9,4),(96,4469,0,1,9,4),(96,4495,0,1,9,4),(96,4496,0,1,9,4),(96,4497,0,1,9,4),(96,4499,0,1,9,4),(96,4500,0,1,9,4),(96,4501,0,1,9,4),(96,4502,0,1,9,4),(96,4503,0,1,9,4),(96,4517,0,1,9,4),(96,4518,0,1,9,4),(96,4521,0,1,9,4),(96,4526,0,1,9,4),(96,4527,0,1,9,4),(96,4528,0,1,9,4),(96,4529,0,1,9,4),(96,4530,0,1,9,4),(96,4531,0,1,9,4),(96,4532,0,1,9,4),(96,4533,0,1,9,4),(96,4534,0,1,9,4),(96,4535,0,1,9,4),(96,4539,0,1,9,4),(96,4540,0,1,9,4),(96,4541,0,1,9,4),(96,4556,0,1,9,4),(96,4558,0,1,9,4),(96,4559,0,1,9,4),(96,4560,0,1,9,4),(96,4564,0,1,9,4),(96,4581,0,1,9,4),(96,4583,0,1,9,4),(96,4584,0,1,9,4),(96,4585,0,1,9,4),(96,4586,0,1,9,4),(96,4587,0,1,9,4),(96,4588,0,1,9,4),(96,4589,0,1,9,4),(96,4590,0,1,9,4),(96,4591,0,1,9,4),(96,4592,0,1,9,4),(96,4593,0,1,9,4),(96,4594,0,1,9,4),(96,4595,0,1,9,4),(96,4596,0,1,9,4),(96,4597,0,1,9,4),(96,4598,0,1,9,4),(96,4599,0,1,9,4),(96,4600,0,1,9,4),(96,4601,0,1,9,4),(96,4602,0,1,9,4),(96,9541,0,1,9,4),(96,9542,0,1,9,4),(96,9543,0,1,9,4),(96,9547,0,1,9,4),(96,9549,0,1,9,4),(96,9550,0,1,9,4),(96,9551,0,1,9,4),(96,9552,0,1,9,4),(96,9553,0,1,9,4),(96,9554,0,1,9,4),(96,9555,0,1,9,4),(96,9556,0,1,9,4),(96,9557,0,1,9,4),(96,9558,0,1,9,4),(96,9559,0,1,9,4),(96,9560,0,1,9,4),(96,9561,0,1,9,4),(96,9562,0,1,9,4),(96,9563,0,1,9,4),(96,9564,0,1,9,4),(96,9565,0,1,9,4),(96,9566,0,1,9,4),(96,9567,0,1,9,4),(96,9568,0,1,9,4),(96,9569,0,1,9,4),(96,9570,0,1,9,4),(96,9571,0,1,9,4),(96,9572,0,1,9,4),(96,9573,0,1,9,4),(96,9574,0,1,9,4),(96,9575,0,1,9,4),(96,9576,0,1,9,4),(96,9577,0,1,9,4),(96,9579,0,1,9,4),(96,9580,0,1,9,4),(96,9581,0,1,9,4),(96,9582,0,1,9,4),(96,9583,0,1,9,4),(96,9584,0,1,9,4),(96,9585,0,1,9,4),(96,9586,0,1,9,4),(96,9587,0,1,9,4),(96,9588,0,1,9,4),(96,9589,0,1,9,4),(96,9590,0,1,9,4),(96,9591,0,1,9,4),(96,9592,0,1,9,4),(96,9593,0,1,9,4),(96,9594,0,1,9,4),(96,9595,0,1,9,4),(96,9596,0,1,9,4),(96,9597,0,1,9,4),(96,9598,0,1,9,4),(96,9599,0,1,9,4),(96,9600,0,1,9,4),(96,9601,0,1,9,4),(96,9602,0,1,9,4),(96,9603,0,1,9,4),(96,9604,0,1,9,4),(96,9605,0,1,9,4),(96,9606,0,1,9,4),(96,9607,0,1,9,4),(96,9608,0,1,9,4),(96,9609,0,1,9,4),(96,9610,0,1,9,4),(96,9611,0,1,9,4),(96,9612,0,1,9,4),(96,9613,0,1,9,4),(96,9614,0,1,9,4),(96,9615,0,1,9,4),(96,9616,0,1,9,4),(96,9617,0,1,9,4),(96,9618,0,1,9,4),(96,9619,0,1,9,4),(96,9620,0,1,9,4),(96,9621,0,1,9,4),(96,9622,0,1,9,4),(96,9623,0,1,9,4),(96,9624,0,1,9,4),(96,9625,0,1,9,4),(96,9626,0,1,9,4),(96,9627,0,1,9,4),(96,9628,0,1,9,4),(96,9629,0,1,9,4),(96,9630,0,1,9,4),(96,9631,0,1,9,4),(96,9632,0,1,9,4),(96,9633,0,1,9,4),(96,9634,0,1,9,4),(96,9635,0,1,9,4),(96,9636,0,1,9,4),(96,9637,0,1,9,4),(96,9638,0,1,9,4),(96,9639,0,1,9,4),(96,9640,0,1,9,4),(96,9641,0,1,9,4),(96,9642,0,1,9,4),(96,9643,0,1,9,4),(96,9644,0,1,9,4),(96,9645,0,1,9,4),(96,9646,0,1,9,4),(96,9647,0,1,9,4),(96,9648,0,1,9,4),(96,9649,0,1,9,4),(96,9650,0,1,9,4),(96,9651,0,1,9,4),(96,9652,0,1,9,4),(96,9653,0,1,9,4),(96,9654,0,1,9,4),(96,9655,0,1,9,4),(96,9656,0,1,9,4),(96,9657,0,1,9,4),(96,9658,0,1,9,4),(96,9659,0,1,9,4),(96,9660,0,1,9,4),(96,9661,0,1,9,4),(96,9662,0,1,9,4),(96,9663,0,1,9,4),(96,9664,0,1,9,4),(96,9665,0,1,9,4),(97,9544,0,1,9,4),(97,9545,0,1,9,4),(97,9546,0,1,9,4),(97,9548,0,1,9,4),(97,9578,0,1,9,4),(97,9666,0,1,9,4),(97,9667,0,1,9,4),(97,9668,0,1,9,4),(97,9669,0,1,9,4),(97,9670,0,1,9,4),(97,9671,0,1,9,4),(97,9672,0,1,9,4),(97,9673,0,1,9,4),(97,9674,0,1,9,4),(97,9675,0,1,9,4),(97,9676,0,1,9,4),(97,9677,0,1,9,4),(97,9678,0,1,9,4),(97,9688,0,1,9,4),(97,9689,0,1,9,4),(97,9690,0,1,9,4),(97,9691,0,1,9,4),(97,9692,0,1,9,4),(97,9693,0,1,9,4),(97,9694,0,1,9,4),(97,9695,0,1,9,4),(97,9696,0,1,9,4),(97,9697,0,1,9,4),(97,9698,0,1,9,4),(97,9699,0,1,9,4),(97,9700,0,1,9,4),(97,9701,0,1,9,4),(97,9702,0,1,9,4),(97,9703,0,1,9,4),(97,9704,0,1,9,4),(97,9705,0,1,9,4),(97,9706,0,1,9,4),(97,9707,0,1,9,4),(97,9708,0,1,9,4),(97,9709,0,1,9,4),(97,9710,0,1,9,4),(97,9711,0,1,9,4),(97,9712,0,1,9,4),(97,9713,0,1,9,4),(97,9714,0,1,9,4),(97,9715,0,1,9,4),(97,9716,0,1,9,4),(97,9717,0,1,9,4),(97,9718,0,1,9,4),(97,9719,0,1,9,4),(97,9720,0,1,9,4),(97,9721,0,1,9,4),(97,9722,0,1,9,4),(97,9723,0,1,9,4),(97,9724,0,1,9,4),(97,9725,0,1,9,4),(97,9726,0,1,9,4),(97,9727,0,1,9,4),(97,9728,0,1,9,4),(97,9729,0,1,9,4),(97,9730,0,1,9,4),(97,9731,0,1,9,4),(97,9732,0,1,9,4),(97,9733,0,1,9,4),(97,9734,0,1,9,4),(97,9735,0,1,9,4),(97,9736,0,1,9,4),(97,9737,0,1,9,4),(97,9738,0,1,9,4),(97,9739,0,1,9,4),(97,9740,0,1,9,4),(97,9741,0,1,9,4),(97,9742,0,1,9,4),(97,9743,0,1,9,4),(97,9744,0,1,9,4),(97,9745,0,1,9,4),(97,9746,0,1,9,4),(97,9747,0,1,9,4),(97,9748,0,1,9,4),(97,9749,0,1,9,4),(97,9750,0,1,9,4),(97,9751,0,1,9,4),(97,9752,0,1,9,4),(97,9753,0,1,9,4),(97,9754,0,1,9,4),(97,9755,0,1,9,4),(97,9756,0,1,9,4),(97,9757,0,1,9,4),(97,9758,0,1,9,4),(97,9759,0,1,9,4),(97,9760,0,1,9,4),(97,9761,0,1,9,4),(97,9762,0,1,9,4),(97,9763,0,1,9,4),(97,9764,0,1,9,4),(101,9850,0,1,9,4),(101,9851,0,1,9,4),(101,9852,0,1,9,4),(101,9853,0,1,9,4),(101,9854,0,1,9,4),(101,9855,0,1,9,4),(101,9856,0,1,9,4),(101,9857,0,1,9,4),(101,9858,0,1,9,4),(101,9859,0,1,9,4),(101,9860,0,1,9,4),(101,9861,0,1,9,4),(101,9862,0,1,9,4),(101,9863,0,1,9,4),(101,9864,0,1,9,4),(102,4330,10000,0,9,4),(102,9388,10000,0,9,4),(102,9392,10000,0,9,4),(102,9397,10000,0,9,4),(102,9398,10000,0,9,4),(102,9405,10000,0,9,4),(102,9412,10000,0,9,4),(102,9417,10000,0,9,4),(102,9425,10000,0,9,4),(102,9428,10000,0,9,4),(102,9429,10000,0,9,4),(102,9430,10000,0,9,4),(102,9439,10000,0,9,4),(102,9442,10000,0,9,4),(102,9445,10000,0,9,4),(102,9449,10000,0,9,4),(102,9451,10000,0,9,4),(102,9455,10000,0,9,4),(102,9457,10000,0,9,4),(102,9459,10000,0,9,4),(102,9460,10000,0,9,4),(102,9461,10000,0,9,4),(102,9464,10000,0,9,4),(102,9465,10000,0,9,4),(102,9466,10000,0,9,4),(102,9467,10000,0,9,4),(102,9468,10000,0,9,4),(102,9471,10000,0,9,4),(102,9472,10000,0,9,4),(102,9473,10000,0,9,4),(102,9474,10000,0,9,4),(102,9475,10000,0,9,4),(102,9476,10000,0,9,4),(102,9479,10000,0,9,4),(102,9482,10000,0,9,4),(102,9483,10000,0,9,4),(102,9484,10000,0,9,4),(102,9485,10000,0,9,4),(102,9486,10000,0,9,4),(102,9487,10000,0,9,4),(102,9488,10000,0,9,4),(102,9489,10000,0,9,4),(102,9490,10000,0,9,4),(102,9491,10000,0,9,4),(102,9492,10000,0,9,4),(102,9493,10000,0,9,4),(102,9494,10000,0,9,4),(102,9495,10000,0,9,4),(102,9496,10000,0,9,4),(102,9497,10000,0,9,4),(102,9498,10000,0,9,4),(102,9499,10000,0,9,4),(102,9765,10000,0,9,4),(102,9770,10000,0,9,4),(102,9773,10000,0,9,4),(102,9782,10000,0,9,4),(102,9785,10000,0,9,4),(102,9788,10000,0,9,4),(102,9789,10000,0,9,4),(102,9794,10000,0,9,4),(102,9795,10000,0,9,4),(102,9808,10000,0,9,4),(102,9813,10000,0,9,4),(102,9816,10000,0,9,4),(102,9820,10000,0,9,4),(102,9825,10000,0,9,4),(102,9826,10000,0,9,4),(102,9833,10000,0,9,4),(102,9834,10000,0,9,4),(102,9835,10000,0,9,4),(102,9836,10000,0,9,4),(102,9837,10000,0,9,4),(102,9838,10000,0,9,4),(102,9839,10000,0,9,4),(102,9840,10000,0,9,4),(102,9841,10000,0,9,4),(102,9842,10000,0,9,4),(102,9843,10000,0,9,4),(102,9844,10000,0,9,4),(102,9845,10000,0,9,4),(102,9846,10000,0,9,4),(102,9847,10000,0,9,4),(102,9848,10000,0,9,4),(102,9849,10000,0,9,4),(102,9850,10000,0,9,4),(102,9851,10000,0,9,4),(102,9852,10000,0,9,4),(102,9853,10000,0,9,4),(102,9854,10000,0,9,4),(102,9855,10000,0,9,4),(102,9856,10000,0,9,4),(102,9857,10000,0,9,4),(102,9858,10000,0,9,4),(102,9859,10000,0,9,4),(102,9860,10000,0,9,4),(102,9861,10000,0,9,4),(102,9862,10000,0,9,4),(102,9863,10000,0,9,4),(102,9864,10000,0,9,4),(102,9865,10000,0,9,4),(102,9866,10000,0,9,4),(102,9867,10000,0,9,4),(102,9868,10000,0,9,4),(102,9869,10000,0,9,4),(102,9872,10000,0,9,4),(102,9878,10000,0,9,4),(102,9879,10000,0,9,4),(102,9880,10000,0,9,4),(102,9881,10000,0,9,4),(102,9882,10000,0,9,4),(102,9884,10000,0,9,4),(102,9885,10000,0,9,4),(102,9886,10000,0,9,4),(102,9887,10000,0,9,4),(102,9888,10000,0,9,4),(102,9889,10000,0,9,4),(102,9892,10000,0,9,4),(102,9893,10000,0,9,4),(102,9894,10000,0,9,4),(102,9895,10000,0,9,4),(102,9896,10000,0,9,4),(102,9899,10000,0,9,4),(102,9900,10000,0,9,4),(102,9901,10000,0,9,4),(102,9902,10000,0,9,4),(102,9903,10000,0,9,4),(102,9904,10000,0,9,4),(102,9905,10000,0,9,4),(102,9906,10000,0,9,4),(102,9907,10000,0,9,4),(102,9908,10000,0,9,4),(102,9909,10000,0,9,4),(102,9910,10000,0,9,4),(102,9913,10000,0,9,4),(102,9914,10000,0,9,4),(102,9919,10000,0,9,4),(102,9924,10000,0,9,4),(102,9929,10000,0,9,4),(102,9934,10000,0,9,4),(102,9935,10000,0,9,4),(102,9944,10000,0,9,4),(102,9947,10000,0,9,4),(102,9954,10000,0,9,4),(102,9955,10000,0,9,4),(102,9965,10000,0,9,4),(102,9975,10000,0,9,4),(102,9980,10000,0,9,4),(102,9987,10000,0,9,4),(102,9997,10000,0,9,4),(102,10002,10000,0,9,4),(102,10009,10000,0,9,4),(102,10016,10000,0,9,4),(102,10023,10000,0,9,4),(102,10032,10000,0,9,4),(102,10033,10000,0,9,4),(102,10040,10000,0,9,4),(102,10047,10000,0,9,4),(102,10051,10000,0,9,4),(102,10058,10000,0,9,4),(102,10063,10000,0,9,4),(102,10068,10000,0,9,4),(102,10072,10000,0,9,4),(102,10076,10000,0,9,4),(102,10080,10000,0,9,4),(102,10084,10000,0,9,4),(102,10088,10000,0,9,4),(102,10092,10000,0,9,4),(102,10097,10000,0,9,4),(102,10101,10000,0,9,4),(102,10109,10000,0,9,4),(102,10113,10000,0,9,4),(102,10119,10000,0,9,4),(102,10123,10000,0,9,4),(102,10126,10000,0,9,4),(102,10130,10000,0,9,4),(102,10134,10000,0,9,4),(102,10137,10000,0,9,4),(102,10141,10000,0,9,4),(102,10145,10000,0,9,4),(102,10149,10000,0,9,4),(102,10150,10000,0,9,4),(102,10151,10000,0,9,4),(102,10152,10000,0,9,4),(102,10155,10000,0,9,4),(102,10159,10000,0,9,4),(102,10162,10000,0,9,4),(102,10165,10000,0,9,4),(102,10168,10000,0,9,4),(102,10171,10000,0,9,4),(102,10175,10000,0,9,4),(102,10178,10000,0,9,4),(102,10183,10000,0,9,4),(102,10186,10000,0,9,4),(102,10189,10000,0,9,4),(102,10192,10000,0,9,4),(102,10195,10000,0,9,4),(102,10209,10000,0,9,4),(102,10210,10000,0,9,4),(102,10211,10000,0,9,4),(102,10212,10000,0,9,4),(102,10213,10000,0,9,4),(102,10214,10000,0,9,4),(102,10215,10000,0,9,4),(102,10216,10000,0,9,4),(102,10217,10000,0,9,4),(102,10218,10000,0,9,4),(102,10219,10000,0,9,4),(102,10220,10000,0,9,4),(102,10221,10000,0,9,4),(102,10222,10000,0,9,4),(102,10223,10000,0,9,4),(102,10224,10000,0,9,4),(102,10225,10000,0,9,4),(102,10226,10000,0,9,4),(102,10227,10000,0,9,4),(102,10228,10000,0,9,4),(102,10229,10000,0,9,4),(102,10230,10000,0,9,4),(102,10231,10000,0,9,4),(102,10232,10000,0,9,4),(102,10233,10000,0,9,4),(102,10234,10000,0,9,4),(102,10235,10000,0,9,4),(102,10236,10000,0,9,4),(102,10237,10000,0,9,4),(102,10238,10000,0,9,4),(102,10239,10000,0,9,4),(102,10241,10000,0,9,4),(102,10242,10000,0,9,4),(102,10243,10000,0,9,4),(102,10244,10000,0,9,4),(102,10245,10000,0,9,4),(102,10246,10000,0,9,4),(102,10247,10000,0,9,4),(102,10248,10000,0,9,4),(102,10249,10000,0,9,4),(102,10250,10000,0,9,4),(102,10254,10000,0,9,4),(102,10255,10000,0,9,4),(102,10256,10000,0,9,4),(102,10264,10000,0,9,4),(102,10272,10000,0,9,4),(102,10275,10000,0,9,4),(102,10276,10000,0,9,4),(102,10277,10000,0,9,4),(102,10278,10000,0,9,4),(102,10279,10000,0,9,4),(102,10280,10000,0,9,4),(102,10281,10000,0,9,4),(102,10282,10000,0,9,4),(102,10283,10000,0,9,4),(102,10284,10000,0,9,4),(102,10285,10000,0,9,4),(102,10286,10000,0,9,4),(102,10287,10000,0,9,4),(102,10288,10000,0,9,4),(102,10289,10000,0,9,4),(102,10290,10000,0,9,4),(102,10291,10000,0,9,4),(102,10292,10000,0,9,4),(102,10293,10000,0,9,4),(102,10294,10000,0,9,4),(102,10295,10000,0,9,4),(102,10296,10000,0,9,4),(102,10297,10000,0,9,4),(102,10298,10000,0,9,4),(102,10299,10000,0,9,4),(102,10300,10000,0,9,4),(102,10301,10000,0,9,4),(102,10302,10000,0,9,4),(102,10303,10000,0,9,4),(102,10304,10000,0,9,4),(102,10305,10000,0,9,4),(102,10306,10000,0,9,4),(102,10307,10000,0,9,4),(102,10308,10000,0,9,4),(102,10309,10000,0,9,4),(102,10310,10000,0,9,4),(102,10311,10000,0,9,4),(102,10312,10000,0,9,4),(102,10313,10000,0,9,4),(102,10314,10000,0,9,4),(102,10315,10000,0,9,4),(102,10316,10000,0,9,4),(102,10317,10000,0,9,4),(102,10318,10000,0,9,4),(102,10319,10000,0,9,4),(102,10320,10000,0,9,4),(102,10321,10000,0,9,4),(102,10322,10000,0,9,4),(102,10323,10000,0,9,4),(102,10324,10000,0,9,4),(102,10325,10000,0,9,4),(102,10326,10000,0,9,4),(102,10327,10000,0,9,4),(102,10328,10000,0,9,4),(102,10329,10000,0,9,4),(102,10330,10000,0,9,4),(102,10331,10000,0,9,4),(102,10332,10000,0,9,4),(102,10333,10000,0,9,4),(102,10334,10000,0,9,4),(102,10335,10000,0,9,4),(102,10336,10000,0,9,4),(102,10337,10000,0,9,4),(102,10338,10000,0,9,4),(102,10339,10000,0,9,4),(102,10340,10000,0,9,4),(102,10341,10000,0,9,4),(102,10342,10000,0,9,4),(102,10343,10000,0,9,4),(102,10344,10000,0,9,4),(102,10345,10000,0,9,4),(102,10346,10000,0,9,4),(102,10347,10000,0,9,4),(102,10348,10000,0,9,4),(102,10349,10000,0,9,4),(102,10350,10000,0,9,4),(102,10354,10000,0,9,4),(102,10358,10000,0,9,4),(102,10362,10000,0,9,4),(102,10366,10000,0,9,4),(102,10370,10000,0,9,4),(102,10374,10000,0,9,4),(102,10375,10000,0,9,4),(102,10376,10000,0,9,4),(102,10377,10000,0,9,4),(102,10378,10000,0,9,4),(102,10379,10000,0,9,4),(102,10380,10000,0,9,4),(102,10381,10000,0,9,4),(102,10382,10000,0,9,4),(102,10383,10000,0,9,4),(102,10384,10000,0,9,4),(102,10389,10000,0,9,4),(102,10390,10000,0,9,4),(102,10392,10000,0,9,4),(102,10395,10000,0,9,4),(102,10398,10000,0,9,4),(102,10401,10000,0,9,4),(102,10404,10000,0,9,4),(102,10407,10000,0,9,4),(102,10410,10000,0,9,4),(102,10413,10000,0,9,4),(102,10414,10000,0,9,4),(102,10415,10000,0,9,4),(102,10416,10000,0,9,4),(102,10463,10000,0,9,4),(102,10478,10000,0,9,4),(103,4465,10000,0,9,4),(103,4466,10000,0,9,4),(103,4467,10000,0,9,4),(103,4468,10000,0,9,4),(103,4469,10000,0,9,4),(103,4495,10000,0,9,4),(103,4496,10000,0,9,4),(103,4497,10000,0,9,4),(103,4499,10000,0,9,4),(103,4500,10000,0,9,4),(103,4501,10000,0,9,4),(103,4502,10000,0,9,4),(103,4503,10000,0,9,4),(103,4517,10000,0,9,4),(103,4518,10000,0,9,4),(103,4521,10000,0,9,4),(103,4526,10000,0,9,4),(103,4527,10000,0,9,4),(103,4528,10000,0,9,4),(103,4529,10000,0,9,4),(103,4530,10000,0,9,4),(103,4531,10000,0,9,4),(103,4532,10000,0,9,4),(103,4533,10000,0,9,4),(103,4534,10000,0,9,4),(103,4535,10000,0,9,4),(103,4539,10000,0,9,4),(103,4540,10000,0,9,4),(103,4541,10000,0,9,4),(103,4556,10000,0,9,4),(103,4558,10000,0,9,4),(103,4559,10000,0,9,4),(103,4560,10000,0,9,4),(103,4564,10000,0,9,4),(103,4581,10000,0,9,4),(103,4583,10000,0,9,4),(103,4584,10000,0,9,4),(103,4585,10000,0,9,4),(103,4586,10000,0,9,4),(103,4587,10000,0,9,4),(103,4588,10000,0,9,4),(103,4589,10000,0,9,4),(103,4590,10000,0,9,4),(103,4591,10000,0,9,4),(103,4592,10000,0,9,4),(103,4593,10000,0,9,4),(103,4594,10000,0,9,4),(103,4595,10000,0,9,4),(103,4596,10000,0,9,4),(103,4597,10000,0,9,4),(103,4598,10000,0,9,4),(103,4599,10000,0,9,4),(103,4600,10000,0,9,4),(103,4601,10000,0,9,4),(103,4602,10000,0,9,4),(103,9528,10000,0,9,4),(103,9529,10000,0,9,4),(103,9530,10000,0,9,4),(103,9531,10000,0,9,4),(103,9532,10000,0,9,4),(103,9533,10000,0,9,4),(103,9534,10000,0,9,4),(103,9535,10000,0,9,4),(103,9536,10000,0,9,4),(103,9537,10000,0,9,4),(103,9538,10000,0,9,4),(103,9539,10000,0,9,4),(103,9540,10000,0,9,4),(103,9541,10000,0,9,4),(103,9542,10000,0,9,4),(103,9543,10000,0,9,4),(103,9544,10000,0,9,4),(103,9545,10000,0,9,4),(103,9546,10000,0,9,4),(103,9547,10000,0,9,4),(103,9548,10000,0,9,4),(103,9549,10000,0,9,4),(103,9550,10000,0,9,4),(103,9551,10000,0,9,4),(103,9552,10000,0,9,4),(103,9553,10000,0,9,4),(103,9554,10000,0,9,4),(103,9555,10000,0,9,4),(103,9556,10000,0,9,4),(103,9557,10000,0,9,4),(103,9558,10000,0,9,4),(103,9559,10000,0,9,4),(103,9560,10000,0,9,4),(103,9561,10000,0,9,4),(103,9562,10000,0,9,4),(103,9563,10000,0,9,4),(103,9564,10000,0,9,4),(103,9565,10000,0,9,4),(103,9566,10000,0,9,4),(103,9567,10000,0,9,4),(103,9568,10000,0,9,4),(103,9569,10000,0,9,4),(103,9570,10000,0,9,4),(103,9571,10000,0,9,4),(103,9572,10000,0,9,4),(103,9573,10000,0,9,4),(103,9574,10000,0,9,4),(103,9575,10000,0,9,4),(103,9576,10000,0,9,4),(103,9577,10000,0,9,4),(103,9578,10000,0,9,4),(103,9579,10000,0,9,4),(103,9580,10000,0,9,4),(103,9581,10000,0,9,4),(103,9582,10000,0,9,4),(103,9583,10000,0,9,4),(103,9584,10000,0,9,4),(103,9585,10000,0,9,4),(103,9586,10000,0,9,4),(103,9587,10000,0,9,4),(103,9588,10000,0,9,4),(103,9589,10000,0,9,4),(103,9590,10000,0,9,4),(103,9591,10000,0,9,4),(103,9592,10000,0,9,4),(103,9593,10000,0,9,4),(103,9594,10000,0,9,4),(103,9595,10000,0,9,4),(103,9596,10000,0,9,4),(103,9597,10000,0,9,4),(103,9598,10000,0,9,4),(103,9599,10000,0,9,4),(103,9600,10000,0,9,4),(103,9601,10000,0,9,4),(103,9602,10000,0,9,4),(103,9603,10000,0,9,4),(103,9604,10000,0,9,4),(103,9605,10000,0,9,4),(103,9606,10000,0,9,4),(103,9607,10000,0,9,4),(103,9608,10000,0,9,4),(103,9609,10000,0,9,4),(103,9610,10000,0,9,4),(103,9611,10000,0,9,4),(103,9612,10000,0,9,4),(103,9613,10000,0,9,4),(103,9614,10000,0,9,4),(103,9615,10000,0,9,4),(103,9616,10000,0,9,4),(103,9617,10000,0,9,4),(103,9618,10000,0,9,4),(103,9619,10000,0,9,4),(103,9620,10000,0,9,4),(103,9621,10000,0,9,4),(103,9622,10000,0,9,4),(103,9623,10000,0,9,4),(103,9624,10000,0,9,4),(103,9625,10000,0,9,4),(103,9626,10000,0,9,4),(103,9627,10000,0,9,4),(103,9628,10000,0,9,4),(103,9629,10000,0,9,4),(103,9630,10000,0,9,4),(103,9631,10000,0,9,4),(103,9632,10000,0,9,4),(103,9633,10000,0,9,4),(103,9634,10000,0,9,4),(103,9635,10000,0,9,4),(103,9636,10000,0,9,4),(103,9637,10000,0,9,4),(103,9638,10000,0,9,4),(103,9639,10000,0,9,4),(103,9640,10000,0,9,4),(103,9641,10000,0,9,4),(103,9642,10000,0,9,4),(103,9643,10000,0,9,4),(103,9644,10000,0,9,4),(103,9645,10000,0,9,4),(103,9646,10000,0,9,4),(103,9647,10000,0,9,4),(103,9648,10000,0,9,4),(103,9649,10000,0,9,4),(103,9650,10000,0,9,4),(103,9651,10000,0,9,4),(103,9652,10000,0,9,4),(103,9653,10000,0,9,4),(103,9654,10000,0,9,4),(103,9655,10000,0,9,4),(103,9656,10000,0,9,4),(103,9657,10000,0,9,4),(103,9658,10000,0,9,4),(103,9659,10000,0,9,4),(103,9660,10000,0,9,4),(103,9661,10000,0,9,4),(103,9662,10000,0,9,4),(103,9663,10000,0,9,4),(103,9664,10000,0,9,4),(103,9665,10000,0,9,4),(103,9666,10000,0,9,4),(103,9667,10000,0,9,4),(103,9668,10000,0,9,4),(103,9669,10000,0,9,4),(103,9670,10000,0,9,4),(103,9671,10000,0,9,4),(103,9672,10000,0,9,4),(103,9673,10000,0,9,4),(103,9674,10000,0,9,4),(103,9675,10000,0,9,4),(103,9676,10000,0,9,4),(103,9677,10000,0,9,4),(103,9678,10000,0,9,4),(103,9679,10000,0,9,4),(103,9680,10000,0,9,4),(103,9681,10000,0,9,4),(103,9682,10000,0,9,4),(103,9683,10000,0,9,4),(103,9684,10000,0,9,4),(103,9685,10000,0,9,4),(103,9686,10000,0,9,4),(103,9687,10000,0,9,4),(103,9688,10000,0,9,4),(103,9689,10000,0,9,4),(103,9690,10000,0,9,4),(103,9691,10000,0,9,4),(103,9692,10000,0,9,4),(103,9693,10000,0,9,4),(103,9694,10000,0,9,4),(103,9695,10000,0,9,4),(103,9696,10000,0,9,4),(103,9697,10000,0,9,4),(103,9698,10000,0,9,4),(103,9699,10000,0,9,4),(103,9700,10000,0,9,4),(103,9701,10000,0,9,4),(103,9702,10000,0,9,4),(103,9703,10000,0,9,4),(103,9704,10000,0,9,4),(103,9705,10000,0,9,4),(103,9706,10000,0,9,4),(103,9707,10000,0,9,4),(103,9708,10000,0,9,4),(103,9709,10000,0,9,4),(103,9710,10000,0,9,4),(103,9711,10000,0,9,4),(103,9712,10000,0,9,4),(103,9713,10000,0,9,4),(103,9714,10000,0,9,4),(103,9715,10000,0,9,4),(103,9716,10000,0,9,4),(103,9717,10000,0,9,4),(103,9718,10000,0,9,4),(103,9719,10000,0,9,4),(103,9720,10000,0,9,4),(103,9721,10000,0,9,4),(103,9722,10000,0,9,4),(103,9723,10000,0,9,4),(103,9724,10000,0,9,4),(103,9725,10000,0,9,4),(103,9726,10000,0,9,4),(103,9727,10000,0,9,4),(103,9728,10000,0,9,4),(103,9729,10000,0,9,4),(103,9730,10000,0,9,4),(103,9731,10000,0,9,4),(103,9732,10000,0,9,4),(103,9733,10000,0,9,4),(103,9734,10000,0,9,4),(103,9735,10000,0,9,4),(103,9736,10000,0,9,4),(103,9737,10000,0,9,4),(103,9738,10000,0,9,4),(103,9739,10000,0,9,4),(103,9740,10000,0,9,4),(103,9741,10000,0,9,4),(103,9742,10000,0,9,4),(103,9743,10000,0,9,4),(103,9744,10000,0,9,4),(103,9745,10000,0,9,4),(103,9746,10000,0,9,4),(103,9747,10000,0,9,4),(103,9748,10000,0,9,4),(103,9749,10000,0,9,4),(103,9750,10000,0,9,4),(103,9751,10000,0,9,4),(103,9752,10000,0,9,4),(103,9753,10000,0,9,4),(103,9754,10000,0,9,4),(103,9755,10000,0,9,4),(103,9756,10000,0,9,4),(103,9757,10000,0,9,4),(103,9758,10000,0,9,4),(103,9759,10000,0,9,4),(103,9760,10000,0,9,4),(103,9761,10000,0,9,4),(103,9762,10000,0,9,4),(103,9763,10000,0,9,4),(103,9764,10000,0,9,4),(103,9873,10000,0,9,4),(103,9874,10000,0,9,4),(103,9875,10000,0,9,4),(103,9876,10000,0,9,4),(103,9877,10000,0,9,4),(103,9889,10000,0,9,4),(103,9911,10000,0,9,4),(103,9912,10000,0,9,4),(105,9884,10000,0,9,4),(105,9893,10000,0,9,4),(105,9894,10000,0,9,4),(105,9895,10000,0,9,4),(105,9896,10000,0,9,4),(105,9899,10000,0,9,4),(105,9909,10000,0,9,4),(105,9910,10000,0,9,4),(105,10256,10000,0,9,4),(105,10264,10000,0,9,4),(106,9388,10000,0,9,4),(106,9392,10000,0,9,4),(106,9397,10000,0,9,4),(106,9398,10000,0,9,4),(106,9405,10000,0,9,4),(106,9412,10000,0,9,4),(106,9417,10000,0,9,4),(106,9425,10000,0,9,4),(106,9428,10000,0,9,4),(106,9429,10000,0,9,4),(106,9430,10000,0,9,4),(106,9439,10000,0,9,4),(106,9442,10000,0,9,4),(106,9445,10000,0,9,4),(106,9449,10000,0,9,4),(106,9451,10000,0,9,4),(106,9455,10000,0,9,4),(106,9457,10000,0,9,4),(106,9459,10000,0,9,4),(106,9460,10000,0,9,4),(106,9461,10000,0,9,4),(106,9464,10000,0,9,4),(106,9465,10000,0,9,4),(106,9466,10000,0,9,4),(106,9467,10000,0,9,4),(106,9468,10000,0,9,4),(106,9471,10000,0,9,4),(106,9472,10000,0,9,4),(106,9473,10000,0,9,4),(106,9474,10000,0,9,4),(106,9475,10000,0,9,4),(106,9476,10000,0,9,4),(106,9479,10000,0,9,4),(106,9482,10000,0,9,4),(106,9483,10000,0,9,4),(106,9484,10000,0,9,4),(106,9485,10000,0,9,4),(106,9486,10000,0,9,4),(106,9487,10000,0,9,4),(106,9488,10000,0,9,4),(106,9489,10000,0,9,4),(106,9490,10000,0,9,4),(106,9491,10000,0,9,4),(106,9492,10000,0,9,4),(106,9493,10000,0,9,4),(106,9495,10000,0,9,4),(106,9496,10000,0,9,4),(106,9497,10000,0,9,4),(106,9498,10000,0,9,4),(106,9499,10000,0,9,4),(106,9878,10000,0,9,4),(106,9879,10000,0,9,4),(106,9880,10000,0,9,4),(106,9885,10000,0,9,4),(106,9886,10000,0,9,4),(106,9887,10000,0,9,4),(106,9889,10000,0,9,4),(106,9900,10000,0,9,4),(106,9901,10000,0,9,4),(106,9902,10000,0,9,4),(106,9903,10000,0,9,4),(106,9904,10000,0,9,4),(106,9905,10000,0,9,4),(106,9906,10000,0,9,4),(106,9907,10000,0,9,4),(106,9908,10000,0,9,4),(106,9913,10000,0,9,4),(106,10463,10000,0,9,4),(108,9869,10000,0,9,4),(108,9872,10000,0,9,4),(108,9881,10000,0,9,4),(108,9882,10000,0,9,4),(108,9892,10000,0,9,4),(108,9914,10000,0,9,4),(108,9919,10000,0,9,4),(108,9924,10000,0,9,4),(108,9929,10000,0,9,4),(108,9934,10000,0,9,4),(108,9935,10000,0,9,4),(108,9944,10000,0,9,4),(108,9947,10000,0,9,4),(108,9954,10000,0,9,4),(108,9955,10000,0,9,4),(108,9965,10000,0,9,4),(108,9975,10000,0,9,4),(108,9980,10000,0,9,4),(108,9987,10000,0,9,4),(108,9997,10000,0,9,4),(108,10002,10000,0,9,4),(108,10009,10000,0,9,4),(108,10016,10000,0,9,4),(108,10023,10000,0,9,4),(108,10032,10000,0,9,4),(108,10033,10000,0,9,4),(108,10040,10000,0,9,4),(108,10047,10000,0,9,4),(108,10051,10000,0,9,4),(108,10058,10000,0,9,4),(108,10063,10000,0,9,4),(108,10068,10000,0,9,4),(108,10072,10000,0,9,4),(108,10076,10000,0,9,4),(108,10080,10000,0,9,4),(108,10084,10000,0,9,4),(108,10088,10000,0,9,4),(108,10092,10000,0,9,4),(108,10097,10000,0,9,4),(108,10101,10000,0,9,4),(108,10109,10000,0,9,4),(108,10113,10000,0,9,4),(108,10119,10000,0,9,4),(108,10123,10000,0,9,4),(108,10126,10000,0,9,4),(108,10130,10000,0,9,4),(108,10134,10000,0,9,4),(108,10137,10000,0,9,4),(108,10141,10000,0,9,4),(108,10145,10000,0,9,4),(108,10149,10000,0,9,4),(108,10150,10000,0,9,4),(108,10151,10000,0,9,4),(108,10152,10000,0,9,4),(108,10155,10000,0,9,4),(108,10159,10000,0,9,4),(108,10162,10000,0,9,4),(108,10165,10000,0,9,4),(108,10168,10000,0,9,4),(108,10171,10000,0,9,4),(108,10175,10000,0,9,4),(108,10178,10000,0,9,4),(108,10183,10000,0,9,4),(108,10186,10000,0,9,4),(108,10189,10000,0,9,4),(108,10192,10000,0,9,4),(108,10195,10000,0,9,4),(108,10209,10000,0,9,4),(108,10210,10000,0,9,4),(108,10211,10000,0,9,4),(108,10212,10000,0,9,4),(108,10213,10000,0,9,4),(108,10214,10000,0,9,4),(108,10215,10000,0,9,4),(108,10216,10000,0,9,4),(108,10217,10000,0,9,4),(108,10218,10000,0,9,4),(108,10219,10000,0,9,4),(108,10220,10000,0,9,4),(108,10221,10000,0,9,4),(108,10222,10000,0,9,4),(108,10223,10000,0,9,4),(108,10224,10000,0,9,4),(108,10225,10000,0,9,4),(108,10226,10000,0,9,4),(108,10227,10000,0,9,4),(108,10228,10000,0,9,4),(108,10229,10000,0,9,4),(108,10230,10000,0,9,4),(108,10231,10000,0,9,4),(108,10232,10000,0,9,4),(108,10233,10000,0,9,4),(108,10234,10000,0,9,4),(108,10235,10000,0,9,4),(108,10236,10000,0,9,4),(108,10239,10000,0,9,4),(108,10241,10000,0,9,4),(108,10250,10000,0,9,4),(108,10303,10000,0,9,4),(108,10304,10000,0,9,4),(108,10305,10000,0,9,4),(108,10306,10000,0,9,4),(108,10307,10000,0,9,4),(108,10308,10000,0,9,4),(108,10309,10000,0,9,4),(108,10310,10000,0,9,4),(108,10311,10000,0,9,4),(108,10312,10000,0,9,4),(108,10313,10000,0,9,4),(108,10314,10000,0,9,4),(108,10315,10000,0,9,4),(108,10316,10000,0,9,4),(108,10317,10000,0,9,4),(108,10318,10000,0,9,4),(108,10319,10000,0,9,4),(108,10320,10000,0,9,4),(108,10321,10000,0,9,4),(108,10322,10000,0,9,4),(108,10323,10000,0,9,4),(108,10324,10000,0,9,4),(108,10325,10000,0,9,4),(108,10326,10000,0,9,4),(108,10327,10000,0,9,4),(108,10328,10000,0,9,4),(108,10329,10000,0,9,4),(108,10330,10000,0,9,4),(108,10331,10000,0,9,4),(108,10332,10000,0,9,4),(108,10333,10000,0,9,4),(108,10334,10000,0,9,4),(108,10335,10000,0,9,4),(108,10336,10000,0,9,4),(108,10337,10000,0,9,4),(108,10338,10000,0,9,4),(108,10339,10000,0,9,4),(108,10340,10000,0,9,4),(108,10341,10000,0,9,4),(108,10342,10000,0,9,4),(108,10343,10000,0,9,4),(108,10344,10000,0,9,4),(108,10345,10000,0,9,4),(108,10346,10000,0,9,4),(108,10347,10000,0,9,4),(108,10348,10000,0,9,4),(108,10349,10000,0,9,4),(108,10350,10000,0,9,4),(108,10354,10000,0,9,4),(108,10358,10000,0,9,4),(108,10362,10000,0,9,4),(108,10366,10000,0,9,4),(108,10370,10000,0,9,4),(108,10374,10000,0,9,4),(108,10375,10000,0,9,4),(108,10376,10000,0,9,4),(108,10377,10000,0,9,4),(108,10378,10000,0,9,4),(108,10389,10000,0,9,4),(108,10478,10000,0,9,4),(110,9482,0,1,9,4),(110,9483,0,1,9,4),(110,9484,0,1,9,4),(110,9485,0,1,9,4),(110,9486,0,1,9,4),(110,9487,0,1,9,4),(110,9488,0,1,9,4),(110,9489,0,1,9,4),(110,9490,0,1,9,4),(110,9491,0,1,9,4),(110,9492,0,1,9,4),(110,9493,0,1,9,4),(110,9886,0,1,9,4),(110,9887,0,1,9,4),(111,9486,0,1,9,4),(111,9487,0,1,9,4),(112,9488,0,1,9,4),(112,9885,0,1,9,4),(113,9490,0,1,9,4),(113,9491,0,1,9,4),(113,9493,0,1,9,4),(113,10463,0,1,9,4),(114,4330,0,1,9,4),(114,9494,0,1,9,4),(114,9888,0,1,9,4),(115,9773,0,1,9,4),(115,9782,0,1,9,4),(115,9785,0,1,9,4),(115,9788,0,1,9,4),(115,9789,0,1,9,4),(115,9794,0,1,9,4),(115,9795,0,1,9,4),(115,9808,0,1,9,4),(115,9813,0,1,9,4),(115,9816,0,1,9,4),(115,9820,0,1,9,4),(115,9825,0,1,9,4),(115,9826,0,1,9,4),(115,9837,0,1,9,4),(115,9838,0,1,9,4),(115,9839,0,1,9,4),(115,9840,0,1,9,4),(115,9849,0,1,9,4),(116,9841,0,1,9,4),(116,9842,0,1,9,4),(116,9843,0,1,9,4),(116,9844,0,1,9,4),(116,9845,0,1,9,4),(116,9846,0,1,9,4),(116,9847,0,1,9,4),(116,9848,0,1,9,4),(118,10238,0,1,9,4),(121,10242,0,1,9,4),(121,10243,0,1,9,4),(121,10244,0,1,9,4),(121,10245,0,1,9,4),(121,10246,0,1,9,4),(121,10247,0,1,9,4),(121,10248,0,1,9,4),(121,10249,0,1,9,4),(121,10254,0,1,9,4),(121,10255,0,1,9,4),(134,5370,0,1,9,4),(134,5376,0,1,9,4),(134,5382,0,1,9,4),(135,10272,10000,0,9,4),(135,10275,10000,0,9,4),(135,10276,10000,0,9,4),(135,10277,10000,0,9,4),(135,10278,10000,0,9,4),(135,10279,10000,0,9,4),(135,10280,10000,0,9,4),(135,10281,10000,0,9,4),(135,10282,10000,0,9,4),(135,10283,10000,0,9,4),(135,10284,10000,0,9,4),(135,10285,10000,0,9,4),(135,10286,10000,0,9,4),(135,10287,10000,0,9,4),(135,10288,10000,0,9,4),(135,10289,10000,0,9,4),(135,10290,10000,0,9,4),(135,10291,10000,0,9,4),(135,10292,10000,0,9,4),(135,10293,10000,0,9,4),(135,10294,10000,0,9,4),(135,10295,10000,0,9,4),(135,10296,10000,0,9,4),(135,10297,10000,0,9,4),(135,10298,10000,0,9,4),(135,10299,10000,0,9,4),(135,10300,10000,0,9,4),(135,10301,10000,0,9,4),(135,10302,10000,0,9,4),(135,10379,10000,0,9,4),(135,10380,10000,0,9,4),(135,10381,10000,0,9,4),(135,10382,10000,0,9,4),(135,10383,10000,0,9,4),(135,10384,10000,0,9,4),(135,10390,10000,0,9,4),(138,10256,0,1,9,4),(138,10264,0,1,9,4),(139,10272,10000,0,9,4),(139,10275,10000,0,9,4),(139,10276,10000,0,9,4),(139,10277,10000,0,9,4),(139,10278,10000,0,9,4),(139,10279,10000,0,9,4),(139,10280,10000,0,9,4),(139,10281,10000,0,9,4),(139,10282,10000,0,9,4),(139,10283,10000,0,9,4),(139,10284,10000,0,9,4),(139,10285,10000,0,9,4),(139,10286,10000,0,9,4),(139,10287,10000,0,9,4),(139,10288,10000,0,9,4),(139,10289,10000,0,9,4),(139,10295,10000,0,9,4),(139,10296,10000,0,9,4),(139,10297,10000,0,9,4),(139,10298,10000,0,9,4),(139,10299,10000,0,9,4),(139,10300,10000,0,9,4),(139,10301,10000,0,9,4),(139,10302,10000,0,9,4),(139,10379,10000,0,9,4),(139,10380,10000,0,9,4),(139,10381,10000,0,9,4),(139,10382,10000,0,9,4),(139,10383,10000,0,9,4),(139,10384,10000,0,9,4),(139,10390,10000,0,9,4),(140,10272,0,1,9,4),(140,10275,0,1,9,4),(140,10276,0,1,9,4),(140,10277,0,1,9,4),(140,10278,0,1,9,4),(140,10279,0,1,9,4),(140,10280,0,1,9,4),(140,10281,0,1,9,4),(140,10282,0,1,9,4),(140,10283,0,1,9,4),(140,10284,0,1,9,4),(140,10285,0,1,9,4),(140,10383,0,1,9,4),(140,10384,0,1,9,4),(140,10390,0,1,9,4),(141,10286,0,1,9,4),(141,10287,0,1,9,4),(141,10288,0,1,9,4),(141,10289,0,1,9,4),(142,10290,0,1,9,4),(142,10291,0,1,9,4),(142,10292,0,1,9,4),(142,10293,0,1,9,4),(142,10294,0,1,9,4),(143,10295,0,1,9,4),(143,10296,0,1,9,4),(143,10297,0,1,9,4),(143,10298,0,1,9,4),(143,10299,0,1,9,4),(143,10300,0,1,9,4),(143,10301,0,1,9,4),(143,10302,0,1,9,4),(143,10379,0,1,9,4),(143,10382,0,1,9,4),(144,10303,10000,0,9,4),(144,10304,10000,0,9,4),(144,10305,10000,0,9,4),(144,10306,10000,0,9,4),(145,10303,0,1,9,4),(145,10304,0,1,9,4),(145,10305,0,1,9,4),(145,10306,0,1,9,4),(146,10307,0,1,9,4),(146,10308,0,1,9,4),(146,10309,0,1,9,4),(146,10310,0,1,9,4),(146,10311,0,1,9,4),(146,10312,0,1,9,4),(146,10313,0,1,9,4),(146,10314,0,1,9,4),(146,10315,0,1,9,4),(146,10316,0,1,9,4),(146,10317,0,1,9,4),(146,10318,0,1,9,4),(146,10319,0,1,9,4),(147,10320,10000,0,9,4),(147,10321,10000,0,9,4),(147,10322,10000,0,9,4),(147,10323,10000,0,9,4),(147,10324,10000,0,9,4),(147,10325,10000,0,9,4),(147,10326,10000,0,9,4),(147,10327,10000,0,9,4),(147,10328,10000,0,9,4),(147,10329,10000,0,9,4),(147,10330,10000,0,9,4),(147,10332,10000,0,9,4),(147,10333,10000,0,9,4),(147,10389,10000,0,9,4),(148,10320,0,1,9,4),(148,10321,0,1,9,4),(148,10323,0,1,9,4),(148,10324,0,1,9,4),(148,10327,0,1,9,4),(148,10328,0,1,9,4),(148,10330,0,1,9,4),(148,10332,0,1,9,4),(148,10389,0,1,9,4),(149,10322,0,1,9,4),(149,10326,0,1,9,4),(149,10329,0,1,9,4),(149,10333,0,1,9,4),(150,10325,0,1,9,4),(151,10331,0,1,9,4),(152,10334,0,1,9,4),(152,10335,0,1,9,4),(152,10336,0,1,9,4),(152,10337,0,1,9,4),(152,10338,0,1,9,4),(152,10339,0,1,9,4),(152,10340,0,1,9,4),(153,10341,0,1,9,4),(153,10342,0,1,9,4),(153,10343,0,1,9,4),(153,10344,0,1,9,4),(153,10345,0,1,9,4),(153,10346,0,1,9,4),(153,10347,0,1,9,4),(153,10348,0,1,9,4),(153,10349,0,1,9,4),(153,10350,0,1,9,4),(153,10354,0,1,9,4),(153,10358,0,1,9,4),(153,10362,0,1,9,4),(153,10366,0,1,9,4),(153,10370,0,1,9,4),(153,10374,0,1,9,4),(153,10375,0,1,9,4),(153,10376,0,1,9,4),(153,10377,0,1,9,4),(153,10378,0,1,9,4),(154,10380,0,1,9,4),(154,10381,0,1,9,4),(156,9889,10000,0,9,4),(156,9911,10000,0,9,4),(156,9912,10000,0,9,4),(157,9889,0,1,9,4),(164,10420,0,1,9,4),(164,10421,0,1,9,4),(164,10422,0,1,9,4),(165,10433,0,1,9,4),(165,10434,0,1,9,4),(165,10435,0,1,9,4),(166,9388,10000,0,9,4),(166,9392,10000,0,9,4),(166,9412,10000,0,9,4),(166,9417,10000,0,9,4),(166,9428,10000,0,9,4),(166,9429,10000,0,9,4),(166,9430,10000,0,9,4),(166,9439,10000,0,9,4),(166,9451,10000,0,9,4),(166,9455,10000,0,9,4),(166,9457,10000,0,9,4),(166,9460,10000,0,9,4),(166,9461,10000,0,9,4),(166,9465,10000,0,9,4),(166,9466,10000,0,9,4),(166,9468,10000,0,9,4),(166,9471,10000,0,9,4),(166,9473,10000,0,9,4),(166,9476,10000,0,9,4),(166,9479,10000,0,9,4),(166,9482,10000,0,9,4),(166,9483,10000,0,9,4),(166,9484,10000,0,9,4),(166,9485,10000,0,9,4),(166,9486,10000,0,9,4),(166,9487,10000,0,9,4),(166,9488,10000,0,9,4),(166,9489,10000,0,9,4),(166,9490,10000,0,9,4),(166,9491,10000,0,9,4),(166,9492,10000,0,9,4),(166,9493,10000,0,9,4),(166,9765,10000,0,9,4),(166,9770,10000,0,9,4),(166,9773,10000,0,9,4),(166,9782,10000,0,9,4),(166,9785,10000,0,9,4),(166,9788,10000,0,9,4),(166,9789,10000,0,9,4),(166,9794,10000,0,9,4),(166,9795,10000,0,9,4),(166,9816,10000,0,9,4),(166,9825,10000,0,9,4),(166,9826,10000,0,9,4),(166,9833,10000,0,9,4),(166,9834,10000,0,9,4),(166,9835,10000,0,9,4),(166,9836,10000,0,9,4),(166,9869,10000,0,9,4),(166,9872,10000,0,9,4),(166,9873,10000,0,9,4),(166,9874,10000,0,9,4),(166,9875,10000,0,9,4),(166,9876,10000,0,9,4),(166,9877,10000,0,9,4),(166,9878,10000,0,9,4),(166,9879,10000,0,9,4),(166,9880,10000,0,9,4),(166,9881,10000,0,9,4),(166,9882,10000,0,9,4),(166,9885,10000,0,9,4),(166,9886,10000,0,9,4),(166,9888,10000,0,9,4),(166,9892,10000,0,9,4),(166,9894,10000,0,9,4),(166,9896,10000,0,9,4),(166,9900,10000,0,9,4),(166,9901,10000,0,9,4),(166,9902,10000,0,9,4),(166,9903,10000,0,9,4),(166,9904,10000,0,9,4),(166,9905,10000,0,9,4),(166,9906,10000,0,9,4),(166,9907,10000,0,9,4),(166,9908,10000,0,9,4),(166,9909,10000,0,9,4),(166,9910,10000,0,9,4),(166,9911,10000,0,9,4),(166,9912,10000,0,9,4),(166,9913,10000,0,9,4),(166,9914,10000,0,9,4),(166,9919,10000,0,9,4),(166,9924,10000,0,9,4),(166,9934,10000,0,9,4),(166,9935,10000,0,9,4),(166,9947,10000,0,9,4),(166,9975,10000,0,9,4),(166,9980,10000,0,9,4),(166,9987,10000,0,9,4),(166,9997,10000,0,9,4),(166,10016,10000,0,9,4),(166,10023,10000,0,9,4),(166,10032,10000,0,9,4),(166,10040,10000,0,9,4),(166,10051,10000,0,9,4),(166,10068,10000,0,9,4),(166,10076,10000,0,9,4),(166,10080,10000,0,9,4),(166,10084,10000,0,9,4),(166,10088,10000,0,9,4),(166,10092,10000,0,9,4),(166,10097,10000,0,9,4),(166,10101,10000,0,9,4),(166,10109,10000,0,9,4),(166,10113,10000,0,9,4),(166,10123,10000,0,9,4),(166,10126,10000,0,9,4),(166,10134,10000,0,9,4),(166,10150,10000,0,9,4),(166,10152,10000,0,9,4),(166,10168,10000,0,9,4),(166,10171,10000,0,9,4),(166,10178,10000,0,9,4),(166,10186,10000,0,9,4),(166,10192,10000,0,9,4),(166,10195,10000,0,9,4),(166,10256,10000,0,9,4),(166,10264,10000,0,9,4),(166,10463,10000,0,9,4),(166,9887,0,1,9,4),(167,9872,0,1,9,4),(167,9879,0,1,9,4),(167,9880,0,1,9,4),(167,9887,0,1,9,4),(167,9894,0,1,9,4),(167,9896,0,1,9,4),(167,9901,0,1,9,4),(167,9902,0,1,9,4),(167,9903,0,1,9,4),(167,9904,0,1,9,4),(167,9907,0,1,9,4),(167,9909,0,1,9,4),(167,9910,0,1,9,4),(167,9912,0,1,9,4),(168,9885,0,1,9,4),(168,9886,0,1,9,4),(168,9888,0,1,9,4),(168,9900,0,1,9,4),(168,9905,0,1,9,4),(168,9906,0,1,9,4),(168,9908,0,1,9,4),(168,9911,0,1,9,4),(168,9913,0,1,9,4),(169,9882,0,1,9,4),(170,9873,0,1,9,4),(170,9874,0,1,9,4),(170,9875,0,1,9,4),(170,9876,0,1,9,4),(170,9877,0,1,9,4),(170,9878,0,1,9,4),(170,9881,0,1,9,4),(170,9892,0,1,9,4),(171,9773,0,1,9,4),(171,9782,0,1,9,4),(171,9785,0,1,9,4),(171,9788,0,1,9,4),(171,9789,0,1,9,4),(171,9794,0,1,9,4),(171,9833,0,1,9,4),(171,9834,0,1,9,4),(171,9835,0,1,9,4),(171,9836,0,1,9,4),(171,9869,0,1,9,4),(171,10068,0,1,9,4),(171,10076,0,1,9,4),(171,10080,0,1,9,4),(171,10092,0,1,9,4),(171,10097,0,1,9,4),(171,10109,0,1,9,4),(172,9482,0,1,9,4),(172,9483,0,1,9,4),(172,9484,0,1,9,4),(172,9485,0,1,9,4),(172,9486,0,1,9,4),(172,9487,0,1,9,4),(172,9488,0,1,9,4),(172,9489,0,1,9,4),(172,9490,0,1,9,4),(172,9491,0,1,9,4),(172,9492,0,1,9,4),(172,9493,0,1,9,4),(172,10256,0,1,9,4),(172,10264,0,1,9,4),(173,9388,0,1,9,4),(173,9392,0,1,9,4),(173,9412,0,1,9,4),(173,9417,0,1,9,4),(173,9428,0,1,9,4),(173,9429,0,1,9,4),(173,9430,0,1,9,4),(173,9439,0,1,9,4),(173,9451,0,1,9,4),(173,9455,0,1,9,4),(173,9457,0,1,9,4),(173,9460,0,1,9,4),(173,9461,0,1,9,4),(173,9465,0,1,9,4),(173,9466,0,1,9,4),(173,9468,0,1,9,4),(173,9471,0,1,9,4),(173,9473,0,1,9,4),(173,9476,0,1,9,4),(173,9479,0,1,9,4),(173,9765,0,1,9,4),(173,9770,0,1,9,4),(173,9795,0,1,9,4),(173,9816,0,1,9,4),(173,9825,0,1,9,4),(173,9826,0,1,9,4),(173,9914,0,1,9,4),(173,9919,0,1,9,4),(173,9924,0,1,9,4),(173,9934,0,1,9,4),(173,9935,0,1,9,4),(173,9947,0,1,9,4),(173,9975,0,1,9,4),(173,9980,0,1,9,4),(173,9987,0,1,9,4),(173,9997,0,1,9,4),(173,10016,0,1,9,4),(173,10023,0,1,9,4),(173,10032,0,1,9,4),(173,10040,0,1,9,4),(173,10051,0,1,9,4),(173,10084,0,1,9,4),(173,10088,0,1,9,4),(173,10101,0,1,9,4),(173,10113,0,1,9,4),(173,10123,0,1,9,4),(173,10126,0,1,9,4),(173,10134,0,1,9,4),(173,10150,0,1,9,4),(173,10152,0,1,9,4),(173,10168,0,1,9,4),(173,10171,0,1,9,4),(173,10178,0,1,9,4),(173,10186,0,1,9,4),(173,10192,0,1,9,4),(173,10195,0,1,9,4),(173,10463,0,1,9,4);

--
-- Table structure for table `catalog_category_product_index_store9_replica`
--

CREATE TABLE `catalog_category_product_index_store9_replica` (
  `category_id` int(10) unsigned NOT NULL DEFAULT 0 COMMENT 'Category Id',
  `product_id` int(10) unsigned NOT NULL DEFAULT 0 COMMENT 'Product Id',
  `position` int(11) DEFAULT NULL COMMENT 'Position',
  `is_parent` smallint(5) unsigned NOT NULL DEFAULT 0 COMMENT 'Is Parent',
  `store_id` smallint(5) unsigned NOT NULL DEFAULT 0 COMMENT 'Store Id',
  `visibility` smallint(5) unsigned NOT NULL COMMENT 'Visibility',
  PRIMARY KEY (`category_id`,`product_id`,`store_id`),
  KEY `CAT_CTGR_PRD_IDX_STORE9_PRD_ID_STORE_ID_CTGR_ID_VISIBILITY` (`product_id`,`store_id`,`category_id`,`visibility`),
  KEY `IDX_ADAF96EF1972B57CCB3A89BA1A467864` (`store_id`,`category_id`,`visibility`,`is_parent`,`position`)
) ENGINE=InnoDB DEFAULT CHARSET=utf8 COMMENT='Catalog Category Product Index Store9 Replica';

--
-- Dumping data for table `catalog_category_product_index_store9_replica`
--

INSERT INTO `catalog_category_product_index_store9_replica` VALUES (3,36,0,0,9,4),(3,37,0,0,9,4),(3,38,0,0,9,4),(3,39,0,0,9,4),(3,40,0,0,9,4),(3,3284,0,0,9,4),(3,5193,0,0,9,4),(3,5194,0,0,9,4),(3,10391,0,0,9,4),(3,10424,0,0,9,4),(3,10425,0,0,9,4),(3,10436,0,0,9,4),(3,10437,0,0,9,4),(3,10452,0,0,9,4),(3,10453,0,0,9,4),(3,10454,0,0,9,4),(3,4330,10000,0,9,4),(3,4465,10000,0,9,4),(3,4466,10000,0,9,4),(3,4467,10000,0,9,4),(3,4468,10000,0,9,4),(3,4469,10000,0,9,4),(3,4495,10000,0,9,4),(3,4496,10000,0,9,4),(3,4497,10000,0,9,4),(3,4499,10000,0,9,4),(3,4500,10000,0,9,4),(3,4501,10000,0,9,4),(3,4502,10000,0,9,4),(3,4503,10000,0,9,4),(3,4517,10000,0,9,4),(3,4518,10000,0,9,4),(3,4521,10000,0,9,4),(3,4526,10000,0,9,4),(3,4527,10000,0,9,4),(3,4528,10000,0,9,4),(3,4529,10000,0,9,4),(3,4530,10000,0,9,4),(3,4531,10000,0,9,4),(3,4532,10000,0,9,4),(3,4533,10000,0,9,4),(3,4534,10000,0,9,4),(3,4535,10000,0,9,4),(3,4539,10000,0,9,4),(3,4540,10000,0,9,4),(3,4541,10000,0,9,4),(3,4556,10000,0,9,4),(3,4558,10000,0,9,4),(3,4559,10000,0,9,4),(3,4560,10000,0,9,4),(3,4564,10000,0,9,4),(3,4581,10000,0,9,4),(3,4583,10000,0,9,4),(3,4584,10000,0,9,4),(3,4585,10000,0,9,4),(3,4586,10000,0,9,4),(3,4587,10000,0,9,4),(3,4588,10000,0,9,4),(3,4589,10000,0,9,4),(3,4590,10000,0,9,4),(3,4591,10000,0,9,4),(3,4592,10000,0,9,4),(3,4593,10000,0,9,4),(3,4594,10000,0,9,4),(3,4595,10000,0,9,4),(3,4596,10000,0,9,4),(3,4597,10000,0,9,4),(3,4598,10000,0,9,4),(3,4599,10000,0,9,4),(3,4600,10000,0,9,4),(3,4601,10000,0,9,4),(3,4602,10000,0,9,4),(3,5370,10000,0,9,4),(3,5376,10000,0,9,4),(3,5382,10000,0,9,4),(3,9388,10000,0,9,4),(3,9392,10000,0,9,4),(3,9397,10000,0,9,4),(3,9398,10000,0,9,4),(3,9405,10000,0,9,4),(3,9412,10000,0,9,4),(3,9417,10000,0,9,4),(3,9425,10000,0,9,4),(3,9428,10000,0,9,4),(3,9429,10000,0,9,4),(3,9430,10000,0,9,4),(3,9439,10000,0,9,4),(3,9442,10000,0,9,4),(3,9445,10000,0,9,4),(3,9449,10000,0,9,4),(3,9451,10000,0,9,4),(3,9455,10000,0,9,4),(3,9457,10000,0,9,4),(3,9459,10000,0,9,4),(3,9460,10000,0,9,4),(3,9461,10000,0,9,4),(3,9464,10000,0,9,4),(3,9465,10000,0,9,4),(3,9466,10000,0,9,4),(3,9467,10000,0,9,4),(3,9468,10000,0,9,4),(3,9471,10000,0,9,4),(3,9472,10000,0,9,4),(3,9473,10000,0,9,4),(3,9474,10000,0,9,4),(3,9475,10000,0,9,4),(3,9476,10000,0,9,4),(3,9479,10000,0,9,4),(3,9482,10000,0,9,4),(3,9483,10000,0,9,4),(3,9484,10000,0,9,4),(3,9485,10000,0,9,4),(3,9486,10000,0,9,4),(3,9487,10000,0,9,4),(3,9488,10000,0,9,4),(3,9489,10000,0,9,4),(3,9490,10000,0,9,4),(3,9491,10000,0,9,4),(3,9492,10000,0,9,4),(3,9493,10000,0,9,4),(3,9494,10000,0,9,4),(3,9495,10000,0,9,4),(3,9496,10000,0,9,4),(3,9497,10000,0,9,4),(3,9498,10000,0,9,4),(3,9499,10000,0,9,4),(3,9528,10000,0,9,4),(3,9529,10000,0,9,4),(3,9530,10000,0,9,4),(3,9531,10000,0,9,4),(3,9532,10000,0,9,4),(3,9533,10000,0,9,4),(3,9534,10000,0,9,4),(3,9535,10000,0,9,4),(3,9536,10000,0,9,4),(3,9537,10000,0,9,4),(3,9538,10000,0,9,4),(3,9539,10000,0,9,4),(3,9540,10000,0,9,4),(3,9541,10000,0,9,4),(3,9542,10000,0,9,4),(3,9543,10000,0,9,4),(3,9544,10000,0,9,4),(3,9545,10000,0,9,4),(3,9546,10000,0,9,4),(3,9547,10000,0,9,4),(3,9548,10000,0,9,4),(3,9549,10000,0,9,4),(3,9550,10000,0,9,4),(3,9551,10000,0,9,4),(3,9552,10000,0,9,4),(3,9553,10000,0,9,4),(3,9554,10000,0,9,4),(3,9555,10000,0,9,4),(3,9556,10000,0,9,4),(3,9557,10000,0,9,4),(3,9558,10000,0,9,4),(3,9559,10000,0,9,4),(3,9560,10000,0,9,4),(3,9561,10000,0,9,4),(3,9562,10000,0,9,4),(3,9563,10000,0,9,4),(3,9564,10000,0,9,4),(3,9565,10000,0,9,4),(3,9566,10000,0,9,4),(3,9567,10000,0,9,4),(3,9568,10000,0,9,4),(3,9569,10000,0,9,4),(3,9570,10000,0,9,4),(3,9571,10000,0,9,4),(3,9572,10000,0,9,4),(3,9573,10000,0,9,4),(3,9574,10000,0,9,4),(3,9575,10000,0,9,4),(3,9576,10000,0,9,4),(3,9577,10000,0,9,4),(3,9578,10000,0,9,4),(3,9579,10000,0,9,4),(3,9580,10000,0,9,4),(3,9581,10000,0,9,4),(3,9582,10000,0,9,4),(3,9583,10000,0,9,4),(3,9584,10000,0,9,4),(3,9585,10000,0,9,4),(3,9586,10000,0,9,4),(3,9587,10000,0,9,4),(3,9588,10000,0,9,4),(3,9589,10000,0,9,4),(3,9590,10000,0,9,4),(3,9591,10000,0,9,4),(3,9592,10000,0,9,4),(3,9593,10000,0,9,4),(3,9594,10000,0,9,4),(3,9595,10000,0,9,4),(3,9596,10000,0,9,4),(3,9597,10000,0,9,4),(3,9598,10000,0,9,4),(3,9599,10000,0,9,4),(3,9600,10000,0,9,4),(3,9601,10000,0,9,4),(3,9602,10000,0,9,4),(3,9603,10000,0,9,4),(3,9604,10000,0,9,4),(3,9605,10000,0,9,4),(3,9606,10000,0,9,4),(3,9607,10000,0,9,4),(3,9608,10000,0,9,4),(3,9609,10000,0,9,4),(3,9610,10000,0,9,4),(3,9611,10000,0,9,4),(3,9612,10000,0,9,4),(3,9613,10000,0,9,4),(3,9614,10000,0,9,4),(3,9615,10000,0,9,4),(3,9616,10000,0,9,4),(3,9617,10000,0,9,4),(3,9618,10000,0,9,4),(3,9619,10000,0,9,4),(3,9620,10000,0,9,4),(3,9621,10000,0,9,4),(3,9622,10000,0,9,4),(3,9623,10000,0,9,4),(3,9624,10000,0,9,4),(3,9625,10000,0,9,4),(3,9626,10000,0,9,4),(3,9627,10000,0,9,4),(3,9628,10000,0,9,4),(3,9629,10000,0,9,4),(3,9630,10000,0,9,4),(3,9631,10000,0,9,4),(3,9632,10000,0,9,4),(3,9633,10000,0,9,4),(3,9634,10000,0,9,4),(3,9635,10000,0,9,4),(3,9636,10000,0,9,4),(3,9637,10000,0,9,4),(3,9638,10000,0,9,4),(3,9639,10000,0,9,4),(3,9640,10000,0,9,4),(3,9641,10000,0,9,4),(3,9642,10000,0,9,4),(3,9643,10000,0,9,4),(3,9644,10000,0,9,4),(3,9645,10000,0,9,4),(3,9646,10000,0,9,4),(3,9647,10000,0,9,4),(3,9648,10000,0,9,4),(3,9649,10000,0,9,4),(3,9650,10000,0,9,4),(3,9651,10000,0,9,4),(3,9652,10000,0,9,4),(3,9653,10000,0,9,4),(3,9654,10000,0,9,4),(3,9655,10000,0,9,4),(3,9656,10000,0,9,4),(3,9657,10000,0,9,4),(3,9658,10000,0,9,4),(3,9659,10000,0,9,4),(3,9660,10000,0,9,4),(3,9661,10000,0,9,4),(3,9662,10000,0,9,4),(3,9663,10000,0,9,4),(3,9664,10000,0,9,4),(3,9665,10000,0,9,4),(3,9666,10000,0,9,4),(3,9667,10000,0,9,4),(3,9668,10000,0,9,4),(3,9669,10000,0,9,4),(3,9670,10000,0,9,4),(3,9671,10000,0,9,4),(3,9672,10000,0,9,4),(3,9673,10000,0,9,4),(3,9674,10000,0,9,4),(3,9675,10000,0,9,4),(3,9676,10000,0,9,4),(3,9677,10000,0,9,4),(3,9678,10000,0,9,4),(3,9679,10000,0,9,4),(3,9680,10000,0,9,4),(3,9681,10000,0,9,4),(3,9682,10000,0,9,4),(3,9683,10000,0,9,4),(3,9684,10000,0,9,4),(3,9685,10000,0,9,4),(3,9686,10000,0,9,4),(3,9687,10000,0,9,4),(3,9688,10000,0,9,4),(3,9689,10000,0,9,4),(3,9690,10000,0,9,4),(3,9691,10000,0,9,4),(3,9692,10000,0,9,4),(3,9693,10000,0,9,4),(3,9694,10000,0,9,4),(3,9695,10000,0,9,4),(3,9696,10000,0,9,4),(3,9697,10000,0,9,4),(3,9698,10000,0,9,4),(3,9699,10000,0,9,4),(3,9700,10000,0,9,4),(3,9701,10000,0,9,4),(3,9702,10000,0,9,4),(3,9703,10000,0,9,4),(3,9704,10000,0,9,4),(3,9705,10000,0,9,4),(3,9706,10000,0,9,4),(3,9707,10000,0,9,4),(3,9708,10000,0,9,4),(3,9709,10000,0,9,4),(3,9710,10000,0,9,4),(3,9711,10000,0,9,4),(3,9712,10000,0,9,4),(3,9713,10000,0,9,4),(3,9714,10000,0,9,4),(3,9715,10000,0,9,4),(3,9716,10000,0,9,4),(3,9717,10000,0,9,4),(3,9718,10000,0,9,4),(3,9719,10000,0,9,4),(3,9720,10000,0,9,4),(3,9721,10000,0,9,4),(3,9722,10000,0,9,4),(3,9723,10000,0,9,4),(3,9724,10000,0,9,4),(3,9725,10000,0,9,4),(3,9726,10000,0,9,4),(3,9727,10000,0,9,4),(3,9728,10000,0,9,4),(3,9729,10000,0,9,4),(3,9730,10000,0,9,4),(3,9731,10000,0,9,4),(3,9732,10000,0,9,4),(3,9733,10000,0,9,4),(3,9734,10000,0,9,4),(3,9735,10000,0,9,4),(3,9736,10000,0,9,4),(3,9737,10000,0,9,4),(3,9738,10000,0,9,4),(3,9739,10000,0,9,4),(3,9740,10000,0,9,4),(3,9741,10000,0,9,4),(3,9742,10000,0,9,4),(3,9743,10000,0,9,4),(3,9744,10000,0,9,4),(3,9745,10000,0,9,4),(3,9746,10000,0,9,4),(3,9747,10000,0,9,4),(3,9748,10000,0,9,4),(3,9749,10000,0,9,4),(3,9750,10000,0,9,4),(3,9751,10000,0,9,4),(3,9752,10000,0,9,4),(3,9753,10000,0,9,4),(3,9754,10000,0,9,4),(3,9755,10000,0,9,4),(3,9756,10000,0,9,4),(3,9757,10000,0,9,4),(3,9758,10000,0,9,4),(3,9759,10000,0,9,4),(3,9760,10000,0,9,4),(3,9761,10000,0,9,4),(3,9762,10000,0,9,4),(3,9763,10000,0,9,4),(3,9764,10000,0,9,4),(3,9765,10000,0,9,4),(3,9770,10000,0,9,4),(3,9773,10000,0,9,4),(3,9782,10000,0,9,4),(3,9785,10000,0,9,4),(3,9788,10000,0,9,4),(3,9789,10000,0,9,4),(3,9794,10000,0,9,4),(3,9795,10000,0,9,4),(3,9808,10000,0,9,4),(3,9813,10000,0,9,4),(3,9816,10000,0,9,4),(3,9820,10000,0,9,4),(3,9825,10000,0,9,4),(3,9826,10000,0,9,4),(3,9833,10000,0,9,4),(3,9834,10000,0,9,4),(3,9835,10000,0,9,4),(3,9836,10000,0,9,4),(3,9837,10000,0,9,4),(3,9838,10000,0,9,4),(3,9839,10000,0,9,4),(3,9840,10000,0,9,4),(3,9841,10000,0,9,4),(3,9842,10000,0,9,4),(3,9843,10000,0,9,4),(3,9844,10000,0,9,4),(3,9845,10000,0,9,4),(3,9846,10000,0,9,4),(3,9847,10000,0,9,4),(3,9848,10000,0,9,4),(3,9849,10000,0,9,4),(3,9850,10000,0,9,4),(3,9851,10000,0,9,4),(3,9852,10000,0,9,4),(3,9853,10000,0,9,4),(3,9854,10000,0,9,4),(3,9855,10000,0,9,4),(3,9856,10000,0,9,4),(3,9857,10000,0,9,4),(3,9858,10000,0,9,4),(3,9859,10000,0,9,4),(3,9860,10000,0,9,4),(3,9861,10000,0,9,4),(3,9862,10000,0,9,4),(3,9863,10000,0,9,4),(3,9864,10000,0,9,4),(3,9865,10000,0,9,4),(3,9866,10000,0,9,4),(3,9867,10000,0,9,4),(3,9868,10000,0,9,4),(3,9869,10000,0,9,4),(3,9872,10000,0,9,4),(3,9873,10000,0,9,4),(3,9874,10000,0,9,4),(3,9875,10000,0,9,4),(3,9876,10000,0,9,4),(3,9877,10000,0,9,4),(3,9878,10000,0,9,4),(3,9879,10000,0,9,4),(3,9880,10000,0,9,4),(3,9881,10000,0,9,4),(3,9882,10000,0,9,4),(3,9884,10000,0,9,4),(3,9885,10000,0,9,4),(3,9886,10000,0,9,4),(3,9887,10000,0,9,4),(3,9888,10000,0,9,4),(3,9889,10000,0,9,4),(3,9892,10000,0,9,4),(3,9893,10000,0,9,4),(3,9894,10000,0,9,4),(3,9895,10000,0,9,4),(3,9896,10000,0,9,4),(3,9899,10000,0,9,4),(3,9900,10000,0,9,4),(3,9901,10000,0,9,4),(3,9902,10000,0,9,4),(3,9903,10000,0,9,4),(3,9904,10000,0,9,4),(3,9905,10000,0,9,4),(3,9906,10000,0,9,4),(3,9907,10000,0,9,4),(3,9908,10000,0,9,4),(3,9909,10000,0,9,4),(3,9910,10000,0,9,4),(3,9911,10000,0,9,4),(3,9912,10000,0,9,4),(3,9913,10000,0,9,4),(3,9914,10000,0,9,4),(3,9919,10000,0,9,4),(3,9924,10000,0,9,4),(3,9929,10000,0,9,4),(3,9934,10000,0,9,4),(3,9935,10000,0,9,4),(3,9944,10000,0,9,4),(3,9947,10000,0,9,4),(3,9954,10000,0,9,4),(3,9955,10000,0,9,4),(3,9965,10000,0,9,4),(3,9975,10000,0,9,4),(3,9980,10000,0,9,4),(3,9987,10000,0,9,4),(3,9997,10000,0,9,4),(3,10002,10000,0,9,4),(3,10009,10000,0,9,4),(3,10016,10000,0,9,4),(3,10023,10000,0,9,4),(3,10032,10000,0,9,4),(3,10033,10000,0,9,4),(3,10040,10000,0,9,4),(3,10047,10000,0,9,4),(3,10051,10000,0,9,4),(3,10058,10000,0,9,4),(3,10063,10000,0,9,4),(3,10068,10000,0,9,4),(3,10072,10000,0,9,4),(3,10076,10000,0,9,4),(3,10080,10000,0,9,4),(3,10084,10000,0,9,4),(3,10088,10000,0,9,4),(3,10092,10000,0,9,4),(3,10097,10000,0,9,4),(3,10101,10000,0,9,4),(3,10109,10000,0,9,4),(3,10113,10000,0,9,4),(3,10119,10000,0,9,4),(3,10123,10000,0,9,4),(3,10126,10000,0,9,4),(3,10130,10000,0,9,4),(3,10134,10000,0,9,4),(3,10137,10000,0,9,4),(3,10141,10000,0,9,4),(3,10145,10000,0,9,4),(3,10149,10000,0,9,4),(3,10150,10000,0,9,4),(3,10151,10000,0,9,4),(3,10152,10000,0,9,4),(3,10155,10000,0,9,4),(3,10159,10000,0,9,4),(3,10162,10000,0,9,4),(3,10165,10000,0,9,4),(3,10168,10000,0,9,4),(3,10171,10000,0,9,4),(3,10175,10000,0,9,4),(3,10178,10000,0,9,4),(3,10183,10000,0,9,4),(3,10186,10000,0,9,4),(3,10189,10000,0,9,4),(3,10192,10000,0,9,4),(3,10195,10000,0,9,4),(3,10209,10000,0,9,4),(3,10210,10000,0,9,4),(3,10211,10000,0,9,4),(3,10212,10000,0,9,4),(3,10213,10000,0,9,4),(3,10214,10000,0,9,4),(3,10215,10000,0,9,4),(3,10216,10000,0,9,4),(3,10217,10000,0,9,4),(3,10218,10000,0,9,4),(3,10219,10000,0,9,4),(3,10220,10000,0,9,4),(3,10221,10000,0,9,4),(3,10222,10000,0,9,4),(3,10223,10000,0,9,4),(3,10224,10000,0,9,4),(3,10225,10000,0,9,4),(3,10226,10000,0,9,4),(3,10227,10000,0,9,4),(3,10228,10000,0,9,4),(3,10229,10000,0,9,4),(3,10230,10000,0,9,4),(3,10231,10000,0,9,4),(3,10232,10000,0,9,4),(3,10233,10000,0,9,4),(3,10234,10000,0,9,4),(3,10235,10000,0,9,4),(3,10236,10000,0,9,4),(3,10237,10000,0,9,4),(3,10238,10000,0,9,4),(3,10239,10000,0,9,4),(3,10241,10000,0,9,4),(3,10242,10000,0,9,4),(3,10243,10000,0,9,4),(3,10244,10000,0,9,4),(3,10245,10000,0,9,4),(3,10246,10000,0,9,4),(3,10247,10000,0,9,4),(3,10248,10000,0,9,4),(3,10249,10000,0,9,4),(3,10250,10000,0,9,4),(3,10254,10000,0,9,4),(3,10255,10000,0,9,4),(3,10256,10000,0,9,4),(3,10264,10000,0,9,4),(3,10272,10000,0,9,4),(3,10275,10000,0,9,4),(3,10276,10000,0,9,4),(3,10277,10000,0,9,4),(3,10278,10000,0,9,4),(3,10279,10000,0,9,4),(3,10280,10000,0,9,4),(3,10281,10000,0,9,4),(3,10282,10000,0,9,4),(3,10283,10000,0,9,4),(3,10284,10000,0,9,4),(3,10285,10000,0,9,4),(3,10286,10000,0,9,4),(3,10287,10000,0,9,4),(3,10288,10000,0,9,4),(3,10289,10000,0,9,4),(3,10290,10000,0,9,4),(3,10291,10000,0,9,4),(3,10292,10000,0,9,4),(3,10293,10000,0,9,4),(3,10294,10000,0,9,4),(3,10295,10000,0,9,4),(3,10296,10000,0,9,4),(3,10297,10000,0,9,4),(3,10298,10000,0,9,4),(3,10299,10000,0,9,4),(3,10300,10000,0,9,4),(3,10301,10000,0,9,4),(3,10302,10000,0,9,4),(3,10303,10000,0,9,4),(3,10304,10000,0,9,4),(3,10305,10000,0,9,4),(3,10306,10000,0,9,4),(3,10307,10000,0,9,4),(3,10308,10000,0,9,4),(3,10309,10000,0,9,4),(3,10310,10000,0,9,4),(3,10311,10000,0,9,4),(3,10312,10000,0,9,4),(3,10313,10000,0,9,4),(3,10314,10000,0,9,4),(3,10315,10000,0,9,4),(3,10316,10000,0,9,4),(3,10317,10000,0,9,4),(3,10318,10000,0,9,4),(3,10319,10000,0,9,4),(3,10320,10000,0,9,4),(3,10321,10000,0,9,4),(3,10322,10000,0,9,4),(3,10323,10000,0,9,4),(3,10324,10000,0,9,4),(3,10325,10000,0,9,4),(3,10326,10000,0,9,4),(3,10327,10000,0,9,4),(3,10328,10000,0,9,4),(3,10329,10000,0,9,4),(3,10330,10000,0,9,4),(3,10331,10000,0,9,4),(3,10332,10000,0,9,4),(3,10333,10000,0,9,4),(3,10334,10000,0,9,4),(3,10335,10000,0,9,4),(3,10336,10000,0,9,4),(3,10337,10000,0,9,4),(3,10338,10000,0,9,4),(3,10339,10000,0,9,4),(3,10340,10000,0,9,4),(3,10341,10000,0,9,4),(3,10342,10000,0,9,4),(3,10343,10000,0,9,4),(3,10344,10000,0,9,4),(3,10345,10000,0,9,4),(3,10346,10000,0,9,4),(3,10347,10000,0,9,4),(3,10348,10000,0,9,4),(3,10349,10000,0,9,4),(3,10350,10000,0,9,4),(3,10354,10000,0,9,4),(3,10358,10000,0,9,4),(3,10362,10000,0,9,4),(3,10366,10000,0,9,4),(3,10370,10000,0,9,4),(3,10374,10000,0,9,4),(3,10375,10000,0,9,4),(3,10376,10000,0,9,4),(3,10377,10000,0,9,4),(3,10378,10000,0,9,4),(3,10379,10000,0,9,4),(3,10380,10000,0,9,4),(3,10381,10000,0,9,4),(3,10382,10000,0,9,4),(3,10383,10000,0,9,4),(3,10384,10000,0,9,4),(3,10389,10000,0,9,4),(3,10390,10000,0,9,4),(3,10392,10000,0,9,4),(3,10395,10000,0,9,4),(3,10398,10000,0,9,4),(3,10401,10000,0,9,4),(3,10404,10000,0,9,4),(3,10407,10000,0,9,4),(3,10410,10000,0,9,4),(3,10413,10000,0,9,4),(3,10414,10000,0,9,4),(3,10415,10000,0,9,4),(3,10416,10000,0,9,4),(3,10420,10000,0,9,4),(3,10421,10000,0,9,4),(3,10422,10000,0,9,4),(3,10433,10000,0,9,4),(3,10434,10000,0,9,4),(3,10435,10000,0,9,4),(3,10463,10000,0,9,4),(3,10478,10000,0,9,4),(43,36,10000,0,9,4),(43,37,10000,0,9,4),(43,38,10000,0,9,4),(43,39,10000,0,9,4),(43,40,10000,0,9,4),(43,4330,10000,0,9,4),(43,4465,10000,0,9,4),(43,4466,10000,0,9,4),(43,4467,10000,0,9,4),(43,4468,10000,0,9,4),(43,4469,10000,0,9,4),(43,4495,10000,0,9,4),(43,4496,10000,0,9,4),(43,4497,10000,0,9,4),(43,4499,10000,0,9,4),(43,4500,10000,0,9,4),(43,4501,10000,0,9,4),(43,4502,10000,0,9,4),(43,4503,10000,0,9,4),(43,4517,10000,0,9,4),(43,4518,10000,0,9,4),(43,4521,10000,0,9,4),(43,4526,10000,0,9,4),(43,4527,10000,0,9,4),(43,4528,10000,0,9,4),(43,4529,10000,0,9,4),(43,4530,10000,0,9,4),(43,4531,10000,0,9,4),(43,4532,10000,0,9,4),(43,4533,10000,0,9,4),(43,4534,10000,0,9,4),(43,4535,10000,0,9,4),(43,4539,10000,0,9,4),(43,4540,10000,0,9,4),(43,4541,10000,0,9,4),(43,4556,10000,0,9,4),(43,4558,10000,0,9,4),(43,4559,10000,0,9,4),(43,4560,10000,0,9,4),(43,4564,10000,0,9,4),(43,4581,10000,0,9,4),(43,4583,10000,0,9,4),(43,4584,10000,0,9,4),(43,4585,10000,0,9,4),(43,4586,10000,0,9,4),(43,4587,10000,0,9,4),(43,4588,10000,0,9,4),(43,4589,10000,0,9,4),(43,4590,10000,0,9,4),(43,4591,10000,0,9,4),(43,4592,10000,0,9,4),(43,4593,10000,0,9,4),(43,4594,10000,0,9,4),(43,4595,10000,0,9,4),(43,4596,10000,0,9,4),(43,4597,10000,0,9,4),(43,4598,10000,0,9,4),(43,4599,10000,0,9,4),(43,4600,10000,0,9,4),(43,4601,10000,0,9,4),(43,4602,10000,0,9,4),(43,5370,10000,0,9,4),(43,5376,10000,0,9,4),(43,5382,10000,0,9,4),(43,9388,10000,0,9,4),(43,9392,10000,0,9,4),(43,9397,10000,0,9,4),(43,9398,10000,0,9,4),(43,9405,10000,0,9,4),(43,9412,10000,0,9,4),(43,9417,10000,0,9,4),(43,9425,10000,0,9,4),(43,9428,10000,0,9,4),(43,9429,10000,0,9,4),(43,9430,10000,0,9,4),(43,9439,10000,0,9,4),(43,9442,10000,0,9,4),(43,9445,10000,0,9,4),(43,9449,10000,0,9,4),(43,9451,10000,0,9,4),(43,9455,10000,0,9,4),(43,9457,10000,0,9,4),(43,9459,10000,0,9,4),(43,9460,10000,0,9,4),(43,9461,10000,0,9,4),(43,9464,10000,0,9,4),(43,9465,10000,0,9,4),(43,9466,10000,0,9,4),(43,9467,10000,0,9,4),(43,9468,10000,0,9,4),(43,9471,10000,0,9,4),(43,9472,10000,0,9,4),(43,9473,10000,0,9,4),(43,9474,10000,0,9,4),(43,9475,10000,0,9,4),(43,9476,10000,0,9,4),(43,9479,10000,0,9,4),(43,9482,10000,0,9,4),(43,9483,10000,0,9,4),(43,9484,10000,0,9,4),(43,9485,10000,0,9,4),(43,9486,10000,0,9,4),(43,9487,10000,0,9,4),(43,9488,10000,0,9,4),(43,9489,10000,0,9,4),(43,9490,10000,0,9,4),(43,9491,10000,0,9,4),(43,9492,10000,0,9,4),(43,9493,10000,0,9,4),(43,9494,10000,0,9,4),(43,9495,10000,0,9,4),(43,9496,10000,0,9,4),(43,9497,10000,0,9,4),(43,9498,10000,0,9,4),(43,9499,10000,0,9,4),(43,9528,10000,0,9,4),(43,9529,10000,0,9,4),(43,9530,10000,0,9,4),(43,9531,10000,0,9,4),(43,9532,10000,0,9,4),(43,9533,10000,0,9,4),(43,9534,10000,0,9,4),(43,9535,10000,0,9,4),(43,9536,10000,0,9,4),(43,9537,10000,0,9,4),(43,9538,10000,0,9,4),(43,9539,10000,0,9,4),(43,9540,10000,0,9,4),(43,9541,10000,0,9,4),(43,9542,10000,0,9,4),(43,9543,10000,0,9,4),(43,9544,10000,0,9,4),(43,9545,10000,0,9,4),(43,9546,10000,0,9,4),(43,9547,10000,0,9,4),(43,9548,10000,0,9,4),(43,9549,10000,0,9,4),(43,9550,10000,0,9,4),(43,9551,10000,0,9,4),(43,9552,10000,0,9,4),(43,9553,10000,0,9,4),(43,9554,10000,0,9,4),(43,9555,10000,0,9,4),(43,9556,10000,0,9,4),(43,9557,10000,0,9,4),(43,9558,10000,0,9,4),(43,9559,10000,0,9,4),(43,9560,10000,0,9,4),(43,9561,10000,0,9,4),(43,9562,10000,0,9,4),(43,9563,10000,0,9,4),(43,9564,10000,0,9,4),(43,9565,10000,0,9,4),(43,9566,10000,0,9,4),(43,9567,10000,0,9,4),(43,9568,10000,0,9,4),(43,9569,10000,0,9,4),(43,9570,10000,0,9,4),(43,9571,10000,0,9,4),(43,9572,10000,0,9,4),(43,9573,10000,0,9,4),(43,9574,10000,0,9,4),(43,9575,10000,0,9,4),(43,9576,10000,0,9,4),(43,9577,10000,0,9,4),(43,9578,10000,0,9,4),(43,9579,10000,0,9,4),(43,9580,10000,0,9,4),(43,9581,10000,0,9,4),(43,9582,10000,0,9,4),(43,9583,10000,0,9,4),(43,9584,10000,0,9,4),(43,9585,10000,0,9,4),(43,9586,10000,0,9,4),(43,9587,10000,0,9,4),(43,9588,10000,0,9,4),(43,9589,10000,0,9,4),(43,9590,10000,0,9,4),(43,9591,10000,0,9,4),(43,9592,10000,0,9,4),(43,9593,10000,0,9,4),(43,9594,10000,0,9,4),(43,9595,10000,0,9,4),(43,9596,10000,0,9,4),(43,9597,10000,0,9,4),(43,9598,10000,0,9,4),(43,9599,10000,0,9,4),(43,9600,10000,0,9,4),(43,9601,10000,0,9,4),(43,9602,10000,0,9,4),(43,9603,10000,0,9,4),(43,9604,10000,0,9,4),(43,9605,10000,0,9,4),(43,9606,10000,0,9,4),(43,9607,10000,0,9,4),(43,9608,10000,0,9,4),(43,9609,10000,0,9,4),(43,9610,10000,0,9,4),(43,9611,10000,0,9,4),(43,9612,10000,0,9,4),(43,9613,10000,0,9,4),(43,9614,10000,0,9,4),(43,9615,10000,0,9,4),(43,9616,10000,0,9,4),(43,9617,10000,0,9,4),(43,9618,10000,0,9,4),(43,9619,10000,0,9,4),(43,9620,10000,0,9,4),(43,9621,10000,0,9,4),(43,9622,10000,0,9,4),(43,9623,10000,0,9,4),(43,9624,10000,0,9,4),(43,9625,10000,0,9,4),(43,9626,10000,0,9,4),(43,9627,10000,0,9,4),(43,9628,10000,0,9,4),(43,9629,10000,0,9,4),(43,9630,10000,0,9,4),(43,9631,10000,0,9,4),(43,9632,10000,0,9,4),(43,9633,10000,0,9,4),(43,9634,10000,0,9,4),(43,9635,10000,0,9,4),(43,9636,10000,0,9,4),(43,9637,10000,0,9,4),(43,9638,10000,0,9,4),(43,9639,10000,0,9,4),(43,9640,10000,0,9,4),(43,9641,10000,0,9,4),(43,9642,10000,0,9,4),(43,9643,10000,0,9,4),(43,9644,10000,0,9,4),(43,9645,10000,0,9,4),(43,9646,10000,0,9,4),(43,9647,10000,0,9,4),(43,9648,10000,0,9,4),(43,9649,10000,0,9,4),(43,9650,10000,0,9,4),(43,9651,10000,0,9,4),(43,9652,10000,0,9,4),(43,9653,10000,0,9,4),(43,9654,10000,0,9,4),(43,9655,10000,0,9,4),(43,9656,10000,0,9,4),(43,9657,10000,0,9,4),(43,9658,10000,0,9,4),(43,9659,10000,0,9,4),(43,9660,10000,0,9,4),(43,9661,10000,0,9,4),(43,9662,10000,0,9,4),(43,9663,10000,0,9,4),(43,9664,10000,0,9,4),(43,9665,10000,0,9,4),(43,9666,10000,0,9,4),(43,9667,10000,0,9,4),(43,9668,10000,0,9,4),(43,9669,10000,0,9,4),(43,9670,10000,0,9,4),(43,9671,10000,0,9,4),(43,9672,10000,0,9,4),(43,9673,10000,0,9,4),(43,9674,10000,0,9,4),(43,9675,10000,0,9,4),(43,9676,10000,0,9,4),(43,9677,10000,0,9,4),(43,9678,10000,0,9,4),(43,9679,10000,0,9,4),(43,9680,10000,0,9,4),(43,9681,10000,0,9,4),(43,9682,10000,0,9,4),(43,9683,10000,0,9,4),(43,9684,10000,0,9,4),(43,9685,10000,0,9,4),(43,9686,10000,0,9,4),(43,9687,10000,0,9,4),(43,9688,10000,0,9,4),(43,9689,10000,0,9,4),(43,9690,10000,0,9,4),(43,9691,10000,0,9,4),(43,9692,10000,0,9,4),(43,9693,10000,0,9,4),(43,9694,10000,0,9,4),(43,9695,10000,0,9,4),(43,9696,10000,0,9,4),(43,9697,10000,0,9,4),(43,9698,10000,0,9,4),(43,9699,10000,0,9,4),(43,9700,10000,0,9,4),(43,9701,10000,0,9,4),(43,9702,10000,0,9,4),(43,9703,10000,0,9,4),(43,9704,10000,0,9,4),(43,9705,10000,0,9,4),(43,9706,10000,0,9,4),(43,9707,10000,0,9,4),(43,9708,10000,0,9,4),(43,9709,10000,0,9,4),(43,9710,10000,0,9,4),(43,9711,10000,0,9,4),(43,9712,10000,0,9,4),(43,9713,10000,0,9,4),(43,9714,10000,0,9,4),(43,9715,10000,0,9,4),(43,9716,10000,0,9,4),(43,9717,10000,0,9,4),(43,9718,10000,0,9,4),(43,9719,10000,0,9,4),(43,9720,10000,0,9,4),(43,9721,10000,0,9,4),(43,9722,10000,0,9,4),(43,9723,10000,0,9,4),(43,9724,10000,0,9,4),(43,9725,10000,0,9,4),(43,9726,10000,0,9,4),(43,9727,10000,0,9,4),(43,9728,10000,0,9,4),(43,9729,10000,0,9,4),(43,9730,10000,0,9,4),(43,9731,10000,0,9,4),(43,9732,10000,0,9,4),(43,9733,10000,0,9,4),(43,9734,10000,0,9,4),(43,9735,10000,0,9,4),(43,9736,10000,0,9,4),(43,9737,10000,0,9,4),(43,9738,10000,0,9,4),(43,9739,10000,0,9,4),(43,9740,10000,0,9,4),(43,9741,10000,0,9,4),(43,9742,10000,0,9,4),(43,9743,10000,0,9,4),(43,9744,10000,0,9,4),(43,9745,10000,0,9,4),(43,9746,10000,0,9,4),(43,9747,10000,0,9,4),(43,9748,10000,0,9,4),(43,9749,10000,0,9,4),(43,9750,10000,0,9,4),(43,9751,10000,0,9,4),(43,9752,10000,0,9,4),(43,9753,10000,0,9,4),(43,9754,10000,0,9,4),(43,9755,10000,0,9,4),(43,9756,10000,0,9,4),(43,9757,10000,0,9,4),(43,9758,10000,0,9,4),(43,9759,10000,0,9,4),(43,9760,10000,0,9,4),(43,9761,10000,0,9,4),(43,9762,10000,0,9,4),(43,9763,10000,0,9,4),(43,9764,10000,0,9,4),(43,9765,10000,0,9,4),(43,9770,10000,0,9,4),(43,9773,10000,0,9,4),(43,9782,10000,0,9,4),(43,9785,10000,0,9,4),(43,9788,10000,0,9,4),(43,9789,10000,0,9,4),(43,9794,10000,0,9,4),(43,9795,10000,0,9,4),(43,9808,10000,0,9,4),(43,9813,10000,0,9,4),(43,9816,10000,0,9,4),(43,9820,10000,0,9,4),(43,9825,10000,0,9,4),(43,9826,10000,0,9,4),(43,9833,10000,0,9,4),(43,9834,10000,0,9,4),(43,9835,10000,0,9,4),(43,9836,10000,0,9,4),(43,9837,10000,0,9,4),(43,9838,10000,0,9,4),(43,9839,10000,0,9,4),(43,9840,10000,0,9,4),(43,9841,10000,0,9,4),(43,9842,10000,0,9,4),(43,9843,10000,0,9,4),(43,9844,10000,0,9,4),(43,9845,10000,0,9,4),(43,9846,10000,0,9,4),(43,9847,10000,0,9,4),(43,9848,10000,0,9,4),(43,9849,10000,0,9,4),(43,9850,10000,0,9,4),(43,9851,10000,0,9,4),(43,9852,10000,0,9,4),(43,9853,10000,0,9,4),(43,9854,10000,0,9,4),(43,9855,10000,0,9,4),(43,9856,10000,0,9,4),(43,9857,10000,0,9,4),(43,9858,10000,0,9,4),(43,9859,10000,0,9,4),(43,9860,10000,0,9,4),(43,9861,10000,0,9,4),(43,9862,10000,0,9,4),(43,9863,10000,0,9,4),(43,9864,10000,0,9,4),(43,9865,10000,0,9,4),(43,9866,10000,0,9,4),(43,9867,10000,0,9,4),(43,9868,10000,0,9,4),(43,9869,10000,0,9,4),(43,9872,10000,0,9,4),(43,9873,10000,0,9,4),(43,9874,10000,0,9,4),(43,9875,10000,0,9,4),(43,9876,10000,0,9,4),(43,9877,10000,0,9,4),(43,9878,10000,0,9,4),(43,9879,10000,0,9,4),(43,9880,10000,0,9,4),(43,9881,10000,0,9,4),(43,9882,10000,0,9,4),(43,9884,10000,0,9,4),(43,9885,10000,0,9,4),(43,9886,10000,0,9,4),(43,9887,10000,0,9,4),(43,9888,10000,0,9,4),(43,9889,10000,0,9,4),(43,9892,10000,0,9,4),(43,9893,10000,0,9,4),(43,9894,10000,0,9,4),(43,9895,10000,0,9,4),(43,9896,10000,0,9,4),(43,9899,10000,0,9,4),(43,9900,10000,0,9,4),(43,9901,10000,0,9,4),(43,9902,10000,0,9,4),(43,9903,10000,0,9,4),(43,9904,10000,0,9,4),(43,9905,10000,0,9,4),(43,9906,10000,0,9,4),(43,9907,10000,0,9,4),(43,9908,10000,0,9,4),(43,9909,10000,0,9,4),(43,9910,10000,0,9,4),(43,9911,10000,0,9,4),(43,9912,10000,0,9,4),(43,9913,10000,0,9,4),(43,9914,10000,0,9,4),(43,9919,10000,0,9,4),(43,9924,10000,0,9,4),(43,9929,10000,0,9,4),(43,9934,10000,0,9,4),(43,9935,10000,0,9,4),(43,9944,10000,0,9,4),(43,9947,10000,0,9,4),(43,9954,10000,0,9,4),(43,9955,10000,0,9,4),(43,9965,10000,0,9,4),(43,9975,10000,0,9,4),(43,9980,10000,0,9,4),(43,9987,10000,0,9,4),(43,9997,10000,0,9,4),(43,10002,10000,0,9,4),(43,10009,10000,0,9,4),(43,10016,10000,0,9,4),(43,10023,10000,0,9,4),(43,10032,10000,0,9,4),(43,10033,10000,0,9,4),(43,10040,10000,0,9,4),(43,10047,10000,0,9,4),(43,10051,10000,0,9,4),(43,10058,10000,0,9,4),(43,10063,10000,0,9,4),(43,10068,10000,0,9,4),(43,10072,10000,0,9,4),(43,10076,10000,0,9,4),(43,10080,10000,0,9,4),(43,10084,10000,0,9,4),(43,10088,10000,0,9,4),(43,10092,10000,0,9,4),(43,10097,10000,0,9,4),(43,10101,10000,0,9,4),(43,10109,10000,0,9,4),(43,10113,10000,0,9,4),(43,10119,10000,0,9,4),(43,10123,10000,0,9,4),(43,10126,10000,0,9,4),(43,10130,10000,0,9,4),(43,10134,10000,0,9,4),(43,10137,10000,0,9,4),(43,10141,10000,0,9,4),(43,10145,10000,0,9,4),(43,10149,10000,0,9,4),(43,10150,10000,0,9,4),(43,10151,10000,0,9,4),(43,10152,10000,0,9,4),(43,10155,10000,0,9,4),(43,10159,10000,0,9,4),(43,10162,10000,0,9,4),(43,10165,10000,0,9,4),(43,10168,10000,0,9,4),(43,10171,10000,0,9,4),(43,10175,10000,0,9,4),(43,10178,10000,0,9,4),(43,10183,10000,0,9,4),(43,10186,10000,0,9,4),(43,10189,10000,0,9,4),(43,10192,10000,0,9,4),(43,10195,10000,0,9,4),(43,10209,10000,0,9,4),(43,10210,10000,0,9,4),(43,10211,10000,0,9,4),(43,10212,10000,0,9,4),(43,10213,10000,0,9,4),(43,10214,10000,0,9,4),(43,10215,10000,0,9,4),(43,10216,10000,0,9,4),(43,10217,10000,0,9,4),(43,10218,10000,0,9,4),(43,10219,10000,0,9,4),(43,10220,10000,0,9,4),(43,10221,10000,0,9,4),(43,10222,10000,0,9,4),(43,10223,10000,0,9,4),(43,10224,10000,0,9,4),(43,10225,10000,0,9,4),(43,10226,10000,0,9,4),(43,10227,10000,0,9,4),(43,10228,10000,0,9,4),(43,10229,10000,0,9,4),(43,10230,10000,0,9,4),(43,10231,10000,0,9,4),(43,10232,10000,0,9,4),(43,10233,10000,0,9,4),(43,10234,10000,0,9,4),(43,10235,10000,0,9,4),(43,10236,10000,0,9,4),(43,10237,10000,0,9,4),(43,10238,10000,0,9,4),(43,10239,10000,0,9,4),(43,10241,10000,0,9,4),(43,10242,10000,0,9,4),(43,10243,10000,0,9,4),(43,10244,10000,0,9,4),(43,10245,10000,0,9,4),(43,10246,10000,0,9,4),(43,10247,10000,0,9,4),(43,10248,10000,0,9,4),(43,10249,10000,0,9,4),(43,10250,10000,0,9,4),(43,10254,10000,0,9,4),(43,10255,10000,0,9,4),(43,10256,10000,0,9,4),(43,10264,10000,0,9,4),(43,10272,10000,0,9,4),(43,10275,10000,0,9,4),(43,10276,10000,0,9,4),(43,10277,10000,0,9,4),(43,10278,10000,0,9,4),(43,10279,10000,0,9,4),(43,10280,10000,0,9,4),(43,10281,10000,0,9,4),(43,10282,10000,0,9,4),(43,10283,10000,0,9,4),(43,10284,10000,0,9,4),(43,10285,10000,0,9,4),(43,10286,10000,0,9,4),(43,10287,10000,0,9,4),(43,10288,10000,0,9,4),(43,10289,10000,0,9,4),(43,10290,10000,0,9,4),(43,10291,10000,0,9,4),(43,10292,10000,0,9,4),(43,10293,10000,0,9,4),(43,10294,10000,0,9,4),(43,10295,10000,0,9,4),(43,10296,10000,0,9,4),(43,10297,10000,0,9,4),(43,10298,10000,0,9,4),(43,10299,10000,0,9,4),(43,10300,10000,0,9,4),(43,10301,10000,0,9,4),(43,10302,10000,0,9,4),(43,10303,10000,0,9,4),(43,10304,10000,0,9,4),(43,10305,10000,0,9,4),(43,10306,10000,0,9,4),(43,10307,10000,0,9,4),(43,10308,10000,0,9,4),(43,10309,10000,0,9,4),(43,10310,10000,0,9,4),(43,10311,10000,0,9,4),(43,10312,10000,0,9,4),(43,10313,10000,0,9,4),(43,10314,10000,0,9,4),(43,10315,10000,0,9,4),(43,10316,10000,0,9,4),(43,10317,10000,0,9,4),(43,10318,10000,0,9,4),(43,10319,10000,0,9,4),(43,10320,10000,0,9,4),(43,10321,10000,0,9,4),(43,10322,10000,0,9,4),(43,10323,10000,0,9,4),(43,10324,10000,0,9,4),(43,10325,10000,0,9,4),(43,10326,10000,0,9,4),(43,10327,10000,0,9,4),(43,10328,10000,0,9,4),(43,10329,10000,0,9,4),(43,10330,10000,0,9,4),(43,10331,10000,0,9,4),(43,10332,10000,0,9,4),(43,10333,10000,0,9,4),(43,10334,10000,0,9,4),(43,10335,10000,0,9,4),(43,10336,10000,0,9,4),(43,10337,10000,0,9,4),(43,10338,10000,0,9,4),(43,10339,10000,0,9,4),(43,10340,10000,0,9,4),(43,10341,10000,0,9,4),(43,10342,10000,0,9,4),(43,10343,10000,0,9,4),(43,10344,10000,0,9,4),(43,10345,10000,0,9,4),(43,10346,10000,0,9,4),(43,10347,10000,0,9,4),(43,10348,10000,0,9,4),(43,10349,10000,0,9,4),(43,10350,10000,0,9,4),(43,10354,10000,0,9,4),(43,10358,10000,0,9,4),(43,10362,10000,0,9,4),(43,10366,10000,0,9,4),(43,10370,10000,0,9,4),(43,10374,10000,0,9,4),(43,10375,10000,0,9,4),(43,10376,10000,0,9,4),(43,10377,10000,0,9,4),(43,10378,10000,0,9,4),(43,10379,10000,0,9,4),(43,10380,10000,0,9,4),(43,10381,10000,0,9,4),(43,10382,10000,0,9,4),(43,10383,10000,0,9,4),(43,10384,10000,0,9,4),(43,10389,10000,0,9,4),(43,10390,10000,0,9,4),(43,10392,10000,0,9,4),(43,10395,10000,0,9,4),(43,10398,10000,0,9,4),(43,10401,10000,0,9,4),(43,10404,10000,0,9,4),(43,10407,10000,0,9,4),(43,10410,10000,0,9,4),(43,10413,10000,0,9,4),(43,10414,10000,0,9,4),(43,10415,10000,0,9,4),(43,10416,10000,0,9,4),(43,10420,10000,0,9,4),(43,10421,10000,0,9,4),(43,10422,10000,0,9,4),(43,10433,10000,0,9,4),(43,10434,10000,0,9,4),(43,10435,10000,0,9,4),(43,10463,10000,0,9,4),(43,10478,10000,0,9,4),(43,5193,0,1,9,4),(43,5194,0,1,9,4),(43,10391,0,1,9,4),(43,10424,0,1,9,4),(43,10425,0,1,9,4),(43,10436,0,1,9,4),(43,10437,0,1,9,4),(43,10452,0,1,9,4),(43,10453,0,1,9,4),(43,10454,0,1,9,4),(44,4330,10000,0,9,4),(44,4465,10000,0,9,4),(44,4466,10000,0,9,4),(44,4467,10000,0,9,4),(44,4468,10000,0,9,4),(44,4469,10000,0,9,4),(44,4495,10000,0,9,4),(44,4496,10000,0,9,4),(44,4497,10000,0,9,4),(44,4499,10000,0,9,4),(44,4500,10000,0,9,4),(44,4501,10000,0,9,4),(44,4502,10000,0,9,4),(44,4503,10000,0,9,4),(44,4517,10000,0,9,4),(44,4518,10000,0,9,4),(44,4521,10000,0,9,4),(44,4526,10000,0,9,4),(44,4527,10000,0,9,4),(44,4528,10000,0,9,4),(44,4529,10000,0,9,4),(44,4530,10000,0,9,4),(44,4531,10000,0,9,4),(44,4532,10000,0,9,4),(44,4533,10000,0,9,4),(44,4534,10000,0,9,4),(44,4535,10000,0,9,4),(44,4539,10000,0,9,4),(44,4540,10000,0,9,4),(44,4541,10000,0,9,4),(44,4556,10000,0,9,4),(44,4558,10000,0,9,4),(44,4559,10000,0,9,4),(44,4560,10000,0,9,4),(44,4564,10000,0,9,4),(44,4581,10000,0,9,4),(44,4583,10000,0,9,4),(44,4584,10000,0,9,4),(44,4585,10000,0,9,4),(44,4586,10000,0,9,4),(44,4587,10000,0,9,4),(44,4588,10000,0,9,4),(44,4589,10000,0,9,4),(44,4590,10000,0,9,4),(44,4591,10000,0,9,4),(44,4592,10000,0,9,4),(44,4593,10000,0,9,4),(44,4594,10000,0,9,4),(44,4595,10000,0,9,4),(44,4596,10000,0,9,4),(44,4597,10000,0,9,4),(44,4598,10000,0,9,4),(44,4599,10000,0,9,4),(44,4600,10000,0,9,4),(44,4601,10000,0,9,4),(44,4602,10000,0,9,4),(44,9388,10000,0,9,4),(44,9392,10000,0,9,4),(44,9397,10000,0,9,4),(44,9398,10000,0,9,4),(44,9405,10000,0,9,4),(44,9412,10000,0,9,4),(44,9417,10000,0,9,4),(44,9425,10000,0,9,4),(44,9428,10000,0,9,4),(44,9429,10000,0,9,4),(44,9430,10000,0,9,4),(44,9439,10000,0,9,4),(44,9442,10000,0,9,4),(44,9445,10000,0,9,4),(44,9449,10000,0,9,4),(44,9451,10000,0,9,4),(44,9455,10000,0,9,4),(44,9457,10000,0,9,4),(44,9459,10000,0,9,4),(44,9460,10000,0,9,4),(44,9461,10000,0,9,4),(44,9464,10000,0,9,4),(44,9465,10000,0,9,4),(44,9466,10000,0,9,4),(44,9467,10000,0,9,4),(44,9468,10000,0,9,4),(44,9471,10000,0,9,4),(44,9472,10000,0,9,4),(44,9473,10000,0,9,4),(44,9474,10000,0,9,4),(44,9475,10000,0,9,4),(44,9476,10000,0,9,4),(44,9479,10000,0,9,4),(44,9482,10000,0,9,4),(44,9483,10000,0,9,4),(44,9484,10000,0,9,4),(44,9485,10000,0,9,4),(44,9486,10000,0,9,4),(44,9487,10000,0,9,4),(44,9488,10000,0,9,4),(44,9489,10000,0,9,4),(44,9490,10000,0,9,4),(44,9491,10000,0,9,4),(44,9492,10000,0,9,4),(44,9493,10000,0,9,4),(44,9494,10000,0,9,4),(44,9495,10000,0,9,4),(44,9496,10000,0,9,4),(44,9497,10000,0,9,4),(44,9498,10000,0,9,4),(44,9499,10000,0,9,4),(44,9528,10000,0,9,4),(44,9529,10000,0,9,4),(44,9530,10000,0,9,4),(44,9531,10000,0,9,4),(44,9532,10000,0,9,4),(44,9533,10000,0,9,4),(44,9534,10000,0,9,4),(44,9535,10000,0,9,4),(44,9536,10000,0,9,4),(44,9537,10000,0,9,4),(44,9538,10000,0,9,4),(44,9539,10000,0,9,4),(44,9540,10000,0,9,4),(44,9541,10000,0,9,4),(44,9542,10000,0,9,4),(44,9543,10000,0,9,4),(44,9544,10000,0,9,4),(44,9545,10000,0,9,4),(44,9546,10000,0,9,4),(44,9547,10000,0,9,4),(44,9548,10000,0,9,4),(44,9549,10000,0,9,4),(44,9550,10000,0,9,4),(44,9551,10000,0,9,4),(44,9552,10000,0,9,4),(44,9553,10000,0,9,4),(44,9554,10000,0,9,4),(44,9555,10000,0,9,4),(44,9556,10000,0,9,4),(44,9557,10000,0,9,4),(44,9558,10000,0,9,4),(44,9559,10000,0,9,4),(44,9560,10000,0,9,4),(44,9561,10000,0,9,4),(44,9562,10000,0,9,4),(44,9563,10000,0,9,4),(44,9564,10000,0,9,4),(44,9565,10000,0,9,4),(44,9566,10000,0,9,4),(44,9567,10000,0,9,4),(44,9568,10000,0,9,4),(44,9569,10000,0,9,4),(44,9570,10000,0,9,4),(44,9571,10000,0,9,4),(44,9572,10000,0,9,4),(44,9573,10000,0,9,4),(44,9574,10000,0,9,4),(44,9575,10000,0,9,4),(44,9576,10000,0,9,4),(44,9577,10000,0,9,4),(44,9578,10000,0,9,4),(44,9579,10000,0,9,4),(44,9580,10000,0,9,4),(44,9581,10000,0,9,4),(44,9582,10000,0,9,4),(44,9583,10000,0,9,4),(44,9584,10000,0,9,4),(44,9585,10000,0,9,4),(44,9586,10000,0,9,4),(44,9587,10000,0,9,4),(44,9588,10000,0,9,4),(44,9589,10000,0,9,4),(44,9590,10000,0,9,4),(44,9591,10000,0,9,4),(44,9592,10000,0,9,4),(44,9593,10000,0,9,4),(44,9594,10000,0,9,4),(44,9595,10000,0,9,4),(44,9596,10000,0,9,4),(44,9597,10000,0,9,4),(44,9598,10000,0,9,4),(44,9599,10000,0,9,4),(44,9600,10000,0,9,4),(44,9601,10000,0,9,4),(44,9602,10000,0,9,4),(44,9603,10000,0,9,4),(44,9604,10000,0,9,4),(44,9605,10000,0,9,4),(44,9606,10000,0,9,4),(44,9607,10000,0,9,4),(44,9608,10000,0,9,4),(44,9609,10000,0,9,4),(44,9610,10000,0,9,4),(44,9611,10000,0,9,4),(44,9612,10000,0,9,4),(44,9613,10000,0,9,4),(44,9614,10000,0,9,4),(44,9615,10000,0,9,4),(44,9616,10000,0,9,4),(44,9617,10000,0,9,4),(44,9618,10000,0,9,4),(44,9619,10000,0,9,4),(44,9620,10000,0,9,4),(44,9621,10000,0,9,4),(44,9622,10000,0,9,4),(44,9623,10000,0,9,4),(44,9624,10000,0,9,4),(44,9625,10000,0,9,4),(44,9626,10000,0,9,4),(44,9627,10000,0,9,4),(44,9628,10000,0,9,4),(44,9629,10000,0,9,4),(44,9630,10000,0,9,4),(44,9631,10000,0,9,4),(44,9632,10000,0,9,4),(44,9633,10000,0,9,4),(44,9634,10000,0,9,4),(44,9635,10000,0,9,4),(44,9636,10000,0,9,4),(44,9637,10000,0,9,4),(44,9638,10000,0,9,4),(44,9639,10000,0,9,4),(44,9640,10000,0,9,4),(44,9641,10000,0,9,4),(44,9642,10000,0,9,4),(44,9643,10000,0,9,4),(44,9644,10000,0,9,4),(44,9645,10000,0,9,4),(44,9646,10000,0,9,4),(44,9647,10000,0,9,4),(44,9648,10000,0,9,4),(44,9649,10000,0,9,4),(44,9650,10000,0,9,4),(44,9651,10000,0,9,4),(44,9652,10000,0,9,4),(44,9653,10000,0,9,4),(44,9654,10000,0,9,4),(44,9655,10000,0,9,4),(44,9656,10000,0,9,4),(44,9657,10000,0,9,4),(44,9658,10000,0,9,4),(44,9659,10000,0,9,4),(44,9660,10000,0,9,4),(44,9661,10000,0,9,4),(44,9662,10000,0,9,4),(44,9663,10000,0,9,4),(44,9664,10000,0,9,4),(44,9665,10000,0,9,4),(44,9666,10000,0,9,4),(44,9667,10000,0,9,4),(44,9668,10000,0,9,4),(44,9669,10000,0,9,4),(44,9670,10000,0,9,4),(44,9671,10000,0,9,4),(44,9672,10000,0,9,4),(44,9673,10000,0,9,4),(44,9674,10000,0,9,4),(44,9675,10000,0,9,4),(44,9676,10000,0,9,4),(44,9677,10000,0,9,4),(44,9678,10000,0,9,4),(44,9679,10000,0,9,4),(44,9680,10000,0,9,4),(44,9681,10000,0,9,4),(44,9682,10000,0,9,4),(44,9683,10000,0,9,4),(44,9684,10000,0,9,4),(44,9685,10000,0,9,4),(44,9686,10000,0,9,4),(44,9687,10000,0,9,4),(44,9688,10000,0,9,4),(44,9689,10000,0,9,4),(44,9690,10000,0,9,4),(44,9691,10000,0,9,4),(44,9692,10000,0,9,4),(44,9693,10000,0,9,4),(44,9694,10000,0,9,4),(44,9695,10000,0,9,4),(44,9696,10000,0,9,4),(44,9697,10000,0,9,4),(44,9698,10000,0,9,4),(44,9699,10000,0,9,4),(44,9700,10000,0,9,4),(44,9701,10000,0,9,4),(44,9702,10000,0,9,4),(44,9703,10000,0,9,4),(44,9704,10000,0,9,4),(44,9705,10000,0,9,4),(44,9706,10000,0,9,4),(44,9707,10000,0,9,4),(44,9708,10000,0,9,4),(44,9709,10000,0,9,4),(44,9710,10000,0,9,4),(44,9711,10000,0,9,4),(44,9712,10000,0,9,4),(44,9713,10000,0,9,4),(44,9714,10000,0,9,4),(44,9715,10000,0,9,4),(44,9716,10000,0,9,4),(44,9717,10000,0,9,4),(44,9718,10000,0,9,4),(44,9719,10000,0,9,4),(44,9720,10000,0,9,4),(44,9721,10000,0,9,4),(44,9722,10000,0,9,4),(44,9723,10000,0,9,4),(44,9724,10000,0,9,4),(44,9725,10000,0,9,4),(44,9726,10000,0,9,4),(44,9727,10000,0,9,4),(44,9728,10000,0,9,4),(44,9729,10000,0,9,4),(44,9730,10000,0,9,4),(44,9731,10000,0,9,4),(44,9732,10000,0,9,4),(44,9733,10000,0,9,4),(44,9734,10000,0,9,4),(44,9735,10000,0,9,4),(44,9736,10000,0,9,4),(44,9737,10000,0,9,4),(44,9738,10000,0,9,4),(44,9739,10000,0,9,4),(44,9740,10000,0,9,4),(44,9741,10000,0,9,4),(44,9742,10000,0,9,4),(44,9743,10000,0,9,4),(44,9744,10000,0,9,4),(44,9745,10000,0,9,4),(44,9746,10000,0,9,4),(44,9747,10000,0,9,4),(44,9748,10000,0,9,4),(44,9749,10000,0,9,4),(44,9750,10000,0,9,4),(44,9751,10000,0,9,4),(44,9752,10000,0,9,4),(44,9753,10000,0,9,4),(44,9754,10000,0,9,4),(44,9755,10000,0,9,4),(44,9756,10000,0,9,4),(44,9757,10000,0,9,4),(44,9758,10000,0,9,4),(44,9759,10000,0,9,4),(44,9760,10000,0,9,4),(44,9761,10000,0,9,4),(44,9762,10000,0,9,4),(44,9763,10000,0,9,4),(44,9764,10000,0,9,4),(44,9765,10000,0,9,4),(44,9770,10000,0,9,4),(44,9773,10000,0,9,4),(44,9782,10000,0,9,4),(44,9785,10000,0,9,4),(44,9788,10000,0,9,4),(44,9789,10000,0,9,4),(44,9794,10000,0,9,4),(44,9795,10000,0,9,4),(44,9808,10000,0,9,4),(44,9813,10000,0,9,4),(44,9816,10000,0,9,4),(44,9820,10000,0,9,4),(44,9825,10000,0,9,4),(44,9826,10000,0,9,4),(44,9833,10000,0,9,4),(44,9834,10000,0,9,4),(44,9835,10000,0,9,4),(44,9836,10000,0,9,4),(44,9837,10000,0,9,4),(44,9838,10000,0,9,4),(44,9839,10000,0,9,4),(44,9840,10000,0,9,4),(44,9841,10000,0,9,4),(44,9842,10000,0,9,4),(44,9843,10000,0,9,4),(44,9844,10000,0,9,4),(44,9845,10000,0,9,4),(44,9846,10000,0,9,4),(44,9847,10000,0,9,4),(44,9848,10000,0,9,4),(44,9849,10000,0,9,4),(44,9850,10000,0,9,4),(44,9851,10000,0,9,4),(44,9852,10000,0,9,4),(44,9853,10000,0,9,4),(44,9854,10000,0,9,4),(44,9855,10000,0,9,4),(44,9856,10000,0,9,4),(44,9857,10000,0,9,4),(44,9858,10000,0,9,4),(44,9859,10000,0,9,4),(44,9860,10000,0,9,4),(44,9861,10000,0,9,4),(44,9862,10000,0,9,4),(44,9863,10000,0,9,4),(44,9864,10000,0,9,4),(44,9865,10000,0,9,4),(44,9866,10000,0,9,4),(44,9867,10000,0,9,4),(44,9868,10000,0,9,4),(44,9869,10000,0,9,4),(44,9872,10000,0,9,4),(44,9873,10000,0,9,4),(44,9874,10000,0,9,4),(44,9875,10000,0,9,4),(44,9876,10000,0,9,4),(44,9877,10000,0,9,4),(44,9878,10000,0,9,4),(44,9879,10000,0,9,4),(44,9880,10000,0,9,4),(44,9881,10000,0,9,4),(44,9882,10000,0,9,4),(44,9884,10000,0,9,4),(44,9885,10000,0,9,4),(44,9886,10000,0,9,4),(44,9887,10000,0,9,4),(44,9888,10000,0,9,4),(44,9889,10000,0,9,4),(44,9892,10000,0,9,4),(44,9893,10000,0,9,4),(44,9894,10000,0,9,4),(44,9895,10000,0,9,4),(44,9896,10000,0,9,4),(44,9899,10000,0,9,4),(44,9900,10000,0,9,4),(44,9901,10000,0,9,4),(44,9902,10000,0,9,4),(44,9903,10000,0,9,4),(44,9904,10000,0,9,4),(44,9905,10000,0,9,4),(44,9906,10000,0,9,4),(44,9907,10000,0,9,4),(44,9908,10000,0,9,4),(44,9909,10000,0,9,4),(44,9910,10000,0,9,4),(44,9911,10000,0,9,4),(44,9912,10000,0,9,4),(44,9913,10000,0,9,4),(44,9914,10000,0,9,4),(44,9919,10000,0,9,4),(44,9924,10000,0,9,4),(44,9929,10000,0,9,4),(44,9934,10000,0,9,4),(44,9935,10000,0,9,4),(44,9944,10000,0,9,4),(44,9947,10000,0,9,4),(44,9954,10000,0,9,4),(44,9955,10000,0,9,4),(44,9965,10000,0,9,4),(44,9975,10000,0,9,4),(44,9980,10000,0,9,4),(44,9987,10000,0,9,4),(44,9997,10000,0,9,4),(44,10002,10000,0,9,4),(44,10009,10000,0,9,4),(44,10016,10000,0,9,4),(44,10023,10000,0,9,4),(44,10032,10000,0,9,4),(44,10033,10000,0,9,4),(44,10040,10000,0,9,4),(44,10047,10000,0,9,4),(44,10051,10000,0,9,4),(44,10058,10000,0,9,4),(44,10063,10000,0,9,4),(44,10068,10000,0,9,4),(44,10072,10000,0,9,4),(44,10076,10000,0,9,4),(44,10080,10000,0,9,4),(44,10084,10000,0,9,4),(44,10088,10000,0,9,4),(44,10092,10000,0,9,4),(44,10097,10000,0,9,4),(44,10101,10000,0,9,4),(44,10109,10000,0,9,4),(44,10113,10000,0,9,4),(44,10119,10000,0,9,4),(44,10123,10000,0,9,4),(44,10126,10000,0,9,4),(44,10130,10000,0,9,4),(44,10134,10000,0,9,4),(44,10137,10000,0,9,4),(44,10141,10000,0,9,4),(44,10145,10000,0,9,4),(44,10149,10000,0,9,4),(44,10150,10000,0,9,4),(44,10151,10000,0,9,4),(44,10152,10000,0,9,4),(44,10155,10000,0,9,4),(44,10159,10000,0,9,4),(44,10162,10000,0,9,4),(44,10165,10000,0,9,4),(44,10168,10000,0,9,4),(44,10171,10000,0,9,4),(44,10175,10000,0,9,4),(44,10178,10000,0,9,4),(44,10183,10000,0,9,4),(44,10186,10000,0,9,4),(44,10189,10000,0,9,4),(44,10192,10000,0,9,4),(44,10195,10000,0,9,4),(44,10209,10000,0,9,4),(44,10210,10000,0,9,4),(44,10211,10000,0,9,4),(44,10212,10000,0,9,4),(44,10213,10000,0,9,4),(44,10214,10000,0,9,4),(44,10215,10000,0,9,4),(44,10216,10000,0,9,4),(44,10217,10000,0,9,4),(44,10218,10000,0,9,4),(44,10219,10000,0,9,4),(44,10220,10000,0,9,4),(44,10221,10000,0,9,4),(44,10222,10000,0,9,4),(44,10223,10000,0,9,4),(44,10224,10000,0,9,4),(44,10225,10000,0,9,4),(44,10226,10000,0,9,4),(44,10227,10000,0,9,4),(44,10228,10000,0,9,4),(44,10229,10000,0,9,4),(44,10230,10000,0,9,4),(44,10231,10000,0,9,4),(44,10232,10000,0,9,4),(44,10233,10000,0,9,4),(44,10234,10000,0,9,4),(44,10235,10000,0,9,4),(44,10236,10000,0,9,4),(44,10237,10000,0,9,4),(44,10238,10000,0,9,4),(44,10239,10000,0,9,4),(44,10241,10000,0,9,4),(44,10242,10000,0,9,4),(44,10243,10000,0,9,4),(44,10244,10000,0,9,4),(44,10245,10000,0,9,4),(44,10246,10000,0,9,4),(44,10247,10000,0,9,4),(44,10248,10000,0,9,4),(44,10249,10000,0,9,4),(44,10250,10000,0,9,4),(44,10254,10000,0,9,4),(44,10255,10000,0,9,4),(44,10256,10000,0,9,4),(44,10264,10000,0,9,4),(44,10272,10000,0,9,4),(44,10275,10000,0,9,4),(44,10276,10000,0,9,4),(44,10277,10000,0,9,4),(44,10278,10000,0,9,4),(44,10279,10000,0,9,4),(44,10280,10000,0,9,4),(44,10281,10000,0,9,4),(44,10282,10000,0,9,4),(44,10283,10000,0,9,4),(44,10284,10000,0,9,4),(44,10285,10000,0,9,4),(44,10286,10000,0,9,4),(44,10287,10000,0,9,4),(44,10288,10000,0,9,4),(44,10289,10000,0,9,4),(44,10290,10000,0,9,4),(44,10291,10000,0,9,4),(44,10292,10000,0,9,4),(44,10293,10000,0,9,4),(44,10294,10000,0,9,4),(44,10295,10000,0,9,4),(44,10296,10000,0,9,4),(44,10297,10000,0,9,4),(44,10298,10000,0,9,4),(44,10299,10000,0,9,4),(44,10300,10000,0,9,4),(44,10301,10000,0,9,4),(44,10302,10000,0,9,4),(44,10303,10000,0,9,4),(44,10304,10000,0,9,4),(44,10305,10000,0,9,4),(44,10306,10000,0,9,4),(44,10307,10000,0,9,4),(44,10308,10000,0,9,4),(44,10309,10000,0,9,4),(44,10310,10000,0,9,4),(44,10311,10000,0,9,4),(44,10312,10000,0,9,4),(44,10313,10000,0,9,4),(44,10314,10000,0,9,4),(44,10315,10000,0,9,4),(44,10316,10000,0,9,4),(44,10317,10000,0,9,4),(44,10318,10000,0,9,4),(44,10319,10000,0,9,4),(44,10320,10000,0,9,4),(44,10321,10000,0,9,4),(44,10322,10000,0,9,4),(44,10323,10000,0,9,4),(44,10324,10000,0,9,4),(44,10325,10000,0,9,4),(44,10326,10000,0,9,4),(44,10327,10000,0,9,4),(44,10328,10000,0,9,4),(44,10329,10000,0,9,4),(44,10330,10000,0,9,4),(44,10331,10000,0,9,4),(44,10332,10000,0,9,4),(44,10333,10000,0,9,4),(44,10334,10000,0,9,4),(44,10335,10000,0,9,4),(44,10336,10000,0,9,4),(44,10337,10000,0,9,4),(44,10338,10000,0,9,4),(44,10339,10000,0,9,4),(44,10340,10000,0,9,4),(44,10341,10000,0,9,4),(44,10342,10000,0,9,4),(44,10343,10000,0,9,4),(44,10344,10000,0,9,4),(44,10345,10000,0,9,4),(44,10346,10000,0,9,4),(44,10347,10000,0,9,4),(44,10348,10000,0,9,4),(44,10349,10000,0,9,4),(44,10350,10000,0,9,4),(44,10354,10000,0,9,4),(44,10358,10000,0,9,4),(44,10362,10000,0,9,4),(44,10366,10000,0,9,4),(44,10370,10000,0,9,4),(44,10374,10000,0,9,4),(44,10375,10000,0,9,4),(44,10376,10000,0,9,4),(44,10377,10000,0,9,4),(44,10378,10000,0,9,4),(44,10379,10000,0,9,4),(44,10380,10000,0,9,4),(44,10381,10000,0,9,4),(44,10382,10000,0,9,4),(44,10383,10000,0,9,4),(44,10384,10000,0,9,4),(44,10389,10000,0,9,4),(44,10390,10000,0,9,4),(44,10392,10000,0,9,4),(44,10395,10000,0,9,4),(44,10398,10000,0,9,4),(44,10401,10000,0,9,4),(44,10404,10000,0,9,4),(44,10407,10000,0,9,4),(44,10410,10000,0,9,4),(44,10413,10000,0,9,4),(44,10414,10000,0,9,4),(44,10415,10000,0,9,4),(44,10416,10000,0,9,4),(44,10463,10000,0,9,4),(44,10478,10000,0,9,4),(45,10420,10000,0,9,4),(45,10421,10000,0,9,4),(45,10422,10000,0,9,4),(45,36,0,1,9,4),(45,37,0,1,9,4),(45,38,0,1,9,4),(45,39,0,1,9,4),(45,40,0,1,9,4),(45,5193,0,1,9,4),(45,5194,0,1,9,4),(45,10391,0,1,9,4),(45,10424,0,1,9,4),(45,10425,0,1,9,4),(45,10436,0,1,9,4),(45,10437,0,1,9,4),(45,10452,0,1,9,4),(45,10453,0,1,9,4),(45,10454,0,1,9,4),(51,9893,0,1,9,4),(51,9894,0,1,9,4),(51,9895,0,1,9,4),(51,9896,0,1,9,4),(56,9482,10000,0,9,4),(56,9483,10000,0,9,4),(56,9484,10000,0,9,4),(56,9485,10000,0,9,4),(56,9486,10000,0,9,4),(56,9487,10000,0,9,4),(56,9488,10000,0,9,4),(56,9489,10000,0,9,4),(56,9490,10000,0,9,4),(56,9491,10000,0,9,4),(56,9492,10000,0,9,4),(56,9493,10000,0,9,4),(56,9885,10000,0,9,4),(56,9886,10000,0,9,4),(56,9887,10000,0,9,4),(56,10463,10000,0,9,4),(57,36,0,1,9,4),(57,37,0,1,9,4),(57,38,0,1,9,4),(57,39,0,1,9,4),(57,40,0,1,9,4),(57,5193,0,1,9,4),(57,5194,0,1,9,4),(57,10391,0,1,9,4),(57,10424,0,1,9,4),(57,10425,0,1,9,4),(57,10436,0,1,9,4),(57,10437,0,1,9,4),(57,10452,0,1,9,4),(57,10453,0,1,9,4),(57,10454,0,1,9,4),(60,36,0,1,9,4),(60,37,1,1,9,4),(60,38,2,1,9,4),(60,39,3,1,9,4),(60,40,4,1,9,4),(61,5193,0,1,9,4),(61,10391,0,1,9,4),(61,10452,0,1,9,4),(61,10453,0,1,9,4),(61,10454,0,1,9,4),(62,5194,0,1,9,4),(62,10424,0,1,9,4),(62,10425,0,1,9,4),(62,10436,0,1,9,4),(62,10437,0,1,9,4),(64,4330,10000,0,9,4),(64,9494,10000,0,9,4),(64,9765,10000,0,9,4),(64,9770,10000,0,9,4),(64,9773,10000,0,9,4),(64,9782,10000,0,9,4),(64,9785,10000,0,9,4),(64,9788,10000,0,9,4),(64,9789,10000,0,9,4),(64,9794,10000,0,9,4),(64,9795,10000,0,9,4),(64,9808,10000,0,9,4),(64,9813,10000,0,9,4),(64,9816,10000,0,9,4),(64,9820,10000,0,9,4),(64,9825,10000,0,9,4),(64,9826,10000,0,9,4),(64,9833,10000,0,9,4),(64,9834,10000,0,9,4),(64,9835,10000,0,9,4),(64,9836,10000,0,9,4),(64,9837,10000,0,9,4),(64,9838,10000,0,9,4),(64,9839,10000,0,9,4),(64,9840,10000,0,9,4),(64,9841,10000,0,9,4),(64,9842,10000,0,9,4),(64,9843,10000,0,9,4),(64,9844,10000,0,9,4),(64,9845,10000,0,9,4),(64,9846,10000,0,9,4),(64,9847,10000,0,9,4),(64,9848,10000,0,9,4),(64,9849,10000,0,9,4),(64,9850,10000,0,9,4),(64,9851,10000,0,9,4),(64,9852,10000,0,9,4),(64,9853,10000,0,9,4),(64,9854,10000,0,9,4),(64,9855,10000,0,9,4),(64,9856,10000,0,9,4),(64,9857,10000,0,9,4),(64,9858,10000,0,9,4),(64,9859,10000,0,9,4),(64,9860,10000,0,9,4),(64,9861,10000,0,9,4),(64,9862,10000,0,9,4),(64,9863,10000,0,9,4),(64,9864,10000,0,9,4),(64,9865,10000,0,9,4),(64,9866,10000,0,9,4),(64,9867,10000,0,9,4),(64,9868,10000,0,9,4),(64,9888,10000,0,9,4),(64,10237,10000,0,9,4),(64,10238,10000,0,9,4),(64,10242,10000,0,9,4),(64,10243,10000,0,9,4),(64,10244,10000,0,9,4),(64,10245,10000,0,9,4),(64,10246,10000,0,9,4),(64,10247,10000,0,9,4),(64,10248,10000,0,9,4),(64,10249,10000,0,9,4),(64,10254,10000,0,9,4),(64,10255,10000,0,9,4),(64,10392,10000,0,9,4),(64,10395,10000,0,9,4),(64,10398,10000,0,9,4),(64,10401,10000,0,9,4),(64,10404,10000,0,9,4),(64,10407,10000,0,9,4),(64,10410,10000,0,9,4),(64,10413,10000,0,9,4),(64,10414,10000,0,9,4),(64,10415,10000,0,9,4),(64,10416,10000,0,9,4),(73,9679,0,1,9,4),(73,9680,0,1,9,4),(73,9681,0,1,9,4),(73,9682,0,1,9,4),(73,9683,0,1,9,4),(73,9684,0,1,9,4),(73,9685,0,1,9,4),(73,9686,0,1,9,4),(73,9687,0,1,9,4),(74,9869,0,1,9,4),(74,9872,0,1,9,4),(74,9914,0,1,9,4),(74,9919,0,1,9,4),(74,9924,0,1,9,4),(74,9929,0,1,9,4),(74,9934,0,1,9,4),(74,9935,0,1,9,4),(74,9944,0,1,9,4),(74,9947,0,1,9,4),(74,9954,0,1,9,4),(74,9955,0,1,9,4),(74,9965,0,1,9,4),(74,9975,0,1,9,4),(74,9980,0,1,9,4),(74,9987,0,1,9,4),(74,9997,0,1,9,4),(74,10002,0,1,9,4),(74,10009,0,1,9,4),(74,10016,0,1,9,4),(74,10023,0,1,9,4),(74,10032,0,1,9,4),(74,10033,0,1,9,4),(74,10040,0,1,9,4),(74,10047,0,1,9,4),(74,10051,0,1,9,4),(74,10058,0,1,9,4),(74,10063,0,1,9,4),(74,10209,0,1,9,4),(74,10210,0,1,9,4),(74,10211,0,1,9,4),(74,10212,0,1,9,4),(74,10213,0,1,9,4),(74,10214,0,1,9,4),(74,10215,0,1,9,4),(74,10216,0,1,9,4),(74,10217,0,1,9,4),(74,10218,0,1,9,4),(74,10219,0,1,9,4),(74,10220,0,1,9,4),(74,10221,0,1,9,4),(74,10222,0,1,9,4),(74,10223,0,1,9,4),(74,10224,0,1,9,4),(74,10225,0,1,9,4),(74,10226,0,1,9,4),(74,10227,0,1,9,4),(74,10228,0,1,9,4),(74,10229,0,1,9,4),(74,10230,0,1,9,4),(74,10231,0,1,9,4),(74,10232,0,1,9,4),(74,10233,0,1,9,4),(74,10234,0,1,9,4),(74,10235,0,1,9,4),(74,10236,0,1,9,4),(74,10250,0,1,9,4),(75,9528,0,1,9,4),(75,9529,0,1,9,4),(75,9530,0,1,9,4),(75,9531,0,1,9,4),(75,9532,0,1,9,4),(75,9533,0,1,9,4),(75,9534,0,1,9,4),(75,9535,0,1,9,4),(75,9536,0,1,9,4),(75,9537,0,1,9,4),(75,9538,0,1,9,4),(75,9539,0,1,9,4),(75,9540,0,1,9,4),(75,9873,0,1,9,4),(75,9874,0,1,9,4),(75,9875,0,1,9,4),(75,9876,0,1,9,4),(75,9877,0,1,9,4),(76,9388,0,1,9,4),(76,9392,0,1,9,4),(76,9397,0,1,9,4),(76,9398,0,1,9,4),(76,9405,0,1,9,4),(76,9412,0,1,9,4),(76,9417,0,1,9,4),(76,9425,0,1,9,4),(76,9428,0,1,9,4),(76,9429,0,1,9,4),(76,9430,0,1,9,4),(76,9439,0,1,9,4),(76,9442,0,1,9,4),(76,9445,0,1,9,4),(76,9449,0,1,9,4),(76,9451,0,1,9,4),(76,9455,0,1,9,4),(76,9457,0,1,9,4),(76,9459,0,1,9,4),(76,9460,0,1,9,4),(76,9461,0,1,9,4),(76,9464,0,1,9,4),(76,9465,0,1,9,4),(76,9466,0,1,9,4),(76,9467,0,1,9,4),(76,9468,0,1,9,4),(76,9471,0,1,9,4),(76,9472,0,1,9,4),(76,9473,0,1,9,4),(76,9474,0,1,9,4),(76,9475,0,1,9,4),(76,9476,0,1,9,4),(76,9479,0,1,9,4),(76,9495,0,1,9,4),(76,9496,0,1,9,4),(76,9497,0,1,9,4),(76,9498,0,1,9,4),(76,9499,0,1,9,4),(76,9878,0,1,9,4),(76,9879,0,1,9,4),(76,9880,0,1,9,4),(76,9913,0,1,9,4),(77,9881,0,1,9,4),(77,9882,0,1,9,4),(77,9892,0,1,9,4),(77,10068,0,1,9,4),(77,10072,0,1,9,4),(77,10076,0,1,9,4),(77,10080,0,1,9,4),(77,10084,0,1,9,4),(77,10088,0,1,9,4),(77,10092,0,1,9,4),(77,10097,0,1,9,4),(77,10101,0,1,9,4),(77,10109,0,1,9,4),(77,10113,0,1,9,4),(77,10119,0,1,9,4),(77,10123,0,1,9,4),(77,10126,0,1,9,4),(77,10130,0,1,9,4),(77,10134,0,1,9,4),(77,10137,0,1,9,4),(77,10141,0,1,9,4),(77,10145,0,1,9,4),(77,10149,0,1,9,4),(77,10150,0,1,9,4),(77,10151,0,1,9,4),(77,10152,0,1,9,4),(77,10155,0,1,9,4),(77,10159,0,1,9,4),(77,10162,0,1,9,4),(77,10165,0,1,9,4),(77,10168,0,1,9,4),(77,10171,0,1,9,4),(77,10175,0,1,9,4),(77,10178,0,1,9,4),(77,10183,0,1,9,4),(77,10186,0,1,9,4),(77,10189,0,1,9,4),(77,10192,0,1,9,4),(77,10195,0,1,9,4),(77,10239,0,1,9,4),(77,10241,0,1,9,4),(77,10478,0,1,9,4),(79,9884,0,1,9,4),(79,9909,0,1,9,4),(79,9910,0,1,9,4),(81,9899,0,1,9,4),(82,9900,0,1,9,4),(82,9901,0,1,9,4),(82,9902,0,1,9,4),(82,9903,0,1,9,4),(82,9904,0,1,9,4),(83,9889,0,1,9,4),(83,9905,0,1,9,4),(83,9906,0,1,9,4),(83,9907,0,1,9,4),(84,9908,0,1,9,4),(85,9911,0,1,9,4),(85,9912,0,1,9,4),(92,9865,0,1,9,4),(92,9866,0,1,9,4),(92,9867,0,1,9,4),(92,9868,0,1,9,4),(92,10392,0,1,9,4),(92,10395,0,1,9,4),(92,10398,0,1,9,4),(92,10401,0,1,9,4),(92,10404,0,1,9,4),(92,10407,0,1,9,4),(92,10410,0,1,9,4),(92,10413,0,1,9,4),(92,10414,0,1,9,4),(92,10415,0,1,9,4),(92,10416,0,1,9,4),(93,9833,0,1,9,4),(93,9834,0,1,9,4),(93,9835,0,1,9,4),(93,9836,0,1,9,4),(94,9773,10000,0,9,4),(94,9782,10000,0,9,4),(94,9785,10000,0,9,4),(94,9788,10000,0,9,4),(94,9789,10000,0,9,4),(94,9794,10000,0,9,4),(94,9795,10000,0,9,4),(94,9808,10000,0,9,4),(94,9813,10000,0,9,4),(94,9816,10000,0,9,4),(94,9820,10000,0,9,4),(94,9825,10000,0,9,4),(94,9826,10000,0,9,4),(94,9837,10000,0,9,4),(94,9838,10000,0,9,4),(94,9839,10000,0,9,4),(94,9840,10000,0,9,4),(94,9841,10000,0,9,4),(94,9842,10000,0,9,4),(94,9843,10000,0,9,4),(94,9844,10000,0,9,4),(94,9845,10000,0,9,4),(94,9846,10000,0,9,4),(94,9847,10000,0,9,4),(94,9848,10000,0,9,4),(94,9849,10000,0,9,4),(94,10242,10000,0,9,4),(94,10243,10000,0,9,4),(94,10244,10000,0,9,4),(94,10245,10000,0,9,4),(94,10246,10000,0,9,4),(94,10247,10000,0,9,4),(94,10248,10000,0,9,4),(94,10249,10000,0,9,4),(94,10254,10000,0,9,4),(94,10255,10000,0,9,4),(95,9765,0,1,9,4),(95,9770,0,1,9,4),(95,10237,0,1,9,4),(96,4465,0,1,9,4),(96,4466,0,1,9,4),(96,4467,0,1,9,4),(96,4468,0,1,9,4),(96,4469,0,1,9,4),(96,4495,0,1,9,4),(96,4496,0,1,9,4),(96,4497,0,1,9,4),(96,4499,0,1,9,4),(96,4500,0,1,9,4),(96,4501,0,1,9,4),(96,4502,0,1,9,4),(96,4503,0,1,9,4),(96,4517,0,1,9,4),(96,4518,0,1,9,4),(96,4521,0,1,9,4),(96,4526,0,1,9,4),(96,4527,0,1,9,4),(96,4528,0,1,9,4),(96,4529,0,1,9,4),(96,4530,0,1,9,4),(96,4531,0,1,9,4),(96,4532,0,1,9,4),(96,4533,0,1,9,4),(96,4534,0,1,9,4),(96,4535,0,1,9,4),(96,4539,0,1,9,4),(96,4540,0,1,9,4),(96,4541,0,1,9,4),(96,4556,0,1,9,4),(96,4558,0,1,9,4),(96,4559,0,1,9,4),(96,4560,0,1,9,4),(96,4564,0,1,9,4),(96,4581,0,1,9,4),(96,4583,0,1,9,4),(96,4584,0,1,9,4),(96,4585,0,1,9,4),(96,4586,0,1,9,4),(96,4587,0,1,9,4),(96,4588,0,1,9,4),(96,4589,0,1,9,4),(96,4590,0,1,9,4),(96,4591,0,1,9,4),(96,4592,0,1,9,4),(96,4593,0,1,9,4),(96,4594,0,1,9,4),(96,4595,0,1,9,4),(96,4596,0,1,9,4),(96,4597,0,1,9,4),(96,4598,0,1,9,4),(96,4599,0,1,9,4),(96,4600,0,1,9,4),(96,4601,0,1,9,4),(96,4602,0,1,9,4),(96,9541,0,1,9,4),(96,9542,0,1,9,4),(96,9543,0,1,9,4),(96,9547,0,1,9,4),(96,9549,0,1,9,4),(96,9550,0,1,9,4),(96,9551,0,1,9,4),(96,9552,0,1,9,4),(96,9553,0,1,9,4),(96,9554,0,1,9,4),(96,9555,0,1,9,4),(96,9556,0,1,9,4),(96,9557,0,1,9,4),(96,9558,0,1,9,4),(96,9559,0,1,9,4),(96,9560,0,1,9,4),(96,9561,0,1,9,4),(96,9562,0,1,9,4),(96,9563,0,1,9,4),(96,9564,0,1,9,4),(96,9565,0,1,9,4),(96,9566,0,1,9,4),(96,9567,0,1,9,4),(96,9568,0,1,9,4),(96,9569,0,1,9,4),(96,9570,0,1,9,4),(96,9571,0,1,9,4),(96,9572,0,1,9,4),(96,9573,0,1,9,4),(96,9574,0,1,9,4),(96,9575,0,1,9,4),(96,9576,0,1,9,4),(96,9577,0,1,9,4),(96,9579,0,1,9,4),(96,9580,0,1,9,4),(96,9581,0,1,9,4),(96,9582,0,1,9,4),(96,9583,0,1,9,4),(96,9584,0,1,9,4),(96,9585,0,1,9,4),(96,9586,0,1,9,4),(96,9587,0,1,9,4),(96,9588,0,1,9,4),(96,9589,0,1,9,4),(96,9590,0,1,9,4),(96,9591,0,1,9,4),(96,9592,0,1,9,4),(96,9593,0,1,9,4),(96,9594,0,1,9,4),(96,9595,0,1,9,4),(96,9596,0,1,9,4),(96,9597,0,1,9,4),(96,9598,0,1,9,4),(96,9599,0,1,9,4),(96,9600,0,1,9,4),(96,9601,0,1,9,4),(96,9602,0,1,9,4),(96,9603,0,1,9,4),(96,9604,0,1,9,4),(96,9605,0,1,9,4),(96,9606,0,1,9,4),(96,9607,0,1,9,4),(96,9608,0,1,9,4),(96,9609,0,1,9,4),(96,9610,0,1,9,4),(96,9611,0,1,9,4),(96,9612,0,1,9,4),(96,9613,0,1,9,4),(96,9614,0,1,9,4),(96,9615,0,1,9,4),(96,9616,0,1,9,4),(96,9617,0,1,9,4),(96,9618,0,1,9,4),(96,9619,0,1,9,4),(96,9620,0,1,9,4),(96,9621,0,1,9,4),(96,9622,0,1,9,4),(96,9623,0,1,9,4),(96,9624,0,1,9,4),(96,9625,0,1,9,4),(96,9626,0,1,9,4),(96,9627,0,1,9,4),(96,9628,0,1,9,4),(96,9629,0,1,9,4),(96,9630,0,1,9,4),(96,9631,0,1,9,4),(96,9632,0,1,9,4),(96,9633,0,1,9,4),(96,9634,0,1,9,4),(96,9635,0,1,9,4),(96,9636,0,1,9,4),(96,9637,0,1,9,4),(96,9638,0,1,9,4),(96,9639,0,1,9,4),(96,9640,0,1,9,4),(96,9641,0,1,9,4),(96,9642,0,1,9,4),(96,9643,0,1,9,4),(96,9644,0,1,9,4),(96,9645,0,1,9,4),(96,9646,0,1,9,4),(96,9647,0,1,9,4),(96,9648,0,1,9,4),(96,9649,0,1,9,4),(96,9650,0,1,9,4),(96,9651,0,1,9,4),(96,9652,0,1,9,4),(96,9653,0,1,9,4),(96,9654,0,1,9,4),(96,9655,0,1,9,4),(96,9656,0,1,9,4),(96,9657,0,1,9,4),(96,9658,0,1,9,4),(96,9659,0,1,9,4),(96,9660,0,1,9,4),(96,9661,0,1,9,4),(96,9662,0,1,9,4),(96,9663,0,1,9,4),(96,9664,0,1,9,4),(96,9665,0,1,9,4),(97,9544,0,1,9,4),(97,9545,0,1,9,4),(97,9546,0,1,9,4),(97,9548,0,1,9,4),(97,9578,0,1,9,4),(97,9666,0,1,9,4),(97,9667,0,1,9,4),(97,9668,0,1,9,4),(97,9669,0,1,9,4),(97,9670,0,1,9,4),(97,9671,0,1,9,4),(97,9672,0,1,9,4),(97,9673,0,1,9,4),(97,9674,0,1,9,4),(97,9675,0,1,9,4),(97,9676,0,1,9,4),(97,9677,0,1,9,4),(97,9678,0,1,9,4),(97,9688,0,1,9,4),(97,9689,0,1,9,4),(97,9690,0,1,9,4),(97,9691,0,1,9,4),(97,9692,0,1,9,4),(97,9693,0,1,9,4),(97,9694,0,1,9,4),(97,9695,0,1,9,4),(97,9696,0,1,9,4),(97,9697,0,1,9,4),(97,9698,0,1,9,4),(97,9699,0,1,9,4),(97,9700,0,1,9,4),(97,9701,0,1,9,4),(97,9702,0,1,9,4),(97,9703,0,1,9,4),(97,9704,0,1,9,4),(97,9705,0,1,9,4),(97,9706,0,1,9,4),(97,9707,0,1,9,4),(97,9708,0,1,9,4),(97,9709,0,1,9,4),(97,9710,0,1,9,4),(97,9711,0,1,9,4),(97,9712,0,1,9,4),(97,9713,0,1,9,4),(97,9714,0,1,9,4),(97,9715,0,1,9,4),(97,9716,0,1,9,4),(97,9717,0,1,9,4),(97,9718,0,1,9,4),(97,9719,0,1,9,4),(97,9720,0,1,9,4),(97,9721,0,1,9,4),(97,9722,0,1,9,4),(97,9723,0,1,9,4),(97,9724,0,1,9,4),(97,9725,0,1,9,4),(97,9726,0,1,9,4),(97,9727,0,1,9,4),(97,9728,0,1,9,4),(97,9729,0,1,9,4),(97,9730,0,1,9,4),(97,9731,0,1,9,4),(97,9732,0,1,9,4),(97,9733,0,1,9,4),(97,9734,0,1,9,4),(97,9735,0,1,9,4),(97,9736,0,1,9,4),(97,9737,0,1,9,4),(97,9738,0,1,9,4),(97,9739,0,1,9,4),(97,9740,0,1,9,4),(97,9741,0,1,9,4),(97,9742,0,1,9,4),(97,9743,0,1,9,4),(97,9744,0,1,9,4),(97,9745,0,1,9,4),(97,9746,0,1,9,4),(97,9747,0,1,9,4),(97,9748,0,1,9,4),(97,9749,0,1,9,4),(97,9750,0,1,9,4),(97,9751,0,1,9,4),(97,9752,0,1,9,4),(97,9753,0,1,9,4),(97,9754,0,1,9,4),(97,9755,0,1,9,4),(97,9756,0,1,9,4),(97,9757,0,1,9,4),(97,9758,0,1,9,4),(97,9759,0,1,9,4),(97,9760,0,1,9,4),(97,9761,0,1,9,4),(97,9762,0,1,9,4),(97,9763,0,1,9,4),(97,9764,0,1,9,4),(101,9850,0,1,9,4),(101,9851,0,1,9,4),(101,9852,0,1,9,4),(101,9853,0,1,9,4),(101,9854,0,1,9,4),(101,9855,0,1,9,4),(101,9856,0,1,9,4),(101,9857,0,1,9,4),(101,9858,0,1,9,4),(101,9859,0,1,9,4),(101,9860,0,1,9,4),(101,9861,0,1,9,4),(101,9862,0,1,9,4),(101,9863,0,1,9,4),(101,9864,0,1,9,4),(102,4330,10000,0,9,4),(102,9388,10000,0,9,4),(102,9392,10000,0,9,4),(102,9397,10000,0,9,4),(102,9398,10000,0,9,4),(102,9405,10000,0,9,4),(102,9412,10000,0,9,4),(102,9417,10000,0,9,4),(102,9425,10000,0,9,4),(102,9428,10000,0,9,4),(102,9429,10000,0,9,4),(102,9430,10000,0,9,4),(102,9439,10000,0,9,4),(102,9442,10000,0,9,4),(102,9445,10000,0,9,4),(102,9449,10000,0,9,4),(102,9451,10000,0,9,4),(102,9455,10000,0,9,4),(102,9457,10000,0,9,4),(102,9459,10000,0,9,4),(102,9460,10000,0,9,4),(102,9461,10000,0,9,4),(102,9464,10000,0,9,4),(102,9465,10000,0,9,4),(102,9466,10000,0,9,4),(102,9467,10000,0,9,4),(102,9468,10000,0,9,4),(102,9471,10000,0,9,4),(102,9472,10000,0,9,4),(102,9473,10000,0,9,4),(102,9474,10000,0,9,4),(102,9475,10000,0,9,4),(102,9476,10000,0,9,4),(102,9479,10000,0,9,4),(102,9482,10000,0,9,4),(102,9483,10000,0,9,4),(102,9484,10000,0,9,4),(102,9485,10000,0,9,4),(102,9486,10000,0,9,4),(102,9487,10000,0,9,4),(102,9488,10000,0,9,4),(102,9489,10000,0,9,4),(102,9490,10000,0,9,4),(102,9491,10000,0,9,4),(102,9492,10000,0,9,4),(102,9493,10000,0,9,4),(102,9494,10000,0,9,4),(102,9495,10000,0,9,4),(102,9496,10000,0,9,4),(102,9497,10000,0,9,4),(102,9498,10000,0,9,4),(102,9499,10000,0,9,4),(102,9765,10000,0,9,4),(102,9770,10000,0,9,4),(102,9773,10000,0,9,4),(102,9782,10000,0,9,4),(102,9785,10000,0,9,4),(102,9788,10000,0,9,4),(102,9789,10000,0,9,4),(102,9794,10000,0,9,4),(102,9795,10000,0,9,4),(102,9808,10000,0,9,4),(102,9813,10000,0,9,4),(102,9816,10000,0,9,4),(102,9820,10000,0,9,4),(102,9825,10000,0,9,4),(102,9826,10000,0,9,4),(102,9833,10000,0,9,4),(102,9834,10000,0,9,4),(102,9835,10000,0,9,4),(102,9836,10000,0,9,4),(102,9837,10000,0,9,4),(102,9838,10000,0,9,4),(102,9839,10000,0,9,4),(102,9840,10000,0,9,4),(102,9841,10000,0,9,4),(102,9842,10000,0,9,4),(102,9843,10000,0,9,4),(102,9844,10000,0,9,4),(102,9845,10000,0,9,4),(102,9846,10000,0,9,4),(102,9847,10000,0,9,4),(102,9848,10000,0,9,4),(102,9849,10000,0,9,4),(102,9850,10000,0,9,4),(102,9851,10000,0,9,4),(102,9852,10000,0,9,4),(102,9853,10000,0,9,4),(102,9854,10000,0,9,4),(102,9855,10000,0,9,4),(102,9856,10000,0,9,4),(102,9857,10000,0,9,4),(102,9858,10000,0,9,4),(102,9859,10000,0,9,4),(102,9860,10000,0,9,4),(102,9861,10000,0,9,4),(102,9862,10000,0,9,4),(102,9863,10000,0,9,4),(102,9864,10000,0,9,4),(102,9865,10000,0,9,4),(102,9866,10000,0,9,4),(102,9867,10000,0,9,4),(102,9868,10000,0,9,4),(102,9869,10000,0,9,4),(102,9872,10000,0,9,4),(102,9878,10000,0,9,4),(102,9879,10000,0,9,4),(102,9880,10000,0,9,4),(102,9881,10000,0,9,4),(102,9882,10000,0,9,4),(102,9884,10000,0,9,4),(102,9885,10000,0,9,4),(102,9886,10000,0,9,4),(102,9887,10000,0,9,4),(102,9888,10000,0,9,4),(102,9889,10000,0,9,4),(102,9892,10000,0,9,4),(102,9893,10000,0,9,4),(102,9894,10000,0,9,4),(102,9895,10000,0,9,4),(102,9896,10000,0,9,4),(102,9899,10000,0,9,4),(102,9900,10000,0,9,4),(102,9901,10000,0,9,4),(102,9902,10000,0,9,4),(102,9903,10000,0,9,4),(102,9904,10000,0,9,4),(102,9905,10000,0,9,4),(102,9906,10000,0,9,4),(102,9907,10000,0,9,4),(102,9908,10000,0,9,4),(102,9909,10000,0,9,4),(102,9910,10000,0,9,4),(102,9913,10000,0,9,4),(102,9914,10000,0,9,4),(102,9919,10000,0,9,4),(102,9924,10000,0,9,4),(102,9929,10000,0,9,4),(102,9934,10000,0,9,4),(102,9935,10000,0,9,4),(102,9944,10000,0,9,4),(102,9947,10000,0,9,4),(102,9954,10000,0,9,4),(102,9955,10000,0,9,4),(102,9965,10000,0,9,4),(102,9975,10000,0,9,4),(102,9980,10000,0,9,4),(102,9987,10000,0,9,4),(102,9997,10000,0,9,4),(102,10002,10000,0,9,4),(102,10009,10000,0,9,4),(102,10016,10000,0,9,4),(102,10023,10000,0,9,4),(102,10032,10000,0,9,4),(102,10033,10000,0,9,4),(102,10040,10000,0,9,4),(102,10047,10000,0,9,4),(102,10051,10000,0,9,4),(102,10058,10000,0,9,4),(102,10063,10000,0,9,4),(102,10068,10000,0,9,4),(102,10072,10000,0,9,4),(102,10076,10000,0,9,4),(102,10080,10000,0,9,4),(102,10084,10000,0,9,4),(102,10088,10000,0,9,4),(102,10092,10000,0,9,4),(102,10097,10000,0,9,4),(102,10101,10000,0,9,4),(102,10109,10000,0,9,4),(102,10113,10000,0,9,4),(102,10119,10000,0,9,4),(102,10123,10000,0,9,4),(102,10126,10000,0,9,4),(102,10130,10000,0,9,4),(102,10134,10000,0,9,4),(102,10137,10000,0,9,4),(102,10141,10000,0,9,4),(102,10145,10000,0,9,4),(102,10149,10000,0,9,4),(102,10150,10000,0,9,4),(102,10151,10000,0,9,4),(102,10152,10000,0,9,4),(102,10155,10000,0,9,4),(102,10159,10000,0,9,4),(102,10162,10000,0,9,4),(102,10165,10000,0,9,4),(102,10168,10000,0,9,4),(102,10171,10000,0,9,4),(102,10175,10000,0,9,4),(102,10178,10000,0,9,4),(102,10183,10000,0,9,4),(102,10186,10000,0,9,4),(102,10189,10000,0,9,4),(102,10192,10000,0,9,4),(102,10195,10000,0,9,4),(102,10209,10000,0,9,4),(102,10210,10000,0,9,4),(102,10211,10000,0,9,4),(102,10212,10000,0,9,4),(102,10213,10000,0,9,4),(102,10214,10000,0,9,4),(102,10215,10000,0,9,4),(102,10216,10000,0,9,4),(102,10217,10000,0,9,4),(102,10218,10000,0,9,4),(102,10219,10000,0,9,4),(102,10220,10000,0,9,4),(102,10221,10000,0,9,4),(102,10222,10000,0,9,4),(102,10223,10000,0,9,4),(102,10224,10000,0,9,4),(102,10225,10000,0,9,4),(102,10226,10000,0,9,4),(102,10227,10000,0,9,4),(102,10228,10000,0,9,4),(102,10229,10000,0,9,4),(102,10230,10000,0,9,4),(102,10231,10000,0,9,4),(102,10232,10000,0,9,4),(102,10233,10000,0,9,4),(102,10234,10000,0,9,4),(102,10235,10000,0,9,4),(102,10236,10000,0,9,4),(102,10237,10000,0,9,4),(102,10238,10000,0,9,4),(102,10239,10000,0,9,4),(102,10241,10000,0,9,4),(102,10242,10000,0,9,4),(102,10243,10000,0,9,4),(102,10244,10000,0,9,4),(102,10245,10000,0,9,4),(102,10246,10000,0,9,4),(102,10247,10000,0,9,4),(102,10248,10000,0,9,4),(102,10249,10000,0,9,4),(102,10250,10000,0,9,4),(102,10254,10000,0,9,4),(102,10255,10000,0,9,4),(102,10256,10000,0,9,4),(102,10264,10000,0,9,4),(102,10272,10000,0,9,4),(102,10275,10000,0,9,4),(102,10276,10000,0,9,4),(102,10277,10000,0,9,4),(102,10278,10000,0,9,4),(102,10279,10000,0,9,4),(102,10280,10000,0,9,4),(102,10281,10000,0,9,4),(102,10282,10000,0,9,4),(102,10283,10000,0,9,4),(102,10284,10000,0,9,4),(102,10285,10000,0,9,4),(102,10286,10000,0,9,4),(102,10287,10000,0,9,4),(102,10288,10000,0,9,4),(102,10289,10000,0,9,4),(102,10290,10000,0,9,4),(102,10291,10000,0,9,4),(102,10292,10000,0,9,4),(102,10293,10000,0,9,4),(102,10294,10000,0,9,4),(102,10295,10000,0,9,4),(102,10296,10000,0,9,4),(102,10297,10000,0,9,4),(102,10298,10000,0,9,4),(102,10299,10000,0,9,4),(102,10300,10000,0,9,4),(102,10301,10000,0,9,4),(102,10302,10000,0,9,4),(102,10303,10000,0,9,4),(102,10304,10000,0,9,4),(102,10305,10000,0,9,4),(102,10306,10000,0,9,4),(102,10307,10000,0,9,4),(102,10308,10000,0,9,4),(102,10309,10000,0,9,4),(102,10310,10000,0,9,4),(102,10311,10000,0,9,4),(102,10312,10000,0,9,4),(102,10313,10000,0,9,4),(102,10314,10000,0,9,4),(102,10315,10000,0,9,4),(102,10316,10000,0,9,4),(102,10317,10000,0,9,4),(102,10318,10000,0,9,4),(102,10319,10000,0,9,4),(102,10320,10000,0,9,4),(102,10321,10000,0,9,4),(102,10322,10000,0,9,4),(102,10323,10000,0,9,4),(102,10324,10000,0,9,4),(102,10325,10000,0,9,4),(102,10326,10000,0,9,4),(102,10327,10000,0,9,4),(102,10328,10000,0,9,4),(102,10329,10000,0,9,4),(102,10330,10000,0,9,4),(102,10331,10000,0,9,4),(102,10332,10000,0,9,4),(102,10333,10000,0,9,4),(102,10334,10000,0,9,4),(102,10335,10000,0,9,4),(102,10336,10000,0,9,4),(102,10337,10000,0,9,4),(102,10338,10000,0,9,4),(102,10339,10000,0,9,4),(102,10340,10000,0,9,4),(102,10341,10000,0,9,4),(102,10342,10000,0,9,4),(102,10343,10000,0,9,4),(102,10344,10000,0,9,4),(102,10345,10000,0,9,4),(102,10346,10000,0,9,4),(102,10347,10000,0,9,4),(102,10348,10000,0,9,4),(102,10349,10000,0,9,4),(102,10350,10000,0,9,4),(102,10354,10000,0,9,4),(102,10358,10000,0,9,4),(102,10362,10000,0,9,4),(102,10366,10000,0,9,4),(102,10370,10000,0,9,4),(102,10374,10000,0,9,4),(102,10375,10000,0,9,4),(102,10376,10000,0,9,4),(102,10377,10000,0,9,4),(102,10378,10000,0,9,4),(102,10379,10000,0,9,4),(102,10380,10000,0,9,4),(102,10381,10000,0,9,4),(102,10382,10000,0,9,4),(102,10383,10000,0,9,4),(102,10384,10000,0,9,4),(102,10389,10000,0,9,4),(102,10390,10000,0,9,4),(102,10392,10000,0,9,4),(102,10395,10000,0,9,4),(102,10398,10000,0,9,4),(102,10401,10000,0,9,4),(102,10404,10000,0,9,4),(102,10407,10000,0,9,4),(102,10410,10000,0,9,4),(102,10413,10000,0,9,4),(102,10414,10000,0,9,4),(102,10415,10000,0,9,4),(102,10416,10000,0,9,4),(102,10463,10000,0,9,4),(102,10478,10000,0,9,4),(103,4465,10000,0,9,4),(103,4466,10000,0,9,4),(103,4467,10000,0,9,4),(103,4468,10000,0,9,4),(103,4469,10000,0,9,4),(103,4495,10000,0,9,4),(103,4496,10000,0,9,4),(103,4497,10000,0,9,4),(103,4499,10000,0,9,4),(103,4500,10000,0,9,4),(103,4501,10000,0,9,4),(103,4502,10000,0,9,4),(103,4503,10000,0,9,4),(103,4517,10000,0,9,4),(103,4518,10000,0,9,4),(103,4521,10000,0,9,4),(103,4526,10000,0,9,4),(103,4527,10000,0,9,4),(103,4528,10000,0,9,4),(103,4529,10000,0,9,4),(103,4530,10000,0,9,4),(103,4531,10000,0,9,4),(103,4532,10000,0,9,4),(103,4533,10000,0,9,4),(103,4534,10000,0,9,4),(103,4535,10000,0,9,4),(103,4539,10000,0,9,4),(103,4540,10000,0,9,4),(103,4541,10000,0,9,4),(103,4556,10000,0,9,4),(103,4558,10000,0,9,4),(103,4559,10000,0,9,4),(103,4560,10000,0,9,4),(103,4564,10000,0,9,4),(103,4581,10000,0,9,4),(103,4583,10000,0,9,4),(103,4584,10000,0,9,4),(103,4585,10000,0,9,4),(103,4586,10000,0,9,4),(103,4587,10000,0,9,4),(103,4588,10000,0,9,4),(103,4589,10000,0,9,4),(103,4590,10000,0,9,4),(103,4591,10000,0,9,4),(103,4592,10000,0,9,4),(103,4593,10000,0,9,4),(103,4594,10000,0,9,4),(103,4595,10000,0,9,4),(103,4596,10000,0,9,4),(103,4597,10000,0,9,4),(103,4598,10000,0,9,4),(103,4599,10000,0,9,4),(103,4600,10000,0,9,4),(103,4601,10000,0,9,4),(103,4602,10000,0,9,4),(103,9528,10000,0,9,4),(103,9529,10000,0,9,4),(103,9530,10000,0,9,4),(103,9531,10000,0,9,4),(103,9532,10000,0,9,4),(103,9533,10000,0,9,4),(103,9534,10000,0,9,4),(103,9535,10000,0,9,4),(103,9536,10000,0,9,4),(103,9537,10000,0,9,4),(103,9538,10000,0,9,4),(103,9539,10000,0,9,4),(103,9540,10000,0,9,4),(103,9541,10000,0,9,4),(103,9542,10000,0,9,4),(103,9543,10000,0,9,4),(103,9544,10000,0,9,4),(103,9545,10000,0,9,4),(103,9546,10000,0,9,4),(103,9547,10000,0,9,4),(103,9548,10000,0,9,4),(103,9549,10000,0,9,4),(103,9550,10000,0,9,4),(103,9551,10000,0,9,4),(103,9552,10000,0,9,4),(103,9553,10000,0,9,4),(103,9554,10000,0,9,4),(103,9555,10000,0,9,4),(103,9556,10000,0,9,4),(103,9557,10000,0,9,4),(103,9558,10000,0,9,4),(103,9559,10000,0,9,4),(103,9560,10000,0,9,4),(103,9561,10000,0,9,4),(103,9562,10000,0,9,4),(103,9563,10000,0,9,4),(103,9564,10000,0,9,4),(103,9565,10000,0,9,4),(103,9566,10000,0,9,4),(103,9567,10000,0,9,4),(103,9568,10000,0,9,4),(103,9569,10000,0,9,4),(103,9570,10000,0,9,4),(103,9571,10000,0,9,4),(103,9572,10000,0,9,4),(103,9573,10000,0,9,4),(103,9574,10000,0,9,4),(103,9575,10000,0,9,4),(103,9576,10000,0,9,4),(103,9577,10000,0,9,4),(103,9578,10000,0,9,4),(103,9579,10000,0,9,4),(103,9580,10000,0,9,4),(103,9581,10000,0,9,4),(103,9582,10000,0,9,4),(103,9583,10000,0,9,4),(103,9584,10000,0,9,4),(103,9585,10000,0,9,4),(103,9586,10000,0,9,4),(103,9587,10000,0,9,4),(103,9588,10000,0,9,4),(103,9589,10000,0,9,4),(103,9590,10000,0,9,4),(103,9591,10000,0,9,4),(103,9592,10000,0,9,4),(103,9593,10000,0,9,4),(103,9594,10000,0,9,4),(103,9595,10000,0,9,4),(103,9596,10000,0,9,4),(103,9597,10000,0,9,4),(103,9598,10000,0,9,4),(103,9599,10000,0,9,4),(103,9600,10000,0,9,4),(103,9601,10000,0,9,4),(103,9602,10000,0,9,4),(103,9603,10000,0,9,4),(103,9604,10000,0,9,4),(103,9605,10000,0,9,4),(103,9606,10000,0,9,4),(103,9607,10000,0,9,4),(103,9608,10000,0,9,4),(103,9609,10000,0,9,4),(103,9610,10000,0,9,4),(103,9611,10000,0,9,4),(103,9612,10000,0,9,4),(103,9613,10000,0,9,4),(103,9614,10000,0,9,4),(103,9615,10000,0,9,4),(103,9616,10000,0,9,4),(103,9617,10000,0,9,4),(103,9618,10000,0,9,4),(103,9619,10000,0,9,4),(103,9620,10000,0,9,4),(103,9621,10000,0,9,4),(103,9622,10000,0,9,4),(103,9623,10000,0,9,4),(103,9624,10000,0,9,4),(103,9625,10000,0,9,4),(103,9626,10000,0,9,4),(103,9627,10000,0,9,4),(103,9628,10000,0,9,4),(103,9629,10000,0,9,4),(103,9630,10000,0,9,4),(103,9631,10000,0,9,4),(103,9632,10000,0,9,4),(103,9633,10000,0,9,4),(103,9634,10000,0,9,4),(103,9635,10000,0,9,4),(103,9636,10000,0,9,4),(103,9637,10000,0,9,4),(103,9638,10000,0,9,4),(103,9639,10000,0,9,4),(103,9640,10000,0,9,4),(103,9641,10000,0,9,4),(103,9642,10000,0,9,4),(103,9643,10000,0,9,4),(103,9644,10000,0,9,4),(103,9645,10000,0,9,4),(103,9646,10000,0,9,4),(103,9647,10000,0,9,4),(103,9648,10000,0,9,4),(103,9649,10000,0,9,4),(103,9650,10000,0,9,4),(103,9651,10000,0,9,4),(103,9652,10000,0,9,4),(103,9653,10000,0,9,4),(103,9654,10000,0,9,4),(103,9655,10000,0,9,4),(103,9656,10000,0,9,4),(103,9657,10000,0,9,4),(103,9658,10000,0,9,4),(103,9659,10000,0,9,4),(103,9660,10000,0,9,4),(103,9661,10000,0,9,4),(103,9662,10000,0,9,4),(103,9663,10000,0,9,4),(103,9664,10000,0,9,4),(103,9665,10000,0,9,4),(103,9666,10000,0,9,4),(103,9667,10000,0,9,4),(103,9668,10000,0,9,4),(103,9669,10000,0,9,4),(103,9670,10000,0,9,4),(103,9671,10000,0,9,4),(103,9672,10000,0,9,4),(103,9673,10000,0,9,4),(103,9674,10000,0,9,4),(103,9675,10000,0,9,4),(103,9676,10000,0,9,4),(103,9677,10000,0,9,4),(103,9678,10000,0,9,4),(103,9679,10000,0,9,4),(103,9680,10000,0,9,4),(103,9681,10000,0,9,4),(103,9682,10000,0,9,4),(103,9683,10000,0,9,4),(103,9684,10000,0,9,4),(103,9685,10000,0,9,4),(103,9686,10000,0,9,4),(103,9687,10000,0,9,4),(103,9688,10000,0,9,4),(103,9689,10000,0,9,4),(103,9690,10000,0,9,4),(103,9691,10000,0,9,4),(103,9692,10000,0,9,4),(103,9693,10000,0,9,4),(103,9694,10000,0,9,4),(103,9695,10000,0,9,4),(103,9696,10000,0,9,4),(103,9697,10000,0,9,4),(103,9698,10000,0,9,4),(103,9699,10000,0,9,4),(103,9700,10000,0,9,4),(103,9701,10000,0,9,4),(103,9702,10000,0,9,4),(103,9703,10000,0,9,4),(103,9704,10000,0,9,4),(103,9705,10000,0,9,4),(103,9706,10000,0,9,4),(103,9707,10000,0,9,4),(103,9708,10000,0,9,4),(103,9709,10000,0,9,4),(103,9710,10000,0,9,4),(103,9711,10000,0,9,4),(103,9712,10000,0,9,4),(103,9713,10000,0,9,4),(103,9714,10000,0,9,4),(103,9715,10000,0,9,4),(103,9716,10000,0,9,4),(103,9717,10000,0,9,4),(103,9718,10000,0,9,4),(103,9719,10000,0,9,4),(103,9720,10000,0,9,4),(103,9721,10000,0,9,4),(103,9722,10000,0,9,4),(103,9723,10000,0,9,4),(103,9724,10000,0,9,4),(103,9725,10000,0,9,4),(103,9726,10000,0,9,4),(103,9727,10000,0,9,4),(103,9728,10000,0,9,4),(103,9729,10000,0,9,4),(103,9730,10000,0,9,4),(103,9731,10000,0,9,4),(103,9732,10000,0,9,4),(103,9733,10000,0,9,4),(103,9734,10000,0,9,4),(103,9735,10000,0,9,4),(103,9736,10000,0,9,4),(103,9737,10000,0,9,4),(103,9738,10000,0,9,4),(103,9739,10000,0,9,4),(103,9740,10000,0,9,4),(103,9741,10000,0,9,4),(103,9742,10000,0,9,4),(103,9743,10000,0,9,4),(103,9744,10000,0,9,4),(103,9745,10000,0,9,4),(103,9746,10000,0,9,4),(103,9747,10000,0,9,4),(103,9748,10000,0,9,4),(103,9749,10000,0,9,4),(103,9750,10000,0,9,4),(103,9751,10000,0,9,4),(103,9752,10000,0,9,4),(103,9753,10000,0,9,4),(103,9754,10000,0,9,4),(103,9755,10000,0,9,4),(103,9756,10000,0,9,4),(103,9757,10000,0,9,4),(103,9758,10000,0,9,4),(103,9759,10000,0,9,4),(103,9760,10000,0,9,4),(103,9761,10000,0,9,4),(103,9762,10000,0,9,4),(103,9763,10000,0,9,4),(103,9764,10000,0,9,4),(103,9873,10000,0,9,4),(103,9874,10000,0,9,4),(103,9875,10000,0,9,4),(103,9876,10000,0,9,4),(103,9877,10000,0,9,4),(103,9889,10000,0,9,4),(103,9911,10000,0,9,4),(103,9912,10000,0,9,4),(105,9884,10000,0,9,4),(105,9893,10000,0,9,4),(105,9894,10000,0,9,4),(105,9895,10000,0,9,4),(105,9896,10000,0,9,4),(105,9899,10000,0,9,4),(105,9909,10000,0,9,4),(105,9910,10000,0,9,4),(105,10256,10000,0,9,4),(105,10264,10000,0,9,4),(106,9388,10000,0,9,4),(106,9392,10000,0,9,4),(106,9397,10000,0,9,4),(106,9398,10000,0,9,4),(106,9405,10000,0,9,4),(106,9412,10000,0,9,4),(106,9417,10000,0,9,4),(106,9425,10000,0,9,4),(106,9428,10000,0,9,4),(106,9429,10000,0,9,4),(106,9430,10000,0,9,4),(106,9439,10000,0,9,4),(106,9442,10000,0,9,4),(106,9445,10000,0,9,4),(106,9449,10000,0,9,4),(106,9451,10000,0,9,4),(106,9455,10000,0,9,4),(106,9457,10000,0,9,4),(106,9459,10000,0,9,4),(106,9460,10000,0,9,4),(106,9461,10000,0,9,4),(106,9464,10000,0,9,4),(106,9465,10000,0,9,4),(106,9466,10000,0,9,4),(106,9467,10000,0,9,4),(106,9468,10000,0,9,4),(106,9471,10000,0,9,4),(106,9472,10000,0,9,4),(106,9473,10000,0,9,4),(106,9474,10000,0,9,4),(106,9475,10000,0,9,4),(106,9476,10000,0,9,4),(106,9479,10000,0,9,4),(106,9482,10000,0,9,4),(106,9483,10000,0,9,4),(106,9484,10000,0,9,4),(106,9485,10000,0,9,4),(106,9486,10000,0,9,4),(106,9487,10000,0,9,4),(106,9488,10000,0,9,4),(106,9489,10000,0,9,4),(106,9490,10000,0,9,4),(106,9491,10000,0,9,4),(106,9492,10000,0,9,4),(106,9493,10000,0,9,4),(106,9495,10000,0,9,4),(106,9496,10000,0,9,4),(106,9497,10000,0,9,4),(106,9498,10000,0,9,4),(106,9499,10000,0,9,4),(106,9878,10000,0,9,4),(106,9879,10000,0,9,4),(106,9880,10000,0,9,4),(106,9885,10000,0,9,4),(106,9886,10000,0,9,4),(106,9887,10000,0,9,4),(106,9889,10000,0,9,4),(106,9900,10000,0,9,4),(106,9901,10000,0,9,4),(106,9902,10000,0,9,4),(106,9903,10000,0,9,4),(106,9904,10000,0,9,4),(106,9905,10000,0,9,4),(106,9906,10000,0,9,4),(106,9907,10000,0,9,4),(106,9908,10000,0,9,4),(106,9913,10000,0,9,4),(106,10463,10000,0,9,4),(108,9869,10000,0,9,4),(108,9872,10000,0,9,4),(108,9881,10000,0,9,4),(108,9882,10000,0,9,4),(108,9892,10000,0,9,4),(108,9914,10000,0,9,4),(108,9919,10000,0,9,4),(108,9924,10000,0,9,4),(108,9929,10000,0,9,4),(108,9934,10000,0,9,4),(108,9935,10000,0,9,4),(108,9944,10000,0,9,4),(108,9947,10000,0,9,4),(108,9954,10000,0,9,4),(108,9955,10000,0,9,4),(108,9965,10000,0,9,4),(108,9975,10000,0,9,4),(108,9980,10000,0,9,4),(108,9987,10000,0,9,4),(108,9997,10000,0,9,4),(108,10002,10000,0,9,4),(108,10009,10000,0,9,4),(108,10016,10000,0,9,4),(108,10023,10000,0,9,4),(108,10032,10000,0,9,4),(108,10033,10000,0,9,4),(108,10040,10000,0,9,4),(108,10047,10000,0,9,4),(108,10051,10000,0,9,4),(108,10058,10000,0,9,4),(108,10063,10000,0,9,4),(108,10068,10000,0,9,4),(108,10072,10000,0,9,4),(108,10076,10000,0,9,4),(108,10080,10000,0,9,4),(108,10084,10000,0,9,4),(108,10088,10000,0,9,4),(108,10092,10000,0,9,4),(108,10097,10000,0,9,4),(108,10101,10000,0,9,4),(108,10109,10000,0,9,4),(108,10113,10000,0,9,4),(108,10119,10000,0,9,4),(108,10123,10000,0,9,4),(108,10126,10000,0,9,4),(108,10130,10000,0,9,4),(108,10134,10000,0,9,4),(108,10137,10000,0,9,4),(108,10141,10000,0,9,4),(108,10145,10000,0,9,4),(108,10149,10000,0,9,4),(108,10150,10000,0,9,4),(108,10151,10000,0,9,4),(108,10152,10000,0,9,4),(108,10155,10000,0,9,4),(108,10159,10000,0,9,4),(108,10162,10000,0,9,4),(108,10165,10000,0,9,4),(108,10168,10000,0,9,4),(108,10171,10000,0,9,4),(108,10175,10000,0,9,4),(108,10178,10000,0,9,4),(108,10183,10000,0,9,4),(108,10186,10000,0,9,4),(108,10189,10000,0,9,4),(108,10192,10000,0,9,4),(108,10195,10000,0,9,4),(108,10209,10000,0,9,4),(108,10210,10000,0,9,4),(108,10211,10000,0,9,4),(108,10212,10000,0,9,4),(108,10213,10000,0,9,4),(108,10214,10000,0,9,4),(108,10215,10000,0,9,4),(108,10216,10000,0,9,4),(108,10217,10000,0,9,4),(108,10218,10000,0,9,4),(108,10219,10000,0,9,4),(108,10220,10000,0,9,4),(108,10221,10000,0,9,4),(108,10222,10000,0,9,4),(108,10223,10000,0,9,4),(108,10224,10000,0,9,4),(108,10225,10000,0,9,4),(108,10226,10000,0,9,4),(108,10227,10000,0,9,4),(108,10228,10000,0,9,4),(108,10229,10000,0,9,4),(108,10230,10000,0,9,4),(108,10231,10000,0,9,4),(108,10232,10000,0,9,4),(108,10233,10000,0,9,4),(108,10234,10000,0,9,4),(108,10235,10000,0,9,4),(108,10236,10000,0,9,4),(108,10239,10000,0,9,4),(108,10241,10000,0,9,4),(108,10250,10000,0,9,4),(108,10303,10000,0,9,4),(108,10304,10000,0,9,4),(108,10305,10000,0,9,4),(108,10306,10000,0,9,4),(108,10307,10000,0,9,4),(108,10308,10000,0,9,4),(108,10309,10000,0,9,4),(108,10310,10000,0,9,4),(108,10311,10000,0,9,4),(108,10312,10000,0,9,4),(108,10313,10000,0,9,4),(108,10314,10000,0,9,4),(108,10315,10000,0,9,4),(108,10316,10000,0,9,4),(108,10317,10000,0,9,4),(108,10318,10000,0,9,4),(108,10319,10000,0,9,4),(108,10320,10000,0,9,4),(108,10321,10000,0,9,4),(108,10322,10000,0,9,4),(108,10323,10000,0,9,4),(108,10324,10000,0,9,4),(108,10325,10000,0,9,4),(108,10326,10000,0,9,4),(108,10327,10000,0,9,4),(108,10328,10000,0,9,4),(108,10329,10000,0,9,4),(108,10330,10000,0,9,4),(108,10331,10000,0,9,4),(108,10332,10000,0,9,4),(108,10333,10000,0,9,4),(108,10334,10000,0,9,4),(108,10335,10000,0,9,4),(108,10336,10000,0,9,4),(108,10337,10000,0,9,4),(108,10338,10000,0,9,4),(108,10339,10000,0,9,4),(108,10340,10000,0,9,4),(108,10341,10000,0,9,4),(108,10342,10000,0,9,4),(108,10343,10000,0,9,4),(108,10344,10000,0,9,4),(108,10345,10000,0,9,4),(108,10346,10000,0,9,4),(108,10347,10000,0,9,4),(108,10348,10000,0,9,4),(108,10349,10000,0,9,4),(108,10350,10000,0,9,4),(108,10354,10000,0,9,4),(108,10358,10000,0,9,4),(108,10362,10000,0,9,4),(108,10366,10000,0,9,4),(108,10370,10000,0,9,4),(108,10374,10000,0,9,4),(108,10375,10000,0,9,4),(108,10376,10000,0,9,4),(108,10377,10000,0,9,4),(108,10378,10000,0,9,4),(108,10389,10000,0,9,4),(108,10478,10000,0,9,4),(110,9482,0,1,9,4),(110,9483,0,1,9,4),(110,9484,0,1,9,4),(110,9485,0,1,9,4),(110,9486,0,1,9,4),(110,9487,0,1,9,4),(110,9488,0,1,9,4),(110,9489,0,1,9,4),(110,9490,0,1,9,4),(110,9491,0,1,9,4),(110,9492,0,1,9,4),(110,9493,0,1,9,4),(110,9886,0,1,9,4),(110,9887,0,1,9,4),(111,9486,0,1,9,4),(111,9487,0,1,9,4),(112,9488,0,1,9,4),(112,9885,0,1,9,4),(113,9490,0,1,9,4),(113,9491,0,1,9,4),(113,9493,0,1,9,4),(113,10463,0,1,9,4),(114,4330,0,1,9,4),(114,9494,0,1,9,4),(114,9888,0,1,9,4),(115,9773,0,1,9,4),(115,9782,0,1,9,4),(115,9785,0,1,9,4),(115,9788,0,1,9,4),(115,9789,0,1,9,4),(115,9794,0,1,9,4),(115,9795,0,1,9,4),(115,9808,0,1,9,4),(115,9813,0,1,9,4),(115,9816,0,1,9,4),(115,9820,0,1,9,4),(115,9825,0,1,9,4),(115,9826,0,1,9,4),(115,9837,0,1,9,4),(115,9838,0,1,9,4),(115,9839,0,1,9,4),(115,9840,0,1,9,4),(115,9849,0,1,9,4),(116,9841,0,1,9,4),(116,9842,0,1,9,4),(116,9843,0,1,9,4),(116,9844,0,1,9,4),(116,9845,0,1,9,4),(116,9846,0,1,9,4),(116,9847,0,1,9,4),(116,9848,0,1,9,4),(118,10238,0,1,9,4),(121,10242,0,1,9,4),(121,10243,0,1,9,4),(121,10244,0,1,9,4),(121,10245,0,1,9,4),(121,10246,0,1,9,4),(121,10247,0,1,9,4),(121,10248,0,1,9,4),(121,10249,0,1,9,4),(121,10254,0,1,9,4),(121,10255,0,1,9,4),(134,5370,0,1,9,4),(134,5376,0,1,9,4),(134,5382,0,1,9,4),(135,10272,10000,0,9,4),(135,10275,10000,0,9,4),(135,10276,10000,0,9,4),(135,10277,10000,0,9,4),(135,10278,10000,0,9,4),(135,10279,10000,0,9,4),(135,10280,10000,0,9,4),(135,10281,10000,0,9,4),(135,10282,10000,0,9,4),(135,10283,10000,0,9,4),(135,10284,10000,0,9,4),(135,10285,10000,0,9,4),(135,10286,10000,0,9,4),(135,10287,10000,0,9,4),(135,10288,10000,0,9,4),(135,10289,10000,0,9,4),(135,10290,10000,0,9,4),(135,10291,10000,0,9,4),(135,10292,10000,0,9,4),(135,10293,10000,0,9,4),(135,10294,10000,0,9,4),(135,10295,10000,0,9,4),(135,10296,10000,0,9,4),(135,10297,10000,0,9,4),(135,10298,10000,0,9,4),(135,10299,10000,0,9,4),(135,10300,10000,0,9,4),(135,10301,10000,0,9,4),(135,10302,10000,0,9,4),(135,10379,10000,0,9,4),(135,10380,10000,0,9,4),(135,10381,10000,0,9,4),(135,10382,10000,0,9,4),(135,10383,10000,0,9,4),(135,10384,10000,0,9,4),(135,10390,10000,0,9,4),(138,10256,0,1,9,4),(138,10264,0,1,9,4),(139,10272,10000,0,9,4),(139,10275,10000,0,9,4),(139,10276,10000,0,9,4),(139,10277,10000,0,9,4),(139,10278,10000,0,9,4),(139,10279,10000,0,9,4),(139,10280,10000,0,9,4),(139,10281,10000,0,9,4),(139,10282,10000,0,9,4),(139,10283,10000,0,9,4),(139,10284,10000,0,9,4),(139,10285,10000,0,9,4),(139,10286,10000,0,9,4),(139,10287,10000,0,9,4),(139,10288,10000,0,9,4),(139,10289,10000,0,9,4),(139,10295,10000,0,9,4),(139,10296,10000,0,9,4),(139,10297,10000,0,9,4),(139,10298,10000,0,9,4),(139,10299,10000,0,9,4),(139,10300,10000,0,9,4),(139,10301,10000,0,9,4),(139,10302,10000,0,9,4),(139,10379,10000,0,9,4),(139,10380,10000,0,9,4),(139,10381,10000,0,9,4),(139,10382,10000,0,9,4),(139,10383,10000,0,9,4),(139,10384,10000,0,9,4),(139,10390,10000,0,9,4),(140,10272,0,1,9,4),(140,10275,0,1,9,4),(140,10276,0,1,9,4),(140,10277,0,1,9,4),(140,10278,0,1,9,4),(140,10279,0,1,9,4),(140,10280,0,1,9,4),(140,10281,0,1,9,4),(140,10282,0,1,9,4),(140,10283,0,1,9,4),(140,10284,0,1,9,4),(140,10285,0,1,9,4),(140,10383,0,1,9,4),(140,10384,0,1,9,4),(140,10390,0,1,9,4),(141,10286,0,1,9,4),(141,10287,0,1,9,4),(141,10288,0,1,9,4),(141,10289,0,1,9,4),(142,10290,0,1,9,4),(142,10291,0,1,9,4),(142,10292,0,1,9,4),(142,10293,0,1,9,4),(142,10294,0,1,9,4),(143,10295,0,1,9,4),(143,10296,0,1,9,4),(143,10297,0,1,9,4),(143,10298,0,1,9,4),(143,10299,0,1,9,4),(143,10300,0,1,9,4),(143,10301,0,1,9,4),(143,10302,0,1,9,4),(143,10379,0,1,9,4),(143,10382,0,1,9,4),(144,10303,10000,0,9,4),(144,10304,10000,0,9,4),(144,10305,10000,0,9,4),(144,10306,10000,0,9,4),(145,10303,0,1,9,4),(145,10304,0,1,9,4),(145,10305,0,1,9,4),(145,10306,0,1,9,4),(146,10307,0,1,9,4),(146,10308,0,1,9,4),(146,10309,0,1,9,4),(146,10310,0,1,9,4),(146,10311,0,1,9,4),(146,10312,0,1,9,4),(146,10313,0,1,9,4),(146,10314,0,1,9,4),(146,10315,0,1,9,4),(146,10316,0,1,9,4),(146,10317,0,1,9,4),(146,10318,0,1,9,4),(146,10319,0,1,9,4),(147,10320,10000,0,9,4),(147,10321,10000,0,9,4),(147,10322,10000,0,9,4),(147,10323,10000,0,9,4),(147,10324,10000,0,9,4),(147,10325,10000,0,9,4),(147,10326,10000,0,9,4),(147,10327,10000,0,9,4),(147,10328,10000,0,9,4),(147,10329,10000,0,9,4),(147,10330,10000,0,9,4),(147,10332,10000,0,9,4),(147,10333,10000,0,9,4),(147,10389,10000,0,9,4),(148,10320,0,1,9,4),(148,10321,0,1,9,4),(148,10323,0,1,9,4),(148,10324,0,1,9,4),(148,10327,0,1,9,4),(148,10328,0,1,9,4),(148,10330,0,1,9,4),(148,10332,0,1,9,4),(148,10389,0,1,9,4),(149,10322,0,1,9,4),(149,10326,0,1,9,4),(149,10329,0,1,9,4),(149,10333,0,1,9,4),(150,10325,0,1,9,4),(151,10331,0,1,9,4),(152,10334,0,1,9,4),(152,10335,0,1,9,4),(152,10336,0,1,9,4),(152,10337,0,1,9,4),(152,10338,0,1,9,4),(152,10339,0,1,9,4),(152,10340,0,1,9,4),(153,10341,0,1,9,4),(153,10342,0,1,9,4),(153,10343,0,1,9,4),(153,10344,0,1,9,4),(153,10345,0,1,9,4),(153,10346,0,1,9,4),(153,10347,0,1,9,4),(153,10348,0,1,9,4),(153,10349,0,1,9,4),(153,10350,0,1,9,4),(153,10354,0,1,9,4),(153,10358,0,1,9,4),(153,10362,0,1,9,4),(153,10366,0,1,9,4),(153,10370,0,1,9,4),(153,10374,0,1,9,4),(153,10375,0,1,9,4),(153,10376,0,1,9,4),(153,10377,0,1,9,4),(153,10378,0,1,9,4),(154,10380,0,1,9,4),(154,10381,0,1,9,4),(156,9889,10000,0,9,4),(156,9911,10000,0,9,4),(156,9912,10000,0,9,4),(157,9889,0,1,9,4),(164,10420,0,1,9,4),(164,10421,0,1,9,4),(164,10422,0,1,9,4),(165,10433,0,1,9,4),(165,10434,0,1,9,4),(165,10435,0,1,9,4),(166,9388,10000,0,9,4),(166,9392,10000,0,9,4),(166,9412,10000,0,9,4),(166,9417,10000,0,9,4),(166,9428,10000,0,9,4),(166,9429,10000,0,9,4),(166,9430,10000,0,9,4),(166,9439,10000,0,9,4),(166,9451,10000,0,9,4),(166,9455,10000,0,9,4),(166,9457,10000,0,9,4),(166,9460,10000,0,9,4),(166,9461,10000,0,9,4),(166,9465,10000,0,9,4),(166,9466,10000,0,9,4),(166,9468,10000,0,9,4),(166,9471,10000,0,9,4),(166,9473,10000,0,9,4),(166,9476,10000,0,9,4),(166,9479,10000,0,9,4),(166,9482,10000,0,9,4),(166,9483,10000,0,9,4),(166,9484,10000,0,9,4),(166,9485,10000,0,9,4),(166,9486,10000,0,9,4),(166,9487,10000,0,9,4),(166,9488,10000,0,9,4),(166,9489,10000,0,9,4),(166,9490,10000,0,9,4),(166,9491,10000,0,9,4),(166,9492,10000,0,9,4),(166,9493,10000,0,9,4),(166,9765,10000,0,9,4),(166,9770,10000,0,9,4),(166,9773,10000,0,9,4),(166,9782,10000,0,9,4),(166,9785,10000,0,9,4),(166,9788,10000,0,9,4),(166,9789,10000,0,9,4),(166,9794,10000,0,9,4),(166,9795,10000,0,9,4),(166,9816,10000,0,9,4),(166,9825,10000,0,9,4),(166,9826,10000,0,9,4),(166,9833,10000,0,9,4),(166,9834,10000,0,9,4),(166,9835,10000,0,9,4),(166,9836,10000,0,9,4),(166,9869,10000,0,9,4),(166,9872,10000,0,9,4),(166,9873,10000,0,9,4),(166,9874,10000,0,9,4),(166,9875,10000,0,9,4),(166,9876,10000,0,9,4),(166,9877,10000,0,9,4),(166,9878,10000,0,9,4),(166,9879,10000,0,9,4),(166,9880,10000,0,9,4),(166,9881,10000,0,9,4),(166,9882,10000,0,9,4),(166,9885,10000,0,9,4),(166,9886,10000,0,9,4),(166,9888,10000,0,9,4),(166,9892,10000,0,9,4),(166,9894,10000,0,9,4),(166,9896,10000,0,9,4),(166,9900,10000,0,9,4),(166,9901,10000,0,9,4),(166,9902,10000,0,9,4),(166,9903,10000,0,9,4),(166,9904,10000,0,9,4),(166,9905,10000,0,9,4),(166,9906,10000,0,9,4),(166,9907,10000,0,9,4),(166,9908,10000,0,9,4),(166,9909,10000,0,9,4),(166,9910,10000,0,9,4),(166,9911,10000,0,9,4),(166,9912,10000,0,9,4),(166,9913,10000,0,9,4),(166,9914,10000,0,9,4),(166,9919,10000,0,9,4),(166,9924,10000,0,9,4),(166,9934,10000,0,9,4),(166,9935,10000,0,9,4),(166,9947,10000,0,9,4),(166,9975,10000,0,9,4),(166,9980,10000,0,9,4),(166,9987,10000,0,9,4),(166,9997,10000,0,9,4),(166,10016,10000,0,9,4),(166,10023,10000,0,9,4),(166,10032,10000,0,9,4),(166,10040,10000,0,9,4),(166,10051,10000,0,9,4),(166,10068,10000,0,9,4),(166,10076,10000,0,9,4),(166,10080,10000,0,9,4),(166,10084,10000,0,9,4),(166,10088,10000,0,9,4),(166,10092,10000,0,9,4),(166,10097,10000,0,9,4),(166,10101,10000,0,9,4),(166,10109,10000,0,9,4),(166,10113,10000,0,9,4),(166,10123,10000,0,9,4),(166,10126,10000,0,9,4),(166,10134,10000,0,9,4),(166,10150,10000,0,9,4),(166,10152,10000,0,9,4),(166,10168,10000,0,9,4),(166,10171,10000,0,9,4),(166,10178,10000,0,9,4),(166,10186,10000,0,9,4),(166,10192,10000,0,9,4),(166,10195,10000,0,9,4),(166,10256,10000,0,9,4),(166,10264,10000,0,9,4),(166,10463,10000,0,9,4),(166,9887,0,1,9,4),(167,9872,0,1,9,4),(167,9879,0,1,9,4),(167,9880,0,1,9,4),(167,9887,0,1,9,4),(167,9894,0,1,9,4),(167,9896,0,1,9,4),(167,9901,0,1,9,4),(167,9902,0,1,9,4),(167,9903,0,1,9,4),(167,9904,0,1,9,4),(167,9907,0,1,9,4),(167,9909,0,1,9,4),(167,9910,0,1,9,4),(167,9912,0,1,9,4),(168,9885,0,1,9,4),(168,9886,0,1,9,4),(168,9888,0,1,9,4),(168,9900,0,1,9,4),(168,9905,0,1,9,4),(168,9906,0,1,9,4),(168,9908,0,1,9,4),(168,9911,0,1,9,4),(168,9913,0,1,9,4),(169,9882,0,1,9,4),(170,9873,0,1,9,4),(170,9874,0,1,9,4),(170,9875,0,1,9,4),(170,9876,0,1,9,4),(170,9877,0,1,9,4),(170,9878,0,1,9,4),(170,9881,0,1,9,4),(170,9892,0,1,9,4),(171,9773,0,1,9,4),(171,9782,0,1,9,4),(171,9785,0,1,9,4),(171,9788,0,1,9,4),(171,9789,0,1,9,4),(171,9794,0,1,9,4),(171,9833,0,1,9,4),(171,9834,0,1,9,4),(171,9835,0,1,9,4),(171,9836,0,1,9,4),(171,9869,0,1,9,4),(171,10068,0,1,9,4),(171,10076,0,1,9,4),(171,10080,0,1,9,4),(171,10092,0,1,9,4),(171,10097,0,1,9,4),(171,10109,0,1,9,4),(172,9482,0,1,9,4),(172,9483,0,1,9,4),(172,9484,0,1,9,4),(172,9485,0,1,9,4),(172,9486,0,1,9,4),(172,9487,0,1,9,4),(172,9488,0,1,9,4),(172,9489,0,1,9,4),(172,9490,0,1,9,4),(172,9491,0,1,9,4),(172,9492,0,1,9,4),(172,9493,0,1,9,4),(172,10256,0,1,9,4),(172,10264,0,1,9,4),(173,9388,0,1,9,4),(173,9392,0,1,9,4),(173,9412,0,1,9,4),(173,9417,0,1,9,4),(173,9428,0,1,9,4),(173,9429,0,1,9,4),(173,9430,0,1,9,4),(173,9439,0,1,9,4),(173,9451,0,1,9,4),(173,9455,0,1,9,4),(173,9457,0,1,9,4),(173,9460,0,1,9,4),(173,9461,0,1,9,4),(173,9465,0,1,9,4),(173,9466,0,1,9,4),(173,9468,0,1,9,4),(173,9471,0,1,9,4),(173,9473,0,1,9,4),(173,9476,0,1,9,4),(173,9479,0,1,9,4),(173,9765,0,1,9,4),(173,9770,0,1,9,4),(173,9795,0,1,9,4),(173,9816,0,1,9,4),(173,9825,0,1,9,4),(173,9826,0,1,9,4),(173,9914,0,1,9,4),(173,9919,0,1,9,4),(173,9924,0,1,9,4),(173,9934,0,1,9,4),(173,9935,0,1,9,4),(173,9947,0,1,9,4),(173,9975,0,1,9,4),(173,9980,0,1,9,4),(173,9987,0,1,9,4),(173,9997,0,1,9,4),(173,10016,0,1,9,4),(173,10023,0,1,9,4),(173,10032,0,1,9,4),(173,10040,0,1,9,4),(173,10051,0,1,9,4),(173,10084,0,1,9,4),(173,10088,0,1,9,4),(173,10101,0,1,9,4),(173,10113,0,1,9,4),(173,10123,0,1,9,4),(173,10126,0,1,9,4),(173,10134,0,1,9,4),(173,10150,0,1,9,4),(173,10152,0,1,9,4),(173,10168,0,1,9,4),(173,10171,0,1,9,4),(173,10178,0,1,9,4),(173,10186,0,1,9,4),(173,10192,0,1,9,4),(173,10195,0,1,9,4),(173,10463,0,1,9,4);

--
