-- Table structure for table `customer_address_entity`
--

CREATE TABLE `customer_address_entity` (
  `entity_id` int(10) unsigned NOT NULL AUTO_INCREMENT COMMENT 'Entity ID',
  `increment_id` varchar(50) DEFAULT NULL COMMENT 'Increment ID',
  `parent_id` int(10) unsigned DEFAULT NULL COMMENT 'Parent ID',
  `created_at` timestamp NOT NULL DEFAULT current_timestamp() COMMENT 'Created At',
  `updated_at` timestamp NOT NULL DEFAULT current_timestamp() ON UPDATE current_timestamp() COMMENT 'Updated At',
  `is_active` smallint(5) unsigned NOT NULL DEFAULT 1 COMMENT 'Is Active',
  `city` varchar(255) NOT NULL COMMENT 'City',
  `company` varchar(255) DEFAULT NULL COMMENT 'Company',
  `country_id` varchar(255) NOT NULL COMMENT 'Country',
  `fax` varchar(255) DEFAULT NULL COMMENT 'Fax',
  `firstname` varchar(255) NOT NULL COMMENT 'First Name',
  `lastname` varchar(255) NOT NULL COMMENT 'Last Name',
  `middlename` varchar(255) DEFAULT NULL COMMENT 'Middle Name',
  `postcode` varchar(255) DEFAULT NULL COMMENT 'Zip/Postal Code',
  `prefix` varchar(40) DEFAULT NULL COMMENT 'Name Prefix',
  `region` varchar(255) DEFAULT NULL COMMENT 'State/Province',
  `region_id` int(10) unsigned DEFAULT NULL COMMENT 'State/Province',
  `street` text NOT NULL COMMENT 'Street Address',
  `suffix` varchar(40) DEFAULT NULL COMMENT 'Name Suffix',
  `telephone` varchar(255) NOT NULL COMMENT 'Phone Number',
  `vat_id` varchar(255) DEFAULT NULL COMMENT 'VAT number',
  `vat_is_valid` int(10) unsigned DEFAULT NULL COMMENT 'VAT number validity',
  `vat_request_date` varchar(255) DEFAULT NULL COMMENT 'VAT number validation request date',
  `vat_request_id` varchar(255) DEFAULT NULL COMMENT 'VAT number validation request ID',
  `vat_request_success` int(10) unsigned DEFAULT NULL COMMENT 'VAT number validation request success',
  PRIMARY KEY (`entity_id`),
  KEY `CUSTOMER_ADDRESS_ENTITY_PARENT_ID` (`parent_id`),
  CONSTRAINT `CUSTOMER_ADDRESS_ENTITY_PARENT_ID_CUSTOMER_ENTITY_ENTITY_ID` FOREIGN KEY (`parent_id`) REFERENCES `customer_entity` (`entity_id`) ON DELETE CASCADE
) ENGINE=InnoDB AUTO_INCREMENT=15 DEFAULT CHARSET=utf8 COMMENT='Customer Address Entity';

--
-- Dumping data for table `customer_address_entity`
--

INSERT INTO `customer_address_entity` VALUES (2,NULL,8,'2021-08-31 08:33:54','2021-08-31 08:33:54',1,'Hà Nội','NB JSC','VN',NULL,'Netbase','JSC',NULL,'10000',NULL,'Hn',0,'91 Nguyen Chi Thanh',NULL,'0969479896',NULL,NULL,NULL,NULL,NULL),(3,NULL,10,'2021-09-28 07:09:21','2021-09-28 07:09:21',1,'Ha Noi','FlexFit','VN',NULL,'Văn A','Nguyễn',NULL,'10000',NULL,'Hà Nội',0,'48 Tran Kim Xuyen, Yen Hoa, Cau Giay',NULL,'0915319498',NULL,NULL,NULL,NULL,NULL),(4,NULL,17,'2021-11-04 03:16:22','2021-11-04 03:16:22',1,'Hồ Chí Minh',NULL,'VN',NULL,'Duy','Tran',NULL,NULL,NULL,'Hồ Chí Minh',0,'Dương Quảng Hàm\nPhường 5\nGò Vấp',NULL,'0586437493',NULL,NULL,NULL,NULL,NULL),(5,NULL,22,'2021-11-26 03:57:15','2021-11-26 03:57:15',1,'Ho chi minh','Lazada Home','VN',NULL,'Nguyễn Minh Khang','John',NULL,'700000',NULL,'Q3',0,'06\nRạch bùng binh\np10, q3',NULL,'0785410747',NULL,NULL,NULL,NULL,NULL),(6,NULL,28,'2021-12-03 22:54:21','2021-12-03 22:54:21',1,'Hà Nội',NULL,'VN',NULL,'Ngọc Bích','Nguyễn',NULL,NULL,NULL,'VN101',0,'242 Lạc Long Quân phường Bưởi quận Tây Hồ',NULL,'0964676789',NULL,NULL,NULL,NULL,NULL),(7,NULL,30,'2021-12-06 03:48:14','2021-12-06 03:48:14',1,'',NULL,'VN',NULL,'Thuận','Vũ',NULL,NULL,NULL,'HCM',0,'VNG Campus',NULL,'0909700980',NULL,NULL,NULL,NULL,NULL),(11,NULL,384,'2022-01-04 09:32:09','2022-01-07 00:37:35',1,'',NULL,'VN',NULL,'Bắc','Bắc',NULL,'10000',NULL,NULL,NULL,'',NULL,'0372603276',NULL,NULL,NULL,NULL,NULL),(12,NULL,385,'2022-01-04 09:55:36','2022-01-04 09:55:36',1,'',NULL,'VN',NULL,'duong','duong',NULL,'10000',NULL,NULL,NULL,'',NULL,'0915319498',NULL,NULL,NULL,NULL,NULL),(13,NULL,357,'2022-01-06 02:26:58','2022-01-06 02:26:58',1,'',NULL,'VN',NULL,'Trang','Nguyen',NULL,NULL,NULL,'hà nội',0,'test',NULL,'123456789',NULL,NULL,NULL,NULL,NULL),(14,NULL,387,'2022-01-08 12:41:12','2022-01-08 12:41:12',1,'',NULL,'VN',NULL,'Hải Anh','Hải Anh',NULL,'10000',NULL,NULL,NULL,'',NULL,'0943289690',NULL,NULL,NULL,NULL,NULL);

--
-- Table structure for table `customer_address_entity_datetime`
--

CREATE TABLE `customer_address_entity_datetime` (
  `value_id` int(11) NOT NULL AUTO_INCREMENT COMMENT 'Value ID',
  `attribute_id` smallint(5) unsigned NOT NULL DEFAULT 0 COMMENT 'Attribute ID',
  `entity_id` int(10) unsigned NOT NULL DEFAULT 0 COMMENT 'Entity ID',
  `value` datetime DEFAULT NULL COMMENT 'Value',
  PRIMARY KEY (`value_id`),
  UNIQUE KEY `CUSTOMER_ADDRESS_ENTITY_DATETIME_ENTITY_ID_ATTRIBUTE_ID` (`entity_id`,`attribute_id`),
  KEY `CUSTOMER_ADDRESS_ENTITY_DATETIME_ATTRIBUTE_ID` (`attribute_id`),
  KEY `CUSTOMER_ADDRESS_ENTITY_DATETIME_ENTITY_ID_ATTRIBUTE_ID_VALUE` (`entity_id`,`attribute_id`,`value`),
  CONSTRAINT `CSTR_ADDR_ENTT_DTIME_ATTR_ID_EAV_ATTR_ATTR_ID` FOREIGN KEY (`attribute_id`) REFERENCES `eav_attribute` (`attribute_id`) ON DELETE CASCADE,
  CONSTRAINT `CSTR_ADDR_ENTT_DTIME_ENTT_ID_CSTR_ADDR_ENTT_ENTT_ID` FOREIGN KEY (`entity_id`) REFERENCES `customer_address_entity` (`entity_id`) ON DELETE CASCADE
) ENGINE=InnoDB DEFAULT CHARSET=utf8 COMMENT='Customer Address Entity Datetime';

--
-- Dumping data for table `customer_address_entity_datetime`
--


--
-- Table structure for table `customer_address_entity_decimal`
--

CREATE TABLE `customer_address_entity_decimal` (
  `value_id` int(11) NOT NULL AUTO_INCREMENT COMMENT 'Value ID',
  `attribute_id` smallint(5) unsigned NOT NULL DEFAULT 0 COMMENT 'Attribute ID',
  `entity_id` int(10) unsigned NOT NULL DEFAULT 0 COMMENT 'Entity ID',
  `value` decimal(12,4) NOT NULL DEFAULT 0.0000 COMMENT 'Value',
  PRIMARY KEY (`value_id`),
  UNIQUE KEY `CUSTOMER_ADDRESS_ENTITY_DECIMAL_ENTITY_ID_ATTRIBUTE_ID` (`entity_id`,`attribute_id`),
  KEY `CUSTOMER_ADDRESS_ENTITY_DECIMAL_ATTRIBUTE_ID` (`attribute_id`),
  KEY `CUSTOMER_ADDRESS_ENTITY_DECIMAL_ENTITY_ID_ATTRIBUTE_ID_VALUE` (`entity_id`,`attribute_id`,`value`),
  CONSTRAINT `CSTR_ADDR_ENTT_DEC_ATTR_ID_EAV_ATTR_ATTR_ID` FOREIGN KEY (`attribute_id`) REFERENCES `eav_attribute` (`attribute_id`) ON DELETE CASCADE,
  CONSTRAINT `CSTR_ADDR_ENTT_DEC_ENTT_ID_CSTR_ADDR_ENTT_ENTT_ID` FOREIGN KEY (`entity_id`) REFERENCES `customer_address_entity` (`entity_id`) ON DELETE CASCADE
) ENGINE=InnoDB DEFAULT CHARSET=utf8 COMMENT='Customer Address Entity Decimal';

--
-- Dumping data for table `customer_address_entity_decimal`
--


--
-- Table structure for table `customer_address_entity_int`
--

CREATE TABLE `customer_address_entity_int` (
  `value_id` int(11) NOT NULL AUTO_INCREMENT COMMENT 'Value ID',
  `attribute_id` smallint(5) unsigned NOT NULL DEFAULT 0 COMMENT 'Attribute ID',
  `entity_id` int(10) unsigned NOT NULL DEFAULT 0 COMMENT 'Entity ID',
  `value` int(11) NOT NULL DEFAULT 0 COMMENT 'Value',
  PRIMARY KEY (`value_id`),
  UNIQUE KEY `CUSTOMER_ADDRESS_ENTITY_INT_ENTITY_ID_ATTRIBUTE_ID` (`entity_id`,`attribute_id`),
  KEY `CUSTOMER_ADDRESS_ENTITY_INT_ATTRIBUTE_ID` (`attribute_id`),
  KEY `CUSTOMER_ADDRESS_ENTITY_INT_ENTITY_ID_ATTRIBUTE_ID_VALUE` (`entity_id`,`attribute_id`,`value`),
  CONSTRAINT `CSTR_ADDR_ENTT_INT_ATTR_ID_EAV_ATTR_ATTR_ID` FOREIGN KEY (`attribute_id`) REFERENCES `eav_attribute` (`attribute_id`) ON DELETE CASCADE,
  CONSTRAINT `CSTR_ADDR_ENTT_INT_ENTT_ID_CSTR_ADDR_ENTT_ENTT_ID` FOREIGN KEY (`entity_id`) REFERENCES `customer_address_entity` (`entity_id`) ON DELETE CASCADE
) ENGINE=InnoDB DEFAULT CHARSET=utf8 COMMENT='Customer Address Entity Int';

--
-- Dumping data for table `customer_address_entity_int`
--


--
-- Table structure for table `customer_address_entity_text`
--

CREATE TABLE `customer_address_entity_text` (
  `value_id` int(11) NOT NULL AUTO_INCREMENT COMMENT 'Value ID',
  `attribute_id` smallint(5) unsigned NOT NULL DEFAULT 0 COMMENT 'Attribute ID',
  `entity_id` int(10) unsigned NOT NULL DEFAULT 0 COMMENT 'Entity ID',
  `value` text NOT NULL COMMENT 'Value',
  PRIMARY KEY (`value_id`),
  UNIQUE KEY `CUSTOMER_ADDRESS_ENTITY_TEXT_ENTITY_ID_ATTRIBUTE_ID` (`entity_id`,`attribute_id`),
  KEY `CUSTOMER_ADDRESS_ENTITY_TEXT_ATTRIBUTE_ID` (`attribute_id`),
  CONSTRAINT `CSTR_ADDR_ENTT_TEXT_ATTR_ID_EAV_ATTR_ATTR_ID` FOREIGN KEY (`attribute_id`) REFERENCES `eav_attribute` (`attribute_id`) ON DELETE CASCADE,
  CONSTRAINT `CSTR_ADDR_ENTT_TEXT_ENTT_ID_CSTR_ADDR_ENTT_ENTT_ID` FOREIGN KEY (`entity_id`) REFERENCES `customer_address_entity` (`entity_id`) ON DELETE CASCADE
) ENGINE=InnoDB DEFAULT CHARSET=utf8 COMMENT='Customer Address Entity Text';

--
-- Dumping data for table `customer_address_entity_text`
--


--
-- Table structure for table `customer_address_entity_varchar`
--

CREATE TABLE `customer_address_entity_varchar` (
  `value_id` int(11) NOT NULL AUTO_INCREMENT COMMENT 'Value ID',
  `attribute_id` smallint(5) unsigned NOT NULL DEFAULT 0 COMMENT 'Attribute ID',
  `entity_id` int(10) unsigned NOT NULL DEFAULT 0 COMMENT 'Entity ID',
  `value` varchar(255) DEFAULT NULL COMMENT 'Value',
  PRIMARY KEY (`value_id`),
  UNIQUE KEY `CUSTOMER_ADDRESS_ENTITY_VARCHAR_ENTITY_ID_ATTRIBUTE_ID` (`entity_id`,`attribute_id`),
  KEY `CUSTOMER_ADDRESS_ENTITY_VARCHAR_ATTRIBUTE_ID` (`attribute_id`),
  KEY `CUSTOMER_ADDRESS_ENTITY_VARCHAR_ENTITY_ID_ATTRIBUTE_ID_VALUE` (`entity_id`,`attribute_id`,`value`),
  CONSTRAINT `CSTR_ADDR_ENTT_VCHR_ATTR_ID_EAV_ATTR_ATTR_ID` FOREIGN KEY (`attribute_id`) REFERENCES `eav_attribute` (`attribute_id`) ON DELETE CASCADE,
  CONSTRAINT `CSTR_ADDR_ENTT_VCHR_ENTT_ID_CSTR_ADDR_ENTT_ENTT_ID` FOREIGN KEY (`entity_id`) REFERENCES `customer_address_entity` (`entity_id`) ON DELETE CASCADE
) ENGINE=InnoDB DEFAULT CHARSET=utf8 COMMENT='Customer Address Entity Varchar';

--
-- Dumping data for table `customer_address_entity_varchar`
--


--
-- Table structure for table `customer_eav_attribute`
--

CREATE TABLE `customer_eav_attribute` (
  `attribute_id` smallint(5) unsigned NOT NULL COMMENT 'Attribute ID',
  `is_visible` smallint(5) unsigned NOT NULL DEFAULT 1 COMMENT 'Is Visible',
  `input_filter` varchar(255) DEFAULT NULL COMMENT 'Input Filter',
  `multiline_count` smallint(5) unsigned NOT NULL DEFAULT 1 COMMENT 'Multiline Count',
  `validate_rules` text DEFAULT NULL COMMENT 'Validate Rules',
  `is_system` smallint(5) unsigned NOT NULL DEFAULT 0 COMMENT 'Is System',
  `sort_order` int(10) unsigned NOT NULL DEFAULT 0 COMMENT 'Sort Order',
  `data_model` varchar(255) DEFAULT NULL COMMENT 'Data Model',
  `is_used_in_grid` smallint(5) unsigned NOT NULL DEFAULT 0 COMMENT 'Is Used in Grid',
  `is_visible_in_grid` smallint(5) unsigned NOT NULL DEFAULT 0 COMMENT 'Is Visible in Grid',
  `is_filterable_in_grid` smallint(5) unsigned NOT NULL DEFAULT 0 COMMENT 'Is Filterable in Grid',
  `is_searchable_in_grid` smallint(5) unsigned NOT NULL DEFAULT 0 COMMENT 'Is Searchable in Grid',
  PRIMARY KEY (`attribute_id`),
  KEY `CUSTOMER_EAV_ATTRIBUTE_SORT_ORDER` (`sort_order`),
  CONSTRAINT `CUSTOMER_EAV_ATTRIBUTE_ATTRIBUTE_ID_EAV_ATTRIBUTE_ATTRIBUTE_ID` FOREIGN KEY (`attribute_id`) REFERENCES `eav_attribute` (`attribute_id`) ON DELETE CASCADE
) ENGINE=InnoDB DEFAULT CHARSET=utf8 COMMENT='Customer Eav Attribute';

--
-- Dumping data for table `customer_eav_attribute`
--

INSERT INTO `customer_eav_attribute` VALUES (1,1,NULL,0,NULL,1,10,NULL,1,1,1,0),(2,0,NULL,0,NULL,1,0,NULL,0,0,0,0),(3,1,NULL,0,NULL,1,20,NULL,1,1,0,1),(4,0,NULL,0,NULL,0,30,NULL,0,0,0,0),(5,1,'trim',0,'{\"max_text_length\":255,\"min_text_length\":1}',1,40,NULL,0,0,0,0),(6,0,'trim',0,NULL,0,50,NULL,0,0,0,0),(7,1,'trim',0,'{\"max_text_length\":255,\"min_text_length\":1}',1,60,NULL,0,0,0,0),(8,0,NULL,0,NULL,0,70,NULL,0,0,0,0),(9,1,NULL,0,'{\"input_validation\":\"email\"}',1,80,NULL,1,1,1,1),(10,1,NULL,0,NULL,1,25,NULL,1,1,1,0),(11,0,'date',0,'{\"input_validation\":\"date\"}',0,90,NULL,1,1,1,0),(12,0,NULL,0,NULL,1,0,NULL,0,0,0,0),(13,0,NULL,0,NULL,1,0,NULL,0,0,0,0),(14,0,NULL,0,'{\"input_validation\":\"date\"}',1,0,NULL,0,0,0,0),(15,0,NULL,0,NULL,1,0,NULL,0,0,0,0),(16,0,NULL,0,NULL,1,0,NULL,0,0,0,0),(17,0,NULL,0,'{\"max_text_length\":255}',0,100,NULL,1,1,0,1),(18,0,NULL,0,NULL,1,0,NULL,1,1,1,0),(19,0,NULL,0,NULL,0,0,NULL,1,1,1,0),(20,0,NULL,0,'[]',0,110,NULL,1,1,1,0),(21,1,NULL,0,NULL,1,28,NULL,0,0,0,0),(22,0,NULL,0,NULL,0,10,NULL,0,0,0,0),(23,1,'trim',0,'{\"max_text_length\":255,\"min_text_length\":1}',1,20,NULL,1,0,0,1),(24,0,'trim',0,NULL,0,30,NULL,0,0,0,0),(25,1,'trim',0,'{\"max_text_length\":255,\"min_text_length\":1}',1,40,NULL,1,0,0,1),(26,0,NULL,0,NULL,0,50,NULL,0,0,0,0),(27,1,NULL,0,'{\"max_text_length\":255,\"min_text_length\":1}',1,60,NULL,1,0,0,1),(28,1,NULL,3,'{\"max_text_length\":255,\"min_text_length\":1}',1,70,NULL,1,0,0,1),(29,1,NULL,0,'{\"max_text_length\":255,\"min_text_length\":1}',1,100,NULL,1,0,0,1),(30,1,NULL,0,NULL,1,80,NULL,1,1,1,0),(31,1,NULL,0,NULL,1,90,NULL,1,1,0,1),(32,1,NULL,0,NULL,1,90,NULL,0,0,0,0),(33,1,NULL,0,'[]',1,110,'Magento\\Customer\\Model\\Attribute\\Data\\Postcode',1,1,1,1),(34,1,NULL,0,'{\"max_text_length\":255,\"min_text_length\":1}',1,120,NULL,1,1,1,1),(35,0,NULL,0,'{\"max_text_length\":255,\"min_text_length\":1}',0,130,NULL,1,0,0,1),(36,1,NULL,0,NULL,1,140,NULL,0,0,0,0),(37,0,NULL,0,NULL,1,0,NULL,0,0,0,0),(38,0,NULL,0,NULL,1,0,NULL,0,0,0,0),(39,0,NULL,0,NULL,1,0,NULL,0,0,0,0),(40,0,NULL,0,NULL,1,0,NULL,0,0,0,0),(41,0,NULL,0,NULL,0,0,NULL,0,0,0,0),(42,0,NULL,0,NULL,1,0,NULL,0,0,0,0),(43,0,NULL,0,NULL,1,0,NULL,0,0,0,0),(44,0,NULL,0,NULL,1,0,NULL,0,0,0,0);

--
-- Table structure for table `customer_eav_attribute_website`
--

CREATE TABLE `customer_eav_attribute_website` (
  `attribute_id` smallint(5) unsigned NOT NULL COMMENT 'Attribute ID',
  `website_id` smallint(5) unsigned NOT NULL COMMENT 'Website ID',
  `is_visible` smallint(5) unsigned DEFAULT NULL COMMENT 'Is Visible',
  `is_required` smallint(5) unsigned DEFAULT NULL COMMENT 'Is Required',
  `default_value` text DEFAULT NULL COMMENT 'Default Value',
  `multiline_count` smallint(5) unsigned DEFAULT NULL COMMENT 'Multiline Count',
  PRIMARY KEY (`attribute_id`,`website_id`),
  KEY `CUSTOMER_EAV_ATTRIBUTE_WEBSITE_WEBSITE_ID` (`website_id`),
  CONSTRAINT `CSTR_EAV_ATTR_WS_ATTR_ID_EAV_ATTR_ATTR_ID` FOREIGN KEY (`attribute_id`) REFERENCES `eav_attribute` (`attribute_id`) ON DELETE CASCADE,
  CONSTRAINT `CSTR_EAV_ATTR_WS_WS_ID_STORE_WS_WS_ID` FOREIGN KEY (`website_id`) REFERENCES `store_website` (`website_id`) ON DELETE CASCADE
) ENGINE=InnoDB DEFAULT CHARSET=utf8 COMMENT='Customer Eav Attribute Website';

--
-- Dumping data for table `customer_eav_attribute_website`
--

INSERT INTO `customer_eav_attribute_website` VALUES (1,1,NULL,NULL,NULL,NULL),(3,1,NULL,NULL,NULL,NULL),(5,1,NULL,NULL,NULL,NULL),(6,1,NULL,NULL,NULL,NULL),(7,1,NULL,NULL,NULL,NULL),(9,1,NULL,NULL,NULL,NULL),(10,1,NULL,NULL,NULL,NULL),(11,1,NULL,NULL,NULL,NULL),(17,1,NULL,NULL,NULL,NULL),(18,1,NULL,NULL,NULL,NULL),(19,1,NULL,NULL,NULL,NULL),(20,1,NULL,NULL,NULL,NULL),(21,1,NULL,NULL,NULL,NULL),(23,1,NULL,NULL,NULL,NULL),(24,1,NULL,NULL,NULL,NULL),(25,1,NULL,NULL,NULL,NULL),(27,1,NULL,NULL,NULL,NULL),(28,1,NULL,NULL,NULL,NULL),(29,1,NULL,NULL,NULL,NULL),(30,1,NULL,NULL,NULL,NULL),(31,1,NULL,NULL,NULL,NULL),(32,1,NULL,NULL,NULL,NULL),(33,1,NULL,NULL,NULL,NULL),(34,1,NULL,NULL,NULL,NULL),(35,1,NULL,NULL,NULL,NULL),(36,1,NULL,NULL,NULL,NULL);

--
-- Table structure for table `customer_entity`
--

CREATE TABLE `customer_entity` (
  `entity_id` int(10) unsigned NOT NULL AUTO_INCREMENT COMMENT 'Entity ID',
  `website_id` smallint(5) unsigned DEFAULT NULL COMMENT 'Website ID',
  `email` varchar(255) DEFAULT NULL COMMENT 'Email',
  `group_id` smallint(5) unsigned NOT NULL DEFAULT 0 COMMENT 'Group ID',
  `increment_id` varchar(50) DEFAULT NULL COMMENT 'Increment ID',
  `store_id` smallint(5) unsigned DEFAULT 0 COMMENT 'Store ID',
  `created_at` timestamp NOT NULL DEFAULT current_timestamp() COMMENT 'Created At',
  `updated_at` timestamp NOT NULL DEFAULT current_timestamp() ON UPDATE current_timestamp() COMMENT 'Updated At',
  `is_active` smallint(5) unsigned NOT NULL DEFAULT 1 COMMENT 'Is Active',
  `disable_auto_group_change` smallint(5) unsigned NOT NULL DEFAULT 0 COMMENT 'Disable automatic group change based on VAT ID',
  `created_in` varchar(255) DEFAULT NULL COMMENT 'Created From',
  `prefix` varchar(40) DEFAULT NULL COMMENT 'Name Prefix',
  `firstname` varchar(255) DEFAULT NULL COMMENT 'First Name',
  `middlename` varchar(255) DEFAULT NULL COMMENT 'Middle Name/Initial',
  `lastname` varchar(255) DEFAULT NULL COMMENT 'Last Name',
  `suffix` varchar(40) DEFAULT NULL COMMENT 'Name Suffix',
  `dob` date DEFAULT NULL COMMENT 'Date of Birth',
  `password_hash` varchar(128) DEFAULT NULL COMMENT 'Password_hash',
  `rp_token` varchar(128) DEFAULT NULL COMMENT 'Reset password token',
  `rp_token_created_at` datetime DEFAULT NULL COMMENT 'Reset password token creation time',
  `default_billing` int(10) unsigned DEFAULT NULL COMMENT 'Default Billing Address',
  `default_shipping` int(10) unsigned DEFAULT NULL COMMENT 'Default Shipping Address',
  `taxvat` varchar(50) DEFAULT NULL COMMENT 'Tax/VAT Number',
  `confirmation` varchar(64) DEFAULT NULL COMMENT 'Is Confirmed',
  `gender` smallint(5) unsigned DEFAULT NULL COMMENT 'Gender',
  `failures_num` smallint(6) DEFAULT 0 COMMENT 'Failure Number',
  `first_failure` timestamp NULL DEFAULT NULL COMMENT 'First Failure',
  `lock_expires` timestamp NULL DEFAULT NULL COMMENT 'Lock Expiration Date',
  PRIMARY KEY (`entity_id`),
  UNIQUE KEY `CUSTOMER_ENTITY_EMAIL_WEBSITE_ID` (`email`,`website_id`),
  KEY `CUSTOMER_ENTITY_STORE_ID` (`store_id`),
  KEY `CUSTOMER_ENTITY_WEBSITE_ID` (`website_id`),
  KEY `CUSTOMER_ENTITY_FIRSTNAME` (`firstname`),
  KEY `CUSTOMER_ENTITY_LASTNAME` (`lastname`),
  CONSTRAINT `CUSTOMER_ENTITY_STORE_ID_STORE_STORE_ID` FOREIGN KEY (`store_id`) REFERENCES `store` (`store_id`) ON DELETE SET NULL,
  CONSTRAINT `CUSTOMER_ENTITY_WEBSITE_ID_STORE_WEBSITE_WEBSITE_ID` FOREIGN KEY (`website_id`) REFERENCES `store_website` (`website_id`) ON DELETE SET NULL
) ENGINE=InnoDB AUTO_INCREMENT=388 DEFAULT CHARSET=utf8 COMMENT='Customer Entity';

--
-- Dumping data for table `customer_entity`
--

INSERT INTO `customer_entity` VALUES (5,1,'hoanghuan301095@gmail.com',1,NULL,NULL,'2021-06-10 02:05:37','2021-06-10 02:05:37',1,0,'English 01',NULL,'Hoang',NULL,'Huan',NULL,NULL,'057abbf279125c54acd0f94bd4fdb195755bc63e9bd7af0704ba5879b2fc0b3e:LhAwcTZR0b9Oi81WcSPVIQHmECUQFqHJ:3_32_2_67108864','sLP3CDttXVbTm3ZusYtVdjP3I1RzBMgR','2021-06-10 02:05:37',NULL,NULL,NULL,NULL,NULL,0,NULL,NULL),(6,1,'tokithemes@gmail.com',1,NULL,NULL,'2021-06-10 02:15:08','2021-06-10 02:15:08',1,0,'English 01',NULL,'Pham',NULL,'Son',NULL,NULL,'c0bf99d1175c42255ffe71c75d9ac42a446706ef2729228ced7c4fd7524ed407:wxUyuVnHG9gPQbc2TE8IYYSt6aEN55TD:3_32_2_67108864','vt0JH7LPZqUlAQnMAKBCLBGrhqzH5tjq','2021-06-10 02:15:08',NULL,NULL,NULL,NULL,NULL,0,NULL,NULL),(8,1,'netbaseteam2@gmail.com',4,NULL,9,'2021-08-31 03:55:23','2021-11-27 03:37:22',1,0,'English 09',NULL,'Netbase',NULL,'JSC',NULL,NULL,'95568b4f958538fafa747d077d67bda9c07f9328cc644d5fa682c29581cfd22c:w1hTTfVTBcqkaR2XqEvfXiwMM8uVvdAA:3_32_2_67108864','6v69DdPLfETH0A1XaPbrgPHp3kb9LRXf','2021-08-31 03:55:23',2,2,NULL,NULL,0,0,NULL,NULL),(10,1,'duonglkd@flexfit.vn',4,NULL,9,'2021-09-28 07:00:26','2021-10-11 06:47:00',1,0,'English 09',NULL,'Văn A',NULL,'Nguyễn',NULL,NULL,'1d89b0566306db88b286aae54430b4706ac41dbf945dcd016330ef5d2f1f6b99:25YtnDyehFucaICug5RUCBVmVSLTzpth:3_32_2_67108864','2kKxOUJ0WhOjSp2dURokGnuxdKXoslcQ','2021-09-28 07:00:27',3,3,NULL,NULL,0,0,NULL,NULL),(11,1,'vivnt@flexfit.vn',1,NULL,9,'2021-09-29 03:12:41','2021-12-24 03:24:44',1,0,'English 09',NULL,'vi',NULL,'vũ',NULL,NULL,'5e7a2684cc512c070917edbb5d37abd4747cebfb3ea6e28160de3b425b6d3d1b:8JafGvGL7rE970Jht5nB9BonBuIVmMAF:3_32_2_67108864','iQAW3fhpSnSKLUDlKolZ2ED06Y2rPrr4','2021-12-24 03:24:44',NULL,NULL,NULL,NULL,NULL,0,NULL,NULL),(12,1,'huytv04883@gmail.com',1,NULL,9,'2021-10-06 15:04:27','2021-10-06 15:04:27',1,0,'English 09',NULL,'tran',NULL,'huy',NULL,NULL,'7000b5d12e612ba9e02c712c93100fdcde6c11a5a1dc42079f70a490a91d4853:W56pyqCd9tZdv8gP4b2agGp4IplQt0LE:3_32_2_67108864','v8NSBbL8wXE1OShi3Y4jPqrmofAU1luC','2021-10-06 15:04:27',NULL,NULL,NULL,NULL,NULL,0,NULL,NULL),(17,1,'duytrannguyen98@gmail.com',1,NULL,9,'2021-11-04 03:14:06','2021-11-05 04:23:50',1,0,'English 09',NULL,'Duy',NULL,'Tran',NULL,NULL,'ce6be821cc914d37e5ce7fcaca189a111ab09fbe07a872cbea3d45fcc8a51b7b:qBkxtZtXnNv8pfiQ3QX6Ivlu3OCdu3AP:3_32_2_67108864','iiXMaPFLxXduLVxDdImmLX3bmm6Xv9kr','2021-11-04 03:14:06',4,4,NULL,NULL,NULL,2,'2021-11-05 04:23:13',NULL),(18,1,'hoangtrunghung1992@gmail.com',1,NULL,9,'2021-11-05 01:51:56','2021-11-05 01:51:56',1,0,'English 09',NULL,'hưng',NULL,'hoàng trung',NULL,NULL,'b6a4b9fae43fcb6f1ca2a7784ee2831c5afc1a7f0d8e7e6e76bcbc74e886ce52:2Lw4Mq1suNSkvoDc6p73QyfJlFCBVR6D:3_32_2_67108864','BirupC8KHOxDVuhtGjF8B1tlchhKh7BZ','2021-11-05 01:51:56',NULL,NULL,NULL,NULL,NULL,0,NULL,NULL),(19,1,'duytranduc1005@gmail.com',1,NULL,9,'2021-11-05 04:26:52','2021-11-05 04:26:52',1,0,'English 09',NULL,'Duy',NULL,'Tran',NULL,NULL,'97fb57a5eb79a381da9c7201898f79782132e81a0cef01c42b08a817fbfb1450:41dPaaNUU5pyP15BhtknUcBJKdR9lva9:3_32_2_67108864','OE5JU9EK7UTVY7A0vz88cGm9NJmtVoft','2021-11-05 04:26:52',NULL,NULL,NULL,NULL,NULL,0,NULL,NULL),(20,1,'nvptooo@gmail.com',1,NULL,9,'2021-11-08 02:18:38','2021-11-08 02:18:38',1,0,'English 09',NULL,'LAM',NULL,'VU',NULL,NULL,'003df848acf96ac5ae0917b77aebe3efd5477c2f7f2a1d63c29b10291c467022:YgxdbaiTp8NHCPivPujs3QLvePb6IUk7:3_32_2_67108864','zAYyECABYwVuiTSb36h7nTqGTH7OgE5W','2021-11-08 02:18:38',NULL,NULL,NULL,NULL,NULL,0,NULL,NULL),(21,1,'heha1511@gmail.com',1,NULL,9,'2021-11-25 16:29:50','2021-11-25 16:29:51',1,0,'Flexfit Store',NULL,'Hân',NULL,'Trần',NULL,NULL,'1cea54685cd3617df1c8d7d2abd1fc2ef7b67590d041106af627073636222b0e:7PVcr22hN8tUBY5aJcySHvwgu8nCGUKc:3_32_2_67108864','kgux8HVHnaBuU5K4WjO9CE1S7xU7T6pt','2021-11-25 16:29:51',NULL,NULL,NULL,NULL,NULL,0,NULL,NULL),(22,1,'khangreyken619@gmail.com',1,NULL,9,'2021-11-26 03:55:57','2021-11-26 03:57:15',1,0,'Flexfit Store',NULL,'Nguyễn Minh Khang',NULL,'John',NULL,NULL,'6db79741a775a3d6b9fb5ef4f39137d50e06f0c197b0e36e0206181f642c8fd5:DJhK8hvS7TAOcog5f9L98ogvmTuFnaXN:3_32_2_67108864','Pb1fER7bbhxGQO1J927ov5h0QmmmuBdS','2021-11-26 03:55:57',5,5,NULL,NULL,NULL,0,NULL,NULL),(23,1,'congbk2910@gmail.com',1,NULL,9,'2021-11-27 03:42:01','2021-11-27 03:42:01',1,0,'Flexfit Store',NULL,'Netbase',NULL,'Team 1',NULL,NULL,'fef8d9e893e5c9d17fa54e5e12adcf00a42b1afe3877d2e63fd102fae51a809e:j0KYuoIXQ9vY2t9VSQ4TiFIYR5ZwRXFp:3_32_2_67108864','lCOlPlGiSA40nujK5mcJap5jBsJsiLJT','2021-11-27 03:42:01',NULL,NULL,NULL,NULL,NULL,0,NULL,NULL),(24,1,'hanhathong@gmail.com',1,NULL,9,'2021-11-29 08:42:26','2021-11-29 08:42:26',1,0,'Flexfit Store',NULL,'Hồng',NULL,'Hà',NULL,NULL,'e948a8476980fbe899e24ec8cb250a31824524cb13b7eb4047aaffb113859b86:tIdWNiyzBqlZnslcuV2PfcHMIZO77SJ8:3_32_2_67108864','7NTsIA7QEnrDQQRwcWDnQ4xfOkm3TAXJ','2021-11-29 08:42:26',NULL,NULL,NULL,NULL,NULL,0,NULL,NULL),(25,1,'lanhuong@capi.design',1,NULL,9,'2021-11-29 10:04:15','2021-11-29 10:04:15',1,0,'Flexfit Store',NULL,'Eliz',NULL,'Zzz',NULL,NULL,'ac6f76bf0ab8783d47921abac8a588d55e2a50574e7bf10ed5e077a285dd744e:XBxfUc5blbvavoFCJDV2SMWstcoHjamD:3_32_2_67108864','nVfJXt6QHU8l5ZsYAmLGAuVeaWL90LQs','2021-11-29 10:04:15',NULL,NULL,NULL,NULL,NULL,0,NULL,NULL),(26,1,'khanh.nguyenntg@gmail.com',1,NULL,9,'2021-12-01 15:46:40','2021-12-01 15:46:40',1,0,'Flexfit Store',NULL,'Khánh',NULL,'Nguyễn',NULL,NULL,'c1eb7d492190692ad78e908177daf3f7cd7bfedd276b5c0485a074271f5fa4c9:S5dWXrqBV2srgkqEQW0ck1uyh7OiQM7g:3_32_2_67108864','LhBjBIScpHEOOntOTZ7aL3p0JCAW9OsW','2021-12-01 15:46:40',NULL,NULL,NULL,NULL,NULL,0,NULL,NULL),(27,1,'thaophenny@gmail.com',1,NULL,9,'2021-12-02 00:23:16','2021-12-02 00:23:16',1,0,'Flexfit Store',NULL,'Thảo',NULL,'Phạm',NULL,NULL,'cdcc7fd4b002283ce0d38806592836770b0dcce5cccaf5562e0d189cedab8a6a:9LaCsLEiw3tHTzL9QxDce1ggji6cOp4b:3_32_2_67108864','Rmnnub4cfdqu8RhJqA6747j1fUnTrjUR','2021-12-02 00:23:16',NULL,NULL,NULL,NULL,NULL,0,NULL,NULL),(28,1,'nnbich@yahoo.com',1,NULL,9,'2021-12-03 22:52:24','2021-12-03 22:54:21',1,0,'Flexfit Store',NULL,'Ngọc Bích',NULL,'Nguyễn',NULL,NULL,'16a794e6aef834eedc02d0e1aec2f5571d5ec9016ba838946f38674e3e36ecaa:EJNk2LCBfJWragMpUgRD32TzXuUHD4CW:3_32_2_67108864','IVUhSgqVE0zs080yAPa8vr8dlWvYUYaW','2021-12-03 22:52:24',6,6,NULL,NULL,NULL,0,NULL,NULL),(29,1,'vanoanh.bkhn@gmail.com',1,NULL,9,'2021-12-05 04:31:45','2021-12-05 04:31:45',1,0,'Flexfit Store',NULL,'Oánh',NULL,'Ngô',NULL,NULL,'d28b2715c0e81a08560bb636c21383073269197564bec66c28e262e4a88d8df8:kBQjfM0ba3EPoZUgjPpzaxXj95dkGMxQ:3_32_2_67108864','kJXRC7hMP7EFVNzuT0j18lK0mqBZe2Oo','2021-12-05 04:31:45',NULL,NULL,NULL,NULL,NULL,0,NULL,NULL),(30,1,'thuanvd2@vng.com.vn',1,NULL,9,'2021-12-06 03:47:40','2021-12-06 03:48:14',1,0,'Flexfit Store',NULL,'Thuận',NULL,'Vũ',NULL,NULL,'20cd0ec4d079e61864d88fbdf1639d795f537528833fa5fd0316c0a6b2978907:tAdt0hFa6QDdyEx688NcsXZuci7QAAoH:3_32_2_67108864','ajdcy5r3mwr7pOBwmu5Vx4GiKvYWajfy','2021-12-06 03:47:40',7,7,NULL,NULL,NULL,0,NULL,NULL),(31,1,'tieujj@gmail.com',1,NULL,9,'2021-12-08 06:55:11','2021-12-08 06:55:11',1,0,'Flexfit Store',NULL,'Hương',NULL,'Nguyễn',NULL,NULL,'ae31d419d6b906739b5dbd24295aecf51b2c3b9e870fe9104198bce03b19eb1b:dOGiuMIXKbXGbVA6VZNNtK3rYc2OXtoV:3_32_2_67108864','p1IVs2wdAwTbRAbxJ8xUcsVaiW7SZM2U','2021-12-08 06:55:11',NULL,NULL,NULL,NULL,NULL,0,NULL,NULL),(32,1,'dojng4ngdoc@gmail.com',1,NULL,9,'2021-12-08 10:48:49','2021-12-08 10:48:49',1,0,'Flexfit Store',NULL,'Kiên',NULL,'Quản',NULL,NULL,'4ebc76dd20e7e2256ce7ed66b07bf510dacab186dc9361ae28d92315246eea51:DgtuNsDIUflBpfljeGTGYUGTkVusAcie:3_32_2_67108864','soUXJ6UrX8lXJrtJecU29lD8BIfAqbJH','2021-12-08 10:48:49',NULL,NULL,NULL,NULL,NULL,0,NULL,NULL),(33,1,'tranthutrang15105@gmail.com',1,NULL,9,'2021-12-08 16:51:06','2021-12-08 16:51:06',1,0,'Flexfit Store',NULL,'Thu Trang',NULL,'Trần',NULL,NULL,'c4d0c017f84852955a13b18500ae50a343a40ea7325809a34c0c2276d1dc977a:Irf04cpmepuYUE3FEdwa4WEL1E9222OG:3_32_2_67108864','lcmTgwEts6DBHQeq8tyhZZkLfgaN20uE','2021-12-08 16:51:06',NULL,NULL,NULL,NULL,NULL,0,NULL,NULL),(34,1,'mrgiatri@gmail.com',1,NULL,9,'2021-12-11 18:19:13','2021-12-11 18:19:14',1,0,'Flexfit Store',NULL,'Gia Trị',NULL,'Ngô',NULL,NULL,'82fa6e4b548c31278b906c9ae543f8368e80b17b64189a67db73c0d6ee86d094:mm6bL4Q5NBG3p3a5fLzXehNymWezNjx4:3_32_2_67108864','5grprcUvZdQFAdCGuk3WXhUZGAxWTwBx','2021-12-11 18:19:14',NULL,NULL,NULL,NULL,NULL,0,NULL,NULL),(35,1,'ledo39xd@yahoo.com',1,NULL,9,'2021-12-14 00:55:11','2021-12-14 00:55:11',1,0,'Flexfit Store',NULL,'Lee',NULL,'Mr.',NULL,NULL,'91fd36501a57950a665996831afdb18b908e4871622b074d50ad668212b33f40:mF9AjbNflpz9WtuuizPJXurQnLeWiHVD:3_32_2_67108864','pMg9wHpKP1iGHfDLYU0dDuMmEOGygmU3','2021-12-14 00:55:11',NULL,NULL,NULL,NULL,NULL,0,NULL,NULL),(36,1,'thuhang3007@yahoo.com',1,NULL,9,'2021-12-14 03:39:56','2021-12-14 03:39:56',1,0,'Flexfit Store',NULL,'Hang',NULL,'Nguyen',NULL,NULL,'f6a20e5cfeaf3da6ca5315973f66c3b3d474adacf9e5af4352231519b2605b21:RjhFnZL9KnUR18H9bBl2GEYNFPHNt1Wv:3_32_2_67108864','dMH8Dj6WC9eIb0FhOwerUfpxouXenvbX','2021-12-14 03:39:56',NULL,NULL,NULL,NULL,NULL,0,NULL,NULL),(38,1,'lephuongkt710@gmail.com',1,NULL,9,'2021-12-15 13:04:53','2021-12-15 13:04:53',1,0,'Flexfit Store',NULL,'Lê',NULL,'Phượng',NULL,NULL,'4a9d01872a836049abf0366ecc0dcee6d3949eb1236f94c51897cf304a2d2482:TxoOEoKMOWjVtn9P1Di6IyzKS6AF8Ntv:3_32_2_67108864','U78FAL9aMUKmGo9gz5Sb1cHcVuIDtfdy','2021-12-15 13:04:53',NULL,NULL,NULL,NULL,NULL,0,NULL,NULL),(342,1,'netbaseteam1@gmail.com',1,NULL,9,'2021-12-17 10:06:50','2021-12-17 10:06:50',1,0,'Flexfit Store',NULL,'Netbase',NULL,'Team 1',NULL,NULL,'e88b21262185b2b02e0c77cfe8de3509e47d43d2898a78893df34f11d4d79966:rv9wcz7dDmqLhGumGflJKd9PNHX0ZOXk:3_32_2_67108864','7wp7CCoF0Td4tuDvaH4Mxdh6TmBrySGf','2021-12-17 10:06:50',NULL,NULL,NULL,NULL,NULL,0,NULL,NULL),(357,1,'trangnt@flexfit.vn',1,NULL,9,'2021-12-19 03:56:15','2022-01-06 02:26:58',1,0,'Flexfit Store',NULL,'Trang',NULL,'Nguyen',NULL,NULL,'fef4f6d11e93077d5b9ece99c21e90529ded4842f721ef5fed01b716be6aa27c:5xecbdzTtlhKY7ig4uT79A6qEIomQDdq:3_32_2_67108864','mj3rJJ7ftHBiV1esorqDI9hVZXVldznj','2021-12-19 03:56:15',13,13,NULL,NULL,NULL,0,NULL,NULL),(359,1,'trangnt2209@gmail.com',1,NULL,9,'2021-12-19 04:35:41','2021-12-19 04:36:49',1,0,'Flexfit Store',NULL,'Trang',NULL,'Nguyen',NULL,NULL,'5d58f5d691f3af0a4cb52bcb08f86faff97b508b0b4fb32f40dba9e572035798:dkaoxQ1P0xLjSlhMPBJ4EmfNMre8nmep:3_32_2_67108864','DEJ4EUVwHoPMb9EQm2GAf4P3MdxOoJjI','2021-12-19 04:35:41',NULL,NULL,NULL,NULL,NULL,0,NULL,NULL),(360,1,'macchiato191@gmail.com',1,NULL,9,'2021-12-19 13:20:02','2021-12-19 13:20:35',1,0,'Flexfit Store',NULL,'Hà',NULL,'Nguyễn',NULL,NULL,'4ffde1f8ef107f39f518ca832b7f48aafcfe8923376608801531b10d44294127:oTaUYIhJBajJ5gGtchhq9vTR1w2EKqqj:3_32_2_67108864','EiBexfSnCHu0zH5pghTUs83jA7w0rSJU','2021-12-19 13:20:02',NULL,NULL,NULL,NULL,NULL,0,NULL,NULL),(361,1,'khanhtrang1001@gmail.com',1,NULL,9,'2021-12-22 12:47:46','2021-12-22 12:48:12',1,0,'Flexfit Store',NULL,'Trang',NULL,'Nguyen',NULL,NULL,'e618fef5b1acbf0037afd0a752e0edfa8b48af725df789552d0c47496b872c01:Or1OxdiEmaUjg6jMIbShAUJ2tMf9qvW1:3_32_2_67108864','05gDQuTTXZFJBALwQmlyoV94URaXfjAn','2021-12-22 12:47:46',NULL,NULL,NULL,NULL,NULL,0,NULL,NULL),(362,1,'ngocmai0711@hotmail.com',1,NULL,9,'2021-12-24 02:14:40','2021-12-24 02:25:44',1,0,'Flexfit Store',NULL,'Mai',NULL,'Nguyen',NULL,NULL,'6f4e0c5d611f930acf100337c86e1b1bed0b98a703b31ea1b7b63a1b26bb86b5:igGD3H9rM6YgrWDFfVlvGdr5j4fMDbWY:3_32_2_67108864','K20mMHawo4nLNpAHJsh7EKQMgEGYSIag','2021-12-24 02:14:40',NULL,NULL,NULL,NULL,NULL,0,NULL,NULL),(363,1,'vanhduong1789@gmail.com',1,NULL,9,'2021-12-24 02:46:43','2021-12-24 02:47:28',1,0,'Flexfit Store',NULL,'Dương',NULL,'Vũ',NULL,NULL,'1e3233555fca7f24932ebc2f45d42e254116076734cc30df7066867e2e5db5cf:FcUPZn5HtCkqxX9tdJo4Rdhe8zR7KZ6V:3_32_2_67108864','PY4yn592zwQbkjgXIGg37ezrRk9ATIFg','2021-12-24 02:46:43',NULL,NULL,NULL,NULL,NULL,0,NULL,NULL),(364,1,'vntvie@gmail.com',1,NULL,9,'2021-12-24 03:44:43','2021-12-24 03:45:17',1,0,'Flexfit Store',NULL,'Vi',NULL,'Vũ',NULL,NULL,'5650c81655b090777a85859c98b9e34f5dc0b94e2778a4d24fe0f302330e4edf:RaU2PCYm5lbXxk4VMGdVbuyxkboePKUq:3_32_2_67108864','YRLD9V9cgRnmzo85KyBwuNavyzC2sscR','2021-12-24 03:44:43',NULL,NULL,NULL,NULL,NULL,0,NULL,NULL),(365,1,'selinavu2976@gmail.com',1,NULL,9,'2021-12-24 04:20:43','2021-12-24 04:21:30',1,0,'Flexfit Store',NULL,'Mai',NULL,'Vũ',NULL,NULL,'10b5e1b6096002b1218c23b3df77c9b4a6c13794ae8db79793a9cc5d94a7fa24:B2UeAqyy4j2fv7SBonXGYgLwOBXsqjFa:3_32_2_67108864','2Ra4fAHOfgL9dMvzWv72sZAhJLDIKyoc','2021-12-24 04:20:43',NULL,NULL,NULL,NULL,NULL,0,NULL,NULL),(368,1,'huytq@flexhome.asia',1,NULL,9,'2021-12-25 06:09:28','2021-12-25 06:10:02',1,0,'Flexfit Store',NULL,'Trần',NULL,'Huy',NULL,NULL,'c9ef9331736d914ea93b5f36e98f5b0184c184005404386cad4fd422ac48169e:lMjiyznpKdys3k9PbNt3mrKvBIIfisbH:3_32_2_67108864','AOQsAtuvTqJIwsHp9BjGF1OlYNQKG4RN','2021-12-25 06:09:28',NULL,NULL,NULL,NULL,NULL,0,NULL,NULL),(369,1,'Ha@royalcorp.vn',1,NULL,9,'2021-12-26 22:59:54','2021-12-26 22:59:54',1,0,'Flexfit Store',NULL,'Thị Thu Hà',NULL,'Đinh',NULL,NULL,'090a2bd0eb45a0a92667c0d1983e957402f08fcf03c4c79178b95098fbbf93bc:Us7z2FETRrvjtYtJJf5GzFNiy6hraxnd:3_32_2_67108864','aX9fD3TPgEDIxtjRIdXzpUumdHlYHs2j','2021-12-26 22:59:54',NULL,NULL,NULL,'jHihmPqQkuSEFEysf0jh9edYqSfRSC2O',NULL,0,NULL,NULL),(370,1,'nguyenlihthu111@gmail.com',1,NULL,9,'2021-12-27 02:40:09','2021-12-27 02:40:09',1,0,'Flexfit Store',NULL,'thư',NULL,'nguyễn',NULL,NULL,'302b9bd2611ea61efcf8392fd000b267552d57f5f97fc287dcdbbb958d28b173:GVhYC1BtpTradd1zgJ0IBi4dTdVGMAvz:3_32_2_67108864','08z87kELukiGAn3TPHaLnqbTCrUCZE37','2021-12-27 02:40:09',NULL,NULL,NULL,'vC0hzxMzWKaTAT2mhTcDMVpC4W05Z3gd',NULL,0,NULL,NULL),(372,1,'nguyentoanvta9@email.com',1,NULL,9,'2021-12-28 15:48:11','2021-12-28 15:48:11',1,0,'Flexfit Store',NULL,'Van Toan',NULL,'Nguyen',NULL,NULL,'1762ec41fa48140da46f6da85ac016cb7b27d167a79b2b361bc37d1e55641416:pLLmc4hsYcQA74GelIXuIO0XLP2ICxzJ:3_32_2_67108864','7qfhzfNFbOOcC25F4MPmHHIp1NZbRjr5','2021-12-28 15:48:11',NULL,NULL,NULL,'SffyLp1ss6YZraEDpfyKq6cwncH9mIrp',NULL,0,NULL,NULL),(384,1,'bacnguyen220496@gmail.com',1,NULL,9,'2022-01-04 09:32:09','2022-01-07 00:37:35',1,0,'Flexfit Store',NULL,'Bắc',NULL,'Nguyễn',NULL,NULL,'ada9a631510f0211570077b2b64a850f1b07d47548d70654caebd1418445690b:JWMTpHg4Y4EwYr63g2hN3315yayT6vOT:3_32_2_67108864','TNMyj2isjNvp5wnsFBmbP0a8QxFT92WM','2022-01-04 09:32:09',11,NULL,NULL,NULL,NULL,0,NULL,NULL),(385,1,'ezioduong@gmail.com',1,NULL,9,'2022-01-04 09:55:35','2022-01-04 09:55:36',1,0,'Flexfit Store',NULL,'duong',NULL,'le',NULL,NULL,'864dbe65c610b74e13cfcb108c025528ffbc2c61518c3ce8d7e9077406908706:GaGExJhMqTDF7ryvtiDxcYpAkAa5cGni:3_32_2_67108864','l3pHhUhffnVk63Dy4bp6xqUHjMOm3t6v','2022-01-04 09:55:35',12,NULL,NULL,NULL,NULL,0,NULL,NULL),(386,1,'noemail@gmail.com',1,NULL,9,'2022-01-07 10:08:55','2022-01-07 10:08:55',1,0,'Flexfit Store',NULL,'Hiền',NULL,'Hoàng',NULL,NULL,NULL,'c1v5GQ4oCgBWJb0ti9u9qSuVum8Zykwi','2022-01-07 10:08:55',NULL,NULL,NULL,NULL,NULL,0,NULL,NULL),(387,1,'nthaianh.hp03@gmail.com',1,NULL,9,'2022-01-08 12:41:11','2022-01-08 12:41:12',1,0,'Flexfit Store',NULL,'Hải Anh',NULL,'Nguyễn',NULL,NULL,'af4a497f6d8a5fee7f6a067e9f129b35611d1bac34bd0a88bf1765c8bdc2769b:EF6I9IZHRMFciqHn5caCtwgafqNRh9GB:3_32_2_67108864','F4IE9rzJblvRZ6igH6S3XdO9n1m0rpAA','2022-01-08 12:41:11',14,NULL,NULL,NULL,NULL,0,NULL,NULL);

--
-- Table structure for table `customer_entity_datetime`
--

CREATE TABLE `customer_entity_datetime` (
  `value_id` int(11) NOT NULL AUTO_INCREMENT COMMENT 'Value ID',
  `attribute_id` smallint(5) unsigned NOT NULL DEFAULT 0 COMMENT 'Attribute ID',
  `entity_id` int(10) unsigned NOT NULL DEFAULT 0 COMMENT 'Entity ID',
  `value` datetime DEFAULT NULL COMMENT 'Value',
  PRIMARY KEY (`value_id`),
  UNIQUE KEY `CUSTOMER_ENTITY_DATETIME_ENTITY_ID_ATTRIBUTE_ID` (`entity_id`,`attribute_id`),
  KEY `CUSTOMER_ENTITY_DATETIME_ATTRIBUTE_ID` (`attribute_id`),
  KEY `CUSTOMER_ENTITY_DATETIME_ENTITY_ID_ATTRIBUTE_ID_VALUE` (`entity_id`,`attribute_id`,`value`),
  CONSTRAINT `CUSTOMER_ENTITY_DATETIME_ATTRIBUTE_ID_EAV_ATTRIBUTE_ATTRIBUTE_ID` FOREIGN KEY (`attribute_id`) REFERENCES `eav_attribute` (`attribute_id`) ON DELETE CASCADE,
  CONSTRAINT `CUSTOMER_ENTITY_DATETIME_ENTITY_ID_CUSTOMER_ENTITY_ENTITY_ID` FOREIGN KEY (`entity_id`) REFERENCES `customer_entity` (`entity_id`) ON DELETE CASCADE
) ENGINE=InnoDB DEFAULT CHARSET=utf8 COMMENT='Customer Entity Datetime';

--
-- Dumping data for table `customer_entity_datetime`
--


--
-- Table structure for table `customer_entity_decimal`
--

CREATE TABLE `customer_entity_decimal` (
  `value_id` int(11) NOT NULL AUTO_INCREMENT COMMENT 'Value ID',
  `attribute_id` smallint(5) unsigned NOT NULL DEFAULT 0 COMMENT 'Attribute ID',
  `entity_id` int(10) unsigned NOT NULL DEFAULT 0 COMMENT 'Entity ID',
  `value` decimal(12,4) NOT NULL DEFAULT 0.0000 COMMENT 'Value',
  PRIMARY KEY (`value_id`),
  UNIQUE KEY `CUSTOMER_ENTITY_DECIMAL_ENTITY_ID_ATTRIBUTE_ID` (`entity_id`,`attribute_id`),
  KEY `CUSTOMER_ENTITY_DECIMAL_ATTRIBUTE_ID` (`attribute_id`),
  KEY `CUSTOMER_ENTITY_DECIMAL_ENTITY_ID_ATTRIBUTE_ID_VALUE` (`entity_id`,`attribute_id`,`value`),
  CONSTRAINT `CUSTOMER_ENTITY_DECIMAL_ATTRIBUTE_ID_EAV_ATTRIBUTE_ATTRIBUTE_ID` FOREIGN KEY (`attribute_id`) REFERENCES `eav_attribute` (`attribute_id`) ON DELETE CASCADE,
  CONSTRAINT `CUSTOMER_ENTITY_DECIMAL_ENTITY_ID_CUSTOMER_ENTITY_ENTITY_ID` FOREIGN KEY (`entity_id`) REFERENCES `customer_entity` (`entity_id`) ON DELETE CASCADE
) ENGINE=InnoDB DEFAULT CHARSET=utf8 COMMENT='Customer Entity Decimal';

--
-- Dumping data for table `customer_entity_decimal`
--


--
-- Table structure for table `customer_entity_int`
--

CREATE TABLE `customer_entity_int` (
  `value_id` int(11) NOT NULL AUTO_INCREMENT COMMENT 'Value ID',
  `attribute_id` smallint(5) unsigned NOT NULL DEFAULT 0 COMMENT 'Attribute ID',
  `entity_id` int(10) unsigned NOT NULL DEFAULT 0 COMMENT 'Entity ID',
  `value` int(11) NOT NULL DEFAULT 0 COMMENT 'Value',
  PRIMARY KEY (`value_id`),
  UNIQUE KEY `CUSTOMER_ENTITY_INT_ENTITY_ID_ATTRIBUTE_ID` (`entity_id`,`attribute_id`),
  KEY `CUSTOMER_ENTITY_INT_ATTRIBUTE_ID` (`attribute_id`),
  KEY `CUSTOMER_ENTITY_INT_ENTITY_ID_ATTRIBUTE_ID_VALUE` (`entity_id`,`attribute_id`,`value`),
  CONSTRAINT `CUSTOMER_ENTITY_INT_ATTRIBUTE_ID_EAV_ATTRIBUTE_ATTRIBUTE_ID` FOREIGN KEY (`attribute_id`) REFERENCES `eav_attribute` (`attribute_id`) ON DELETE CASCADE,
  CONSTRAINT `CUSTOMER_ENTITY_INT_ENTITY_ID_CUSTOMER_ENTITY_ENTITY_ID` FOREIGN KEY (`entity_id`) REFERENCES `customer_entity` (`entity_id`) ON DELETE CASCADE
) ENGINE=InnoDB DEFAULT CHARSET=utf8 COMMENT='Customer Entity Int';

--
-- Dumping data for table `customer_entity_int`
--


--
-- Table structure for table `customer_entity_text`
--

CREATE TABLE `customer_entity_text` (
  `value_id` int(11) NOT NULL AUTO_INCREMENT COMMENT 'Value ID',
  `attribute_id` smallint(5) unsigned NOT NULL DEFAULT 0 COMMENT 'Attribute ID',
  `entity_id` int(10) unsigned NOT NULL DEFAULT 0 COMMENT 'Entity ID',
  `value` text NOT NULL COMMENT 'Value',
  PRIMARY KEY (`value_id`),
  UNIQUE KEY `CUSTOMER_ENTITY_TEXT_ENTITY_ID_ATTRIBUTE_ID` (`entity_id`,`attribute_id`),
  KEY `CUSTOMER_ENTITY_TEXT_ATTRIBUTE_ID` (`attribute_id`),
  CONSTRAINT `CUSTOMER_ENTITY_TEXT_ATTRIBUTE_ID_EAV_ATTRIBUTE_ATTRIBUTE_ID` FOREIGN KEY (`attribute_id`) REFERENCES `eav_attribute` (`attribute_id`) ON DELETE CASCADE,
  CONSTRAINT `CUSTOMER_ENTITY_TEXT_ENTITY_ID_CUSTOMER_ENTITY_ENTITY_ID` FOREIGN KEY (`entity_id`) REFERENCES `customer_entity` (`entity_id`) ON DELETE CASCADE
) ENGINE=InnoDB DEFAULT CHARSET=utf8 COMMENT='Customer Entity Text';

--
-- Dumping data for table `customer_entity_text`
--


--
-- Table structure for table `customer_entity_varchar`
--

CREATE TABLE `customer_entity_varchar` (
  `value_id` int(11) NOT NULL AUTO_INCREMENT COMMENT 'Value ID',
  `attribute_id` smallint(5) unsigned NOT NULL DEFAULT 0 COMMENT 'Attribute ID',
  `entity_id` int(10) unsigned NOT NULL DEFAULT 0 COMMENT 'Entity ID',
  `value` varchar(255) DEFAULT NULL COMMENT 'Value',
  PRIMARY KEY (`value_id`),
  UNIQUE KEY `CUSTOMER_ENTITY_VARCHAR_ENTITY_ID_ATTRIBUTE_ID` (`entity_id`,`attribute_id`),
  KEY `CUSTOMER_ENTITY_VARCHAR_ATTRIBUTE_ID` (`attribute_id`),
  KEY `CUSTOMER_ENTITY_VARCHAR_ENTITY_ID_ATTRIBUTE_ID_VALUE` (`entity_id`,`attribute_id`,`value`),
  CONSTRAINT `CUSTOMER_ENTITY_VARCHAR_ATTRIBUTE_ID_EAV_ATTRIBUTE_ATTRIBUTE_ID` FOREIGN KEY (`attribute_id`) REFERENCES `eav_attribute` (`attribute_id`) ON DELETE CASCADE,
  CONSTRAINT `CUSTOMER_ENTITY_VARCHAR_ENTITY_ID_CUSTOMER_ENTITY_ENTITY_ID` FOREIGN KEY (`entity_id`) REFERENCES `customer_entity` (`entity_id`) ON DELETE CASCADE
) ENGINE=InnoDB DEFAULT CHARSET=utf8 COMMENT='Customer Entity Varchar';

--
-- Dumping data for table `customer_entity_varchar`
--


--
-- Table structure for table `customer_form_attribute`
--

CREATE TABLE `customer_form_attribute` (
  `form_code` varchar(32) NOT NULL COMMENT 'Form Code',
  `attribute_id` smallint(5) unsigned NOT NULL COMMENT 'Attribute ID',
  PRIMARY KEY (`form_code`,`attribute_id`),
  KEY `CUSTOMER_FORM_ATTRIBUTE_ATTRIBUTE_ID` (`attribute_id`),
  CONSTRAINT `CUSTOMER_FORM_ATTRIBUTE_ATTRIBUTE_ID_EAV_ATTRIBUTE_ATTRIBUTE_ID` FOREIGN KEY (`attribute_id`) REFERENCES `eav_attribute` (`attribute_id`) ON DELETE CASCADE
) ENGINE=InnoDB DEFAULT CHARSET=utf8 COMMENT='Customer Form Attribute';

--
-- Dumping data for table `customer_form_attribute`
--

INSERT INTO `customer_form_attribute` VALUES ('adminhtml_checkout',9),('adminhtml_checkout',10),('adminhtml_checkout',11),('adminhtml_checkout',17),('adminhtml_checkout',20),('adminhtml_customer',1),('adminhtml_customer',3),('adminhtml_customer',4),('adminhtml_customer',5),('adminhtml_customer',6),('adminhtml_customer',7),('adminhtml_customer',8),('adminhtml_customer',9),('adminhtml_customer',10),('adminhtml_customer',11),('adminhtml_customer',17),('adminhtml_customer',19),('adminhtml_customer',20),('adminhtml_customer',21),('adminhtml_customer_address',22),('adminhtml_customer_address',23),('adminhtml_customer_address',24),('adminhtml_customer_address',25),('adminhtml_customer_address',26),('adminhtml_customer_address',27),('adminhtml_customer_address',28),('adminhtml_customer_address',29),('adminhtml_customer_address',30),('adminhtml_customer_address',31),('adminhtml_customer_address',32),('adminhtml_customer_address',33),('adminhtml_customer_address',34),('adminhtml_customer_address',35),('adminhtml_customer_address',36),('customer_account_create',4),('customer_account_create',5),('customer_account_create',6),('customer_account_create',7),('customer_account_create',8),('customer_account_create',9),('customer_account_create',11),('customer_account_create',17),('customer_account_create',19),('customer_account_create',20),('customer_account_edit',4),('customer_account_edit',5),('customer_account_edit',6),('customer_account_edit',7),('customer_account_edit',8),('customer_account_edit',9),('customer_account_edit',11),('customer_account_edit',17),('customer_account_edit',19),('customer_account_edit',20),('customer_address_edit',22),('customer_address_edit',23),('customer_address_edit',24),('customer_address_edit',25),('customer_address_edit',26),('customer_address_edit',27),('customer_address_edit',28),('customer_address_edit',29),('customer_address_edit',30),('customer_address_edit',31),('customer_address_edit',32),('customer_address_edit',33),('customer_address_edit',34),('customer_address_edit',35),('customer_address_edit',36),('customer_register_address',22),('customer_register_address',23),('customer_register_address',24),('customer_register_address',25),('customer_register_address',26),('customer_register_address',27),('customer_register_address',28),('customer_register_address',29),('customer_register_address',30),('customer_register_address',31),('customer_register_address',32),('customer_register_address',33),('customer_register_address',34),('customer_register_address',35),('customer_register_address',36);

--
-- Table structure for table `customer_grid_flat`
--

CREATE TABLE `customer_grid_flat` (
  `entity_id` int(10) unsigned NOT NULL COMMENT 'Entity ID',
  `name` text DEFAULT NULL COMMENT 'Name',
  `email` varchar(255) DEFAULT NULL COMMENT 'Email',
  `group_id` int(11) DEFAULT NULL COMMENT 'Group_id',
  `created_at` timestamp NULL DEFAULT NULL COMMENT 'Created_at',
  `website_id` int(11) DEFAULT NULL COMMENT 'Website_id',
  `confirmation` varchar(255) DEFAULT NULL COMMENT 'Confirmation',
  `created_in` text DEFAULT NULL COMMENT 'Created_in',
  `dob` date DEFAULT NULL COMMENT 'Dob',
  `gender` int(11) DEFAULT NULL COMMENT 'Gender',
  `taxvat` varchar(255) DEFAULT NULL COMMENT 'Taxvat',
  `lock_expires` timestamp NULL DEFAULT NULL COMMENT 'Lock_expires',
  `shipping_full` text DEFAULT NULL COMMENT 'Shipping_full',
  `billing_full` text DEFAULT NULL COMMENT 'Billing_full',
  `billing_firstname` varchar(255) DEFAULT NULL COMMENT 'Billing_firstname',
  `billing_lastname` varchar(255) DEFAULT NULL COMMENT 'Billing_lastname',
  `billing_telephone` varchar(255) DEFAULT NULL COMMENT 'Billing_telephone',
  `billing_postcode` varchar(255) DEFAULT NULL COMMENT 'Billing_postcode',
  `billing_country_id` varchar(255) DEFAULT NULL COMMENT 'Billing_country_id',
  `billing_region` varchar(255) DEFAULT NULL COMMENT 'Billing_region',
  `billing_region_id` int(11) DEFAULT NULL COMMENT 'Billing_region_id',
  `billing_street` varchar(255) DEFAULT NULL COMMENT 'Billing_street',
  `billing_city` varchar(255) DEFAULT NULL COMMENT 'Billing_city',
  `billing_fax` varchar(255) DEFAULT NULL COMMENT 'Billing_fax',
  `billing_vat_id` varchar(255) DEFAULT NULL COMMENT 'Billing_vat_id',
  `billing_company` varchar(255) DEFAULT NULL COMMENT 'Billing_company',
  PRIMARY KEY (`entity_id`),
  KEY `CUSTOMER_GRID_FLAT_GROUP_ID` (`group_id`),
  KEY `CUSTOMER_GRID_FLAT_CREATED_AT` (`created_at`),
  KEY `CUSTOMER_GRID_FLAT_WEBSITE_ID` (`website_id`),
  KEY `CUSTOMER_GRID_FLAT_CONFIRMATION` (`confirmation`),
  KEY `CUSTOMER_GRID_FLAT_DOB` (`dob`),
  KEY `CUSTOMER_GRID_FLAT_GENDER` (`gender`),
  KEY `CUSTOMER_GRID_FLAT_BILLING_COUNTRY_ID` (`billing_country_id`),
  FULLTEXT KEY `FTI_8746F705702DD5F6D45B8C7CE7FE9F2F` (`name`,`email`,`created_in`,`taxvat`,`shipping_full`,`billing_full`,`billing_firstname`,`billing_lastname`,`billing_telephone`,`billing_postcode`,`billing_region`,`billing_city`,`billing_fax`,`billing_company`)
) ENGINE=InnoDB DEFAULT CHARSET=utf8 COMMENT='customer_grid_flat';

--
-- Dumping data for table `customer_grid_flat`
--

INSERT INTO `customer_grid_flat` VALUES (5,'Hoang Huan','hoanghuan301095@gmail.com',1,'2021-06-10 02:05:37',1,NULL,'English 01',NULL,NULL,NULL,NULL,'','',NULL,NULL,NULL,NULL,NULL,NULL,NULL,NULL,NULL,NULL,NULL,NULL),(6,'Pham Son','tokithemes@gmail.com',1,'2021-06-10 02:15:08',1,NULL,'English 01',NULL,NULL,NULL,NULL,'','',NULL,NULL,NULL,NULL,NULL,NULL,NULL,NULL,NULL,NULL,NULL,NULL),(8,'Netbase JSC','netbaseteam2@gmail.com',4,'2021-08-31 03:55:23',1,NULL,'English 09',NULL,0,NULL,NULL,'91 Nguyen Chi Thanh Hà Nội Hn 10000','91 Nguyen Chi Thanh Hà Nội Hn 10000','Netbase','JSC','0969479896','10000','VN','Hn',0,'91 Nguyen Chi Thanh','Hà Nội',NULL,NULL,'NB JSC'),(10,'Văn A Nguyễn','duonglkd@flexfit.vn',4,'2021-09-28 07:00:26',1,NULL,'English 09',NULL,0,NULL,NULL,'48 Tran Kim Xuyen, Yen Hoa, Cau Giay Ha Noi Hà Nội 10000','48 Tran Kim Xuyen, Yen Hoa, Cau Giay Ha Noi Hà Nội 10000','Văn A','Nguyễn','0915319498','10000','VN','Hà Nội',0,'48 Tran Kim Xuyen, Yen Hoa, Cau Giay','Ha Noi',NULL,NULL,'FlexFit'),(11,'vi vũ','vivnt@flexfit.vn',1,'2021-09-29 03:12:41',1,NULL,'English 09',NULL,NULL,NULL,NULL,'','',NULL,NULL,NULL,NULL,NULL,NULL,NULL,NULL,NULL,NULL,NULL,NULL),(12,'tran huy','huytv04883@gmail.com',1,'2021-10-06 15:04:27',1,NULL,'English 09',NULL,NULL,NULL,NULL,'','',NULL,NULL,NULL,NULL,NULL,NULL,NULL,NULL,NULL,NULL,NULL,NULL),(17,'Duy Tran','duytrannguyen98@gmail.com',1,'2021-11-04 03:14:06',1,NULL,'English 09',NULL,NULL,NULL,NULL,'Dương Quảng Hàm\nPhường 5\nGò Vấp Hồ Chí Minh Hồ Chí Minh','Dương Quảng Hàm\nPhường 5\nGò Vấp Hồ Chí Minh Hồ Chí Minh','Duy','Tran','0586437493',NULL,'VN','Hồ Chí Minh',0,'Dương Quảng Hàm\nPhường 5\nGò Vấp','Hồ Chí Minh',NULL,NULL,NULL),(18,'hưng hoàng trung','hoangtrunghung1992@gmail.com',1,'2021-11-05 01:51:56',1,NULL,'English 09',NULL,NULL,NULL,NULL,'','',NULL,NULL,NULL,NULL,NULL,NULL,NULL,NULL,NULL,NULL,NULL,NULL),(19,'Duy Tran','duytranduc1005@gmail.com',1,'2021-11-05 04:26:52',1,NULL,'English 09',NULL,NULL,NULL,NULL,'','',NULL,NULL,NULL,NULL,NULL,NULL,NULL,NULL,NULL,NULL,NULL,NULL),(20,'LAM VU','nvptooo@gmail.com',1,'2021-11-08 02:18:38',1,NULL,'English 09',NULL,NULL,NULL,NULL,'','',NULL,NULL,NULL,NULL,NULL,NULL,NULL,NULL,NULL,NULL,NULL,NULL),(21,'Hân Trần','heha1511@gmail.com',1,'2021-11-25 16:29:50',1,NULL,'Flexfit Store',NULL,NULL,NULL,NULL,'','',NULL,NULL,NULL,NULL,NULL,NULL,NULL,NULL,NULL,NULL,NULL,NULL),(22,'Nguyễn Minh Khang John','khangreyken619@gmail.com',1,'2021-11-26 03:55:57',1,NULL,'Flexfit Store',NULL,NULL,NULL,NULL,'06\nRạch bùng binh\np10, q3 Ho chi minh Q3 700000','06\nRạch bùng binh\np10, q3 Ho chi minh Q3 700000','Nguyễn Minh Khang','John','0785410747','700000','VN','Q3',0,'06\nRạch bùng binh\np10, q3','Ho chi minh',NULL,NULL,'Lazada Home'),(23,'Netbase Team 1','congbk2910@gmail.com',1,'2021-11-27 03:42:01',1,NULL,'Flexfit Store',NULL,NULL,NULL,NULL,'','',NULL,NULL,NULL,NULL,NULL,NULL,NULL,NULL,NULL,NULL,NULL,NULL),(24,'Hồng Hà','hanhathong@gmail.com',1,'2021-11-29 08:42:26',1,NULL,'Flexfit Store',NULL,NULL,NULL,NULL,'','',NULL,NULL,NULL,NULL,NULL,NULL,NULL,NULL,NULL,NULL,NULL,NULL),(25,'Eliz Zzz','lanhuong@capi.design',1,'2021-11-29 10:04:15',1,NULL,'Flexfit Store',NULL,NULL,NULL,NULL,'','',NULL,NULL,NULL,NULL,NULL,NULL,NULL,NULL,NULL,NULL,NULL,NULL),(26,'Khánh Nguyễn','khanh.nguyenntg@gmail.com',1,'2021-12-01 15:46:40',1,NULL,'Flexfit Store',NULL,NULL,NULL,NULL,'','',NULL,NULL,NULL,NULL,NULL,NULL,NULL,NULL,NULL,NULL,NULL,NULL),(27,'Thảo Phạm','thaophenny@gmail.com',1,'2021-12-02 00:23:16',1,NULL,'Flexfit Store',NULL,NULL,NULL,NULL,'','',NULL,NULL,NULL,NULL,NULL,NULL,NULL,NULL,NULL,NULL,NULL,NULL),(28,'Ngọc Bích Nguyễn','nnbich@yahoo.com',1,'2021-12-03 22:52:24',1,NULL,'Flexfit Store',NULL,NULL,NULL,NULL,'242 Lạc Long Quân phường Bưởi quận Tây Hồ Hà Nội VN101','242 Lạc Long Quân phường Bưởi quận Tây Hồ Hà Nội VN101','Ngọc Bích','Nguyễn','0964676789',NULL,'VN','VN101',0,'242 Lạc Long Quân phường Bưởi quận Tây Hồ','Hà Nội',NULL,NULL,NULL),(29,'Oánh Ngô','vanoanh.bkhn@gmail.com',1,'2021-12-05 04:31:45',1,NULL,'Flexfit Store',NULL,NULL,NULL,NULL,'','',NULL,NULL,NULL,NULL,NULL,NULL,NULL,NULL,NULL,NULL,NULL,NULL),(30,'Thuận Vũ','thuanvd2@vng.com.vn',1,'2021-12-06 03:47:40',1,NULL,'Flexfit Store',NULL,NULL,NULL,NULL,'VNG Campus HCM','VNG Campus HCM','Thuận','Vũ','0909700980',NULL,'VN','HCM',0,'VNG Campus','',NULL,NULL,NULL),(31,'Hương Nguyễn','tieujj@gmail.com',1,'2021-12-08 06:55:11',1,NULL,'Flexfit Store',NULL,NULL,NULL,NULL,'','',NULL,NULL,NULL,NULL,NULL,NULL,NULL,NULL,NULL,NULL,NULL,NULL),(32,'Kiên Quản','dojng4ngdoc@gmail.com',1,'2021-12-08 10:48:49',1,NULL,'Flexfit Store',NULL,NULL,NULL,NULL,'','',NULL,NULL,NULL,NULL,NULL,NULL,NULL,NULL,NULL,NULL,NULL,NULL),(33,'Thu Trang Trần','tranthutrang15105@gmail.com',1,'2021-12-08 16:51:06',1,NULL,'Flexfit Store',NULL,NULL,NULL,NULL,'','',NULL,NULL,NULL,NULL,NULL,NULL,NULL,NULL,NULL,NULL,NULL,NULL),(34,'Gia Trị Ngô','mrgiatri@gmail.com',1,'2021-12-11 18:19:13',1,NULL,'Flexfit Store',NULL,NULL,NULL,NULL,'','',NULL,NULL,NULL,NULL,NULL,NULL,NULL,NULL,NULL,NULL,NULL,NULL),(35,'Lee Mr.','ledo39xd@yahoo.com',1,'2021-12-14 00:55:11',1,NULL,'Flexfit Store',NULL,NULL,NULL,NULL,'','',NULL,NULL,NULL,NULL,NULL,NULL,NULL,NULL,NULL,NULL,NULL,NULL),(36,'Hang Nguyen','thuhang3007@yahoo.com',1,'2021-12-14 03:39:56',1,NULL,'Flexfit Store',NULL,NULL,NULL,NULL,'','',NULL,NULL,NULL,NULL,NULL,NULL,NULL,NULL,NULL,NULL,NULL,NULL),(38,'Lê Phượng','lephuongkt710@gmail.com',1,'2021-12-15 13:04:53',1,NULL,'Flexfit Store',NULL,NULL,NULL,NULL,'','',NULL,NULL,NULL,NULL,NULL,NULL,NULL,NULL,NULL,NULL,NULL,NULL),(342,'Netbase Team 1','netbaseteam1@gmail.com',1,'2021-12-17 10:06:50',1,NULL,'Flexfit Store',NULL,NULL,NULL,NULL,'','',NULL,NULL,NULL,NULL,NULL,NULL,NULL,NULL,NULL,NULL,NULL,NULL),(357,'Trang Nguyen','trangnt@flexfit.vn',1,'2021-12-19 03:56:15',1,NULL,'Flexfit Store',NULL,NULL,NULL,NULL,'test hà nội','test hà nội','Trang','Nguyen','123456789',NULL,'VN','hà nội',0,'test','',NULL,NULL,NULL),(359,'Trang Nguyen','trangnt2209@gmail.com',1,'2021-12-19 04:35:41',1,NULL,'Flexfit Store',NULL,NULL,NULL,NULL,'','',NULL,NULL,NULL,NULL,NULL,NULL,NULL,NULL,NULL,NULL,NULL,NULL),(360,'Hà Nguyễn','macchiato191@gmail.com',1,'2021-12-19 13:20:02',1,NULL,'Flexfit Store',NULL,NULL,NULL,NULL,'','',NULL,NULL,NULL,NULL,NULL,NULL,NULL,NULL,NULL,NULL,NULL,NULL),(361,'Trang Nguyen','khanhtrang1001@gmail.com',1,'2021-12-22 12:47:46',1,NULL,'Flexfit Store',NULL,NULL,NULL,NULL,'','',NULL,NULL,NULL,NULL,NULL,NULL,NULL,NULL,NULL,NULL,NULL,NULL),(362,'Mai Nguyen','ngocmai0711@hotmail.com',1,'2021-12-24 02:14:40',1,NULL,'Flexfit Store',NULL,NULL,NULL,NULL,'','',NULL,NULL,NULL,NULL,NULL,NULL,NULL,NULL,NULL,NULL,NULL,NULL),(363,'Dương Vũ','vanhduong1789@gmail.com',1,'2021-12-24 02:46:43',1,NULL,'Flexfit Store',NULL,NULL,NULL,NULL,'','',NULL,NULL,NULL,NULL,NULL,NULL,NULL,NULL,NULL,NULL,NULL,NULL),(364,'Vi Vũ','vntvie@gmail.com',1,'2021-12-24 03:44:43',1,NULL,'Flexfit Store',NULL,NULL,NULL,NULL,'','',NULL,NULL,NULL,NULL,NULL,NULL,NULL,NULL,NULL,NULL,NULL,NULL),(365,'Mai Vũ','selinavu2976@gmail.com',1,'2021-12-24 04:20:43',1,NULL,'Flexfit Store',NULL,NULL,NULL,NULL,'','',NULL,NULL,NULL,NULL,NULL,NULL,NULL,NULL,NULL,NULL,NULL,NULL),(368,'Trần Huy','huytq@flexhome.asia',1,'2021-12-25 06:09:28',1,NULL,'Flexfit Store',NULL,NULL,NULL,NULL,'','',NULL,NULL,NULL,NULL,NULL,NULL,NULL,NULL,NULL,NULL,NULL,NULL),(369,'Thị Thu Hà Đinh','Ha@royalcorp.vn',1,'2021-12-26 22:59:54',1,'jHihmPqQkuSEFEysf0jh9edYqSfRSC2O','Flexfit Store',NULL,NULL,NULL,NULL,'','',NULL,NULL,NULL,NULL,NULL,NULL,NULL,NULL,NULL,NULL,NULL,NULL),(370,'thư nguyễn','nguyenlihthu111@gmail.com',1,'2021-12-27 02:40:09',1,'vC0hzxMzWKaTAT2mhTcDMVpC4W05Z3gd','Flexfit Store',NULL,NULL,NULL,NULL,'','',NULL,NULL,NULL,NULL,NULL,NULL,NULL,NULL,NULL,NULL,NULL,NULL),(372,'Van Toan Nguyen','nguyentoanvta9@email.com',1,'2021-12-28 15:48:11',1,'SffyLp1ss6YZraEDpfyKq6cwncH9mIrp','Flexfit Store',NULL,NULL,NULL,NULL,'','',NULL,NULL,NULL,NULL,NULL,NULL,NULL,NULL,NULL,NULL,NULL,NULL),(384,'Bắc Nguyễn','bacnguyen220496@gmail.com',1,'2022-01-04 09:32:09',1,NULL,'Flexfit Store',NULL,NULL,NULL,NULL,'','10000','Bắc','Bắc','0372603276','10000','VN',NULL,NULL,'','',NULL,NULL,NULL),(385,'duong le','ezioduong@gmail.com',1,'2022-01-04 09:55:35',1,NULL,'Flexfit Store',NULL,NULL,NULL,NULL,'','10000','duong','duong','0915319498','10000','VN',NULL,NULL,'','',NULL,NULL,NULL),(386,'Hiền Hoàng','noemail@gmail.com',1,'2022-01-07 10:08:55',1,NULL,'Flexfit Store',NULL,NULL,NULL,NULL,'','',NULL,NULL,NULL,NULL,NULL,NULL,NULL,NULL,NULL,NULL,NULL,NULL),(387,'Hải Anh Nguyễn','nthaianh.hp03@gmail.com',1,'2022-01-08 12:41:11',1,NULL,'Flexfit Store',NULL,NULL,NULL,NULL,'','10000','Hải Anh','Hải Anh','0943289690','10000','VN',NULL,NULL,'','',NULL,NULL,NULL);

--
-- Table structure for table `customer_group`
--

CREATE TABLE `customer_group` (
  `customer_group_id` int(10) unsigned NOT NULL AUTO_INCREMENT,
  `customer_group_code` varchar(32) NOT NULL COMMENT 'Customer Group Code',
  `tax_class_id` int(10) unsigned NOT NULL DEFAULT 0 COMMENT 'Tax Class ID',
  PRIMARY KEY (`customer_group_id`)
) ENGINE=InnoDB AUTO_INCREMENT=5 DEFAULT CHARSET=utf8 COMMENT='Customer Group';

--
-- Dumping data for table `customer_group`
--

INSERT INTO `customer_group` VALUES (0,'NOT LOGGED IN',3),(1,'General',3),(2,'Wholesale',3),(3,'Retailer',3),(4,'Administrator',3);

--
-- Table structure for table `customer_log`
--

CREATE TABLE `customer_log` (
  `log_id` int(11) NOT NULL AUTO_INCREMENT COMMENT 'Log ID',
  `customer_id` int(11) NOT NULL COMMENT 'Customer ID',
  `last_login_at` timestamp NULL DEFAULT NULL COMMENT 'Last Login Time',
  `last_logout_at` timestamp NULL DEFAULT NULL COMMENT 'Last Logout Time',
  PRIMARY KEY (`log_id`),
  UNIQUE KEY `CUSTOMER_LOG_CUSTOMER_ID` (`customer_id`)
) ENGINE=InnoDB AUTO_INCREMENT=455 DEFAULT CHARSET=utf8 COMMENT='Customer Log Table';

--
-- Dumping data for table `customer_log`
--

INSERT INTO `customer_log` VALUES (1,1,'2021-06-09 03:43:04',NULL),(3,2,'2021-06-09 10:32:58',NULL),(4,3,'2021-06-09 11:26:21',NULL),(5,4,'2021-06-10 01:00:43',NULL),(6,5,'2021-06-10 02:05:37',NULL),(7,6,'2021-06-10 02:15:08',NULL),(8,8,'2021-12-07 07:46:41','2021-11-27 03:41:22'),(15,9,'2021-09-28 04:38:10','2021-09-05 10:35:59'),(23,10,'2022-01-05 04:45:53','2022-01-04 09:54:31'),(24,11,'2021-09-29 03:12:43','2021-09-29 04:07:06'),(30,12,'2021-10-06 15:04:27',NULL),(36,13,'2021-10-31 01:55:36',NULL),(37,14,'2021-10-31 01:59:45',NULL),(38,15,'2021-10-31 02:11:09',NULL),(39,16,'2021-10-31 09:23:26',NULL),(40,17,'2021-11-04 03:14:06',NULL),(41,18,'2021-11-05 01:51:56',NULL),(42,19,'2021-11-05 04:26:53',NULL),(43,20,'2021-11-08 02:18:38',NULL),(58,21,'2021-11-25 16:30:39','2021-11-25 16:30:07'),(61,22,'2021-11-26 03:55:57',NULL),(64,23,'2021-11-27 03:42:01','2021-11-27 03:48:16'),(66,24,'2021-11-29 08:43:36','2021-11-29 08:42:56'),(69,25,'2021-11-29 10:04:15',NULL),(71,26,'2021-12-01 15:46:40',NULL),(72,27,'2021-12-02 00:23:16',NULL),(77,28,'2021-12-03 22:52:24',NULL),(79,29,'2021-12-05 04:31:45',NULL),(82,30,'2021-12-07 01:54:18',NULL),(94,31,'2021-12-08 06:55:11','2021-12-08 06:55:28'),(96,32,'2021-12-08 10:48:49',NULL),(97,33,'2021-12-08 16:51:06',NULL),(103,34,'2021-12-11 18:19:47',NULL),(105,35,'2021-12-14 00:55:11',NULL),(106,36,'2021-12-14 03:40:51',NULL),(108,37,'2021-12-14 21:01:57',NULL),(109,38,'2021-12-15 13:04:53',NULL),(110,39,'2021-12-15 13:59:04',NULL),(111,40,'2021-12-15 14:07:45',NULL),(112,41,'2021-12-15 14:17:00',NULL),(113,42,'2021-12-15 14:25:56',NULL),(114,43,'2021-12-15 14:34:42',NULL),(115,44,'2021-12-15 14:44:25',NULL),(116,45,'2021-12-15 14:53:52',NULL),(117,46,'2021-12-15 15:03:07',NULL),(118,47,'2021-12-15 15:12:12',NULL),(119,48,'2021-12-15 15:22:24',NULL),(120,49,'2021-12-15 15:34:00',NULL),(121,50,'2021-12-15 15:43:35',NULL),(122,51,'2021-12-15 15:52:44',NULL),(123,52,'2021-12-15 16:00:57',NULL),(124,53,'2021-12-15 16:08:47',NULL),(125,54,'2021-12-15 16:16:42',NULL),(126,55,'2021-12-15 16:24:32',NULL),(127,56,'2021-12-15 16:38:00',NULL),(128,57,'2021-12-15 17:05:32',NULL),(129,58,'2021-12-15 17:17:57',NULL),(130,59,'2021-12-15 17:27:37',NULL),(131,60,'2021-12-15 17:36:03',NULL),(132,61,'2021-12-15 17:43:34',NULL),(133,62,'2021-12-15 17:51:02',NULL),(134,63,'2021-12-15 18:00:19',NULL),(135,64,'2021-12-15 18:09:52',NULL),(136,65,'2021-12-15 18:19:55',NULL),(137,66,'2021-12-15 18:29:08',NULL),(138,67,'2021-12-15 18:38:57',NULL),(139,68,'2021-12-15 18:48:53',NULL),(140,69,'2021-12-15 18:58:49',NULL),(141,70,'2021-12-15 19:06:33',NULL),(142,71,'2021-12-15 19:14:22',NULL),(143,72,'2021-12-15 19:22:33',NULL),(144,73,'2021-12-15 19:30:15',NULL),(145,74,'2021-12-15 19:37:52',NULL),(146,75,'2021-12-15 19:46:06',NULL),(147,76,'2021-12-15 19:54:28',NULL),(148,77,'2021-12-15 20:02:08',NULL),(149,78,'2021-12-15 20:10:08',NULL),(150,79,'2021-12-15 20:18:35',NULL),(151,80,'2021-12-15 20:27:13',NULL),(152,81,'2021-12-15 20:35:46',NULL),(153,82,'2021-12-15 20:44:17',NULL),(154,83,'2021-12-15 20:52:53',NULL),(155,84,'2021-12-15 21:01:04',NULL),(156,85,'2021-12-15 21:08:51',NULL),(157,86,'2021-12-15 21:16:54',NULL),(158,87,'2021-12-15 21:24:54',NULL),(159,88,'2021-12-15 21:32:21',NULL),(160,89,'2021-12-15 21:40:08',NULL),(161,90,'2021-12-15 21:48:28',NULL),(162,91,'2021-12-15 21:56:00',NULL),(163,92,'2021-12-15 22:03:34',NULL),(164,93,'2021-12-15 22:10:33',NULL),(165,94,'2021-12-15 22:17:42',NULL),(166,95,'2021-12-15 22:24:43',NULL),(167,96,'2021-12-15 22:32:23',NULL),(168,97,'2021-12-15 22:40:28',NULL),(169,98,'2021-12-15 22:47:41',NULL),(170,99,'2021-12-15 22:55:25',NULL),(171,100,'2021-12-15 23:02:45',NULL),(172,101,'2021-12-15 23:09:58',NULL),(173,102,'2021-12-15 23:17:27',NULL),(174,103,'2021-12-15 23:24:53',NULL),(175,104,'2021-12-15 23:32:06',NULL),(176,105,'2021-12-15 23:39:14',NULL),(177,106,'2021-12-15 23:46:51',NULL),(178,107,'2021-12-15 23:54:08',NULL),(179,108,'2021-12-16 00:01:26',NULL),(180,109,'2021-12-16 00:08:50',NULL),(181,110,'2021-12-16 00:16:55',NULL),(182,111,'2021-12-16 00:24:17',NULL),(183,112,'2021-12-16 00:32:11',NULL),(184,113,'2021-12-16 00:39:36',NULL),(185,114,'2021-12-16 00:46:36',NULL),(186,115,'2021-12-16 00:54:03',NULL),(187,116,'2021-12-16 01:01:41',NULL),(188,117,'2021-12-16 01:09:07',NULL),(189,118,'2021-12-16 01:16:21',NULL),(190,119,'2021-12-16 01:23:46',NULL),(191,120,'2021-12-16 01:30:44',NULL),(192,121,'2021-12-16 01:38:02',NULL),(193,122,'2021-12-16 01:45:57',NULL),(194,123,'2021-12-16 01:53:24',NULL),(195,124,'2021-12-16 02:00:52',NULL),(196,125,'2021-12-16 02:08:31',NULL),(197,126,'2021-12-16 02:16:11',NULL),(198,127,'2021-12-16 02:24:03',NULL),(199,128,'2021-12-16 02:31:38',NULL),(200,129,'2021-12-16 02:39:15',NULL),(201,130,'2021-12-16 02:47:09',NULL),(202,131,'2021-12-16 02:54:35',NULL),(203,132,'2021-12-16 03:02:21',NULL),(204,133,'2021-12-16 03:09:41',NULL),(205,134,'2021-12-16 03:17:07',NULL),(206,135,'2021-12-16 03:24:07',NULL),(207,136,'2021-12-16 03:31:33',NULL),(208,137,'2021-12-16 03:38:45',NULL),(209,138,'2021-12-16 03:45:51',NULL),(210,139,'2021-12-16 03:53:01',NULL),(211,140,'2021-12-16 03:59:42',NULL),(212,141,'2021-12-16 04:06:54',NULL),(213,142,'2021-12-16 04:14:19',NULL),(214,143,'2021-12-16 04:21:37',NULL),(215,144,'2021-12-16 04:29:25',NULL),(216,145,'2021-12-16 04:36:49',NULL),(217,146,'2021-12-16 04:44:29',NULL),(218,147,'2021-12-16 04:52:00',NULL),(219,148,'2021-12-16 04:59:28',NULL),(220,149,'2021-12-16 05:06:56',NULL),(221,150,'2021-12-16 05:14:36',NULL),(222,151,'2021-12-16 05:22:06',NULL),(223,152,'2021-12-16 05:29:35',NULL),(224,153,'2021-12-16 05:37:37',NULL),(225,154,'2021-12-16 05:45:22',NULL),(226,155,'2021-12-16 05:52:38',NULL),(227,156,'2021-12-16 06:00:10',NULL),(228,157,'2021-12-16 06:07:32',NULL),(229,158,'2021-12-16 06:13:08',NULL),(230,159,'2021-12-16 06:14:30',NULL),(231,160,'2021-12-16 06:22:30',NULL),(232,161,'2021-12-16 06:30:16',NULL),(233,162,'2021-12-16 06:39:32',NULL),(234,163,'2021-12-16 06:48:51',NULL),(235,164,'2021-12-16 06:58:58',NULL),(236,165,'2021-12-16 07:08:43',NULL),(237,166,'2021-12-16 07:20:13',NULL),(238,167,'2021-12-16 07:31:00',NULL),(239,168,'2021-12-16 07:40:44',NULL),(240,169,'2021-12-16 07:52:05',NULL),(241,170,'2021-12-16 08:02:17',NULL),(242,171,'2021-12-16 08:12:09',NULL),(243,172,'2021-12-16 08:21:34',NULL),(244,173,'2021-12-16 08:31:50',NULL),(245,174,'2021-12-16 08:41:32',NULL),(246,175,'2021-12-16 08:51:53',NULL),(247,176,'2021-12-16 09:02:35',NULL),(248,177,'2021-12-16 09:12:07',NULL),(249,178,'2021-12-16 09:23:12',NULL),(250,179,'2021-12-16 09:33:34',NULL),(251,180,'2021-12-16 09:43:31',NULL),(252,181,'2021-12-16 09:53:27',NULL),(253,182,'2021-12-16 10:03:04',NULL),(254,183,'2021-12-16 10:12:43',NULL),(255,184,'2021-12-16 10:21:54',NULL),(256,185,'2021-12-16 10:31:30',NULL),(257,186,'2021-12-16 10:41:23',NULL),(258,187,'2021-12-16 10:51:54',NULL),(259,188,'2021-12-16 11:01:41',NULL),(260,189,'2021-12-16 11:12:32',NULL),(261,190,'2021-12-16 11:22:15',NULL),(262,191,'2021-12-16 11:31:45',NULL),(263,192,'2021-12-16 11:42:32',NULL),(264,193,'2021-12-16 11:52:30',NULL),(265,194,'2021-12-16 12:01:37',NULL),(266,195,'2021-12-16 12:10:36',NULL),(267,196,'2021-12-16 12:20:36',NULL),(268,197,'2021-12-16 12:30:27',NULL),(269,198,'2021-12-16 12:40:25',NULL),(270,199,'2021-12-16 12:48:37',NULL),(271,200,'2021-12-16 12:55:50',NULL),(272,201,'2021-12-16 13:01:29',NULL),(273,202,'2021-12-16 13:06:12',NULL),(274,203,'2021-12-16 13:10:44',NULL),(275,204,'2021-12-16 13:15:23',NULL),(276,205,'2021-12-16 13:20:18',NULL),(277,206,'2021-12-16 13:25:15',NULL),(278,207,'2021-12-16 13:29:01',NULL),(279,208,'2021-12-16 13:34:23',NULL),(280,209,'2021-12-16 13:40:40',NULL),(281,210,'2021-12-16 13:44:29',NULL),(282,211,'2021-12-16 13:48:18',NULL),(283,212,'2021-12-16 13:52:03',NULL),(284,213,'2021-12-16 13:56:31',NULL),(285,214,'2021-12-16 14:04:31',NULL),(286,215,'2021-12-16 14:13:35',NULL),(287,216,'2021-12-16 14:22:52',NULL),(288,217,'2021-12-16 14:31:28',NULL),(289,218,'2021-12-16 14:39:26',NULL),(290,219,'2021-12-16 14:47:10',NULL),(291,220,'2021-12-16 14:55:26',NULL),(292,221,'2021-12-16 15:03:56',NULL),(293,222,'2021-12-16 15:12:49',NULL),(294,223,'2021-12-16 15:20:57',NULL),(295,224,'2021-12-16 15:28:38',NULL),(296,225,'2021-12-16 15:37:22',NULL),(297,226,'2021-12-16 15:45:21',NULL),(298,227,'2021-12-16 15:53:39',NULL),(299,228,'2021-12-16 16:02:05',NULL),(300,229,'2021-12-16 16:10:16',NULL),(301,230,'2021-12-16 16:17:48',NULL),(302,231,'2021-12-16 16:25:28',NULL),(303,232,'2021-12-16 16:33:38',NULL),(304,233,'2021-12-16 16:41:44',NULL),(305,234,'2021-12-16 16:51:42',NULL),(306,235,'2021-12-16 16:59:05',NULL),(307,236,'2021-12-16 17:06:46',NULL),(308,237,'2021-12-16 17:14:29',NULL),(309,238,'2021-12-16 17:22:00',NULL),(310,239,'2021-12-16 17:30:04',NULL),(311,240,'2021-12-16 17:37:18',NULL),(312,241,'2021-12-16 17:44:34',NULL),(313,242,'2021-12-16 17:52:11',NULL),(314,243,'2021-12-16 18:03:50',NULL),(315,244,'2021-12-16 18:13:06',NULL),(316,245,'2021-12-16 18:22:06',NULL),(317,246,'2021-12-16 18:29:40',NULL),(318,247,'2021-12-16 18:37:03',NULL),(319,248,'2021-12-16 18:44:50',NULL),(320,249,'2021-12-16 18:52:24',NULL),(321,250,'2021-12-16 19:00:33',NULL),(322,251,'2021-12-16 19:08:07',NULL),(323,252,'2021-12-16 19:16:10',NULL),(324,253,'2021-12-16 19:27:29',NULL),(325,254,'2021-12-16 19:35:16',NULL),(326,255,'2021-12-16 19:42:38',NULL),(327,256,'2021-12-16 20:03:43',NULL),(328,257,'2021-12-16 20:15:40',NULL),(329,258,'2021-12-16 20:31:48',NULL),(330,259,'2021-12-16 20:39:35',NULL),(331,260,'2021-12-16 20:47:32',NULL),(332,261,'2021-12-16 20:56:10',NULL),(333,262,'2021-12-16 21:04:50',NULL),(334,263,'2021-12-16 21:13:02',NULL),(335,264,'2021-12-16 21:21:19',NULL),(336,265,'2021-12-16 21:29:46',NULL),(337,266,'2021-12-16 21:37:57',NULL),(338,267,'2021-12-16 21:45:49',NULL),(339,268,'2021-12-16 21:54:08',NULL),(340,269,'2021-12-16 22:02:53',NULL),(341,270,'2021-12-16 22:32:10',NULL),(342,271,'2021-12-16 22:39:49',NULL),(343,272,'2021-12-16 22:47:42',NULL),(344,273,'2021-12-16 22:55:07',NULL),(345,274,'2021-12-16 23:06:50',NULL),(346,275,'2021-12-16 23:18:24',NULL),(347,276,'2021-12-16 23:26:53',NULL),(348,277,'2021-12-16 23:34:22',NULL),(349,278,'2021-12-16 23:42:09',NULL),(350,279,'2021-12-16 23:50:40',NULL),(351,280,'2021-12-16 23:58:38',NULL),(352,281,'2021-12-17 00:06:43',NULL),(353,282,'2021-12-17 00:14:16',NULL),(354,283,'2021-12-17 00:23:28',NULL),(355,284,'2021-12-17 00:30:59',NULL),(356,285,'2021-12-17 00:38:52',NULL),(357,286,'2021-12-17 00:46:38',NULL),(358,287,'2021-12-17 00:54:11',NULL),(359,288,'2021-12-17 01:01:56',NULL),(360,289,'2021-12-17 01:09:18',NULL),(361,290,'2021-12-17 01:16:37',NULL),(362,291,'2021-12-17 01:23:48',NULL),(363,292,'2021-12-17 01:31:50',NULL),(364,293,'2021-12-17 01:39:28',NULL),(365,294,'2021-12-17 01:46:48',NULL),(366,295,'2021-12-17 01:55:21',NULL),(367,296,'2021-12-17 02:03:16',NULL),(368,297,'2021-12-17 02:10:54',NULL),(369,298,'2021-12-17 02:18:07',NULL),(370,299,'2021-12-17 02:25:46',NULL),(371,300,'2021-12-17 02:33:44',NULL),(372,301,'2021-12-17 02:41:58',NULL),(373,302,'2021-12-17 02:50:19',NULL),(374,303,'2021-12-17 02:58:00',NULL),(375,304,'2021-12-17 03:06:40',NULL),(376,305,'2021-12-17 03:14:35',NULL),(377,306,'2021-12-17 03:22:47',NULL),(378,307,'2021-12-17 03:30:59',NULL),(379,308,'2021-12-17 03:38:24',NULL),(380,309,'2021-12-17 03:45:57',NULL),(381,310,'2021-12-17 03:53:30',NULL),(382,311,'2021-12-17 04:09:49',NULL),(383,312,'2021-12-17 04:20:51',NULL),(384,313,'2021-12-17 04:28:16',NULL),(385,314,'2021-12-17 04:36:34',NULL),(386,315,'2021-12-17 04:44:36',NULL),(387,316,'2021-12-17 04:52:41',NULL),(388,317,'2021-12-17 05:00:04',NULL),(389,318,'2021-12-17 05:07:37',NULL),(390,319,'2021-12-17 05:22:36',NULL),(391,320,'2021-12-17 05:33:50',NULL),(392,321,'2021-12-17 05:41:20',NULL),(393,322,'2021-12-17 05:52:04',NULL),(394,323,'2021-12-17 06:03:26',NULL),(395,324,'2021-12-17 06:14:51',NULL),(396,325,'2021-12-17 06:27:48',NULL),(397,326,'2021-12-17 06:51:09',NULL),(398,327,'2021-12-17 07:02:31',NULL),(399,328,'2021-12-17 07:16:03',NULL),(400,329,'2021-12-17 07:29:39',NULL),(401,330,'2021-12-17 07:42:09',NULL),(402,331,'2021-12-17 07:54:00',NULL),(403,332,'2021-12-17 08:05:42',NULL),(404,333,'2021-12-17 08:17:19',NULL),(405,334,'2021-12-17 08:30:04',NULL),(406,335,'2021-12-17 08:42:42',NULL),(407,336,'2021-12-17 08:55:33',NULL),(408,337,'2021-12-17 09:08:31',NULL),(409,338,'2021-12-17 09:21:36',NULL),(410,339,'2021-12-17 09:34:24',NULL),(411,340,'2021-12-17 09:46:47',NULL),(412,341,'2021-12-17 09:58:31',NULL),(413,342,'2021-12-17 10:06:50',NULL),(414,343,'2021-12-17 10:10:23',NULL),(415,344,'2021-12-17 10:22:15',NULL),(416,345,'2021-12-17 10:33:51',NULL),(417,346,'2021-12-17 10:43:57',NULL),(418,347,'2021-12-17 10:56:01',NULL),(419,348,'2021-12-17 11:06:07',NULL),(420,349,'2021-12-17 11:16:17',NULL),(421,350,'2021-12-17 11:27:34',NULL),(422,351,'2021-12-17 11:39:43',NULL),(423,352,'2021-12-17 11:50:21',NULL),(424,353,'2021-12-17 12:03:00',NULL),(425,354,'2021-12-17 12:14:27',NULL),(426,355,'2021-12-17 12:25:54',NULL),(427,356,'2021-12-17 12:36:49',NULL),(428,357,'2022-01-06 02:26:10','2021-12-19 04:34:23'),(429,358,'2021-12-19 04:13:12','2021-12-19 05:30:48'),(431,359,'2021-12-19 04:36:49',NULL),(433,360,'2021-12-19 13:21:18',NULL),(435,361,'2021-12-22 12:48:12',NULL),(436,362,'2021-12-24 09:55:57',NULL),(437,363,'2021-12-24 03:00:17','2021-12-24 03:00:06'),(440,364,'2021-12-24 03:45:17',NULL),(441,365,'2021-12-24 04:21:46',NULL),(443,366,'2021-12-24 06:45:05',NULL),(444,367,'2021-12-24 06:47:15','2021-12-24 07:08:46'),(447,368,'2021-12-25 06:10:02',NULL),(449,385,'2022-01-04 09:55:36',NULL),(452,384,'2022-01-07 00:37:35','2022-01-07 00:37:52'),(454,387,'2022-01-08 12:41:12',NULL);

--
-- Table structure for table `customer_visitor`
--

CREATE TABLE `customer_visitor` (
  `visitor_id` bigint(20) unsigned NOT NULL AUTO_INCREMENT COMMENT 'Visitor ID',
  `customer_id` int(11) DEFAULT NULL COMMENT 'Customer ID',
  `session_id` varchar(64) DEFAULT NULL COMMENT 'Session ID',
  `last_visit_at` timestamp NOT NULL DEFAULT current_timestamp() ON UPDATE current_timestamp() COMMENT 'Last Visit Time',
  PRIMARY KEY (`visitor_id`),
  KEY `CUSTOMER_VISITOR_CUSTOMER_ID` (`customer_id`),
  KEY `CUSTOMER_VISITOR_LAST_VISIT_AT` (`last_visit_at`)
) ENGINE=InnoDB AUTO_INCREMENT=1141 DEFAULT CHARSET=utf8 COMMENT='Visitor Table';

--
-- Dumping data for table `customer_visitor`
--

INSERT INTO `customer_visitor` VALUES (1134,NULL,'f092001e9866c1a8f81ea74c4bbee877','2022-01-08 08:56:04'),(1135,NULL,'69256212a375f6cdded5a31590bb3d9c','2022-01-08 08:58:29'),(1136,NULL,'49840e86195e520a728634dd4f18a4d9','2022-01-08 09:17:53'),(1137,NULL,'360563ffaf9998cd7a94c0c68af276e0','2022-01-08 12:24:11'),(1138,387,'a0e25b64373487e42c40a8b28bc6b239','2022-01-08 12:41:12'),(1139,NULL,'b7b7805d306a7b5ff718e7c12f8e8e54','2022-01-08 15:53:59'),(1140,NULL,'82e9319d59c77c775b54730118cf0b93','2022-01-08 15:48:28');

--
-- Table structure for table `design_change`
--

CREATE TABLE `design_change` (
  `design_change_id` int(11) NOT NULL AUTO_INCREMENT COMMENT 'Design Change ID',
  `store_id` smallint(5) unsigned NOT NULL DEFAULT 0 COMMENT 'Store ID',
  `design` varchar(255) DEFAULT NULL COMMENT 'Design',
  `date_from` date DEFAULT NULL COMMENT 'First Date of Design Activity',
  `date_to` date DEFAULT NULL COMMENT 'Last Date of Design Activity',
  PRIMARY KEY (`design_change_id`),
  KEY `DESIGN_CHANGE_STORE_ID` (`store_id`),
  CONSTRAINT `DESIGN_CHANGE_STORE_ID_STORE_STORE_ID` FOREIGN KEY (`store_id`) REFERENCES `store` (`store_id`) ON DELETE CASCADE
) ENGINE=InnoDB DEFAULT CHARSET=utf8 COMMENT='Design Changes';

--
-- Dumping data for table `design_change`
--


--
-- Table structure for table `design_config_grid_flat`
--

CREATE TABLE `design_config_grid_flat` (
  `entity_id` int(10) unsigned NOT NULL COMMENT 'Entity ID',
  `store_website_id` int(11) DEFAULT NULL COMMENT 'Store_website_id',
  `store_group_id` int(11) DEFAULT NULL COMMENT 'Store_group_id',
  `store_id` int(11) DEFAULT NULL COMMENT 'Store_id',
  `theme_theme_id` varchar(255) DEFAULT NULL COMMENT 'Theme_theme_id',
  PRIMARY KEY (`entity_id`),
  KEY `DESIGN_CONFIG_GRID_FLAT_STORE_WEBSITE_ID` (`store_website_id`),
  KEY `DESIGN_CONFIG_GRID_FLAT_STORE_GROUP_ID` (`store_group_id`),
  KEY `DESIGN_CONFIG_GRID_FLAT_STORE_ID` (`store_id`),
  FULLTEXT KEY `DESIGN_CONFIG_GRID_FLAT_THEME_THEME_ID` (`theme_theme_id`)
) ENGINE=InnoDB DEFAULT CHARSET=utf8 COMMENT='design_config_grid_flat';

--
-- Dumping data for table `design_config_grid_flat`
--

INSERT INTO `design_config_grid_flat` VALUES (0,NULL,NULL,NULL,'14'),(1,1,NULL,NULL,'14'),(2,1,1,9,'14');

--
-- Table structure for table `directory_country`
--

CREATE TABLE `directory_country` (
  `country_id` varchar(2) NOT NULL COMMENT 'Country ID in ISO-2',
  `iso2_code` varchar(2) DEFAULT NULL COMMENT 'Country ISO-2 format',
  `iso3_code` varchar(3) DEFAULT NULL COMMENT 'Country ISO-3',
  PRIMARY KEY (`country_id`)
) ENGINE=InnoDB DEFAULT CHARSET=utf8 COMMENT='Directory Country';

--
-- Dumping data for table `directory_country`
--

INSERT INTO `directory_country` VALUES ('AD','AD','AND'),('AE','AE','ARE'),('AF','AF','AFG'),('AG','AG','ATG'),('AI','AI','AIA'),('AL','AL','ALB'),('AM','AM','ARM'),('AN','AN','ANT'),('AO','AO','AGO'),('AQ','AQ','ATA'),('AR','AR','ARG'),('AS','AS','ASM'),('AT','AT','AUT'),('AU','AU','AUS'),('AW','AW','ABW'),('AX','AX','ALA'),('AZ','AZ','AZE'),('BA','BA','BIH'),('BB','BB','BRB'),('BD','BD','BGD'),('BE','BE','BEL'),('BF','BF','BFA'),('BG','BG','BGR'),('BH','BH','BHR'),('BI','BI','BDI'),('BJ','BJ','BEN'),('BL','BL','BLM'),('BM','BM','BMU'),('BN','BN','BRN'),('BO','BO','BOL'),('BQ','BQ','BES'),('BR','BR','BRA'),('BS','BS','BHS'),('BT','BT','BTN'),('BV','BV','BVT'),('BW','BW','BWA'),('BY','BY','BLR'),('BZ','BZ','BLZ'),('CA','CA','CAN'),('CC','CC','CCK'),('CD','CD','COD'),('CF','CF','CAF'),('CG','CG','COG'),('CH','CH','CHE'),('CI','CI','CIV'),('CK','CK','COK'),('CL','CL','CHL'),('CM','CM','CMR'),('CN','CN','CHN'),('CO','CO','COL'),('CR','CR','CRI'),('CU','CU','CUB'),('CV','CV','CPV'),('CW','CW','CUW'),('CX','CX','CXR'),('CY','CY','CYP'),('CZ','CZ','CZE'),('DE','DE','DEU'),('DJ','DJ','DJI'),('DK','DK','DNK'),('DM','DM','DMA'),('DO','DO','DOM'),('DZ','DZ','DZA'),('EC','EC','ECU'),('EE','EE','EST'),('EG','EG','EGY'),('EH','EH','ESH'),('ER','ER','ERI'),('ES','ES','ESP'),('ET','ET','ETH'),('FI','FI','FIN'),('FJ','FJ','FJI'),('FK','FK','FLK'),('FM','FM','FSM'),('FO','FO','FRO'),('FR','FR','FRA'),('GA','GA','GAB'),('GB','GB','GBR'),('GD','GD','GRD'),('GE','GE','GEO'),('GF','GF','GUF'),('GG','GG','GGY'),('GH','GH','GHA'),('GI','GI','GIB'),('GL','GL','GRL'),('GM','GM','GMB'),('GN','GN','GIN'),('GP','GP','GLP'),('GQ','GQ','GNQ'),('GR','GR','GRC'),('GS','GS','SGS'),('GT','GT','GTM'),('GU','GU','GUM'),('GW','GW','GNB'),('GY','GY','GUY'),('HK','HK','HKG'),('HM','HM','HMD'),('HN','HN','HND'),('HR','HR','HRV'),('HT','HT','HTI'),('HU','HU','HUN'),('ID','ID','IDN'),('IE','IE','IRL'),('IL','IL','ISR'),('IM','IM','IMN'),('IN','IN','IND'),('IO','IO','IOT'),('IQ','IQ','IRQ'),('IR','IR','IRN'),('IS','IS','ISL'),('IT','IT','ITA'),('JE','JE','JEY'),('JM','JM','JAM'),('JO','JO','JOR'),('JP','JP','JPN'),('KE','KE','KEN'),('KG','KG','KGZ'),('KH','KH','KHM'),('KI','KI','KIR'),('KM','KM','COM'),('KN','KN','KNA'),('KP','KP','PRK'),('KR','KR','KOR'),('KW','KW','KWT'),('KY','KY','CYM'),('KZ','KZ','KAZ'),('LA','LA','LAO'),('LB','LB','LBN'),('LC','LC','LCA'),('LI','LI','LIE'),('LK','LK','LKA'),('LR','LR','LBR'),('LS','LS','LSO'),('LT','LT','LTU'),('LU','LU','LUX'),('LV','LV','LVA'),('LY','LY','LBY'),('MA','MA','MAR'),('MC','MC','MCO'),('MD','MD','MDA'),('ME','ME','MNE'),('MF','MF','MAF'),('MG','MG','MDG'),('MH','MH','MHL'),('MK','MK','MKD'),('ML','ML','MLI'),('MM','MM','MMR'),('MN','MN','MNG'),('MO','MO','MAC'),('MP','MP','MNP'),('MQ','MQ','MTQ'),('MR','MR','MRT'),('MS','MS','MSR'),('MT','MT','MLT'),('MU','MU','MUS'),('MV','MV','MDV'),('MW','MW','MWI'),('MX','MX','MEX'),('MY','MY','MYS'),('MZ','MZ','MOZ'),('NA','NA','NAM'),('NC','NC','NCL'),('NE','NE','NER'),('NF','NF','NFK'),('NG','NG','NGA'),('NI','NI','NIC'),('NL','NL','NLD'),('NO','NO','NOR'),('NP','NP','NPL'),('NR','NR','NRU'),('NU','NU','NIU'),('NZ','NZ','NZL'),('OM','OM','OMN'),('PA','PA','PAN'),('PE','PE','PER'),('PF','PF','PYF'),('PG','PG','PNG'),('PH','PH','PHL'),('PK','PK','PAK'),('PL','PL','POL'),('PM','PM','SPM'),('PN','PN','PCN'),('PS','PS','PSE'),('PT','PT','PRT'),('PW','PW','PLW'),('PY','PY','PRY'),('QA','QA','QAT'),('RE','RE','REU'),('RO','RO','ROU'),('RS','RS','SRB'),('RU','RU','RUS'),('RW','RW','RWA'),('SA','SA','SAU'),('SB','SB','SLB'),('SC','SC','SYC'),('SD','SD','SDN'),('SE','SE','SWE'),('SG','SG','SGP'),('SH','SH','SHN'),('SI','SI','SVN'),('SJ','SJ','SJM'),('SK','SK','SVK'),('SL','SL','SLE'),('SM','SM','SMR'),('SN','SN','SEN'),('SO','SO','SOM'),('SR','SR','SUR'),('ST','ST','STP'),('SV','SV','SLV'),('SX','SX','SXM'),('SY','SY','SYR'),('SZ','SZ','SWZ'),('TC','TC','TCA'),('TD','TD','TCD'),('TF','TF','ATF'),('TG','TG','TGO'),('TH','TH','THA'),('TJ','TJ','TJK'),('TK','TK','TKL'),('TL','TL','TLS'),('TM','TM','TKM'),('TN','TN','TUN'),('TO','TO','TON'),('TR','TR','TUR'),('TT','TT','TTO'),('TV','TV','TUV'),('TW','TW','TWN'),('TZ','TZ','TZA'),('UA','UA','UKR'),('UG','UG','UGA'),('UM','UM','UMI'),('US','US','USA'),('UY','UY','URY'),('UZ','UZ','UZB'),('VA','VA','VAT'),('VC','VC','VCT'),('VE','VE','VEN'),('VG','VG','VGB'),('VI','VI','VIR'),('VN','VN','VNM'),('VU','VU','VUT'),('WF','WF','WLF'),('WS','WS','WSM'),('XK','XK','XKX'),('YE','YE','YEM'),('YT','YT','MYT'),('ZA','ZA','ZAF'),('ZM','ZM','ZMB'),('ZW','ZW','ZWE');

--
-- Table structure for table `directory_country_format`
--

CREATE TABLE `directory_country_format` (
  `country_format_id` int(10) unsigned NOT NULL AUTO_INCREMENT COMMENT 'Country Format ID',
  `country_id` varchar(2) DEFAULT NULL COMMENT 'Country ID in ISO-2',
  `type` varchar(30) DEFAULT NULL COMMENT 'Country Format Type',
  `format` text NOT NULL COMMENT 'Country Format',
  PRIMARY KEY (`country_format_id`),
  UNIQUE KEY `DIRECTORY_COUNTRY_FORMAT_COUNTRY_ID_TYPE` (`country_id`,`type`)
) ENGINE=InnoDB DEFAULT CHARSET=utf8 COMMENT='Directory Country Format';

--
-- Dumping data for table `directory_country_format`
--


--
-- Table structure for table `directory_country_region`
--

CREATE TABLE `directory_country_region` (
  `region_id` int(10) unsigned NOT NULL AUTO_INCREMENT COMMENT 'Region ID',
  `country_id` varchar(4) NOT NULL DEFAULT '0' COMMENT 'Country ID in ISO-2',
  `code` varchar(32) DEFAULT NULL COMMENT 'Region code',
  `default_name` varchar(255) DEFAULT NULL COMMENT 'Region Name',
  PRIMARY KEY (`region_id`),
  KEY `DIRECTORY_COUNTRY_REGION_COUNTRY_ID` (`country_id`)
) ENGINE=InnoDB AUTO_INCREMENT=859 DEFAULT CHARSET=utf8 COMMENT='Directory Country Region';

--
-- Dumping data for table `directory_country_region`
--

INSERT INTO `directory_country_region` VALUES (1,'US','AL','Alabama'),(2,'US','AK','Alaska'),(3,'US','AS','American Samoa'),(4,'US','AZ','Arizona'),(5,'US','AR','Arkansas'),(6,'US','AE','Armed Forces Africa'),(7,'US','AA','Armed Forces Americas'),(8,'US','AE','Armed Forces Canada'),(9,'US','AE','Armed Forces Europe'),(10,'US','AE','Armed Forces Middle East'),(11,'US','AP','Armed Forces Pacific'),(12,'US','CA','California'),(13,'US','CO','Colorado'),(14,'US','CT','Connecticut'),(15,'US','DE','Delaware'),(16,'US','DC','District of Columbia'),(17,'US','FM','Federated States Of Micronesia'),(18,'US','FL','Florida'),(19,'US','GA','Georgia'),(20,'US','GU','Guam'),(21,'US','HI','Hawaii'),(22,'US','ID','Idaho'),(23,'US','IL','Illinois'),(24,'US','IN','Indiana'),(25,'US','IA','Iowa'),(26,'US','KS','Kansas'),(27,'US','KY','Kentucky'),(28,'US','LA','Louisiana'),(29,'US','ME','Maine'),(30,'US','MH','Marshall Islands'),(31,'US','MD','Maryland'),(32,'US','MA','Massachusetts'),(33,'US','MI','Michigan'),(34,'US','MN','Minnesota'),(35,'US','MS','Mississippi'),(36,'US','MO','Missouri'),(37,'US','MT','Montana'),(38,'US','NE','Nebraska'),(39,'US','NV','Nevada'),(40,'US','NH','New Hampshire'),(41,'US','NJ','New Jersey'),(42,'US','NM','New Mexico'),(43,'US','NY','New York'),(44,'US','NC','North Carolina'),(45,'US','ND','North Dakota'),(46,'US','MP','Northern Mariana Islands'),(47,'US','OH','Ohio'),(48,'US','OK','Oklahoma'),(49,'US','OR','Oregon'),(50,'US','PW','Palau'),(51,'US','PA','Pennsylvania'),(52,'US','PR','Puerto Rico'),(53,'US','RI','Rhode Island'),(54,'US','SC','South Carolina'),(55,'US','SD','South Dakota'),(56,'US','TN','Tennessee'),(57,'US','TX','Texas'),(58,'US','UT','Utah'),(59,'US','VT','Vermont'),(60,'US','VI','Virgin Islands'),(61,'US','VA','Virginia'),(62,'US','WA','Washington'),(63,'US','WV','West Virginia'),(64,'US','WI','Wisconsin'),(65,'US','WY','Wyoming'),(66,'CA','AB','Alberta'),(67,'CA','BC','British Columbia'),(68,'CA','MB','Manitoba'),(69,'CA','NL','Newfoundland and Labrador'),(70,'CA','NB','New Brunswick'),(71,'CA','NS','Nova Scotia'),(72,'CA','NT','Northwest Territories'),(73,'CA','NU','Nunavut'),(74,'CA','ON','Ontario'),(75,'CA','PE','Prince Edward Island'),(76,'CA','QC','Quebec'),(77,'CA','SK','Saskatchewan'),(78,'CA','YT','Yukon Territory'),(79,'DE','NDS','Niedersachsen'),(80,'DE','BAW','Baden-Württemberg'),(81,'DE','BAY','Bayern'),(82,'DE','BER','Berlin'),(83,'DE','BRG','Brandenburg'),(84,'DE','BRE','Bremen'),(85,'DE','HAM','Hamburg'),(86,'DE','HES','Hessen'),(87,'DE','MEC','Mecklenburg-Vorpommern'),(88,'DE','NRW','Nordrhein-Westfalen'),(89,'DE','RHE','Rheinland-Pfalz'),(90,'DE','SAR','Saarland'),(91,'DE','SAS','Sachsen'),(92,'DE','SAC','Sachsen-Anhalt'),(93,'DE','SCN','Schleswig-Holstein'),(94,'DE','THE','Thüringen'),(95,'AT','WI','Wien'),(96,'AT','NO','Niederösterreich'),(97,'AT','OO','Oberösterreich'),(98,'AT','SB','Salzburg'),(99,'AT','KN','Kärnten'),(100,'AT','ST','Steiermark'),(101,'AT','TI','Tirol'),(102,'AT','BL','Burgenland'),(103,'AT','VB','Vorarlberg'),(104,'CH','AG','Aargau'),(105,'CH','AI','Appenzell Innerrhoden'),(106,'CH','AR','Appenzell Ausserrhoden'),(107,'CH','BE','Bern'),(108,'CH','BL','Basel-Landschaft'),(109,'CH','BS','Basel-Stadt'),(110,'CH','FR','Freiburg'),(111,'CH','GE','Genf'),(112,'CH','GL','Glarus'),(113,'CH','GR','Graubünden'),(114,'CH','JU','Jura'),(115,'CH','LU','Luzern'),(116,'CH','NE','Neuenburg'),(117,'CH','NW','Nidwalden'),(118,'CH','OW','Obwalden'),(119,'CH','SG','St. Gallen'),(120,'CH','SH','Schaffhausen'),(121,'CH','SO','Solothurn'),(122,'CH','SZ','Schwyz'),(123,'CH','TG','Thurgau'),(124,'CH','TI','Tessin'),(125,'CH','UR','Uri'),(126,'CH','VD','Waadt'),(127,'CH','VS','Wallis'),(128,'CH','ZG','Zug'),(129,'CH','ZH','Zürich'),(130,'ES','A Coruсa','A Coruña'),(131,'ES','Alava','Alava'),(132,'ES','Albacete','Albacete'),(133,'ES','Alicante','Alicante'),(134,'ES','Almeria','Almeria'),(135,'ES','Asturias','Asturias'),(136,'ES','Avila','Avila'),(137,'ES','Badajoz','Badajoz'),(138,'ES','Baleares','Baleares'),(139,'ES','Barcelona','Barcelona'),(140,'ES','Burgos','Burgos'),(141,'ES','Caceres','Caceres'),(142,'ES','Cadiz','Cadiz'),(143,'ES','Cantabria','Cantabria'),(144,'ES','Castellon','Castellon'),(145,'ES','Ceuta','Ceuta'),(146,'ES','Ciudad Real','Ciudad Real'),(147,'ES','Cordoba','Cordoba'),(148,'ES','Cuenca','Cuenca'),(149,'ES','Girona','Girona'),(150,'ES','Granada','Granada'),(151,'ES','Guadalajara','Guadalajara'),(152,'ES','Guipuzcoa','Guipuzcoa'),(153,'ES','Huelva','Huelva'),(154,'ES','Huesca','Huesca'),(155,'ES','Jaen','Jaen'),(156,'ES','La Rioja','La Rioja'),(157,'ES','Las Palmas','Las Palmas'),(158,'ES','Leon','Leon'),(159,'ES','Lleida','Lleida'),(160,'ES','Lugo','Lugo'),(161,'ES','Madrid','Madrid'),(162,'ES','Malaga','Malaga'),(163,'ES','Melilla','Melilla'),(164,'ES','Murcia','Murcia'),(165,'ES','Navarra','Navarra'),(166,'ES','Ourense','Ourense'),(167,'ES','Palencia','Palencia'),(168,'ES','Pontevedra','Pontevedra'),(169,'ES','Salamanca','Salamanca'),(170,'ES','Santa Cruz de Tenerife','Santa Cruz de Tenerife'),(171,'ES','Segovia','Segovia'),(172,'ES','Sevilla','Sevilla'),(173,'ES','Soria','Soria'),(174,'ES','Tarragona','Tarragona'),(175,'ES','Teruel','Teruel'),(176,'ES','Toledo','Toledo'),(177,'ES','Valencia','Valencia'),(178,'ES','Valladolid','Valladolid'),(179,'ES','Vizcaya','Vizcaya'),(180,'ES','Zamora','Zamora'),(181,'ES','Zaragoza','Zaragoza'),(182,'FR','1','Ain'),(183,'FR','2','Aisne'),(184,'FR','3','Allier'),(185,'FR','4','Alpes-de-Haute-Provence'),(186,'FR','5','Hautes-Alpes'),(187,'FR','6','Alpes-Maritimes'),(188,'FR','7','Ardèche'),(189,'FR','8','Ardennes'),(190,'FR','9','Ariège'),(191,'FR','10','Aube'),(192,'FR','11','Aude'),(193,'FR','12','Aveyron'),(194,'FR','13','Bouches-du-Rhône'),(195,'FR','14','Calvados'),(196,'FR','15','Cantal'),(197,'FR','16','Charente'),(198,'FR','17','Charente-Maritime'),(199,'FR','18','Cher'),(200,'FR','19','Corrèze'),(201,'FR','2A','Corse-du-Sud'),(202,'FR','2B','Haute-Corse'),(203,'FR','21','Côte-d\'Or'),(204,'FR','22','Côtes-d\'Armor'),(205,'FR','23','Creuse'),(206,'FR','24','Dordogne'),(207,'FR','25','Doubs'),(208,'FR','26','Drôme'),(209,'FR','27','Eure'),(210,'FR','28','Eure-et-Loir'),(211,'FR','29','Finistère'),(212,'FR','30','Gard'),(213,'FR','31','Haute-Garonne'),(214,'FR','32','Gers'),(215,'FR','33','Gironde'),(216,'FR','34','Hérault'),(217,'FR','35','Ille-et-Vilaine'),(218,'FR','36','Indre'),(219,'FR','37','Indre-et-Loire'),(220,'FR','38','Isère'),(221,'FR','39','Jura'),(222,'FR','40','Landes'),(223,'FR','41','Loir-et-Cher'),(224,'FR','42','Loire'),(225,'FR','43','Haute-Loire'),(226,'FR','44','Loire-Atlantique'),(227,'FR','45','Loiret'),(228,'FR','46','Lot'),(229,'FR','47','Lot-et-Garonne'),(230,'FR','48','Lozère'),(231,'FR','49','Maine-et-Loire'),(232,'FR','50','Manche'),(233,'FR','51','Marne'),(234,'FR','52','Haute-Marne'),(235,'FR','53','Mayenne'),(236,'FR','54','Meurthe-et-Moselle'),(237,'FR','55','Meuse'),(238,'FR','56','Morbihan'),(239,'FR','57','Moselle'),(240,'FR','58','Nièvre'),(241,'FR','59','Nord'),(242,'FR','60','Oise'),(243,'FR','61','Orne'),(244,'FR','62','Pas-de-Calais'),(245,'FR','63','Puy-de-Dôme'),(246,'FR','64','Pyrénées-Atlantiques'),(247,'FR','65','Hautes-Pyrénées'),(248,'FR','66','Pyrénées-Orientales'),(249,'FR','67','Bas-Rhin'),(250,'FR','68','Haut-Rhin'),(251,'FR','69','Rhône'),(252,'FR','70','Haute-Saône'),(253,'FR','71','Saône-et-Loire'),(254,'FR','72','Sarthe'),(255,'FR','73','Savoie'),(256,'FR','74','Haute-Savoie'),(257,'FR','75','Paris'),(258,'FR','76','Seine-Maritime'),(259,'FR','77','Seine-et-Marne'),(260,'FR','78','Yvelines'),(261,'FR','79','Deux-Sèvres'),(262,'FR','80','Somme'),(263,'FR','81','Tarn'),(264,'FR','82','Tarn-et-Garonne'),(265,'FR','83','Var'),(266,'FR','84','Vaucluse'),(267,'FR','85','Vendée'),(268,'FR','86','Vienne'),(269,'FR','87','Haute-Vienne'),(270,'FR','88','Vosges'),(271,'FR','89','Yonne'),(272,'FR','90','Territoire-de-Belfort'),(273,'FR','91','Essonne'),(274,'FR','92','Hauts-de-Seine'),(275,'FR','93','Seine-Saint-Denis'),(276,'FR','94','Val-de-Marne'),(277,'FR','95','Val-d\'Oise'),(278,'RO','AB','Alba'),(279,'RO','AR','Arad'),(280,'RO','AG','Argeş'),(281,'RO','BC','Bacău'),(282,'RO','BH','Bihor'),(283,'RO','BN','Bistriţa-Năsăud'),(284,'RO','BT','Botoşani'),(285,'RO','BV','Braşov'),(286,'RO','BR','Brăila'),(287,'RO','B','Bucureşti'),(288,'RO','BZ','Buzău'),(289,'RO','CS','Caraş-Severin'),(290,'RO','CL','Călăraşi'),(291,'RO','CJ','Cluj'),(292,'RO','CT','Constanţa'),(293,'RO','CV','Covasna'),(294,'RO','DB','Dâmboviţa'),(295,'RO','DJ','Dolj'),(296,'RO','GL','Galaţi'),(297,'RO','GR','Giurgiu'),(298,'RO','GJ','Gorj'),(299,'RO','HR','Harghita'),(300,'RO','HD','Hunedoara'),(301,'RO','IL','Ialomiţa'),(302,'RO','IS','Iaşi'),(303,'RO','IF','Ilfov'),(304,'RO','MM','Maramureş'),(305,'RO','MH','Mehedinţi'),(306,'RO','MS','Mureş'),(307,'RO','NT','Neamţ'),(308,'RO','OT','Olt'),(309,'RO','PH','Prahova'),(310,'RO','SM','Satu-Mare'),(311,'RO','SJ','Sălaj'),(312,'RO','SB','Sibiu'),(313,'RO','SV','Suceava'),(314,'RO','TR','Teleorman'),(315,'RO','TM','Timiş'),(316,'RO','TL','Tulcea'),(317,'RO','VS','Vaslui'),(318,'RO','VL','Vâlcea'),(319,'RO','VN','Vrancea'),(320,'FI','Lappi','Lappi'),(321,'FI','Pohjois-Pohjanmaa','Pohjois-Pohjanmaa'),(322,'FI','Kainuu','Kainuu'),(323,'FI','Pohjois-Karjala','Pohjois-Karjala'),(324,'FI','Pohjois-Savo','Pohjois-Savo'),(325,'FI','Etelä-Savo','Etelä-Savo'),(326,'FI','Etelä-Pohjanmaa','Etelä-Pohjanmaa'),(327,'FI','Pohjanmaa','Pohjanmaa'),(328,'FI','Pirkanmaa','Pirkanmaa'),(329,'FI','Satakunta','Satakunta'),(330,'FI','Keski-Pohjanmaa','Keski-Pohjanmaa'),(331,'FI','Keski-Suomi','Keski-Suomi'),(332,'FI','Varsinais-Suomi','Varsinais-Suomi'),(333,'FI','Etelä-Karjala','Etelä-Karjala'),(334,'FI','Päijät-Häme','Päijät-Häme'),(335,'FI','Kanta-Häme','Kanta-Häme'),(336,'FI','Uusimaa','Uusimaa'),(337,'FI','Itä-Uusimaa','Itä-Uusimaa'),(338,'FI','Kymenlaakso','Kymenlaakso'),(339,'FI','Ahvenanmaa','Ahvenanmaa'),(340,'EE','EE-37','Harjumaa'),(341,'EE','EE-39','Hiiumaa'),(342,'EE','EE-44','Ida-Virumaa'),(343,'EE','EE-49','Jõgevamaa'),(344,'EE','EE-51','Järvamaa'),(345,'EE','EE-57','Läänemaa'),(346,'EE','EE-59','Lääne-Virumaa'),(347,'EE','EE-65','Põlvamaa'),(348,'EE','EE-67','Pärnumaa'),(349,'EE','EE-70','Raplamaa'),(350,'EE','EE-74','Saaremaa'),(351,'EE','EE-78','Tartumaa'),(352,'EE','EE-82','Valgamaa'),(353,'EE','EE-84','Viljandimaa'),(354,'EE','EE-86','Võrumaa'),(355,'LV','LV-DGV','Daugavpils'),(356,'LV','LV-JEL','Jelgava'),(357,'LV','Jēkabpils','Jēkabpils'),(358,'LV','LV-JUR','Jūrmala'),(359,'LV','LV-LPX','Liepāja'),(360,'LV','LV-LE','Liepājas novads'),(361,'LV','LV-REZ','Rēzekne'),(362,'LV','LV-RIX','Rīga'),(363,'LV','LV-RI','Rīgas novads'),(364,'LV','Valmiera','Valmiera'),(365,'LV','LV-VEN','Ventspils'),(366,'LV','Aglonas novads','Aglonas novads'),(367,'LV','LV-AI','Aizkraukles novads'),(368,'LV','Aizputes novads','Aizputes novads'),(369,'LV','Aknīstes novads','Aknīstes novads'),(370,'LV','Alojas novads','Alojas novads'),(371,'LV','Alsungas novads','Alsungas novads'),(372,'LV','LV-AL','Alūksnes novads'),(373,'LV','Amatas novads','Amatas novads'),(374,'LV','Apes novads','Apes novads'),(375,'LV','Auces novads','Auces novads'),(376,'LV','Babītes novads','Babītes novads'),(377,'LV','Baldones novads','Baldones novads'),(378,'LV','Baltinavas novads','Baltinavas novads'),(379,'LV','LV-BL','Balvu novads'),(380,'LV','LV-BU','Bauskas novads'),(381,'LV','Beverīnas novads','Beverīnas novads'),(382,'LV','Brocēnu novads','Brocēnu novads'),(383,'LV','Burtnieku novads','Burtnieku novads'),(384,'LV','Carnikavas novads','Carnikavas novads'),(385,'LV','Cesvaines novads','Cesvaines novads'),(386,'LV','Ciblas novads','Ciblas novads'),(387,'LV','LV-CE','Cēsu novads'),(388,'LV','Dagdas novads','Dagdas novads'),(389,'LV','LV-DA','Daugavpils novads'),(390,'LV','LV-DO','Dobeles novads'),(391,'LV','Dundagas novads','Dundagas novads'),(392,'LV','Durbes novads','Durbes novads'),(393,'LV','Engures novads','Engures novads'),(394,'LV','Garkalnes novads','Garkalnes novads'),(395,'LV','Grobiņas novads','Grobiņas novads'),(396,'LV','LV-GU','Gulbenes novads'),(397,'LV','Iecavas novads','Iecavas novads'),(398,'LV','Ikšķiles novads','Ikšķiles novads'),(399,'LV','Ilūkstes novads','Ilūkstes novads'),(400,'LV','Inčukalna novads','Inčukalna novads'),(401,'LV','Jaunjelgavas novads','Jaunjelgavas novads'),(402,'LV','Jaunpiebalgas novads','Jaunpiebalgas novads'),(403,'LV','Jaunpils novads','Jaunpils novads'),(404,'LV','LV-JL','Jelgavas novads'),(405,'LV','LV-JK','Jēkabpils novads'),(406,'LV','Kandavas novads','Kandavas novads'),(407,'LV','Kokneses novads','Kokneses novads'),(408,'LV','Krimuldas novads','Krimuldas novads'),(409,'LV','Krustpils novads','Krustpils novads'),(410,'LV','LV-KR','Krāslavas novads'),(411,'LV','LV-KU','Kuldīgas novads'),(412,'LV','Kārsavas novads','Kārsavas novads'),(413,'LV','Lielvārdes novads','Lielvārdes novads'),(414,'LV','LV-LM','Limbažu novads'),(415,'LV','Lubānas novads','Lubānas novads'),(416,'LV','LV-LU','Ludzas novads'),(417,'LV','Līgatnes novads','Līgatnes novads'),(418,'LV','Līvānu novads','Līvānu novads'),(419,'LV','LV-MA','Madonas novads'),(420,'LV','Mazsalacas novads','Mazsalacas novads'),(421,'LV','Mālpils novads','Mālpils novads'),(422,'LV','Mārupes novads','Mārupes novads'),(423,'LV','Naukšēnu novads','Naukšēnu novads'),(424,'LV','Neretas novads','Neretas novads'),(425,'LV','Nīcas novads','Nīcas novads'),(426,'LV','LV-OG','Ogres novads'),(427,'LV','Olaines novads','Olaines novads'),(428,'LV','Ozolnieku novads','Ozolnieku novads'),(429,'LV','LV-PR','Preiļu novads'),(430,'LV','Priekules novads','Priekules novads'),(431,'LV','Priekuļu novads','Priekuļu novads'),(432,'LV','Pārgaujas novads','Pārgaujas novads'),(433,'LV','Pāvilostas novads','Pāvilostas novads'),(434,'LV','Pļaviņu novads','Pļaviņu novads'),(435,'LV','Raunas novads','Raunas novads'),(436,'LV','Riebiņu novads','Riebiņu novads'),(437,'LV','Rojas novads','Rojas novads'),(438,'LV','Ropažu novads','Ropažu novads'),(439,'LV','Rucavas novads','Rucavas novads'),(440,'LV','Rugāju novads','Rugāju novads'),(441,'LV','Rundāles novads','Rundāles novads'),(442,'LV','LV-RE','Rēzeknes novads'),(443,'LV','Rūjienas novads','Rūjienas novads'),(444,'LV','Salacgrīvas novads','Salacgrīvas novads'),(445,'LV','Salas novads','Salas novads'),(446,'LV','Salaspils novads','Salaspils novads'),(447,'LV','LV-SA','Saldus novads'),(448,'LV','Saulkrastu novads','Saulkrastu novads'),(449,'LV','Siguldas novads','Siguldas novads'),(450,'LV','Skrundas novads','Skrundas novads'),(451,'LV','Skrīveru novads','Skrīveru novads'),(452,'LV','Smiltenes novads','Smiltenes novads'),(453,'LV','Stopiņu novads','Stopiņu novads'),(454,'LV','Strenču novads','Strenču novads'),(455,'LV','Sējas novads','Sējas novads'),(456,'LV','LV-TA','Talsu novads'),(457,'LV','LV-TU','Tukuma novads'),(458,'LV','Tērvetes novads','Tērvetes novads'),(459,'LV','Vaiņodes novads','Vaiņodes novads'),(460,'LV','LV-VK','Valkas novads'),(461,'LV','LV-VM','Valmieras novads'),(462,'LV','Varakļānu novads','Varakļānu novads'),(463,'LV','Vecpiebalgas novads','Vecpiebalgas novads'),(464,'LV','Vecumnieku novads','Vecumnieku novads'),(465,'LV','LV-VE','Ventspils novads'),(466,'LV','Viesītes novads','Viesītes novads'),(467,'LV','Viļakas novads','Viļakas novads'),(468,'LV','Viļānu novads','Viļānu novads'),(469,'LV','Vārkavas novads','Vārkavas novads'),(470,'LV','Zilupes novads','Zilupes novads'),(471,'LV','Ādažu novads','Ādažu novads'),(472,'LV','Ērgļu novads','Ērgļu novads'),(473,'LV','Ķeguma novads','Ķeguma novads'),(474,'LV','Ķekavas novads','Ķekavas novads'),(475,'LT','LT-AL','Alytaus Apskritis'),(476,'LT','LT-KU','Kauno Apskritis'),(477,'LT','LT-KL','Klaipėdos Apskritis'),(478,'LT','LT-MR','Marijampolės Apskritis'),(479,'LT','LT-PN','Panevėžio Apskritis'),(480,'LT','LT-SA','Šiaulių Apskritis'),(481,'LT','LT-TA','Tauragės Apskritis'),(482,'LT','LT-TE','Telšių Apskritis'),(483,'LT','LT-UT','Utenos Apskritis'),(484,'LT','LT-VL','Vilniaus Apskritis'),(485,'BR','AC','Acre'),(486,'BR','AL','Alagoas'),(487,'BR','AP','Amapá'),(488,'BR','AM','Amazonas'),(489,'BR','BA','Bahia'),(490,'BR','CE','Ceará'),(491,'BR','ES','Espírito Santo'),(492,'BR','GO','Goiás'),(493,'BR','MA','Maranhão'),(494,'BR','MT','Mato Grosso'),(495,'BR','MS','Mato Grosso do Sul'),(496,'BR','MG','Minas Gerais'),(497,'BR','PA','Pará'),(498,'BR','PB','Paraíba'),(499,'BR','PR','Paraná'),(500,'BR','PE','Pernambuco'),(501,'BR','PI','Piauí'),(502,'BR','RJ','Rio de Janeiro'),(503,'BR','RN','Rio Grande do Norte'),(504,'BR','RS','Rio Grande do Sul'),(505,'BR','RO','Rondônia'),(506,'BR','RR','Roraima'),(507,'BR','SC','Santa Catarina'),(508,'BR','SP','São Paulo'),(509,'BR','SE','Sergipe'),(510,'BR','TO','Tocantins'),(511,'BR','DF','Distrito Federal'),(512,'HR','HR-01','Zagrebačka županija'),(513,'HR','HR-02','Krapinsko-zagorska županija'),(514,'HR','HR-03','Sisačko-moslavačka županija'),(515,'HR','HR-04','Karlovačka županija'),(516,'HR','HR-05','Varaždinska županija'),(517,'HR','HR-06','Koprivničko-križevačka županija'),(518,'HR','HR-07','Bjelovarsko-bilogorska županija'),(519,'HR','HR-08','Primorsko-goranska županija'),(520,'HR','HR-09','Ličko-senjska županija'),(521,'HR','HR-10','Virovitičko-podravska županija'),(522,'HR','HR-11','Požeško-slavonska županija'),(523,'HR','HR-12','Brodsko-posavska županija'),(524,'HR','HR-13','Zadarska županija'),(525,'HR','HR-14','Osječko-baranjska županija'),(526,'HR','HR-15','Šibensko-kninska županija'),(527,'HR','HR-16','Vukovarsko-srijemska županija'),(528,'HR','HR-17','Splitsko-dalmatinska županija'),(529,'HR','HR-18','Istarska županija'),(530,'HR','HR-19','Dubrovačko-neretvanska županija'),(531,'HR','HR-20','Međimurska županija'),(532,'HR','HR-21','Grad Zagreb'),(533,'IN','AN','Andaman and Nicobar Islands'),(534,'IN','AP','Andhra Pradesh'),(535,'IN','AR','Arunachal Pradesh'),(536,'IN','AS','Assam'),(537,'IN','BR','Bihar'),(538,'IN','CH','Chandigarh'),(539,'IN','CT','Chhattisgarh'),(540,'IN','DN','Dadra and Nagar Haveli'),(541,'IN','DD','Daman and Diu'),(542,'IN','DL','Delhi'),(543,'IN','GA','Goa'),(544,'IN','GJ','Gujarat'),(545,'IN','HR','Haryana'),(546,'IN','HP','Himachal Pradesh'),(547,'IN','JK','Jammu and Kashmir'),(548,'IN','JH','Jharkhand'),(549,'IN','KA','Karnataka'),(550,'IN','KL','Kerala'),(551,'IN','LD','Lakshadweep'),(552,'IN','MP','Madhya Pradesh'),(553,'IN','MH','Maharashtra'),(554,'IN','MN','Manipur'),(555,'IN','ML','Meghalaya'),(556,'IN','MZ','Mizoram'),(557,'IN','NL','Nagaland'),(558,'IN','OR','Odisha'),(559,'IN','PY','Puducherry'),(560,'IN','PB','Punjab'),(561,'IN','RJ','Rajasthan'),(562,'IN','SK','Sikkim'),(563,'IN','TN','Tamil Nadu'),(564,'IN','TG','Telangana'),(565,'IN','TR','Tripura'),(566,'IN','UP','Uttar Pradesh'),(567,'IN','UT','Uttarakhand'),(568,'IN','WB','West Bengal'),(569,'AU','ACT','Australian Capital Territory'),(570,'AU','NSW','New South Wales'),(571,'AU','VIC','Victoria'),(572,'AU','QLD','Queensland'),(573,'AU','SA','South Australia'),(574,'AU','TAS','Tasmania'),(575,'AU','WA','Western Australia'),(576,'AU','NT','Northern Territory'),(577,'BE','VAN','Antwerpen'),(578,'BE','WBR','Brabant wallon'),(579,'BE','BRU','Brussels-Capital Region'),(580,'BE','WHT','Hainaut'),(581,'BE','VLI','Limburg'),(582,'BE','WLG','Liège'),(583,'BE','WLX','Luxembourg'),(584,'BE','WNA','Namur'),(585,'BE','VOV','Oost-Vlaanderen'),(586,'BE','VBR','Vlaams-Brabant'),(587,'BE','VWV','West-Vlaanderen'),(588,'BG','BG-01','Blagoevgrad'),(589,'BG','BG-02','Burgas'),(590,'BG','BG-03','Varna'),(591,'BG','BG-04','Veliko Tarnovo'),(592,'BG','BG-05','Vidin'),(593,'BG','BG-06','Vratsa'),(594,'BG','BG-07','Gabrovo'),(595,'BG','BG-08','Dobrich'),(596,'BG','BG-09','Kardzhali'),(597,'BG','BG-10','Kyustendil'),(598,'BG','BG-11','Lovech'),(599,'BG','BG-12','Montana'),(600,'BG','BG-13','Pazardzhik'),(601,'BG','BG-14','Pernik'),(602,'BG','BG-15','Pleven'),(603,'BG','BG-16','Plovdiv'),(604,'BG','BG-17','Razgrad'),(605,'BG','BG-18','Ruse'),(606,'BG','BG-19','Silistra'),(607,'BG','BG-20','Sliven'),(608,'BG','BG-21','Smolyan'),(609,'BG','BG-22','Sofia City'),(610,'BG','BG-23','Sofia Province'),(611,'BG','BG-24','Stara Zagora'),(612,'BG','BG-25','Targovishte'),(613,'BG','BG-26','Haskovo'),(614,'BG','BG-27','Shumen'),(615,'BG','BG-28','Yambol'),(616,'CN','CN-AH','Anhui Sheng'),(617,'CN','CN-BJ','Beijing Shi'),(618,'CN','CN-CQ','Chongqing Shi'),(619,'CN','CN-FJ','Fujian Sheng'),(620,'CN','CN-GS','Gansu Sheng'),(621,'CN','CN-GD','Guangdong Sheng'),(622,'CN','CN-GX','Guangxi Zhuangzu Zizhiqu'),(623,'CN','CN-GZ','Guizhou Sheng'),(624,'CN','CN-HI','Hainan Sheng'),(625,'CN','CN-HE','Hebei Sheng'),(626,'CN','CN-HL','Heilongjiang Sheng'),(627,'CN','CN-HA','Henan Sheng'),(628,'CN','CN-HK','Hong Kong SAR'),(629,'CN','CN-HB','Hubei Sheng'),(630,'CN','CN-HN','Hunan Sheng'),(631,'CN','CN-JS','Jiangsu Sheng'),(632,'CN','CN-JX','Jiangxi Sheng'),(633,'CN','CN-JL','Jilin Sheng'),(634,'CN','CN-LN','Liaoning Sheng'),(635,'CN','CN-MO','Macao SAR'),(636,'CN','CN-NM','Nei Mongol Zizhiqu'),(637,'CN','CN-NX','Ningxia Huizi Zizhiqu'),(638,'CN','CN-QH','Qinghai Sheng'),(639,'CN','CN-SN','Shaanxi Sheng'),(640,'CN','CN-SD','Shandong Sheng'),(641,'CN','CN-SH','Shanghai Shi'),(642,'CN','CN-SX','Shanxi Sheng'),(643,'CN','CN-SC','Sichuan Sheng'),(644,'CN','CN-TW','Taiwan Sheng'),(645,'CN','CN-TJ','Tianjin Shi'),(646,'CN','CN-XJ','Xinjiang Uygur Zizhiqu'),(647,'CN','CN-XZ','Xizang Zizhiqu'),(648,'CN','CN-YN','Yunnan Sheng'),(649,'CN','CN-ZJ','Zhejiang Sheng'),(650,'CO','CO-AMA','Amazonas'),(651,'CO','CO-ANT','Antioquia'),(652,'CO','CO-ARA','Arauca'),(653,'CO','CO-ATL','Atlántico'),(654,'CO','CO-BOL','Bolívar'),(655,'CO','CO-BOY','Boyacá'),(656,'CO','CO-CAL','Caldas'),(657,'CO','CO-CAQ','Caquetá'),(658,'CO','CO-CAS','Casanare'),(659,'CO','CO-CAU','Cauca'),(660,'CO','CO-CES','Cesar'),(661,'CO','CO-CHO','Chocó'),(662,'CO','CO-COR','Córdoba'),(663,'CO','CO-CUN','Cundinamarca'),(664,'CO','CO-GUA','Guainía'),(665,'CO','CO-GUV','Guaviare'),(666,'CO','CO-HUL','Huila'),(667,'CO','CO-LAG','La Guajira'),(668,'CO','CO-MAG','Magdalena'),(669,'CO','CO-MET','Meta'),(670,'CO','CO-NAR','Nariño'),(671,'CO','CO-NSA','Norte de Santander'),(672,'CO','CO-PUT','Putumayo'),(673,'CO','CO-QUI','Quindío'),(674,'CO','CO-RIS','Risaralda'),(675,'CO','CO-SAP','San Andrés y Providencia'),(676,'CO','CO-SAN','Santander'),(677,'CO','CO-SUC','Sucre'),(678,'CO','CO-TOL','Tolima'),(679,'CO','CO-VAC','Valle del Cauca'),(680,'CO','CO-VAU','Vaupés'),(681,'CO','CO-VID','Vichada'),(682,'IT','AG','Agrigento'),(683,'IT','AL','Alessandria'),(684,'IT','AN','Ancona'),(685,'IT','AO','Aosta'),(686,'IT','AQ','L\'Aquila'),(687,'IT','AR','Arezzo'),(688,'IT','AP','Ascoli-Piceno'),(689,'IT','AT','Asti'),(690,'IT','AV','Avellino'),(691,'IT','BA','Bari'),(692,'IT','BT','Barletta-Andria-Trani'),(693,'IT','BL','Belluno'),(694,'IT','BN','Benevento'),(695,'IT','BG','Bergamo'),(696,'IT','BI','Biella'),(697,'IT','BO','Bologna'),(698,'IT','BZ','Bolzano'),(699,'IT','BS','Brescia'),(700,'IT','BR','Brindisi'),(701,'IT','CA','Cagliari'),(702,'IT','CL','Caltanissetta'),(703,'IT','CB','Campobasso'),(704,'IT','CI','Carbonia Iglesias'),(705,'IT','CE','Caserta'),(706,'IT','CT','Catania'),(707,'IT','CZ','Catanzaro'),(708,'IT','CH','Chieti'),(709,'IT','CO','Como'),(710,'IT','CS','Cosenza'),(711,'IT','CR','Cremona'),(712,'IT','KR','Crotone'),(713,'IT','CN','Cuneo'),(714,'IT','EN','Enna'),(715,'IT','FM','Fermo'),(716,'IT','FE','Ferrara'),(717,'IT','FI','Firenze'),(718,'IT','FG','Foggia'),(719,'IT','FC','Forli-Cesena'),(720,'IT','FR','Frosinone'),(721,'IT','GE','Genova'),(722,'IT','GO','Gorizia'),(723,'IT','GR','Grosseto'),(724,'IT','IM','Imperia'),(725,'IT','IS','Isernia'),(726,'IT','SP','La-Spezia'),(727,'IT','LT','Latina'),(728,'IT','LE','Lecce'),(729,'IT','LC','Lecco'),(730,'IT','LI','Livorno'),(731,'IT','LO','Lodi'),(732,'IT','LU','Lucca'),(733,'IT','MC','Macerata'),(734,'IT','MN','Mantova'),(735,'IT','MS','Massa-Carrara'),(736,'IT','MT','Matera'),(737,'IT','VS','Medio Campidano'),(738,'IT','ME','Messina'),(739,'IT','MI','Milano'),(740,'IT','MO','Modena'),(741,'IT','MB','Monza-Brianza'),(742,'IT','NA','Napoli'),(743,'IT','NO','Novara'),(744,'IT','NU','Nuoro'),(745,'IT','OG','Ogliastra'),(746,'IT','OT','Olbia Tempio'),(747,'IT','OR','Oristano'),(748,'IT','PD','Padova'),(749,'IT','PA','Palermo'),(750,'IT','PR','Parma'),(751,'IT','PV','Pavia'),(752,'IT','PG','Perugia'),(753,'IT','PU','Pesaro-Urbino'),(754,'IT','PE','Pescara'),(755,'IT','PC','Piacenza'),(756,'IT','PI','Pisa'),(757,'IT','PT','Pistoia'),(758,'IT','PN','Pordenone'),(759,'IT','PZ','Potenza'),(760,'IT','PO','Prato'),(761,'IT','RG','Ragusa'),(762,'IT','RA','Ravenna'),(763,'IT','RC','Reggio-Calabria'),(764,'IT','RE','Reggio-Emilia'),(765,'IT','RI','Rieti'),(766,'IT','RN','Rimini'),(767,'IT','RM','Roma'),(768,'IT','RO','Rovigo'),(769,'IT','SA','Salerno'),(770,'IT','SS','Sassari'),(771,'IT','SV','Savona'),(772,'IT','SI','Siena'),(773,'IT','SR','Siracusa'),(774,'IT','SO','Sondrio'),(775,'IT','TA','Taranto'),(776,'IT','TE','Teramo'),(777,'IT','TR','Terni'),(778,'IT','TO','Torino'),(779,'IT','TP','Trapani'),(780,'IT','TN','Trento'),(781,'IT','TV','Treviso'),(782,'IT','TS','Trieste'),(783,'IT','UD','Udine'),(784,'IT','VA','Varese'),(785,'IT','VE','Venezia'),(786,'IT','VB','Verbania'),(787,'IT','VC','Vercelli'),(788,'IT','VR','Verona'),(789,'IT','VV','Vibo-Valentia'),(790,'IT','VI','Vicenza'),(791,'IT','VT','Viterbo'),(792,'MX','AGU','Aguascalientes'),(793,'MX','BCN','Baja California'),(794,'MX','BCS','Baja California Sur'),(795,'MX','CAM','Campeche'),(796,'MX','CHP','Chiapas'),(797,'MX','CHH','Chihuahua'),(798,'MX','CMX','Ciudad de México'),(799,'MX','COA','Coahuila'),(800,'MX','COL','Colima'),(801,'MX','DUR','Durango'),(802,'MX','MEX','Estado de México'),(803,'MX','GUA','Guanajuato'),(804,'MX','GRO','Guerrero'),(805,'MX','HID','Hidalgo'),(806,'MX','JAL','Jalisco'),(807,'MX','MIC','Michoacán'),(808,'MX','MOR','Morelos'),(809,'MX','NAY','Nayarit'),(810,'MX','NLE','Nuevo León'),(811,'MX','OAX','Oaxaca'),(812,'MX','PUE','Puebla'),(813,'MX','QUE','Querétaro'),(814,'MX','ROO','Quintana Roo'),(815,'MX','SLP','San Luis Potosí'),(816,'MX','SIN','Sinaloa'),(817,'MX','SON','Sonora'),(818,'MX','TAB','Tabasco'),(819,'MX','TAM','Tamaulipas'),(820,'MX','TLA','Tlaxcala'),(821,'MX','VER','Veracruz'),(822,'MX','YUC','Yucatán'),(823,'MX','ZAC','Zacatecas'),(824,'PL','PL-02','dolnośląskie'),(825,'PL','PL-04','kujawsko-pomorskie'),(826,'PL','PL-06','lubelskie'),(827,'PL','PL-08','lubuskie'),(828,'PL','PL-10','łódzkie'),(829,'PL','PL-12','małopolskie'),(830,'PL','PL-14','mazowieckie'),(831,'PL','PL-16','opolskie'),(832,'PL','PL-18','podkarpackie'),(833,'PL','PL-20','podlaskie'),(834,'PL','PL-22','pomorskie'),(835,'PL','PL-24','śląskie'),(836,'PL','PL-26','świętokrzyskie'),(837,'PL','PL-28','warmińsko-mazurskie'),(838,'PL','PL-30','wielkopolskie'),(839,'PL','PL-32','zachodniopomorskie'),(840,'UY','UY-AR','Artigas'),(841,'UY','UY-CA','Canelones'),(842,'UY','UY-CL','Cerro Largo'),(843,'UY','UY-CO','Colonia'),(844,'UY','UY-DU','Durazno'),(845,'UY','UY-FS','Flores'),(846,'UY','UY-FD','Florida'),(847,'UY','UY-LA','Lavalleja'),(848,'UY','UY-MA','Maldonado'),(849,'UY','UY-MO','Montevideo'),(850,'UY','UY-PA','Paysandu'),(851,'UY','UY-RN','Río Negro'),(852,'UY','UY-RV','Rivera'),(853,'UY','UY-RO','Rocha'),(854,'UY','UY-SA','Salto'),(855,'UY','UY-SJ','San José'),(856,'UY','UY-SO','Soriano'),(857,'UY','UY-TA','Tacuarembó'),(858,'UY','UY-TT','Treinta y Tres');

--
-- Table structure for table `directory_country_region_name`
--

CREATE TABLE `directory_country_region_name` (
  `locale` varchar(16) NOT NULL COMMENT 'Locale',
  `region_id` int(10) unsigned NOT NULL DEFAULT 0 COMMENT 'Region ID',
  `name` varchar(255) DEFAULT NULL COMMENT 'Region Name',
  PRIMARY KEY (`locale`,`region_id`),
  KEY `DIRECTORY_COUNTRY_REGION_NAME_REGION_ID` (`region_id`),
  CONSTRAINT `DIR_COUNTRY_REGION_NAME_REGION_ID_DIR_COUNTRY_REGION_REGION_ID` FOREIGN KEY (`region_id`) REFERENCES `directory_country_region` (`region_id`) ON DELETE CASCADE
) ENGINE=InnoDB DEFAULT CHARSET=utf8 COMMENT='Directory Country Region Name';

--
-- Dumping data for table `directory_country_region_name`
--

INSERT INTO `directory_country_region_name` VALUES ('en_US',1,'Alabama'),('en_US',2,'Alaska'),('en_US',3,'American Samoa'),('en_US',4,'Arizona'),('en_US',5,'Arkansas'),('en_US',6,'Armed Forces Africa'),('en_US',7,'Armed Forces Americas'),('en_US',8,'Armed Forces Canada'),('en_US',9,'Armed Forces Europe'),('en_US',10,'Armed Forces Middle East'),('en_US',11,'Armed Forces Pacific'),('en_US',12,'California'),('en_US',13,'Colorado'),('en_US',14,'Connecticut'),('en_US',15,'Delaware'),('en_US',16,'District of Columbia'),('en_US',17,'Federated States Of Micronesia'),('en_US',18,'Florida'),('en_US',19,'Georgia'),('en_US',20,'Guam'),('en_US',21,'Hawaii'),('en_US',22,'Idaho'),('en_US',23,'Illinois'),('en_US',24,'Indiana'),('en_US',25,'Iowa'),('en_US',26,'Kansas'),('en_US',27,'Kentucky'),('en_US',28,'Louisiana'),('en_US',29,'Maine'),('en_US',30,'Marshall Islands'),('en_US',31,'Maryland'),('en_US',32,'Massachusetts'),('en_US',33,'Michigan'),('en_US',34,'Minnesota'),('en_US',35,'Mississippi'),('en_US',36,'Missouri'),('en_US',37,'Montana'),('en_US',38,'Nebraska'),('en_US',39,'Nevada'),('en_US',40,'New Hampshire'),('en_US',41,'New Jersey'),('en_US',42,'New Mexico'),('en_US',43,'New York'),('en_US',44,'North Carolina'),('en_US',45,'North Dakota'),('en_US',46,'Northern Mariana Islands'),('en_US',47,'Ohio'),('en_US',48,'Oklahoma'),('en_US',49,'Oregon'),('en_US',50,'Palau'),('en_US',51,'Pennsylvania'),('en_US',52,'Puerto Rico'),('en_US',53,'Rhode Island'),('en_US',54,'South Carolina'),('en_US',55,'South Dakota'),('en_US',56,'Tennessee'),('en_US',57,'Texas'),('en_US',58,'Utah'),('en_US',59,'Vermont'),('en_US',60,'Virgin Islands'),('en_US',61,'Virginia'),('en_US',62,'Washington'),('en_US',63,'West Virginia'),('en_US',64,'Wisconsin'),('en_US',65,'Wyoming'),('en_US',66,'Alberta'),('en_US',67,'British Columbia'),('en_US',68,'Manitoba'),('en_US',69,'Newfoundland and Labrador'),('en_US',70,'New Brunswick'),('en_US',71,'Nova Scotia'),('en_US',72,'Northwest Territories'),('en_US',73,'Nunavut'),('en_US',74,'Ontario'),('en_US',75,'Prince Edward Island'),('en_US',76,'Quebec'),('en_US',77,'Saskatchewan'),('en_US',78,'Yukon Territory'),('en_US',79,'Niedersachsen'),('en_US',80,'Baden-Württemberg'),('en_US',81,'Bayern'),('en_US',82,'Berlin'),('en_US',83,'Brandenburg'),('en_US',84,'Bremen'),('en_US',85,'Hamburg'),('en_US',86,'Hessen'),('en_US',87,'Mecklenburg-Vorpommern'),('en_US',88,'Nordrhein-Westfalen'),('en_US',89,'Rheinland-Pfalz'),('en_US',90,'Saarland'),('en_US',91,'Sachsen'),('en_US',92,'Sachsen-Anhalt'),('en_US',93,'Schleswig-Holstein'),('en_US',94,'Thüringen'),('en_US',95,'Wien'),('en_US',96,'Niederösterreich'),('en_US',97,'Oberösterreich'),('en_US',98,'Salzburg'),('en_US',99,'Kärnten'),('en_US',100,'Steiermark'),('en_US',101,'Tirol'),('en_US',102,'Burgenland'),('en_US',103,'Vorarlberg'),('en_US',104,'Aargau'),('en_US',105,'Appenzell Innerrhoden'),('en_US',106,'Appenzell Ausserrhoden'),('en_US',107,'Bern'),('en_US',108,'Basel-Landschaft'),('en_US',109,'Basel-Stadt'),('en_US',110,'Freiburg'),('en_US',111,'Genf'),('en_US',112,'Glarus'),('en_US',113,'Graubünden'),('en_US',114,'Jura'),('en_US',115,'Luzern'),('en_US',116,'Neuenburg'),('en_US',117,'Nidwalden'),('en_US',118,'Obwalden'),('en_US',119,'St. Gallen'),('en_US',120,'Schaffhausen'),('en_US',121,'Solothurn'),('en_US',122,'Schwyz'),('en_US',123,'Thurgau'),('en_US',124,'Tessin'),('en_US',125,'Uri'),('en_US',126,'Waadt'),('en_US',127,'Wallis'),('en_US',128,'Zug'),('en_US',129,'Zürich'),('en_US',130,'A Coruña'),('en_US',131,'Alava'),('en_US',132,'Albacete'),('en_US',133,'Alicante'),('en_US',134,'Almeria'),('en_US',135,'Asturias'),('en_US',136,'Avila'),('en_US',137,'Badajoz'),('en_US',138,'Baleares'),('en_US',139,'Barcelona'),('en_US',140,'Burgos'),('en_US',141,'Caceres'),('en_US',142,'Cadiz'),('en_US',143,'Cantabria'),('en_US',144,'Castellon'),('en_US',145,'Ceuta'),('en_US',146,'Ciudad Real'),('en_US',147,'Cordoba'),('en_US',148,'Cuenca'),('en_US',149,'Girona'),('en_US',150,'Granada'),('en_US',151,'Guadalajara'),('en_US',152,'Guipuzcoa'),('en_US',153,'Huelva'),('en_US',154,'Huesca'),('en_US',155,'Jaen'),('en_US',156,'La Rioja'),('en_US',157,'Las Palmas'),('en_US',158,'Leon'),('en_US',159,'Lleida'),('en_US',160,'Lugo'),('en_US',161,'Madrid'),('en_US',162,'Malaga'),('en_US',163,'Melilla'),('en_US',164,'Murcia'),('en_US',165,'Navarra'),('en_US',166,'Ourense'),('en_US',167,'Palencia'),('en_US',168,'Pontevedra'),('en_US',169,'Salamanca'),('en_US',170,'Santa Cruz de Tenerife'),('en_US',171,'Segovia'),('en_US',172,'Sevilla'),('en_US',173,'Soria'),('en_US',174,'Tarragona'),('en_US',175,'Teruel'),('en_US',176,'Toledo'),('en_US',177,'Valencia'),('en_US',178,'Valladolid'),('en_US',179,'Vizcaya'),('en_US',180,'Zamora'),('en_US',181,'Zaragoza'),('en_US',182,'Ain'),('en_US',183,'Aisne'),('en_US',184,'Allier'),('en_US',185,'Alpes-de-Haute-Provence'),('en_US',186,'Hautes-Alpes'),('en_US',187,'Alpes-Maritimes'),('en_US',188,'Ardèche'),('en_US',189,'Ardennes'),('en_US',190,'Ariège'),('en_US',191,'Aube'),('en_US',192,'Aude'),('en_US',193,'Aveyron'),('en_US',194,'Bouches-du-Rhône'),('en_US',195,'Calvados'),('en_US',196,'Cantal'),('en_US',197,'Charente'),('en_US',198,'Charente-Maritime'),('en_US',199,'Cher'),('en_US',200,'Corrèze'),('en_US',201,'Corse-du-Sud'),('en_US',202,'Haute-Corse'),('en_US',203,'Côte-d\'Or'),('en_US',204,'Côtes-d\'Armor'),('en_US',205,'Creuse'),('en_US',206,'Dordogne'),('en_US',207,'Doubs'),('en_US',208,'Drôme'),('en_US',209,'Eure'),('en_US',210,'Eure-et-Loir'),('en_US',211,'Finistère'),('en_US',212,'Gard'),('en_US',213,'Haute-Garonne'),('en_US',214,'Gers'),('en_US',215,'Gironde'),('en_US',216,'Hérault'),('en_US',217,'Ille-et-Vilaine'),('en_US',218,'Indre'),('en_US',219,'Indre-et-Loire'),('en_US',220,'Isère'),('en_US',221,'Jura'),('en_US',222,'Landes'),('en_US',223,'Loir-et-Cher'),('en_US',224,'Loire'),('en_US',225,'Haute-Loire'),('en_US',226,'Loire-Atlantique'),('en_US',227,'Loiret'),('en_US',228,'Lot'),('en_US',229,'Lot-et-Garonne'),('en_US',230,'Lozère'),('en_US',231,'Maine-et-Loire'),('en_US',232,'Manche'),('en_US',233,'Marne'),('en_US',234,'Haute-Marne'),('en_US',235,'Mayenne'),('en_US',236,'Meurthe-et-Moselle'),('en_US',237,'Meuse'),('en_US',238,'Morbihan'),('en_US',239,'Moselle'),('en_US',240,'Nièvre'),('en_US',241,'Nord'),('en_US',242,'Oise'),('en_US',243,'Orne'),('en_US',244,'Pas-de-Calais'),('en_US',245,'Puy-de-Dôme'),('en_US',246,'Pyrénées-Atlantiques'),('en_US',247,'Hautes-Pyrénées'),('en_US',248,'Pyrénées-Orientales'),('en_US',249,'Bas-Rhin'),('en_US',250,'Haut-Rhin'),('en_US',251,'Rhône'),('en_US',252,'Haute-Saône'),('en_US',253,'Saône-et-Loire'),('en_US',254,'Sarthe'),('en_US',255,'Savoie'),('en_US',256,'Haute-Savoie'),('en_US',257,'Paris'),('en_US',258,'Seine-Maritime'),('en_US',259,'Seine-et-Marne'),('en_US',260,'Yvelines'),('en_US',261,'Deux-Sèvres'),('en_US',262,'Somme'),('en_US',263,'Tarn'),('en_US',264,'Tarn-et-Garonne'),('en_US',265,'Var'),('en_US',266,'Vaucluse'),('en_US',267,'Vendée'),('en_US',268,'Vienne'),('en_US',269,'Haute-Vienne'),('en_US',270,'Vosges'),('en_US',271,'Yonne'),('en_US',272,'Territoire-de-Belfort'),('en_US',273,'Essonne'),('en_US',274,'Hauts-de-Seine'),('en_US',275,'Seine-Saint-Denis'),('en_US',276,'Val-de-Marne'),('en_US',277,'Val-d\'Oise'),('en_US',278,'Alba'),('en_US',279,'Arad'),('en_US',280,'Argeş'),('en_US',281,'Bacău'),('en_US',282,'Bihor'),('en_US',283,'Bistriţa-Năsăud'),('en_US',284,'Botoşani'),('en_US',285,'Braşov'),('en_US',286,'Brăila'),('en_US',287,'Bucureşti'),('en_US',288,'Buzău'),('en_US',289,'Caraş-Severin'),('en_US',290,'Călăraşi'),('en_US',291,'Cluj'),('en_US',292,'Constanţa'),('en_US',293,'Covasna'),('en_US',294,'Dâmboviţa'),('en_US',295,'Dolj'),('en_US',296,'Galaţi'),('en_US',297,'Giurgiu'),('en_US',298,'Gorj'),('en_US',299,'Harghita'),('en_US',300,'Hunedoara'),('en_US',301,'Ialomiţa'),('en_US',302,'Iaşi'),('en_US',303,'Ilfov'),('en_US',304,'Maramureş'),('en_US',305,'Mehedinţi'),('en_US',306,'Mureş'),('en_US',307,'Neamţ'),('en_US',308,'Olt'),('en_US',309,'Prahova'),('en_US',310,'Satu-Mare'),('en_US',311,'Sălaj'),('en_US',312,'Sibiu'),('en_US',313,'Suceava'),('en_US',314,'Teleorman'),('en_US',315,'Timiş'),('en_US',316,'Tulcea'),('en_US',317,'Vaslui'),('en_US',318,'Vâlcea'),('en_US',319,'Vrancea'),('en_US',320,'Lappi'),('en_US',321,'Pohjois-Pohjanmaa'),('en_US',322,'Kainuu'),('en_US',323,'Pohjois-Karjala'),('en_US',324,'Pohjois-Savo'),('en_US',325,'Etelä-Savo'),('en_US',326,'Etelä-Pohjanmaa'),('en_US',327,'Pohjanmaa'),('en_US',328,'Pirkanmaa'),('en_US',329,'Satakunta'),('en_US',330,'Keski-Pohjanmaa'),('en_US',331,'Keski-Suomi'),('en_US',332,'Varsinais-Suomi'),('en_US',333,'Etelä-Karjala'),('en_US',334,'Päijät-Häme'),('en_US',335,'Kanta-Häme'),('en_US',336,'Uusimaa'),('en_US',337,'Itä-Uusimaa'),('en_US',338,'Kymenlaakso'),('en_US',339,'Ahvenanmaa'),('en_US',340,'Harjumaa'),('en_US',341,'Hiiumaa'),('en_US',342,'Ida-Virumaa'),('en_US',343,'Jõgevamaa'),('en_US',344,'Järvamaa'),('en_US',345,'Läänemaa'),('en_US',346,'Lääne-Virumaa'),('en_US',347,'Põlvamaa'),('en_US',348,'Pärnumaa'),('en_US',349,'Raplamaa'),('en_US',350,'Saaremaa'),('en_US',351,'Tartumaa'),('en_US',352,'Valgamaa'),('en_US',353,'Viljandimaa'),('en_US',354,'Võrumaa'),('en_US',355,'Daugavpils'),('en_US',356,'Jelgava'),('en_US',357,'Jēkabpils'),('en_US',358,'Jūrmala'),('en_US',359,'Liepāja'),('en_US',360,'Liepājas novads'),('en_US',361,'Rēzekne'),('en_US',362,'Rīga'),('en_US',363,'Rīgas novads'),('en_US',364,'Valmiera'),('en_US',365,'Ventspils'),('en_US',366,'Aglonas novads'),('en_US',367,'Aizkraukles novads'),('en_US',368,'Aizputes novads'),('en_US',369,'Aknīstes novads'),('en_US',370,'Alojas novads'),('en_US',371,'Alsungas novads'),('en_US',372,'Alūksnes novads'),('en_US',373,'Amatas novads'),('en_US',374,'Apes novads'),('en_US',375,'Auces novads'),('en_US',376,'Babītes novads'),('en_US',377,'Baldones novads'),('en_US',378,'Baltinavas novads'),('en_US',379,'Balvu novads'),('en_US',380,'Bauskas novads'),('en_US',381,'Beverīnas novads'),('en_US',382,'Brocēnu novads'),('en_US',383,'Burtnieku novads'),('en_US',384,'Carnikavas novads'),('en_US',385,'Cesvaines novads'),('en_US',386,'Ciblas novads'),('en_US',387,'Cēsu novads'),('en_US',388,'Dagdas novads'),('en_US',389,'Daugavpils novads'),('en_US',390,'Dobeles novads'),('en_US',391,'Dundagas novads'),('en_US',392,'Durbes novads'),('en_US',393,'Engures novads'),('en_US',394,'Garkalnes novads'),('en_US',395,'Grobiņas novads'),('en_US',396,'Gulbenes novads'),('en_US',397,'Iecavas novads'),('en_US',398,'Ikšķiles novads'),('en_US',399,'Ilūkstes novads'),('en_US',400,'Inčukalna novads'),('en_US',401,'Jaunjelgavas novads'),('en_US',402,'Jaunpiebalgas novads'),('en_US',403,'Jaunpils novads'),('en_US',404,'Jelgavas novads'),('en_US',405,'Jēkabpils novads'),('en_US',406,'Kandavas novads'),('en_US',407,'Kokneses novads'),('en_US',408,'Krimuldas novads'),('en_US',409,'Krustpils novads'),('en_US',410,'Krāslavas novads'),('en_US',411,'Kuldīgas novads'),('en_US',412,'Kārsavas novads'),('en_US',413,'Lielvārdes novads'),('en_US',414,'Limbažu novads'),('en_US',415,'Lubānas novads'),('en_US',416,'Ludzas novads'),('en_US',417,'Līgatnes novads'),('en_US',418,'Līvānu novads'),('en_US',419,'Madonas novads'),('en_US',420,'Mazsalacas novads'),('en_US',421,'Mālpils novads'),('en_US',422,'Mārupes novads'),('en_US',423,'Naukšēnu novads'),('en_US',424,'Neretas novads'),('en_US',425,'Nīcas novads'),('en_US',426,'Ogres novads'),('en_US',427,'Olaines novads'),('en_US',428,'Ozolnieku novads'),('en_US',429,'Preiļu novads'),('en_US',430,'Priekules novads'),('en_US',431,'Priekuļu novads'),('en_US',432,'Pārgaujas novads'),('en_US',433,'Pāvilostas novads'),('en_US',434,'Pļaviņu novads'),('en_US',435,'Raunas novads'),('en_US',436,'Riebiņu novads'),('en_US',437,'Rojas novads'),('en_US',438,'Ropažu novads'),('en_US',439,'Rucavas novads'),('en_US',440,'Rugāju novads'),('en_US',441,'Rundāles novads'),('en_US',442,'Rēzeknes novads'),('en_US',443,'Rūjienas novads'),('en_US',444,'Salacgrīvas novads'),('en_US',445,'Salas novads'),('en_US',446,'Salaspils novads'),('en_US',447,'Saldus novads'),('en_US',448,'Saulkrastu novads'),('en_US',449,'Siguldas novads'),('en_US',450,'Skrundas novads'),('en_US',451,'Skrīveru novads'),('en_US',452,'Smiltenes novads'),('en_US',453,'Stopiņu novads'),('en_US',454,'Strenču novads'),('en_US',455,'Sējas novads'),('en_US',456,'Talsu novads'),('en_US',457,'Tukuma novads'),('en_US',458,'Tērvetes novads'),('en_US',459,'Vaiņodes novads'),('en_US',460,'Valkas novads'),('en_US',461,'Valmieras novads'),('en_US',462,'Varakļānu novads'),('en_US',463,'Vecpiebalgas novads'),('en_US',464,'Vecumnieku novads'),('en_US',465,'Ventspils novads'),('en_US',466,'Viesītes novads'),('en_US',467,'Viļakas novads'),('en_US',468,'Viļānu novads'),('en_US',469,'Vārkavas novads'),('en_US',470,'Zilupes novads'),('en_US',471,'Ādažu novads'),('en_US',472,'Ērgļu novads'),('en_US',473,'Ķeguma novads'),('en_US',474,'Ķekavas novads'),('en_US',475,'Alytaus Apskritis'),('en_US',476,'Kauno Apskritis'),('en_US',477,'Klaipėdos Apskritis'),('en_US',478,'Marijampolės Apskritis'),('en_US',479,'Panevėžio Apskritis'),('en_US',480,'Šiaulių Apskritis'),('en_US',481,'Tauragės Apskritis'),('en_US',482,'Telšių Apskritis'),('en_US',483,'Utenos Apskritis'),('en_US',484,'Vilniaus Apskritis'),('en_US',485,'Acre'),('en_US',486,'Alagoas'),('en_US',487,'Amapá'),('en_US',488,'Amazonas'),('en_US',489,'Bahia'),('en_US',490,'Ceará'),('en_US',491,'Espírito Santo'),('en_US',492,'Goiás'),('en_US',493,'Maranhão'),('en_US',494,'Mato Grosso'),('en_US',495,'Mato Grosso do Sul'),('en_US',496,'Minas Gerais'),('en_US',497,'Pará'),('en_US',498,'Paraíba'),('en_US',499,'Paraná'),('en_US',500,'Pernambuco'),('en_US',501,'Piauí'),('en_US',502,'Rio de Janeiro'),('en_US',503,'Rio Grande do Norte'),('en_US',504,'Rio Grande do Sul'),('en_US',505,'Rondônia'),('en_US',506,'Roraima'),('en_US',507,'Santa Catarina'),('en_US',508,'São Paulo'),('en_US',509,'Sergipe'),('en_US',510,'Tocantins'),('en_US',511,'Distrito Federal'),('en_US',512,'Zagrebačka županija'),('en_US',513,'Krapinsko-zagorska županija'),('en_US',514,'Sisačko-moslavačka županija'),('en_US',515,'Karlovačka županija'),('en_US',516,'Varaždinska županija'),('en_US',517,'Koprivničko-križevačka županija'),('en_US',518,'Bjelovarsko-bilogorska županija'),('en_US',519,'Primorsko-goranska županija'),('en_US',520,'Ličko-senjska županija'),('en_US',521,'Virovitičko-podravska županija'),('en_US',522,'Požeško-slavonska županija'),('en_US',523,'Brodsko-posavska županija'),('en_US',524,'Zadarska županija'),('en_US',525,'Osječko-baranjska županija'),('en_US',526,'Šibensko-kninska županija'),('en_US',527,'Vukovarsko-srijemska županija'),('en_US',528,'Splitsko-dalmatinska županija'),('en_US',529,'Istarska županija'),('en_US',530,'Dubrovačko-neretvanska županija'),('en_US',531,'Međimurska županija'),('en_US',532,'Grad Zagreb'),('en_US',533,'Andaman and Nicobar Islands'),('en_US',534,'Andhra Pradesh'),('en_US',535,'Arunachal Pradesh'),('en_US',536,'Assam'),('en_US',537,'Bihar'),('en_US',538,'Chandigarh'),('en_US',539,'Chhattisgarh'),('en_US',540,'Dadra and Nagar Haveli'),('en_US',541,'Daman and Diu'),('en_US',542,'Delhi'),('en_US',543,'Goa'),('en_US',544,'Gujarat'),('en_US',545,'Haryana'),('en_US',546,'Himachal Pradesh'),('en_US',547,'Jammu and Kashmir'),('en_US',548,'Jharkhand'),('en_US',549,'Karnataka'),('en_US',550,'Kerala'),('en_US',551,'Lakshadweep'),('en_US',552,'Madhya Pradesh'),('en_US',553,'Maharashtra'),('en_US',554,'Manipur'),('en_US',555,'Meghalaya'),('en_US',556,'Mizoram'),('en_US',557,'Nagaland'),('en_US',558,'Odisha'),('en_US',559,'Puducherry'),('en_US',560,'Punjab'),('en_US',561,'Rajasthan'),('en_US',562,'Sikkim'),('en_US',563,'Tamil Nadu'),('en_US',564,'Telangana'),('en_US',565,'Tripura'),('en_US',566,'Uttar Pradesh'),('en_US',567,'Uttarakhand'),('en_US',568,'West Bengal'),('en_US',569,'Australian Capital Territory'),('en_US',570,'New South Wales'),('en_US',571,'Victoria'),('en_US',572,'Queensland'),('en_US',573,'South Australia'),('en_US',574,'Tasmania'),('en_US',575,'Western Australia'),('en_US',576,'Northern Territory'),('en_US',577,'Antwerpen'),('en_US',578,'Brabant wallon'),('en_US',579,'Brussels-Capital Region'),('en_US',580,'Hainaut'),('en_US',581,'Limburg'),('en_US',582,'Liège'),('en_US',583,'Luxembourg'),('en_US',584,'Namur'),('en_US',585,'Oost-Vlaanderen'),('en_US',586,'Vlaams-Brabant'),('en_US',587,'West-Vlaanderen'),('en_US',588,'Blagoevgrad'),('en_US',589,'Burgas'),('en_US',590,'Varna'),('en_US',591,'Veliko Tarnovo'),('en_US',592,'Vidin'),('en_US',593,'Vratsa'),('en_US',594,'Gabrovo'),('en_US',595,'Dobrich'),('en_US',596,'Kardzhali'),('en_US',597,'Kyustendil'),('en_US',598,'Lovech'),('en_US',599,'Montana'),('en_US',600,'Pazardzhik'),('en_US',601,'Pernik'),('en_US',602,'Pleven'),('en_US',603,'Plovdiv'),('en_US',604,'Razgrad'),('en_US',605,'Ruse'),('en_US',606,'Silistra'),('en_US',607,'Sliven'),('en_US',608,'Smolyan'),('en_US',609,'Sofia City'),('en_US',610,'Sofia Province'),('en_US',611,'Stara Zagora'),('en_US',612,'Targovishte'),('en_US',613,'Haskovo'),('en_US',614,'Shumen'),('en_US',615,'Yambol'),('en_US',616,'Anhui Sheng'),('en_US',617,'Beijing Shi'),('en_US',618,'Chongqing Shi'),('en_US',619,'Fujian Sheng'),('en_US',620,'Gansu Sheng'),('en_US',621,'Guangdong Sheng'),('en_US',622,'Guangxi Zhuangzu Zizhiqu'),('en_US',623,'Guizhou Sheng'),('en_US',624,'Hainan Sheng'),('en_US',625,'Hebei Sheng'),('en_US',626,'Heilongjiang Sheng'),('en_US',627,'Henan Sheng'),('en_US',628,'Hong Kong SAR'),('en_US',629,'Hubei Sheng'),('en_US',630,'Hunan Sheng'),('en_US',631,'Jiangsu Sheng'),('en_US',632,'Jiangxi Sheng'),('en_US',633,'Jilin Sheng'),('en_US',634,'Liaoning Sheng'),('en_US',635,'Macao SAR'),('en_US',636,'Nei Mongol Zizhiqu'),('en_US',637,'Ningxia Huizi Zizhiqu'),('en_US',638,'Qinghai Sheng'),('en_US',639,'Shaanxi Sheng'),('en_US',640,'Shandong Sheng'),('en_US',641,'Shanghai Shi'),('en_US',642,'Shanxi Sheng'),('en_US',643,'Sichuan Sheng'),('en_US',644,'Taiwan Sheng'),('en_US',645,'Tianjin Shi'),('en_US',646,'Xinjiang Uygur Zizhiqu'),('en_US',647,'Xizang Zizhiqu'),('en_US',648,'Yunnan Sheng'),('en_US',649,'Zhejiang Sheng'),('en_US',650,'Amazonas'),('en_US',651,'Antioquia'),('en_US',652,'Arauca'),('en_US',653,'Atlántico'),('en_US',654,'Bolívar'),('en_US',655,'Boyacá'),('en_US',656,'Caldas'),('en_US',657,'Caquetá'),('en_US',658,'Casanare'),('en_US',659,'Cauca'),('en_US',660,'Cesar'),('en_US',661,'Chocó'),('en_US',662,'Córdoba'),('en_US',663,'Cundinamarca'),('en_US',664,'Guainía'),('en_US',665,'Guaviare'),('en_US',666,'Huila'),('en_US',667,'La Guajira'),('en_US',668,'Magdalena'),('en_US',669,'Meta'),('en_US',670,'Nariño'),('en_US',671,'Norte de Santander'),('en_US',672,'Putumayo'),('en_US',673,'Quindío'),('en_US',674,'Risaralda'),('en_US',675,'San Andrés y Providencia'),('en_US',676,'Santander'),('en_US',677,'Sucre'),('en_US',678,'Tolima'),('en_US',679,'Valle del Cauca'),('en_US',680,'Vaupés'),('en_US',681,'Vichada'),('en_US',682,'Agrigento'),('en_US',683,'Alessandria'),('en_US',684,'Ancona'),('en_US',685,'Aosta'),('en_US',686,'L\'Aquila'),('en_US',687,'Arezzo'),('en_US',688,'Ascoli-Piceno'),('en_US',689,'Asti'),('en_US',690,'Avellino'),('en_US',691,'Bari'),('en_US',692,'Barletta-Andria-Trani'),('en_US',693,'Belluno'),('en_US',694,'Benevento'),('en_US',695,'Bergamo'),('en_US',696,'Biella'),('en_US',697,'Bologna'),('en_US',698,'Bolzano'),('en_US',699,'Brescia'),('en_US',700,'Brindisi'),('en_US',701,'Cagliari'),('en_US',702,'Caltanissetta'),('en_US',703,'Campobasso'),('en_US',704,'Carbonia Iglesias'),('en_US',705,'Caserta'),('en_US',706,'Catania'),('en_US',707,'Catanzaro'),('en_US',708,'Chieti'),('en_US',709,'Como'),('en_US',710,'Cosenza'),('en_US',711,'Cremona'),('en_US',712,'Crotone'),('en_US',713,'Cuneo'),('en_US',714,'Enna'),('en_US',715,'Fermo'),('en_US',716,'Ferrara'),('en_US',717,'Firenze'),('en_US',718,'Foggia'),('en_US',719,'Forli-Cesena'),('en_US',720,'Frosinone'),('en_US',721,'Genova'),('en_US',722,'Gorizia'),('en_US',723,'Grosseto'),('en_US',724,'Imperia'),('en_US',725,'Isernia'),('en_US',726,'La-Spezia'),('en_US',727,'Latina'),('en_US',728,'Lecce'),('en_US',729,'Lecco'),('en_US',730,'Livorno'),('en_US',731,'Lodi'),('en_US',732,'Lucca'),('en_US',733,'Macerata'),('en_US',734,'Mantova'),('en_US',735,'Massa-Carrara'),('en_US',736,'Matera'),('en_US',737,'Medio Campidano'),('en_US',738,'Messina'),('en_US',739,'Milano'),('en_US',740,'Modena'),('en_US',741,'Monza-Brianza'),('en_US',742,'Napoli'),('en_US',743,'Novara'),('en_US',744,'Nuoro'),('en_US',745,'Ogliastra'),('en_US',746,'Olbia Tempio'),('en_US',747,'Oristano'),('en_US',748,'Padova'),('en_US',749,'Palermo'),('en_US',750,'Parma'),('en_US',751,'Pavia'),('en_US',752,'Perugia'),('en_US',753,'Pesaro-Urbino'),('en_US',754,'Pescara'),('en_US',755,'Piacenza'),('en_US',756,'Pisa'),('en_US',757,'Pistoia'),('en_US',758,'Pordenone'),('en_US',759,'Potenza'),('en_US',760,'Prato'),('en_US',761,'Ragusa'),('en_US',762,'Ravenna'),('en_US',763,'Reggio-Calabria'),('en_US',764,'Reggio-Emilia'),('en_US',765,'Rieti'),('en_US',766,'Rimini'),('en_US',767,'Roma'),('en_US',768,'Rovigo'),('en_US',769,'Salerno'),('en_US',770,'Sassari'),('en_US',771,'Savona'),('en_US',772,'Siena'),('en_US',773,'Siracusa'),('en_US',774,'Sondrio'),('en_US',775,'Taranto'),('en_US',776,'Teramo'),('en_US',777,'Terni'),('en_US',778,'Torino'),('en_US',779,'Trapani'),('en_US',780,'Trento'),('en_US',781,'Treviso'),('en_US',782,'Trieste'),('en_US',783,'Udine'),('en_US',784,'Varese'),('en_US',785,'Venezia'),('en_US',786,'Verbania'),('en_US',787,'Vercelli'),('en_US',788,'Verona'),('en_US',789,'Vibo-Valentia'),('en_US',790,'Vicenza'),('en_US',791,'Viterbo'),('en_US',792,'Aguascalientes'),('en_US',793,'Baja California'),('en_US',794,'Baja California Sur'),('en_US',795,'Campeche'),('en_US',796,'Chiapas'),('en_US',797,'Chihuahua'),('en_US',798,'Ciudad de México'),('en_US',799,'Coahuila'),('en_US',800,'Colima'),('en_US',801,'Durango'),('en_US',802,'Estado de México'),('en_US',803,'Guanajuato'),('en_US',804,'Guerrero'),('en_US',805,'Hidalgo'),('en_US',806,'Jalisco'),('en_US',807,'Michoacán'),('en_US',808,'Morelos'),('en_US',809,'Nayarit'),('en_US',810,'Nuevo León'),('en_US',811,'Oaxaca'),('en_US',812,'Puebla'),('en_US',813,'Querétaro'),('en_US',814,'Quintana Roo'),('en_US',815,'San Luis Potosí'),('en_US',816,'Sinaloa'),('en_US',817,'Sonora'),('en_US',818,'Tabasco'),('en_US',819,'Tamaulipas'),('en_US',820,'Tlaxcala'),('en_US',821,'Veracruz'),('en_US',822,'Yucatán'),('en_US',823,'Zacatecas'),('en_US',824,'dolnośląskie'),('en_US',825,'kujawsko-pomorskie'),('en_US',826,'lubelskie'),('en_US',827,'lubuskie'),('en_US',828,'łódzkie'),('en_US',829,'małopolskie'),('en_US',830,'mazowieckie'),('en_US',831,'opolskie'),('en_US',832,'podkarpackie'),('en_US',833,'podlaskie'),('en_US',834,'pomorskie'),('en_US',835,'śląskie'),('en_US',836,'świętokrzyskie'),('en_US',837,'warmińsko-mazurskie'),('en_US',838,'wielkopolskie'),('en_US',839,'zachodniopomorskie'),('en_US',840,'Artigas'),('en_US',841,'Canelones'),('en_US',842,'Cerro Largo'),('en_US',843,'Colonia'),('en_US',844,'Durazno'),('en_US',845,'Flores'),('en_US',846,'Florida'),('en_US',847,'Lavalleja'),('en_US',848,'Maldonado'),('en_US',849,'Montevideo'),('en_US',850,'Paysandu'),('en_US',851,'Río Negro'),('en_US',852,'Rivera'),('en_US',853,'Rocha'),('en_US',854,'Salto'),('en_US',855,'San José'),('en_US',856,'Soriano'),('en_US',857,'Tacuarembó'),('en_US',858,'Treinta y Tres');

--
-- Table structure for table `directory_currency_rate`
--

CREATE TABLE `directory_currency_rate` (
  `currency_from` varchar(3) NOT NULL COMMENT 'Currency Code Convert From',
  `currency_to` varchar(3) NOT NULL COMMENT 'Currency Code Convert To',
  `rate` decimal(24,12) NOT NULL DEFAULT 0.000000000000 COMMENT 'Currency Conversion Rate',
  PRIMARY KEY (`currency_from`,`currency_to`),
  KEY `DIRECTORY_CURRENCY_RATE_CURRENCY_TO` (`currency_to`)
) ENGINE=InnoDB DEFAULT CHARSET=utf8 COMMENT='Directory Currency Rate';

--
-- Dumping data for table `directory_currency_rate`
--

INSERT INTO `directory_currency_rate` VALUES ('EUR','EUR',1.000000000000),('EUR','USD',1.415000000000),('USD','EUR',0.706700000000),('USD','USD',1.000000000000),('VND','VND',1.000000000000);

--
-- Table structure for table `downloadable_link`
--

CREATE TABLE `downloadable_link` (
  `link_id` int(10) unsigned NOT NULL AUTO_INCREMENT COMMENT 'Link ID',
  `product_id` int(10) unsigned NOT NULL DEFAULT 0 COMMENT 'Product ID',
  `sort_order` int(10) unsigned NOT NULL DEFAULT 0 COMMENT 'Sort order',
  `number_of_downloads` int(11) DEFAULT NULL COMMENT 'Number of downloads',
  `is_shareable` smallint(5) unsigned NOT NULL DEFAULT 0 COMMENT 'Shareable flag',
  `link_url` varchar(255) DEFAULT NULL COMMENT 'Link Url',
  `link_file` varchar(255) DEFAULT NULL COMMENT 'Link File',
  `link_type` varchar(20) DEFAULT NULL COMMENT 'Link Type',
  `sample_url` varchar(255) DEFAULT NULL COMMENT 'Sample Url',
  `sample_file` varchar(255) DEFAULT NULL COMMENT 'Sample File',
  `sample_type` varchar(20) DEFAULT NULL COMMENT 'Sample Type',
  PRIMARY KEY (`link_id`),
  KEY `DOWNLOADABLE_LINK_PRODUCT_ID_SORT_ORDER` (`product_id`,`sort_order`),
  CONSTRAINT `DOWNLOADABLE_LINK_PRODUCT_ID_CATALOG_PRODUCT_ENTITY_ENTITY_ID` FOREIGN KEY (`product_id`) REFERENCES `catalog_product_entity` (`entity_id`) ON DELETE CASCADE
) ENGINE=InnoDB DEFAULT CHARSET=utf8 COMMENT='Downloadable Link Table';

--
-- Dumping data for table `downloadable_link`
--


--
-- Table structure for table `downloadable_link_price`
--

CREATE TABLE `downloadable_link_price` (
  `price_id` int(10) unsigned NOT NULL AUTO_INCREMENT COMMENT 'Price ID',
  `link_id` int(10) unsigned NOT NULL DEFAULT 0 COMMENT 'Link ID',
  `website_id` smallint(5) unsigned NOT NULL DEFAULT 0 COMMENT 'Website ID',
  `price` decimal(20,6) NOT NULL DEFAULT 0.000000 COMMENT 'Price',
  PRIMARY KEY (`price_id`),
  KEY `DOWNLOADABLE_LINK_PRICE_LINK_ID` (`link_id`),
  KEY `DOWNLOADABLE_LINK_PRICE_WEBSITE_ID` (`website_id`),
  CONSTRAINT `DOWNLOADABLE_LINK_PRICE_LINK_ID_DOWNLOADABLE_LINK_LINK_ID` FOREIGN KEY (`link_id`) REFERENCES `downloadable_link` (`link_id`) ON DELETE CASCADE,
  CONSTRAINT `DOWNLOADABLE_LINK_PRICE_WEBSITE_ID_STORE_WEBSITE_WEBSITE_ID` FOREIGN KEY (`website_id`) REFERENCES `store_website` (`website_id`) ON DELETE CASCADE
) ENGINE=InnoDB DEFAULT CHARSET=utf8 COMMENT='Downloadable Link Price Table';

--
-- Dumping data for table `downloadable_link_price`
--


--
-- Table structure for table `downloadable_link_purchased`
--

CREATE TABLE `downloadable_link_purchased` (
  `purchased_id` int(10) unsigned NOT NULL AUTO_INCREMENT COMMENT 'Purchased ID',
  `order_id` int(10) unsigned DEFAULT 0 COMMENT 'Order ID',
  `order_increment_id` varchar(50) DEFAULT NULL COMMENT 'Order Increment ID',
  `order_item_id` int(10) unsigned NOT NULL DEFAULT 0 COMMENT 'Order Item ID',
  `created_at` timestamp NOT NULL DEFAULT current_timestamp() COMMENT 'Date of creation',
  `updated_at` timestamp NOT NULL DEFAULT current_timestamp() ON UPDATE current_timestamp() COMMENT 'Date of modification',
  `customer_id` int(10) unsigned DEFAULT 0 COMMENT 'Customer ID',
  `product_name` varchar(255) DEFAULT NULL COMMENT 'Product name',
  `product_sku` varchar(255) DEFAULT NULL COMMENT 'Product sku',
  `link_section_title` varchar(255) DEFAULT NULL COMMENT 'Link_section_title',
  PRIMARY KEY (`purchased_id`),
  KEY `DOWNLOADABLE_LINK_PURCHASED_ORDER_ID` (`order_id`),
  KEY `DOWNLOADABLE_LINK_PURCHASED_ORDER_ITEM_ID` (`order_item_id`),
  KEY `DOWNLOADABLE_LINK_PURCHASED_CUSTOMER_ID` (`customer_id`),
  CONSTRAINT `DL_LNK_PURCHASED_CSTR_ID_CSTR_ENTT_ENTT_ID` FOREIGN KEY (`customer_id`) REFERENCES `customer_entity` (`entity_id`) ON DELETE SET NULL,
  CONSTRAINT `DOWNLOADABLE_LINK_PURCHASED_ORDER_ID_SALES_ORDER_ENTITY_ID` FOREIGN KEY (`order_id`) REFERENCES `sales_order` (`entity_id`) ON DELETE SET NULL
) ENGINE=InnoDB DEFAULT CHARSET=utf8 COMMENT='Downloadable Link Purchased Table';

--
-- Dumping data for table `downloadable_link_purchased`
--


--
-- Table structure for table `downloadable_link_purchased_item`
--

CREATE TABLE `downloadable_link_purchased_item` (
  `item_id` int(10) unsigned NOT NULL AUTO_INCREMENT COMMENT 'Item ID',
  `purchased_id` int(10) unsigned NOT NULL DEFAULT 0 COMMENT 'Purchased ID',
  `order_item_id` int(10) unsigned DEFAULT 0 COMMENT 'Order Item ID',
  `product_id` int(10) unsigned DEFAULT 0 COMMENT 'Product ID',
  `link_hash` varchar(255) DEFAULT NULL COMMENT 'Link hash',
  `number_of_downloads_bought` int(10) unsigned NOT NULL DEFAULT 0 COMMENT 'Number of downloads bought',
  `number_of_downloads_used` int(10) unsigned NOT NULL DEFAULT 0 COMMENT 'Number of downloads used',
  `link_id` int(10) unsigned NOT NULL DEFAULT 0 COMMENT 'Link ID',
  `link_title` varchar(255) DEFAULT NULL COMMENT 'Link Title',
  `is_shareable` smallint(5) unsigned NOT NULL DEFAULT 0 COMMENT 'Shareable Flag',
  `link_url` varchar(255) DEFAULT NULL COMMENT 'Link Url',
  `link_file` varchar(255) DEFAULT NULL COMMENT 'Link File',
  `link_type` varchar(255) DEFAULT NULL COMMENT 'Link Type',
  `status` varchar(50) DEFAULT NULL COMMENT 'Status',
  `created_at` timestamp NOT NULL DEFAULT current_timestamp() COMMENT 'Creation Time',
  `updated_at` timestamp NOT NULL DEFAULT current_timestamp() ON UPDATE current_timestamp() COMMENT 'Update Time',
  PRIMARY KEY (`item_id`),
  KEY `DOWNLOADABLE_LINK_PURCHASED_ITEM_LINK_HASH` (`link_hash`),
  KEY `DOWNLOADABLE_LINK_PURCHASED_ITEM_ORDER_ITEM_ID` (`order_item_id`),
  KEY `DOWNLOADABLE_LINK_PURCHASED_ITEM_PURCHASED_ID` (`purchased_id`),
  CONSTRAINT `DL_LNK_PURCHASED_ITEM_ORDER_ITEM_ID_SALES_ORDER_ITEM_ITEM_ID` FOREIGN KEY (`order_item_id`) REFERENCES `sales_order_item` (`item_id`) ON DELETE SET NULL,
  CONSTRAINT `DL_LNK_PURCHASED_ITEM_PURCHASED_ID_DL_LNK_PURCHASED_PURCHASED_ID` FOREIGN KEY (`purchased_id`) REFERENCES `downloadable_link_purchased` (`purchased_id`) ON DELETE CASCADE
) ENGINE=InnoDB DEFAULT CHARSET=utf8 COMMENT='Downloadable Link Purchased Item Table';

--
-- Dumping data for table `downloadable_link_purchased_item`
--


--
-- Table structure for table `downloadable_link_title`
--

CREATE TABLE `downloadable_link_title` (
  `title_id` int(10) unsigned NOT NULL AUTO_INCREMENT COMMENT 'Title ID',
  `link_id` int(10) unsigned NOT NULL DEFAULT 0 COMMENT 'Link ID',
  `store_id` smallint(5) unsigned NOT NULL DEFAULT 0 COMMENT 'Store ID',
  `title` varchar(255) DEFAULT NULL COMMENT 'Title',
  PRIMARY KEY (`title_id`),
  UNIQUE KEY `DOWNLOADABLE_LINK_TITLE_LINK_ID_STORE_ID` (`link_id`,`store_id`),
  KEY `DOWNLOADABLE_LINK_TITLE_STORE_ID` (`store_id`),
  CONSTRAINT `DOWNLOADABLE_LINK_TITLE_LINK_ID_DOWNLOADABLE_LINK_LINK_ID` FOREIGN KEY (`link_id`) REFERENCES `downloadable_link` (`link_id`) ON DELETE CASCADE,
  CONSTRAINT `DOWNLOADABLE_LINK_TITLE_STORE_ID_STORE_STORE_ID` FOREIGN KEY (`store_id`) REFERENCES `store` (`store_id`) ON DELETE CASCADE
) ENGINE=InnoDB DEFAULT CHARSET=utf8 COMMENT='Link Title Table';

--
-- Dumping data for table `downloadable_link_title`
--


--
-- Table structure for table `downloadable_sample`
--

CREATE TABLE `downloadable_sample` (
  `sample_id` int(10) unsigned NOT NULL AUTO_INCREMENT COMMENT 'Sample ID',
  `product_id` int(10) unsigned NOT NULL DEFAULT 0 COMMENT 'Product ID',
  `sample_url` varchar(255) DEFAULT NULL COMMENT 'Sample URL',
  `sample_file` varchar(255) DEFAULT NULL COMMENT 'Sample file',
  `sample_type` varchar(20) DEFAULT NULL COMMENT 'Sample Type',
  `sort_order` int(10) unsigned NOT NULL DEFAULT 0 COMMENT 'Sort Order',
  PRIMARY KEY (`sample_id`),
  KEY `DOWNLOADABLE_SAMPLE_PRODUCT_ID` (`product_id`),
  CONSTRAINT `DOWNLOADABLE_SAMPLE_PRODUCT_ID_CATALOG_PRODUCT_ENTITY_ENTITY_ID` FOREIGN KEY (`product_id`) REFERENCES `catalog_product_entity` (`entity_id`) ON DELETE CASCADE
) ENGINE=InnoDB DEFAULT CHARSET=utf8 COMMENT='Downloadable Sample Table';

--
-- Dumping data for table `downloadable_sample`
--


--
-- Table structure for table `downloadable_sample_title`
--

CREATE TABLE `downloadable_sample_title` (
  `title_id` int(10) unsigned NOT NULL AUTO_INCREMENT COMMENT 'Title ID',
  `sample_id` int(10) unsigned NOT NULL DEFAULT 0 COMMENT 'Sample ID',
  `store_id` smallint(5) unsigned NOT NULL DEFAULT 0 COMMENT 'Store ID',
  `title` varchar(255) DEFAULT NULL COMMENT 'Title',
  PRIMARY KEY (`title_id`),
  UNIQUE KEY `DOWNLOADABLE_SAMPLE_TITLE_SAMPLE_ID_STORE_ID` (`sample_id`,`store_id`),
  KEY `DOWNLOADABLE_SAMPLE_TITLE_STORE_ID` (`store_id`),
  CONSTRAINT `DL_SAMPLE_TTL_SAMPLE_ID_DL_SAMPLE_SAMPLE_ID` FOREIGN KEY (`sample_id`) REFERENCES `downloadable_sample` (`sample_id`) ON DELETE CASCADE,
  CONSTRAINT `DOWNLOADABLE_SAMPLE_TITLE_STORE_ID_STORE_STORE_ID` FOREIGN KEY (`store_id`) REFERENCES `store` (`store_id`) ON DELETE CASCADE
) ENGINE=InnoDB DEFAULT CHARSET=utf8 COMMENT='Downloadable Sample Title Table';

--
-- Dumping data for table `downloadable_sample_title`
--


--
-- Table structure for table `eav_attribute`
--

CREATE TABLE `eav_attribute` (
  `attribute_id` smallint(5) unsigned NOT NULL AUTO_INCREMENT COMMENT 'Attribute ID',
  `entity_type_id` smallint(5) unsigned NOT NULL DEFAULT 0 COMMENT 'Entity Type ID',
  `attribute_code` varchar(255) NOT NULL COMMENT 'Attribute Code',
  `attribute_model` varchar(255) DEFAULT NULL COMMENT 'Attribute Model',
  `backend_model` varchar(255) DEFAULT NULL COMMENT 'Backend Model',
  `backend_type` varchar(8) NOT NULL DEFAULT 'static' COMMENT 'Backend Type',
  `backend_table` varchar(255) DEFAULT NULL COMMENT 'Backend Table',
  `frontend_model` varchar(255) DEFAULT NULL COMMENT 'Frontend Model',
  `frontend_input` varchar(50) DEFAULT NULL COMMENT 'Frontend Input',
  `frontend_label` varchar(255) DEFAULT NULL COMMENT 'Frontend Label',
  `frontend_class` varchar(255) DEFAULT NULL COMMENT 'Frontend Class',
  `source_model` varchar(255) DEFAULT NULL COMMENT 'Source Model',
  `is_required` smallint(5) unsigned NOT NULL DEFAULT 0 COMMENT 'Defines Is Required',
  `is_user_defined` smallint(5) unsigned NOT NULL DEFAULT 0 COMMENT 'Defines Is User Defined',
  `default_value` text DEFAULT NULL COMMENT 'Default Value',
  `is_unique` smallint(5) unsigned NOT NULL DEFAULT 0 COMMENT 'Defines Is Unique',
  `note` varchar(255) DEFAULT NULL COMMENT 'Note',
  PRIMARY KEY (`attribute_id`),
  UNIQUE KEY `EAV_ATTRIBUTE_ENTITY_TYPE_ID_ATTRIBUTE_CODE` (`entity_type_id`,`attribute_code`),
  KEY `EAV_ATTRIBUTE_FRONTEND_INPUT_ENTITY_TYPE_ID_IS_USER_DEFINED` (`frontend_input`,`entity_type_id`,`is_user_defined`),
  CONSTRAINT `EAV_ATTRIBUTE_ENTITY_TYPE_ID_EAV_ENTITY_TYPE_ENTITY_TYPE_ID` FOREIGN KEY (`entity_type_id`) REFERENCES `eav_entity_type` (`entity_type_id`) ON DELETE CASCADE
) ENGINE=InnoDB AUTO_INCREMENT=183 DEFAULT CHARSET=utf8 COMMENT='Eav Attribute';

--
-- Dumping data for table `eav_attribute`
--



--
-- Table structure for table `eav_attribute_group`
--

CREATE TABLE `eav_attribute_group` (
  `attribute_group_id` smallint(5) unsigned NOT NULL AUTO_INCREMENT COMMENT 'Attribute Group ID',
  `attribute_set_id` smallint(5) unsigned NOT NULL DEFAULT 0 COMMENT 'Attribute Set ID',
  `attribute_group_name` varchar(255) DEFAULT NULL COMMENT 'Attribute Group Name',
  `sort_order` smallint(6) NOT NULL DEFAULT 0 COMMENT 'Sort Order',
  `default_id` smallint(5) unsigned DEFAULT 0 COMMENT 'Default ID',
  `attribute_group_code` varchar(255) NOT NULL COMMENT 'Attribute Group Code',
  `tab_group_code` varchar(255) DEFAULT NULL COMMENT 'Tab Group Code',
  PRIMARY KEY (`attribute_group_id`),
  UNIQUE KEY `EAV_ATTRIBUTE_GROUP_ATTRIBUTE_SET_ID_ATTRIBUTE_GROUP_CODE` (`attribute_set_id`,`attribute_group_code`),
  UNIQUE KEY `EAV_ATTRIBUTE_GROUP_ATTRIBUTE_SET_ID_ATTRIBUTE_GROUP_NAME` (`attribute_set_id`,`attribute_group_name`),
  KEY `EAV_ATTRIBUTE_GROUP_ATTRIBUTE_SET_ID_SORT_ORDER` (`attribute_set_id`,`sort_order`),
  CONSTRAINT `EAV_ATTR_GROUP_ATTR_SET_ID_EAV_ATTR_SET_ATTR_SET_ID` FOREIGN KEY (`attribute_set_id`) REFERENCES `eav_attribute_set` (`attribute_set_id`) ON DELETE CASCADE
) ENGINE=InnoDB AUTO_INCREMENT=24 DEFAULT CHARSET=utf8 COMMENT='Eav Attribute Group';

--
-- Dumping data for table `eav_attribute_group`
--

INSERT INTO `eav_attribute_group` VALUES (1,1,'General',1,1,'general',NULL),(2,2,'General',1,1,'general',NULL),(3,3,'General',10,1,'general',NULL),(4,3,'General Information',2,0,'general-information',NULL),(5,3,'Display Settings',20,0,'display-settings',NULL),(6,3,'Custom Design',30,0,'custom-design',NULL),(7,4,'General',1,1,'product-details','basic'),(8,4,'Advanced Pricing',6,0,'advanced-pricing','advanced'),(9,4,'Search Engine Optimization',5,0,'search-engine-optimization','basic'),(10,4,'Images',4,0,'image-management','basic'),(11,4,'Design',7,0,'design','advanced'),(12,4,'Autosettings',9,0,'autosettings','advanced'),(13,4,'Content',2,0,'content','basic'),(14,4,'Schedule Design Update',8,0,'schedule-design-update','advanced'),(15,5,'General',1,1,'general',NULL),(16,6,'General',1,1,'general',NULL),(17,7,'General',1,1,'general',NULL),(18,8,'General',1,1,'general',NULL),(19,4,'Bundle Items',3,0,'bundle-items',NULL),(20,4,'Gift Options',10,0,'gift-options',NULL),(21,3,'Custom Menu',31,0,'custom-menu',NULL),(22,3,'Vertical Menu',32,0,'vertical-menu',NULL);

--
-- Table structure for table `eav_attribute_label`
--

CREATE TABLE `eav_attribute_label` (
  `attribute_label_id` int(10) unsigned NOT NULL AUTO_INCREMENT COMMENT 'Attribute Label ID',
  `attribute_id` smallint(5) unsigned NOT NULL DEFAULT 0 COMMENT 'Attribute ID',
  `store_id` smallint(5) unsigned NOT NULL DEFAULT 0 COMMENT 'Store ID',
  `value` varchar(255) DEFAULT NULL COMMENT 'Value',
  PRIMARY KEY (`attribute_label_id`),
  KEY `EAV_ATTRIBUTE_LABEL_STORE_ID` (`store_id`),
  KEY `EAV_ATTRIBUTE_LABEL_ATTRIBUTE_ID_STORE_ID` (`attribute_id`,`store_id`),
  CONSTRAINT `EAV_ATTRIBUTE_LABEL_ATTRIBUTE_ID_EAV_ATTRIBUTE_ATTRIBUTE_ID` FOREIGN KEY (`attribute_id`) REFERENCES `eav_attribute` (`attribute_id`) ON DELETE CASCADE,
  CONSTRAINT `EAV_ATTRIBUTE_LABEL_STORE_ID_STORE_STORE_ID` FOREIGN KEY (`store_id`) REFERENCES `store` (`store_id`) ON DELETE CASCADE
) ENGINE=InnoDB AUTO_INCREMENT=106 DEFAULT CHARSET=utf8 COMMENT='Eav Attribute Label';

--
-- Dumping data for table `eav_attribute_label`
--

INSERT INTO `eav_attribute_label` VALUES (1,172,9,'Kích thước'),(56,180,9,'Màu Chao'),(75,179,9,'Chất Liệu'),(90,93,9,'Màu sắc'),(92,178,9,'Kích Thước'),(102,182,9,'CHỌN 1 LỰA CHỌN CỦA BẠN'),(104,181,9,'Thời hạn thuê (Đặt cọc trước 2 tháng)'),(105,83,9,'Nhà Cung Cấp');

--
-- Table structure for table `eav_attribute_option`
--

CREATE TABLE `eav_attribute_option` (
  `option_id` int(10) unsigned NOT NULL AUTO_INCREMENT COMMENT 'Option ID',
  `attribute_id` smallint(5) unsigned NOT NULL DEFAULT 0 COMMENT 'Attribute ID',
  `sort_order` smallint(5) unsigned NOT NULL DEFAULT 0 COMMENT 'Sort Order',
  PRIMARY KEY (`option_id`),
  KEY `EAV_ATTRIBUTE_OPTION_ATTRIBUTE_ID` (`attribute_id`),
  CONSTRAINT `EAV_ATTRIBUTE_OPTION_ATTRIBUTE_ID_EAV_ATTRIBUTE_ATTRIBUTE_ID` FOREIGN KEY (`attribute_id`) REFERENCES `eav_attribute` (`attribute_id`) ON DELETE CASCADE
) ENGINE=InnoDB AUTO_INCREMENT=156 DEFAULT CHARSET=utf8 COMMENT='Eav Attribute Option';

--
-- Dumping data for table `eav_attribute_option`
--

INSERT INTO `eav_attribute_option` VALUES (1,20,0),(2,20,1),(3,20,3),(5,93,2),(6,93,3),(7,93,4),(8,93,5),(10,172,1),(11,172,2),(12,172,3),(13,172,4),(14,172,5),(16,83,1),(17,83,2),(18,83,3),(19,83,4),(20,83,5),(21,83,6),(22,83,7),(23,83,8),(24,83,9),(25,83,10),(26,83,11),(27,83,12),(28,83,13),(29,83,14),(33,178,3),(34,179,1),(35,179,2),(36,178,2),(37,178,3),(38,178,4),(39,179,3),(40,179,4),(41,93,5),(42,93,6),(43,93,7),(44,93,8),(45,93,9),(46,93,10),(47,93,11),(48,179,5),(49,178,5),(50,178,6),(51,178,7),(52,178,8),(53,178,9),(54,178,10),(55,178,11),(56,178,12),(57,178,13),(58,178,14),(59,178,15),(60,178,16),(61,178,17),(62,178,18),(63,178,19),(64,178,21),(65,178,22),(66,178,23),(67,178,24),(68,178,25),(69,178,26),(70,178,27),(71,178,28),(72,178,29),(73,178,30),(74,178,31),(75,178,32),(76,178,33),(77,178,34),(78,178,35),(79,178,36),(80,178,37),(81,178,38),(82,178,39),(83,178,39),(86,180,1),(87,180,2),(88,180,3),(89,180,4),(90,180,5),(91,178,40),(92,178,41),(93,180,6),(94,178,42),(95,178,43),(96,83,15),(97,83,16),(98,83,17),(99,83,18),(100,93,12),(101,93,13),(102,93,14),(103,93,15),(104,93,16),(105,93,17),(106,93,18),(107,93,19),(108,178,44),(109,178,45),(110,178,46),(111,178,47),(112,178,48),(113,178,49),(114,178,50),(115,178,51),(116,178,52),(117,178,53),(118,93,20),(119,93,21),(120,93,22),(121,178,54),(122,179,6),(123,179,7),(124,179,8),(125,181,1),(126,181,2),(127,93,23),(128,182,2),(129,182,4),(130,182,5),(131,93,24),(132,93,25),(133,93,26),(134,178,55),(135,178,56),(136,178,57),(137,178,58),(138,178,59),(139,178,60),(140,178,61),(141,178,62),(142,178,63),(143,83,19),(144,83,20),(145,182,1),(146,182,3),(147,181,3),(148,181,4),(149,181,5),(150,181,6),(151,181,7),(152,182,6),(153,182,7),(154,182,8),(155,83,21);

--
-- Table structure for table `eav_attribute_option_swatch`
--

CREATE TABLE `eav_attribute_option_swatch` (
  `swatch_id` int(10) unsigned NOT NULL AUTO_INCREMENT COMMENT 'Swatch ID',
  `option_id` int(10) unsigned NOT NULL COMMENT 'Option ID',
  `store_id` smallint(5) unsigned NOT NULL COMMENT 'Store ID',
  `type` smallint(5) unsigned NOT NULL COMMENT 'Swatch type: 0 - text, 1 - visual color, 2 - visual image',
  `value` varchar(255) DEFAULT NULL COMMENT 'Swatch Value',
  PRIMARY KEY (`swatch_id`),
  UNIQUE KEY `EAV_ATTRIBUTE_OPTION_SWATCH_STORE_ID_OPTION_ID` (`store_id`,`option_id`),
  KEY `EAV_ATTR_OPT_SWATCH_OPT_ID_EAV_ATTR_OPT_OPT_ID` (`option_id`),
  KEY `EAV_ATTRIBUTE_OPTION_SWATCH_SWATCH_ID` (`swatch_id`),
  CONSTRAINT `EAV_ATTRIBUTE_OPTION_SWATCH_STORE_ID_STORE_STORE_ID` FOREIGN KEY (`store_id`) REFERENCES `store` (`store_id`) ON DELETE CASCADE,
  CONSTRAINT `EAV_ATTR_OPT_SWATCH_OPT_ID_EAV_ATTR_OPT_OPT_ID` FOREIGN KEY (`option_id`) REFERENCES `eav_attribute_option` (`option_id`) ON DELETE CASCADE
) ENGINE=InnoDB AUTO_INCREMENT=220 DEFAULT CHARSET=utf8 COMMENT='Magento Swatches table';

--
-- Dumping data for table `eav_attribute_option_swatch`
--

INSERT INTO `eav_attribute_option_swatch` VALUES (2,5,0,1,'#ffea00'),(3,6,0,1,'#000000'),(4,7,0,1,'#402e0c'),(5,8,0,1,'#fafafa'),(16,34,0,0,'MK'),(17,34,9,0,'Mặt Kính'),(18,35,0,0,'MD'),(19,35,9,0,'Mặt Đá'),(22,36,0,0,'D50'),(23,36,9,0,'D50cm'),(24,33,0,0,'D60'),(25,33,9,0,'D60cm'),(26,37,0,0,'SN'),(27,37,9,0,'70x90cm'),(28,38,0,0,'ST'),(29,38,9,0,'90x120cm'),(30,39,0,0,'DT'),(31,39,9,0,'Đá Trắng'),(32,40,0,0,'DD'),(33,40,9,0,'Đá Đen'),(34,41,0,1,'#ba8c63'),(35,42,0,1,'#694806'),(36,43,0,1,'#03a340'),(37,44,0,1,'#2f8ee0'),(38,45,0,1,'#c0c0c0'),(39,46,0,1,'#f20c0c'),(40,47,0,1,'#ff5ea9'),(41,48,0,0,'K'),(42,48,9,0,'Kính'),(43,49,0,0,'D80'),(44,49,9,0,'D80cm'),(45,50,0,0,'D100'),(46,50,9,0,'D100cm'),(47,51,0,0,'LH'),(48,51,9,0,'Liên Hệ'),(49,52,0,0,'D90'),(50,52,9,0,'D90cm'),(51,53,0,0,'H90'),(52,53,9,0,'H90cm'),(53,54,0,0,'H80'),(54,54,9,0,'H80cm'),(55,55,0,0,'H120'),(56,55,9,0,'H120cm'),(57,56,0,0,'H210'),(58,56,9,0,'H210cm'),(59,57,0,0,'H180'),(60,57,9,0,'H180cm'),(61,58,0,0,'SZ'),(62,58,9,0,'50x70cm'),(63,59,0,0,'SX'),(64,59,9,0,'60x60cm'),(65,60,0,0,'SY'),(66,60,9,0,'50x100cm'),(67,61,0,0,'SQ'),(68,61,9,0,'60x80cm'),(69,62,0,0,'H150'),(70,62,9,0,'H150cm'),(71,63,0,0,'H190'),(72,63,9,0,'H190cm'),(73,64,0,0,'D25'),(74,64,9,0,'D25cm'),(75,65,0,0,'D38'),(76,65,9,0,'D38cm'),(77,66,0,0,'D28'),(78,66,9,0,'D28cm'),(79,67,0,0,'D22'),(80,67,9,0,'D22cm'),(81,68,0,0,'5D'),(82,68,9,0,'5 Đui'),(83,69,0,0,'10D'),(84,69,9,0,'10 Đui'),(85,70,0,0,'15D'),(86,70,9,0,'15 Đui'),(87,71,0,0,'21D'),(88,71,9,0,'21 Đui'),(89,72,0,0,'10L'),(90,72,9,0,'10 Lá'),(91,73,0,0,'15L'),(92,73,9,0,'15 Lá'),(93,74,0,0,'30L'),(94,74,9,0,'30 Lá'),(95,75,0,0,'45L'),(96,75,9,0,'45 Lá'),(97,76,0,0,'63L'),(98,76,9,0,'63 Lá'),(99,77,0,0,'108L'),(100,77,9,0,'108 Lá'),(101,78,0,0,'135L'),(102,78,9,0,'135 Lá'),(103,79,0,0,'162L'),(104,79,9,0,'162 Lá'),(105,80,0,0,'216L'),(106,80,9,0,'216 Lá'),(107,81,0,0,'27L'),(108,81,9,0,'27 Lá'),(109,82,0,0,'36L'),(110,82,9,0,'36 Lá'),(111,83,0,0,'H50'),(112,83,9,0,'H50cm'),(115,86,0,1,'#ad5f0c'),(116,87,0,1,'#ffff00'),(117,88,0,1,'#ffffff'),(118,89,0,1,'#ffd500'),(119,90,0,1,'#b3b3b3'),(120,91,0,0,'8B'),(121,91,9,0,'8 Bóng'),(122,92,0,0,'6B'),(123,92,9,0,'6 Bóng'),(124,93,0,1,'#f0f0f0'),(125,94,0,0,'SC'),(126,94,9,0,'180x90x75cm'),(127,95,0,0,'SD'),(128,95,9,0,'160x80x75cm'),(129,100,0,1,'#c1d571'),(130,101,0,1,'#fffdd0'),(131,102,0,1,'#daa06d'),(132,103,0,1,'#999ea7'),(133,104,0,1,'#d8d8d8'),(134,105,0,1,'#ff8800'),(135,106,0,1,'#a35200'),(136,107,0,1,'#d48da3'),(137,108,0,0,'L120'),(138,108,9,0,'L120cm'),(139,109,0,0,'L140'),(140,109,9,0,'L140cm'),(141,110,0,0,'L160'),(142,110,9,0,'L160cm'),(143,111,0,0,'L165'),(144,111,9,0,'L165cm'),(145,112,0,0,'L145'),(146,112,9,0,'L145cm'),(147,113,0,0,'L180'),(148,113,9,0,'L180cm'),(149,114,0,0,'L60'),(150,114,9,0,'L60cm'),(151,115,0,0,'L70'),(152,115,9,0,'L70cm'),(153,116,0,0,'D70'),(154,116,9,0,'D70cm'),(155,117,0,0,'L80'),(156,117,9,0,'L80cm'),(157,118,0,1,'#fbffff'),(158,119,0,1,'#fcfce1'),(159,120,0,1,'#f1f1f1'),(160,121,0,0,'D120'),(161,121,9,0,'D120cm'),(162,122,0,0,'CS'),(163,122,9,0,'Cao Su'),(164,123,0,0,'TB'),(165,123,9,0,'Tần Bì'),(166,124,0,0,'MG'),(167,124,9,0,'Mặt Gỗ'),(168,125,0,0,'3'),(169,125,9,0,'3 Tháng'),(170,126,0,0,'6'),(171,126,9,0,'6 Tháng'),(172,127,0,1,'#958f81'),(173,128,0,0,'PN1'),(174,128,9,0,'Phòng Ngủ Master'),(175,129,0,0,'PB'),(176,129,9,0,'Phòng Bếp'),(177,130,0,0,'PK'),(178,130,9,0,'Phòng Khách'),(179,131,0,1,'#cac7c7'),(180,132,0,1,'#cf8132'),(181,133,0,1,'#bababa'),(182,134,0,0,'157'),(183,134,9,0,'157mm'),(184,135,0,0,'293'),(185,135,9,0,'293mm'),(186,136,0,0,'X'),(187,136,9,0,'X-Single'),(188,137,0,0,'Single'),(189,137,9,0,'Single'),(190,138,0,0,'Full'),(191,138,9,0,'Full'),(192,139,0,0,'Queen'),(193,139,9,0,'Queen'),(194,140,0,0,'King'),(195,140,9,0,'King'),(196,141,0,0,'SQKing'),(197,141,9,0,'Square King'),(198,142,0,0,'SPKing'),(199,142,9,0,'Super King'),(200,145,0,0,'All'),(201,145,9,0,'Tất Cả Phòng'),(202,146,0,0,'PN2'),(203,146,9,0,'Phòng Ngủ Basic'),(204,147,0,0,'9'),(205,147,9,0,'9 Tháng'),(206,148,0,0,'12'),(207,148,9,0,'12 Tháng'),(208,149,0,0,'24'),(209,149,9,0,'24 Tháng'),(210,150,0,0,'36'),(211,150,9,0,'36 Tháng'),(212,151,0,0,'60'),(213,151,9,0,'60 Tháng'),(214,152,0,0,'2PN'),(215,152,9,0,'2 Phòng Ngủ Có Bếp'),(216,153,0,0,'2PN0B'),(217,153,9,0,'2 Phòng Ngủ Không Bếp'),(218,154,0,0,'1PN0B'),(219,154,9,0,'1 Phòng Ngủ Không Bếp');

--
-- Table structure for table `eav_attribute_option_value`
--

CREATE TABLE `eav_attribute_option_value` (
  `value_id` int(10) unsigned NOT NULL AUTO_INCREMENT COMMENT 'Value ID',
  `option_id` int(10) unsigned NOT NULL DEFAULT 0 COMMENT 'Option ID',
  `store_id` smallint(5) unsigned NOT NULL DEFAULT 0 COMMENT 'Store ID',
  `value` varchar(255) DEFAULT NULL COMMENT 'Value',
  PRIMARY KEY (`value_id`),
  KEY `EAV_ATTRIBUTE_OPTION_VALUE_OPTION_ID` (`option_id`),
  KEY `EAV_ATTRIBUTE_OPTION_VALUE_STORE_ID` (`store_id`),
  CONSTRAINT `EAV_ATTRIBUTE_OPTION_VALUE_STORE_ID_STORE_STORE_ID` FOREIGN KEY (`store_id`) REFERENCES `store` (`store_id`) ON DELETE CASCADE,
  CONSTRAINT `EAV_ATTR_OPT_VAL_OPT_ID_EAV_ATTR_OPT_OPT_ID` FOREIGN KEY (`option_id`) REFERENCES `eav_attribute_option` (`option_id`) ON DELETE CASCADE
) ENGINE=InnoDB AUTO_INCREMENT=2668 DEFAULT CHARSET=utf8 COMMENT='Eav Attribute Option Value';

--
-- Dumping data for table `eav_attribute_option_value`
--

INSERT INTO `eav_attribute_option_value` VALUES (1,1,0,'Male'),(2,2,0,'Female'),(3,3,0,'Not Specified'),(10,10,0,'< 2m5'),(11,11,0,'2m5 - 3m1'),(12,12,0,'3m1 - 3m6'),(13,13,0,'3m6 - 4m2'),(14,14,0,'Trên 4m2'),(952,86,9,'Chao Nâu'),(953,86,0,'CN'),(954,87,9,'Chao Vàng'),(955,87,0,'CV'),(956,88,9,'Chao Trắng'),(957,88,0,'CT'),(958,89,9,'Chao Hổ Phách'),(959,89,0,'CHP'),(960,90,9,'Chao Xám Khói'),(961,90,0,'CXK'),(962,93,9,'Chao Trắng Đục'),(963,93,0,'CTD'),(1899,34,9,'Mặt Kính'),(1900,34,0,'MK'),(1901,35,9,'Mặt Đá'),(1902,35,0,'MD'),(1903,39,9,'Đá Trắng'),(1904,39,0,'DT'),(1905,40,9,'Đá Đen'),(1906,40,0,'DD'),(1907,48,9,'Kính'),(1908,48,0,'K'),(1909,122,9,'Cao Su'),(1910,122,0,'CS'),(1911,123,9,'Tần Bì'),(1912,123,0,'TB'),(1913,124,9,'Mặt Gỗ'),(1914,124,0,'MG'),(2211,5,9,'Vàng'),(2212,5,0,'V'),(2213,6,9,'Đen'),(2214,6,0,'D'),(2215,7,9,'Nâu Đen'),(2216,7,0,'ND'),(2217,41,9,'Gỗ (Tự Nhiên)'),(2218,41,0,'G'),(2219,8,9,'Trắng'),(2220,8,0,'T'),(2221,42,9,'Nâu Đậm'),(2222,42,0,'NDm'),(2223,43,9,'Xanh Lá'),(2224,43,0,'XL'),(2225,44,9,'Xanh Dương'),(2226,44,0,'XD'),(2227,45,9,'Xám'),(2228,45,0,'X'),(2229,46,9,'Đỏ'),(2230,46,0,'R'),(2231,47,9,'Hồng'),(2232,47,0,'H'),(2233,100,9,'Xanh Rêu'),(2234,100,0,'XR'),(2235,101,9,'Vàng Kem'),(2236,101,0,'VK'),(2237,102,9,'Vàng Da Bò'),(2238,102,0,'VDB'),(2239,103,9,'Xám Đậm'),(2240,103,0,'XDm'),(2241,104,9,'Xám Nhạt'),(2242,104,0,'XN'),(2243,105,9,'Cam'),(2244,105,0,'C'),(2245,106,9,'Nâu'),(2246,106,0,'N'),(2247,107,9,'Hồng Phấn'),(2248,107,0,'HPh'),(2249,118,9,'Trong Suốt'),(2250,118,0,'TS'),(2251,119,9,'Hổ Phách'),(2252,119,0,'HP'),(2253,120,9,'Xám Khói'),(2254,120,0,'XK'),(2255,127,9,'Nâu Ghi'),(2256,127,0,'NG'),(2257,131,9,'Chrome'),(2258,131,0,'CR'),(2259,132,9,'Đồng Cổ'),(2260,132,0,'DC'),(2261,133,9,'Xám Kim Loại'),(2262,133,0,'XKL'),(2375,36,9,'D50cm'),(2376,36,0,'D50'),(2377,33,9,'D60cm'),(2378,33,0,'D60'),(2379,37,9,'70x90cm'),(2380,37,0,'SN'),(2381,38,9,'90x120cm'),(2382,38,0,'ST'),(2383,49,9,'D80cm x H46cm '),(2384,49,0,'D80'),(2385,50,9,'D100cm x H46cm'),(2386,50,0,'D100'),(2387,51,9,'Liên Hệ'),(2388,51,0,'LH'),(2389,52,9,'D90cm'),(2390,52,0,'D90'),(2391,53,9,'H90cm'),(2392,53,0,'H90'),(2393,54,9,'H80cm'),(2394,54,0,'H80'),(2395,55,9,'H120cm'),(2396,55,0,'H120'),(2397,56,9,'H210cm'),(2398,56,0,'H210'),(2399,57,9,'H180cm'),(2400,57,0,'H180'),(2401,58,9,'50x70cm'),(2402,58,0,'SZ'),(2403,59,9,'60x60cm'),(2404,59,0,'SX'),(2405,60,9,'50x100cm'),(2406,60,0,'SY'),(2407,61,9,'60x80cm'),(2408,61,0,'SQ'),(2409,62,9,'H150cm'),(2410,62,0,'H150'),(2411,63,9,'H190cm'),(2412,63,0,'H190'),(2413,64,9,'D25cm'),(2414,64,0,'D25'),(2415,65,9,'D38cm'),(2416,65,0,'D38'),(2417,66,9,'D28cm'),(2418,66,0,'D28'),(2419,67,9,'D22cm'),(2420,67,0,'D22'),(2421,68,9,'5 Đui'),(2422,68,0,'5D'),(2423,69,9,'10 Đui'),(2424,69,0,'10D'),(2425,70,9,'15 Đui'),(2426,70,0,'15D'),(2427,71,9,'21 Đui'),(2428,71,0,'21D'),(2429,72,9,'10 Lá'),(2430,72,0,'10L'),(2431,73,9,'15 Lá'),(2432,73,0,'15L'),(2433,74,9,'30 Lá'),(2434,74,0,'30L'),(2435,75,9,'45 Lá'),(2436,75,0,'45L'),(2437,76,9,'63 Lá'),(2438,76,0,'63L'),(2439,77,9,'108 Lá'),(2440,77,0,'108L'),(2441,78,9,'135 Lá'),(2442,78,0,'135L'),(2443,79,9,'162 Lá'),(2444,79,0,'162L'),(2445,80,9,'216 Lá'),(2446,80,0,'216L'),(2447,81,9,'27 Lá'),(2448,81,0,'27L'),(2449,82,9,'36 Lá'),(2450,82,0,'36L'),(2451,83,9,'H50cm'),(2452,83,0,'H50'),(2453,91,9,'8 Bóng'),(2454,91,0,'8B'),(2455,92,9,'6 Bóng'),(2456,92,0,'6B'),(2457,94,9,'180x90x75cm'),(2458,94,0,'SC'),(2459,95,9,'160x80x75cm'),(2460,95,0,'SD'),(2461,108,9,'L120cm'),(2462,108,0,'L120'),(2463,109,9,'L140cm'),(2464,109,0,'L140'),(2465,110,9,'L160cm'),(2466,110,0,'L160'),(2467,111,9,'L165cm'),(2468,111,0,'L165'),(2469,112,9,'L145cm'),(2470,112,0,'L145'),(2471,113,9,'L180cm'),(2472,113,0,'L180'),(2473,114,9,'L60cm'),(2474,114,0,'L60'),(2475,115,9,'L70cm'),(2476,115,0,'L70'),(2477,116,9,'D70cm'),(2478,116,0,'D70'),(2479,117,9,'L80cm'),(2480,117,0,'L80'),(2481,121,9,'D120cm'),(2482,121,0,'D120'),(2483,134,9,'157mm'),(2484,134,0,'157'),(2485,135,9,'293mm'),(2486,135,0,'293'),(2487,136,9,'X-Single 100x200cm'),(2488,136,0,'X'),(2489,137,9,'Single 120x200cm'),(2490,137,0,'Single'),(2491,138,9,'Full 140x200cm'),(2492,138,0,'Full'),(2493,139,9,'Queen 160x200cm'),(2494,139,0,'Queen'),(2495,140,9,'King 180x200cm'),(2496,140,0,'King'),(2497,141,9,'Square King 200x200cm'),(2498,141,0,'SQKing'),(2499,142,9,'Super King 220x200cm'),(2500,142,0,'SPKing'),(2603,145,9,'Tất Cả Phòng'),(2604,145,0,'All'),(2605,128,9,'Phòng Ngủ Master'),(2606,128,0,'PN1'),(2607,146,9,'Phòng Ngủ Basic'),(2608,146,0,'PN2'),(2609,129,9,'Phòng Bếp'),(2610,129,0,'PB'),(2611,130,9,'Phòng Khách'),(2612,130,0,'PK'),(2613,152,9,'2 Phòng Ngủ Có Bếp'),(2614,152,0,'2PN'),(2615,153,9,'2 Phòng Ngủ Không Bếp'),(2616,153,0,'2PN0B'),(2617,154,9,'1 Phòng Ngủ Không Bếp'),(2618,154,0,'1PN0B'),(2633,125,9,'3 Tháng (Ngắn Hạn)'),(2634,125,0,'3'),(2635,126,9,'6 Tháng (Ngắn Hạn)'),(2636,126,0,'6'),(2637,147,9,'9 Tháng (Ngắn Hạn)'),(2638,147,0,'9'),(2639,148,9,'12 Tháng (Ngắn Hạn)'),(2640,148,0,'12'),(2641,149,9,'24 Tháng (Dài Hạn)'),(2642,149,0,'24'),(2643,150,9,'36 Tháng (Dài Hạn)'),(2644,150,0,'36'),(2645,151,9,'60 Tháng (Dài Hạn)'),(2646,151,0,'60'),(2647,16,0,'BLUM'),(2648,17,0,'HAFELE'),(2649,18,0,'REHAU'),(2650,19,0,'VICOSTONE'),(2651,20,0,'BAYA'),(2652,21,0,'FITIN'),(2653,22,0,'FLEXFIT'),(2654,23,0,'ERGOLIFE'),(2655,24,0,'OFURNI'),(2656,25,0,'BESTUHL'),(2657,26,0,'MANAGER'),(2658,27,0,'KENLI'),(2659,28,0,'FORESTHOME'),(2660,29,0,'DREAMLIGHT'),(2661,96,0,'TOPSOFA'),(2662,97,0,'FURNILAND'),(2663,98,0,'SMA'),(2664,99,0,'KAVACO'),(2665,143,0,'RU9'),(2666,144,0,'NORAHOME'),(2667,155,0,'PHÊ DECOR');

--
-- Table structure for table `eav_attribute_set`
--

CREATE TABLE `eav_attribute_set` (
  `attribute_set_id` smallint(5) unsigned NOT NULL AUTO_INCREMENT COMMENT 'Attribute Set ID',
  `entity_type_id` smallint(5) unsigned NOT NULL DEFAULT 0 COMMENT 'Entity Type ID',
  `attribute_set_name` varchar(255) DEFAULT NULL COMMENT 'Attribute Set Name',
  `sort_order` smallint(6) NOT NULL DEFAULT 0 COMMENT 'Sort Order',
  PRIMARY KEY (`attribute_set_id`),
  UNIQUE KEY `EAV_ATTRIBUTE_SET_ENTITY_TYPE_ID_ATTRIBUTE_SET_NAME` (`entity_type_id`,`attribute_set_name`),
  KEY `EAV_ATTRIBUTE_SET_ENTITY_TYPE_ID_SORT_ORDER` (`entity_type_id`,`sort_order`),
  CONSTRAINT `EAV_ATTRIBUTE_SET_ENTITY_TYPE_ID_EAV_ENTITY_TYPE_ENTITY_TYPE_ID` FOREIGN KEY (`entity_type_id`) REFERENCES `eav_entity_type` (`entity_type_id`) ON DELETE CASCADE
) ENGINE=InnoDB AUTO_INCREMENT=9 DEFAULT CHARSET=utf8 COMMENT='Eav Attribute Set';

--
-- Dumping data for table `eav_attribute_set`
--

INSERT INTO `eav_attribute_set` VALUES (1,1,'Default',2),(2,2,'Default',2),(3,3,'Default',1),(4,4,'Default',1),(5,5,'Default',1),(6,6,'Default',1),(7,7,'Default',1),(8,8,'Default',1);

--
-- Table structure for table `eav_entity`
--

CREATE TABLE `eav_entity` (
  `entity_id` int(10) unsigned NOT NULL AUTO_INCREMENT COMMENT 'Entity ID',
  `entity_type_id` smallint(5) unsigned NOT NULL DEFAULT 0 COMMENT 'Entity Type ID',
  `attribute_set_id` smallint(5) unsigned NOT NULL DEFAULT 0 COMMENT 'Attribute Set ID',
  `increment_id` varchar(50) DEFAULT NULL COMMENT 'Increment ID',
  `parent_id` int(10) unsigned NOT NULL DEFAULT 0 COMMENT 'Parent ID',
  `store_id` smallint(5) unsigned NOT NULL DEFAULT 0 COMMENT 'Store ID',
  `created_at` timestamp NOT NULL DEFAULT current_timestamp() COMMENT 'Created At',
  `updated_at` timestamp NOT NULL DEFAULT current_timestamp() ON UPDATE current_timestamp() COMMENT 'Updated At',
  `is_active` smallint(5) unsigned NOT NULL DEFAULT 1 COMMENT 'Defines Is Entity Active',
  PRIMARY KEY (`entity_id`),
  KEY `EAV_ENTITY_ENTITY_TYPE_ID` (`entity_type_id`),
  KEY `EAV_ENTITY_STORE_ID` (`store_id`),
  CONSTRAINT `EAV_ENTITY_ENTITY_TYPE_ID_EAV_ENTITY_TYPE_ENTITY_TYPE_ID` FOREIGN KEY (`entity_type_id`) REFERENCES `eav_entity_type` (`entity_type_id`) ON DELETE CASCADE,
  CONSTRAINT `EAV_ENTITY_STORE_ID_STORE_STORE_ID` FOREIGN KEY (`store_id`) REFERENCES `store` (`store_id`) ON DELETE CASCADE
) ENGINE=InnoDB DEFAULT CHARSET=utf8 COMMENT='Eav Entity';

--
-- Dumping data for table `eav_entity`
--


--
-- Table structure for table `eav_entity_attribute`
--

CREATE TABLE `eav_entity_attribute` (
  `entity_attribute_id` int(10) unsigned NOT NULL AUTO_INCREMENT COMMENT 'Entity Attribute ID',
  `entity_type_id` smallint(5) unsigned NOT NULL DEFAULT 0 COMMENT 'Entity Type ID',
  `attribute_set_id` smallint(5) unsigned NOT NULL DEFAULT 0 COMMENT 'Attribute Set ID',
  `attribute_group_id` smallint(5) unsigned NOT NULL DEFAULT 0 COMMENT 'Attribute Group ID',
  `attribute_id` smallint(5) unsigned NOT NULL DEFAULT 0 COMMENT 'Attribute ID',
  `sort_order` smallint(6) NOT NULL DEFAULT 0 COMMENT 'Sort Order',
  PRIMARY KEY (`entity_attribute_id`),
  UNIQUE KEY `EAV_ENTITY_ATTRIBUTE_ATTRIBUTE_SET_ID_ATTRIBUTE_ID` (`attribute_set_id`,`attribute_id`),
  UNIQUE KEY `EAV_ENTITY_ATTRIBUTE_ATTRIBUTE_GROUP_ID_ATTRIBUTE_ID` (`attribute_group_id`,`attribute_id`),
  KEY `EAV_ENTITY_ATTRIBUTE_ATTRIBUTE_SET_ID_SORT_ORDER` (`attribute_set_id`,`sort_order`),
  KEY `EAV_ENTITY_ATTRIBUTE_ATTRIBUTE_ID` (`attribute_id`),
  CONSTRAINT `EAV_ENTITY_ATTRIBUTE_ATTRIBUTE_ID_EAV_ATTRIBUTE_ATTRIBUTE_ID` FOREIGN KEY (`attribute_id`) REFERENCES `eav_attribute` (`attribute_id`) ON DELETE CASCADE,
  CONSTRAINT `EAV_ENTT_ATTR_ATTR_GROUP_ID_EAV_ATTR_GROUP_ATTR_GROUP_ID` FOREIGN KEY (`attribute_group_id`) REFERENCES `eav_attribute_group` (`attribute_group_id`) ON DELETE CASCADE
) ENGINE=InnoDB AUTO_INCREMENT=337 DEFAULT CHARSET=utf8 COMMENT='Eav Entity Attributes';

--
-- Dumping data for table `eav_entity_attribute`
--

INSERT INTO `eav_entity_attribute` VALUES (1,1,1,1,1,10),(2,1,1,1,2,20),(3,1,1,1,3,20),(4,1,1,1,4,30),(5,1,1,1,5,40),(6,1,1,1,6,50),(7,1,1,1,7,60),(8,1,1,1,8,70),(9,1,1,1,9,80),(10,1,1,1,10,25),(11,1,1,1,11,90),(12,1,1,1,12,81),(13,1,1,1,13,115),(14,1,1,1,14,120),(15,1,1,1,15,82),(16,1,1,1,16,83),(17,1,1,1,17,100),(18,1,1,1,18,0),(19,1,1,1,19,0),(20,1,1,1,20,110),(21,1,1,1,21,28),(22,2,2,2,22,10),(23,2,2,2,23,20),(24,2,2,2,24,30),(25,2,2,2,25,40),(26,2,2,2,26,50),(27,2,2,2,27,60),(28,2,2,2,28,70),(29,2,2,2,29,100),(30,2,2,2,30,80),(31,2,2,2,31,90),(32,2,2,2,32,90),(33,2,2,2,33,110),(34,2,2,2,34,120),(35,2,2,2,35,130),(36,2,2,2,36,140),(37,2,2,2,37,132),(38,2,2,2,38,133),(39,2,2,2,39,134),(40,2,2,2,40,135),(41,1,1,1,41,87),(42,1,1,1,42,100),(43,1,1,1,43,110),(44,1,1,1,44,120),(45,3,3,4,45,1),(46,3,3,4,46,2),(47,3,3,4,47,4),(48,3,3,4,48,5),(49,3,3,4,49,6),(50,3,3,4,50,7),(51,3,3,4,51,8),(52,3,3,5,52,10),(53,3,3,5,53,20),(54,3,3,5,54,30),(55,3,3,4,55,12),(56,3,3,4,56,13),(57,3,3,4,57,14),(58,3,3,4,58,15),(59,3,3,4,59,16),(60,3,3,6,60,10),(61,3,3,6,61,30),(62,3,3,6,62,40),(63,3,3,6,63,50),(64,3,3,6,64,60),(65,3,3,4,65,24),(66,3,3,4,66,25),(67,3,3,5,67,40),(68,3,3,5,68,50),(69,3,3,4,69,10),(70,3,3,6,70,5),(71,3,3,6,71,6),(72,3,3,5,72,51),(90,4,4,7,91,6),(96,4,4,8,98,8),(101,4,4,11,103,10),(105,4,4,7,107,14),(106,4,4,7,108,15),(107,4,4,7,109,16),(108,4,4,7,110,17),(109,4,4,7,111,18),(110,4,4,7,112,19),(111,4,4,7,113,20),(116,3,3,6,118,51),(117,3,3,4,119,3),(118,3,3,4,120,17),(120,4,4,7,122,11),(128,4,4,7,130,111),(129,4,4,7,131,112),(130,4,4,7,132,113),(131,4,4,7,133,114),(136,3,3,21,138,10),(137,3,3,21,139,20),(138,3,3,21,140,30),(139,3,3,21,141,40),(140,3,3,21,142,50),(141,3,3,21,143,60),(142,3,3,21,144,70),(143,3,3,21,145,80),(144,3,3,21,146,90),(145,3,3,21,147,100),(146,3,3,21,148,110),(147,3,3,21,149,120),(148,3,3,21,150,130),(149,3,3,21,151,140),(150,3,3,21,152,70),(154,3,3,22,156,10),(155,3,3,22,157,20),(156,3,3,22,158,30),(157,3,3,22,159,40),(158,3,3,22,160,50),(159,3,3,22,161,60),(160,3,3,22,162,70),(161,3,3,22,163,80),(162,3,3,22,164,90),(163,3,3,22,165,100),(164,3,3,22,166,110),(165,3,3,22,167,120),(166,3,3,22,168,130),(167,3,3,22,169,140),(168,3,3,22,170,70),(169,3,3,4,171,6),(273,4,4,7,176,118),(274,4,4,7,73,2),(275,4,4,7,74,3),(276,4,4,7,77,5),(277,4,4,7,82,9),(278,4,4,7,83,15),(279,4,4,7,93,19),(280,4,4,7,94,13),(281,4,4,7,95,14),(282,4,4,7,97,1),(283,4,4,7,99,12),(284,4,4,7,105,11),(285,4,4,7,114,16),(286,4,4,7,115,8),(287,4,4,7,125,6),(288,4,4,7,126,4),(289,4,4,7,127,10),(290,4,4,7,136,7),(291,4,4,7,154,17),(292,4,4,7,155,18),(293,4,4,7,172,20),(296,4,4,7,175,23),(297,4,4,13,75,2),(298,4,4,13,76,1),(299,4,4,19,129,1),(300,4,4,10,87,1),(301,4,4,10,88,2),(302,4,4,10,89,3),(303,4,4,10,90,5),(304,4,4,10,96,6),(305,4,4,10,135,4),(306,4,4,9,84,2),(307,4,4,9,85,3),(308,4,4,9,86,4),(309,4,4,9,121,1),(310,4,4,8,78,1),(311,4,4,8,79,2),(312,4,4,8,80,3),(313,4,4,8,81,4),(314,4,4,8,92,5),(315,4,4,8,123,6),(316,4,4,8,124,7),(317,4,4,8,128,8),(318,4,4,8,153,9),(319,4,4,11,104,1),(320,4,4,11,106,2),(321,4,4,11,117,3),(322,4,4,14,100,3),(323,4,4,14,101,1),(324,4,4,14,102,2),(325,4,4,14,116,4),(326,4,4,20,134,1),(328,4,4,7,178,120),(330,4,4,7,179,122),(332,4,4,7,180,124),(334,4,4,7,181,126),(336,4,4,7,182,128);

--
-- Table structure for table `eav_entity_datetime`
--

CREATE TABLE `eav_entity_datetime` (
  `value_id` int(11) NOT NULL AUTO_INCREMENT COMMENT 'Value ID',
  `entity_type_id` smallint(5) unsigned NOT NULL DEFAULT 0 COMMENT 'Entity Type ID',
  `attribute_id` smallint(5) unsigned NOT NULL DEFAULT 0 COMMENT 'Attribute ID',
  `store_id` smallint(5) unsigned NOT NULL DEFAULT 0 COMMENT 'Store ID',
  `entity_id` int(10) unsigned NOT NULL DEFAULT 0 COMMENT 'Entity ID',
  `value` datetime DEFAULT NULL COMMENT 'Attribute Value',
  PRIMARY KEY (`value_id`),
  UNIQUE KEY `EAV_ENTITY_DATETIME_ENTITY_ID_ATTRIBUTE_ID_STORE_ID` (`entity_id`,`attribute_id`,`store_id`),
  KEY `EAV_ENTITY_DATETIME_STORE_ID` (`store_id`),
  KEY `EAV_ENTITY_DATETIME_ATTRIBUTE_ID_VALUE` (`attribute_id`,`value`),
  KEY `EAV_ENTITY_DATETIME_ENTITY_TYPE_ID_VALUE` (`entity_type_id`,`value`),
  CONSTRAINT `EAV_ENTITY_DATETIME_ENTITY_ID_EAV_ENTITY_ENTITY_ID` FOREIGN KEY (`entity_id`) REFERENCES `eav_entity` (`entity_id`) ON DELETE CASCADE,
  CONSTRAINT `EAV_ENTITY_DATETIME_STORE_ID_STORE_STORE_ID` FOREIGN KEY (`store_id`) REFERENCES `store` (`store_id`) ON DELETE CASCADE,
  CONSTRAINT `EAV_ENTT_DTIME_ENTT_TYPE_ID_EAV_ENTT_TYPE_ENTT_TYPE_ID` FOREIGN KEY (`entity_type_id`) REFERENCES `eav_entity_type` (`entity_type_id`) ON DELETE CASCADE
) ENGINE=InnoDB DEFAULT CHARSET=utf8 COMMENT='Eav Entity Value Prefix';

--
-- Dumping data for table `eav_entity_datetime`
--


--
-- Table structure for table `eav_entity_decimal`
--

CREATE TABLE `eav_entity_decimal` (
  `value_id` int(11) NOT NULL AUTO_INCREMENT COMMENT 'Value ID',
  `entity_type_id` smallint(5) unsigned NOT NULL DEFAULT 0 COMMENT 'Entity Type ID',
  `attribute_id` smallint(5) unsigned NOT NULL DEFAULT 0 COMMENT 'Attribute ID',
  `store_id` smallint(5) unsigned NOT NULL DEFAULT 0 COMMENT 'Store ID',
  `entity_id` int(10) unsigned NOT NULL DEFAULT 0 COMMENT 'Entity ID',
  `value` decimal(12,4) NOT NULL DEFAULT 0.0000 COMMENT 'Attribute Value',
  PRIMARY KEY (`value_id`),
  UNIQUE KEY `EAV_ENTITY_DECIMAL_ENTITY_ID_ATTRIBUTE_ID_STORE_ID` (`entity_id`,`attribute_id`,`store_id`),
  KEY `EAV_ENTITY_DECIMAL_STORE_ID` (`store_id`),
  KEY `EAV_ENTITY_DECIMAL_ATTRIBUTE_ID_VALUE` (`attribute_id`,`value`),
  KEY `EAV_ENTITY_DECIMAL_ENTITY_TYPE_ID_VALUE` (`entity_type_id`,`value`),
  CONSTRAINT `EAV_ENTITY_DECIMAL_ENTITY_ID_EAV_ENTITY_ENTITY_ID` FOREIGN KEY (`entity_id`) REFERENCES `eav_entity` (`entity_id`) ON DELETE CASCADE,
  CONSTRAINT `EAV_ENTITY_DECIMAL_ENTITY_TYPE_ID_EAV_ENTITY_TYPE_ENTITY_TYPE_ID` FOREIGN KEY (`entity_type_id`) REFERENCES `eav_entity_type` (`entity_type_id`) ON DELETE CASCADE,
  CONSTRAINT `EAV_ENTITY_DECIMAL_STORE_ID_STORE_STORE_ID` FOREIGN KEY (`store_id`) REFERENCES `store` (`store_id`) ON DELETE CASCADE
) ENGINE=InnoDB DEFAULT CHARSET=utf8 COMMENT='Eav Entity Value Prefix';

--
-- Dumping data for table `eav_entity_decimal`
--


--
-- Table structure for table `eav_entity_int`
--

CREATE TABLE `eav_entity_int` (
  `value_id` int(11) NOT NULL AUTO_INCREMENT COMMENT 'Value ID',
  `entity_type_id` smallint(5) unsigned NOT NULL DEFAULT 0 COMMENT 'Entity Type ID',
  `attribute_id` smallint(5) unsigned NOT NULL DEFAULT 0 COMMENT 'Attribute ID',
  `store_id` smallint(5) unsigned NOT NULL DEFAULT 0 COMMENT 'Store ID',
  `entity_id` int(10) unsigned NOT NULL DEFAULT 0 COMMENT 'Entity ID',
  `value` int(11) NOT NULL DEFAULT 0 COMMENT 'Attribute Value',
  PRIMARY KEY (`value_id`),
  UNIQUE KEY `EAV_ENTITY_INT_ENTITY_ID_ATTRIBUTE_ID_STORE_ID` (`entity_id`,`attribute_id`,`store_id`),
  KEY `EAV_ENTITY_INT_STORE_ID` (`store_id`),
  KEY `EAV_ENTITY_INT_ATTRIBUTE_ID_VALUE` (`attribute_id`,`value`),
  KEY `EAV_ENTITY_INT_ENTITY_TYPE_ID_VALUE` (`entity_type_id`,`value`),
  CONSTRAINT `EAV_ENTITY_INT_ENTITY_ID_EAV_ENTITY_ENTITY_ID` FOREIGN KEY (`entity_id`) REFERENCES `eav_entity` (`entity_id`) ON DELETE CASCADE,
  CONSTRAINT `EAV_ENTITY_INT_ENTITY_TYPE_ID_EAV_ENTITY_TYPE_ENTITY_TYPE_ID` FOREIGN KEY (`entity_type_id`) REFERENCES `eav_entity_type` (`entity_type_id`) ON DELETE CASCADE,
  CONSTRAINT `EAV_ENTITY_INT_STORE_ID_STORE_STORE_ID` FOREIGN KEY (`store_id`) REFERENCES `store` (`store_id`) ON DELETE CASCADE
) ENGINE=InnoDB DEFAULT CHARSET=utf8 COMMENT='Eav Entity Value Prefix';

--
-- Dumping data for table `eav_entity_int`
--


--
-- Table structure for table `eav_entity_store`
--

CREATE TABLE `eav_entity_store` (
  `entity_store_id` int(10) unsigned NOT NULL AUTO_INCREMENT COMMENT 'Entity Store ID',
  `entity_type_id` smallint(5) unsigned NOT NULL DEFAULT 0 COMMENT 'Entity Type ID',
  `store_id` smallint(5) unsigned NOT NULL DEFAULT 0 COMMENT 'Store ID',
  `increment_prefix` varchar(20) DEFAULT NULL COMMENT 'Increment Prefix',
  `increment_last_id` varchar(50) DEFAULT NULL COMMENT 'Last Incremented ID',
  PRIMARY KEY (`entity_store_id`),
  KEY `EAV_ENTITY_STORE_ENTITY_TYPE_ID` (`entity_type_id`),
  KEY `EAV_ENTITY_STORE_STORE_ID` (`store_id`),
  CONSTRAINT `EAV_ENTITY_STORE_ENTITY_TYPE_ID_EAV_ENTITY_TYPE_ENTITY_TYPE_ID` FOREIGN KEY (`entity_type_id`) REFERENCES `eav_entity_type` (`entity_type_id`) ON DELETE CASCADE,
  CONSTRAINT `EAV_ENTITY_STORE_STORE_ID_STORE_STORE_ID` FOREIGN KEY (`store_id`) REFERENCES `store` (`store_id`) ON DELETE CASCADE
) ENGINE=InnoDB DEFAULT CHARSET=utf8 COMMENT='Eav Entity Store';

--
-- Dumping data for table `eav_entity_store`
--


--
-- Table structure for table `eav_entity_text`
--

CREATE TABLE `eav_entity_text` (
  `value_id` int(11) NOT NULL AUTO_INCREMENT COMMENT 'Value ID',
  `entity_type_id` smallint(5) unsigned NOT NULL DEFAULT 0 COMMENT 'Entity Type ID',
  `attribute_id` smallint(5) unsigned NOT NULL DEFAULT 0 COMMENT 'Attribute ID',
  `store_id` smallint(5) unsigned NOT NULL DEFAULT 0 COMMENT 'Store ID',
  `entity_id` int(10) unsigned NOT NULL DEFAULT 0 COMMENT 'Entity ID',
  `value` text NOT NULL COMMENT 'Attribute Value',
  PRIMARY KEY (`value_id`),
  UNIQUE KEY `EAV_ENTITY_TEXT_ENTITY_ID_ATTRIBUTE_ID_STORE_ID` (`entity_id`,`attribute_id`,`store_id`),
  KEY `EAV_ENTITY_TEXT_ENTITY_TYPE_ID` (`entity_type_id`),
  KEY `EAV_ENTITY_TEXT_ATTRIBUTE_ID` (`attribute_id`),
  KEY `EAV_ENTITY_TEXT_STORE_ID` (`store_id`),
  CONSTRAINT `EAV_ENTITY_TEXT_ENTITY_ID_EAV_ENTITY_ENTITY_ID` FOREIGN KEY (`entity_id`) REFERENCES `eav_entity` (`entity_id`) ON DELETE CASCADE,
  CONSTRAINT `EAV_ENTITY_TEXT_ENTITY_TYPE_ID_EAV_ENTITY_TYPE_ENTITY_TYPE_ID` FOREIGN KEY (`entity_type_id`) REFERENCES `eav_entity_type` (`entity_type_id`) ON DELETE CASCADE,
  CONSTRAINT `EAV_ENTITY_TEXT_STORE_ID_STORE_STORE_ID` FOREIGN KEY (`store_id`) REFERENCES `store` (`store_id`) ON DELETE CASCADE
) ENGINE=InnoDB DEFAULT CHARSET=utf8 COMMENT='Eav Entity Value Prefix';

--
-- Dumping data for table `eav_entity_text`
--


--
-- Table structure for table `eav_entity_type`
--

CREATE TABLE `eav_entity_type` (
  `entity_type_id` smallint(5) unsigned NOT NULL AUTO_INCREMENT COMMENT 'Entity Type ID',
  `entity_type_code` varchar(50) NOT NULL COMMENT 'Entity Type Code',
  `entity_model` varchar(255) NOT NULL COMMENT 'Entity Model',
  `attribute_model` varchar(255) DEFAULT NULL COMMENT 'Attribute Model',
  `entity_table` varchar(255) DEFAULT NULL COMMENT 'Entity Table',
  `value_table_prefix` varchar(255) DEFAULT NULL COMMENT 'Value Table Prefix',
  `entity_id_field` varchar(255) DEFAULT NULL COMMENT 'Entity ID Field',
  `is_data_sharing` smallint(5) unsigned NOT NULL DEFAULT 1 COMMENT 'Defines Is Data Sharing',
  `data_sharing_key` varchar(100) DEFAULT 'default' COMMENT 'Data Sharing Key',
  `default_attribute_set_id` smallint(5) unsigned NOT NULL DEFAULT 0 COMMENT 'Default Attribute Set ID',
  `increment_model` varchar(255) DEFAULT NULL COMMENT 'Increment Model',
  `increment_per_store` smallint(5) unsigned NOT NULL DEFAULT 0 COMMENT 'Increment Per Store',
  `increment_pad_length` smallint(5) unsigned NOT NULL DEFAULT 8 COMMENT 'Increment Pad Length',
  `increment_pad_char` varchar(1) NOT NULL DEFAULT '0' COMMENT 'Increment Pad Char',
  `additional_attribute_table` varchar(255) DEFAULT NULL COMMENT 'Additional Attribute Table',
  `entity_attribute_collection` varchar(255) DEFAULT NULL COMMENT 'Entity Attribute Collection',
  PRIMARY KEY (`entity_type_id`),
  KEY `EAV_ENTITY_TYPE_ENTITY_TYPE_CODE` (`entity_type_code`)
) ENGINE=InnoDB AUTO_INCREMENT=9 DEFAULT CHARSET=utf8 COMMENT='Eav Entity Type';

--
-- Dumping data for table `eav_entity_type`
--

INSERT INTO `eav_entity_type` VALUES (1,'customer','Magento\\Customer\\Model\\ResourceModel\\Customer','Magento\\Customer\\Model\\Attribute','customer_entity',NULL,NULL,1,'default',1,'Magento\\Eav\\Model\\Entity\\Increment\\NumericValue',0,8,'0','customer_eav_attribute','Magento\\Customer\\Model\\ResourceModel\\Attribute\\Collection'),(2,'customer_address','Magento\\Customer\\Model\\ResourceModel\\Address','Magento\\Customer\\Model\\Attribute','customer_address_entity',NULL,NULL,1,'default',2,NULL,0,8,'0','customer_eav_attribute','Magento\\Customer\\Model\\ResourceModel\\Address\\Attribute\\Collection'),(3,'catalog_category','Magento\\Catalog\\Model\\ResourceModel\\Category','Magento\\Catalog\\Model\\ResourceModel\\Eav\\Attribute','catalog_category_entity',NULL,NULL,1,'default',3,NULL,0,8,'0','catalog_eav_attribute','Magento\\Catalog\\Model\\ResourceModel\\Category\\Attribute\\Collection'),(4,'catalog_product','Magento\\Catalog\\Model\\ResourceModel\\Product','Magento\\Catalog\\Model\\ResourceModel\\Eav\\Attribute','catalog_product_entity',NULL,NULL,1,'default',4,NULL,0,8,'0','catalog_eav_attribute','Magento\\Catalog\\Model\\ResourceModel\\Product\\Attribute\\Collection'),(5,'order','Magento\\Sales\\Model\\ResourceModel\\Order',NULL,'sales_order',NULL,NULL,1,'default',5,'Magento\\Eav\\Model\\Entity\\Increment\\NumericValue',1,8,'0',NULL,NULL),(6,'invoice','Magento\\Sales\\Model\\ResourceModel\\Order\\Invoice',NULL,'sales_invoice',NULL,NULL,1,'default',6,'Magento\\Eav\\Model\\Entity\\Increment\\NumericValue',1,8,'0',NULL,NULL),(7,'creditmemo','Magento\\Sales\\Model\\ResourceModel\\Order\\Creditmemo',NULL,'sales_creditmemo',NULL,NULL,1,'default',7,'Magento\\Eav\\Model\\Entity\\Increment\\NumericValue',1,8,'0',NULL,NULL),(8,'shipment','Magento\\Sales\\Model\\ResourceModel\\Order\\Shipment',NULL,'sales_shipment',NULL,NULL,1,'default',8,'Magento\\Eav\\Model\\Entity\\Increment\\NumericValue',1,8,'0',NULL,NULL);

--
-- Table structure for table `eav_entity_varchar`
--

CREATE TABLE `eav_entity_varchar` (
  `value_id` int(11) NOT NULL AUTO_INCREMENT COMMENT 'Value ID',
  `entity_type_id` smallint(5) unsigned NOT NULL DEFAULT 0 COMMENT 'Entity Type ID',
  `attribute_id` smallint(5) unsigned NOT NULL DEFAULT 0 COMMENT 'Attribute ID',
  `store_id` smallint(5) unsigned NOT NULL DEFAULT 0 COMMENT 'Store ID',
  `entity_id` int(10) unsigned NOT NULL DEFAULT 0 COMMENT 'Entity ID',
  `value` varchar(255) DEFAULT NULL COMMENT 'Attribute Value',
  PRIMARY KEY (`value_id`),
  UNIQUE KEY `EAV_ENTITY_VARCHAR_ENTITY_ID_ATTRIBUTE_ID_STORE_ID` (`entity_id`,`attribute_id`,`store_id`),
  KEY `EAV_ENTITY_VARCHAR_STORE_ID` (`store_id`),
  KEY `EAV_ENTITY_VARCHAR_ATTRIBUTE_ID_VALUE` (`attribute_id`,`value`),
  KEY `EAV_ENTITY_VARCHAR_ENTITY_TYPE_ID_VALUE` (`entity_type_id`,`value`),
  CONSTRAINT `EAV_ENTITY_VARCHAR_ENTITY_ID_EAV_ENTITY_ENTITY_ID` FOREIGN KEY (`entity_id`) REFERENCES `eav_entity` (`entity_id`) ON DELETE CASCADE,
  CONSTRAINT `EAV_ENTITY_VARCHAR_ENTITY_TYPE_ID_EAV_ENTITY_TYPE_ENTITY_TYPE_ID` FOREIGN KEY (`entity_type_id`) REFERENCES `eav_entity_type` (`entity_type_id`) ON DELETE CASCADE,
  CONSTRAINT `EAV_ENTITY_VARCHAR_STORE_ID_STORE_STORE_ID` FOREIGN KEY (`store_id`) REFERENCES `store` (`store_id`) ON DELETE CASCADE
) ENGINE=InnoDB DEFAULT CHARSET=utf8 COMMENT='Eav Entity Value Prefix';

--
-- Dumping data for table `eav_entity_varchar`
--


--
-- Table structure for table `eav_form_element`
--

CREATE TABLE `eav_form_element` (
  `element_id` int(10) unsigned NOT NULL AUTO_INCREMENT COMMENT 'Element ID',
  `type_id` smallint(5) unsigned NOT NULL COMMENT 'Type ID',
  `fieldset_id` smallint(5) unsigned DEFAULT NULL COMMENT 'Fieldset ID',
  `attribute_id` smallint(5) unsigned NOT NULL COMMENT 'Attribute ID',
  `sort_order` int(11) NOT NULL DEFAULT 0 COMMENT 'Sort Order',
  PRIMARY KEY (`element_id`),
  UNIQUE KEY `EAV_FORM_ELEMENT_TYPE_ID_ATTRIBUTE_ID` (`type_id`,`attribute_id`),
  KEY `EAV_FORM_ELEMENT_FIELDSET_ID` (`fieldset_id`),
  KEY `EAV_FORM_ELEMENT_ATTRIBUTE_ID` (`attribute_id`),
  CONSTRAINT `EAV_FORM_ELEMENT_ATTRIBUTE_ID_EAV_ATTRIBUTE_ATTRIBUTE_ID` FOREIGN KEY (`attribute_id`) REFERENCES `eav_attribute` (`attribute_id`) ON DELETE CASCADE,
  CONSTRAINT `EAV_FORM_ELEMENT_FIELDSET_ID_EAV_FORM_FIELDSET_FIELDSET_ID` FOREIGN KEY (`fieldset_id`) REFERENCES `eav_form_fieldset` (`fieldset_id`) ON DELETE SET NULL,
  CONSTRAINT `EAV_FORM_ELEMENT_TYPE_ID_EAV_FORM_TYPE_TYPE_ID` FOREIGN KEY (`type_id`) REFERENCES `eav_form_type` (`type_id`) ON DELETE CASCADE
) ENGINE=InnoDB AUTO_INCREMENT=43 DEFAULT CHARSET=utf8 COMMENT='Eav Form Element';

--
-- Dumping data for table `eav_form_element`
--

INSERT INTO `eav_form_element` VALUES (1,1,NULL,23,0),(2,1,NULL,25,1),(3,1,NULL,27,2),(4,1,NULL,9,3),(5,1,NULL,28,4),(6,1,NULL,29,5),(7,1,NULL,31,6),(8,1,NULL,33,7),(9,1,NULL,30,8),(10,1,NULL,34,9),(11,1,NULL,35,10),(12,2,NULL,23,0),(13,2,NULL,25,1),(14,2,NULL,27,2),(15,2,NULL,9,3),(16,2,NULL,28,4),(17,2,NULL,29,5),(18,2,NULL,31,6),(19,2,NULL,33,7),(20,2,NULL,30,8),(21,2,NULL,34,9),(22,2,NULL,35,10),(23,3,NULL,23,0),(24,3,NULL,25,1),(25,3,NULL,27,2),(26,3,NULL,28,3),(27,3,NULL,29,4),(28,3,NULL,31,5),(29,3,NULL,33,6),(30,3,NULL,30,7),(31,3,NULL,34,8),(32,3,NULL,35,9),(33,4,NULL,23,0),(34,4,NULL,25,1),(35,4,NULL,27,2),(36,4,NULL,28,3),(37,4,NULL,29,4),(38,4,NULL,31,5),(39,4,NULL,33,6),(40,4,NULL,30,7),(41,4,NULL,34,8),(42,4,NULL,35,9);

--
-- Table structure for table `eav_form_fieldset`
--

CREATE TABLE `eav_form_fieldset` (
  `fieldset_id` smallint(5) unsigned NOT NULL AUTO_INCREMENT COMMENT 'Fieldset ID',
  `type_id` smallint(5) unsigned NOT NULL COMMENT 'Type ID',
  `code` varchar(64) NOT NULL COMMENT 'Code',
  `sort_order` int(11) NOT NULL DEFAULT 0 COMMENT 'Sort Order',
  PRIMARY KEY (`fieldset_id`),
  UNIQUE KEY `EAV_FORM_FIELDSET_TYPE_ID_CODE` (`type_id`,`code`),
  CONSTRAINT `EAV_FORM_FIELDSET_TYPE_ID_EAV_FORM_TYPE_TYPE_ID` FOREIGN KEY (`type_id`) REFERENCES `eav_form_type` (`type_id`) ON DELETE CASCADE
) ENGINE=InnoDB DEFAULT CHARSET=utf8 COMMENT='Eav Form Fieldset';

--
-- Dumping data for table `eav_form_fieldset`
--


--
-- Table structure for table `eav_form_fieldset_label`
--

CREATE TABLE `eav_form_fieldset_label` (
  `fieldset_id` smallint(5) unsigned NOT NULL COMMENT 'Fieldset ID',
  `store_id` smallint(5) unsigned NOT NULL COMMENT 'Store ID',
  `label` varchar(255) NOT NULL COMMENT 'Label',
  PRIMARY KEY (`fieldset_id`,`store_id`),
  KEY `EAV_FORM_FIELDSET_LABEL_STORE_ID` (`store_id`),
  CONSTRAINT `EAV_FORM_FIELDSET_LABEL_STORE_ID_STORE_STORE_ID` FOREIGN KEY (`store_id`) REFERENCES `store` (`store_id`) ON DELETE CASCADE,
  CONSTRAINT `EAV_FORM_FSET_LBL_FSET_ID_EAV_FORM_FSET_FSET_ID` FOREIGN KEY (`fieldset_id`) REFERENCES `eav_form_fieldset` (`fieldset_id`) ON DELETE CASCADE
) ENGINE=InnoDB DEFAULT CHARSET=utf8 COMMENT='Eav Form Fieldset Label';

--
-- Dumping data for table `eav_form_fieldset_label`
--


--
-- Table structure for table `eav_form_type`
--

CREATE TABLE `eav_form_type` (
  `type_id` smallint(5) unsigned NOT NULL AUTO_INCREMENT COMMENT 'Type ID',
  `code` varchar(64) NOT NULL COMMENT 'Code',
  `label` varchar(255) NOT NULL COMMENT 'Label',
  `is_system` smallint(5) unsigned NOT NULL DEFAULT 0 COMMENT 'Is System',
  `theme` varchar(64) DEFAULT NULL COMMENT 'Theme',
  `store_id` smallint(5) unsigned NOT NULL COMMENT 'Store ID',
  PRIMARY KEY (`type_id`),
  UNIQUE KEY `EAV_FORM_TYPE_CODE_THEME_STORE_ID` (`code`,`theme`,`store_id`),
  KEY `EAV_FORM_TYPE_STORE_ID` (`store_id`),
  CONSTRAINT `EAV_FORM_TYPE_STORE_ID_STORE_STORE_ID` FOREIGN KEY (`store_id`) REFERENCES `store` (`store_id`) ON DELETE CASCADE
) ENGINE=InnoDB AUTO_INCREMENT=5 DEFAULT CHARSET=utf8 COMMENT='Eav Form Type';

--
-- Dumping data for table `eav_form_type`
--

INSERT INTO `eav_form_type` VALUES (1,'checkout_onepage_register','checkout_onepage_register',1,'',0),(2,'checkout_onepage_register_guest','checkout_onepage_register_guest',1,'',0),(3,'checkout_onepage_billing_address','checkout_onepage_billing_address',1,'',0),(4,'checkout_onepage_shipping_address','checkout_onepage_shipping_address',1,'',0);

--
-- Table structure for table `eav_form_type_entity`
--

CREATE TABLE `eav_form_type_entity` (
  `type_id` smallint(5) unsigned NOT NULL COMMENT 'Type ID',
  `entity_type_id` smallint(5) unsigned NOT NULL COMMENT 'Entity Type ID',
  PRIMARY KEY (`type_id`,`entity_type_id`),
  KEY `EAV_FORM_TYPE_ENTITY_ENTITY_TYPE_ID` (`entity_type_id`),
  CONSTRAINT `EAV_FORM_TYPE_ENTITY_TYPE_ID_EAV_FORM_TYPE_TYPE_ID` FOREIGN KEY (`type_id`) REFERENCES `eav_form_type` (`type_id`) ON DELETE CASCADE,
  CONSTRAINT `EAV_FORM_TYPE_ENTT_ENTT_TYPE_ID_EAV_ENTT_TYPE_ENTT_TYPE_ID` FOREIGN KEY (`entity_type_id`) REFERENCES `eav_entity_type` (`entity_type_id`) ON DELETE CASCADE
) ENGINE=InnoDB DEFAULT CHARSET=utf8 COMMENT='Eav Form Type Entity';

--
-- Dumping data for table `eav_form_type_entity`
--

INSERT INTO `eav_form_type_entity` VALUES (1,1),(1,2),(2,1),(2,2),(3,2),(4,2);

--
-- Table structure for table `email_abandoned_cart`
--

CREATE TABLE `email_abandoned_cart` (
  `id` int(10) unsigned NOT NULL AUTO_INCREMENT COMMENT 'Primary Key',
  `quote_id` int(10) unsigned DEFAULT NULL COMMENT 'Quote Id',
  `store_id` smallint(5) unsigned DEFAULT NULL COMMENT 'Store Id',
  `customer_id` int(10) unsigned DEFAULT NULL COMMENT 'Customer ID',
  `email` varchar(255) NOT NULL DEFAULT '' COMMENT 'Email',
  `status` varchar(255) NOT NULL DEFAULT '' COMMENT 'Contact Status',
  `is_active` smallint(5) unsigned NOT NULL DEFAULT 1 COMMENT 'Quote Active',
  `quote_updated_at` timestamp NULL DEFAULT NULL COMMENT 'Quote updated at',
  `abandoned_cart_number` smallint(5) unsigned NOT NULL DEFAULT 0 COMMENT 'Abandoned Cart number',
  `items_count` smallint(5) unsigned DEFAULT 0 COMMENT 'Quote items count',
  `items_ids` varchar(255) DEFAULT NULL COMMENT 'Quote item ids',
  `created_at` timestamp NULL DEFAULT NULL COMMENT 'Created At',
  `updated_at` timestamp NULL DEFAULT NULL COMMENT 'Updated at',
  PRIMARY KEY (`id`),
  KEY `EMAIL_ABANDONED_CART_QUOTE_ID` (`quote_id`),
  KEY `EMAIL_ABANDONED_CART_STORE_ID` (`store_id`),
  KEY `EMAIL_ABANDONED_CART_CUSTOMER_ID` (`customer_id`),
  KEY `EMAIL_ABANDONED_CART_EMAIL` (`email`)
) ENGINE=InnoDB DEFAULT CHARSET=utf8 COMMENT='Abandoned Carts Table';

--
-- Dumping data for table `email_abandoned_cart`
--


--
-- Table structure for table `email_automation`
--

CREATE TABLE `email_automation` (
  `id` int(10) unsigned NOT NULL AUTO_INCREMENT COMMENT 'Primary Key',
  `automation_type` varchar(255) DEFAULT NULL COMMENT 'Automation Type',
  `store_name` varchar(255) DEFAULT NULL COMMENT 'Automation Type',
  `enrolment_status` varchar(255) NOT NULL COMMENT 'Enrolment Status',
  `email` varchar(255) DEFAULT NULL COMMENT 'Email',
  `type_id` varchar(255) DEFAULT NULL COMMENT 'Type ID',
  `program_id` varchar(255) DEFAULT NULL COMMENT 'Program ID',
  `website_id` smallint(5) unsigned NOT NULL COMMENT 'Website Id',
  `message` varchar(255) NOT NULL COMMENT 'Message',
  `created_at` timestamp NULL DEFAULT NULL COMMENT 'Creation Time',
  `updated_at` timestamp NULL DEFAULT NULL COMMENT 'Update Time',
  PRIMARY KEY (`id`),
  KEY `EMAIL_AUTOMATION_AUTOMATION_TYPE` (`automation_type`),
  KEY `EMAIL_AUTOMATION_ENROLMENT_STATUS` (`enrolment_status`),
  KEY `EMAIL_AUTOMATION_TYPE_ID` (`type_id`),
  KEY `EMAIL_AUTOMATION_EMAIL` (`email`),
  KEY `EMAIL_AUTOMATION_PROGRAM_ID` (`program_id`),
  KEY `EMAIL_AUTOMATION_CREATED_AT` (`created_at`),
  KEY `EMAIL_AUTOMATION_UPDATED_AT` (`updated_at`),
  KEY `EMAIL_AUTOMATION_WEBSITE_ID` (`website_id`)
) ENGINE=InnoDB DEFAULT CHARSET=utf8 COMMENT='Automation Status';

--
-- Dumping data for table `email_automation`
--


--
-- Table structure for table `email_campaign`
--

CREATE TABLE `email_campaign` (
  `id` int(10) unsigned NOT NULL AUTO_INCREMENT COMMENT 'Primary Key',
  `campaign_id` int(10) unsigned NOT NULL COMMENT 'Campaign ID',
  `email` varchar(255) NOT NULL DEFAULT '' COMMENT 'Contact Email',
  `customer_id` int(10) unsigned NOT NULL COMMENT 'Customer ID',
  `sent_at` timestamp NULL DEFAULT NULL COMMENT 'Send Date',
  `order_increment_id` varchar(50) NOT NULL COMMENT 'Order Increment ID',
  `quote_id` int(10) unsigned NOT NULL COMMENT 'Sales Quote ID',
  `message` varchar(255) NOT NULL DEFAULT '' COMMENT 'Error Message',
  `checkout_method` varchar(255) NOT NULL DEFAULT '' COMMENT 'Checkout Method Used',
  `store_id` smallint(5) unsigned NOT NULL DEFAULT 0 COMMENT 'Store ID',
  `event_name` varchar(255) NOT NULL DEFAULT '' COMMENT 'Event Name',
  `send_id` varchar(255) NOT NULL DEFAULT '' COMMENT 'Send Id',
  `send_status` smallint(6) NOT NULL DEFAULT 0 COMMENT 'Campaign send status',
  `created_at` timestamp NULL DEFAULT NULL COMMENT 'Creation Time',
  `updated_at` timestamp NULL DEFAULT NULL COMMENT 'Update Time',
  PRIMARY KEY (`id`),
  KEY `EMAIL_CAMPAIGN_STORE_ID` (`store_id`),
  KEY `EMAIL_CAMPAIGN_CAMPAIGN_ID` (`campaign_id`),
  KEY `EMAIL_CAMPAIGN_EMAIL` (`email`),
  KEY `EMAIL_CAMPAIGN_SEND_ID` (`send_id`),
  KEY `EMAIL_CAMPAIGN_SEND_STATUS` (`send_status`),
  KEY `EMAIL_CAMPAIGN_CREATED_AT` (`created_at`),
  KEY `EMAIL_CAMPAIGN_UPDATED_AT` (`updated_at`),
  KEY `EMAIL_CAMPAIGN_SENT_AT` (`sent_at`),
  KEY `EMAIL_CAMPAIGN_EVENT_NAME` (`event_name`),
  KEY `EMAIL_CAMPAIGN_MESSAGE` (`message`),
  KEY `EMAIL_CAMPAIGN_QUOTE_ID` (`quote_id`),
  KEY `EMAIL_CAMPAIGN_CUSTOMER_ID` (`customer_id`),
  CONSTRAINT `EMAIL_CAMPAIGN_STORE_ID_CORE/STORE_STORE_ID` FOREIGN KEY (`store_id`) REFERENCES `store` (`store_id`) ON DELETE CASCADE
) ENGINE=InnoDB DEFAULT CHARSET=utf8 COMMENT='Connector Campaigns';

--
-- Dumping data for table `email_campaign`
--


--
-- Table structure for table `email_catalog`
--

CREATE TABLE `email_catalog` (
  `id` int(10) unsigned NOT NULL AUTO_INCREMENT COMMENT 'Primary Key',
  `product_id` int(10) unsigned NOT NULL COMMENT 'Product Id',
  `processed` smallint(5) unsigned NOT NULL COMMENT 'Product processed',
  `created_at` timestamp NULL DEFAULT NULL COMMENT 'Creation Time',
  `updated_at` timestamp NULL DEFAULT NULL COMMENT 'Update Time',
  `last_imported_at` timestamp NULL DEFAULT NULL COMMENT 'Last imported date',
  PRIMARY KEY (`id`),
  KEY `EMAIL_CATALOG_PRODUCT_ID` (`product_id`),
  KEY `EMAIL_CATALOG_PROCESSED` (`processed`),
  KEY `EMAIL_CATALOG_CREATED_AT` (`created_at`),
  KEY `EMAIL_CATALOG_UPDATED_AT` (`updated_at`),
  KEY `EMAIL_CATALOG_LAST_IMPORTED_AT` (`last_imported_at`),
  CONSTRAINT `EMAIL_CATALOG_PRODUCT_ID_CATALOG_PRODUCT_ENTITY_ENTITY_ID` FOREIGN KEY (`product_id`) REFERENCES `catalog_product_entity` (`entity_id`) ON DELETE CASCADE
) ENGINE=InnoDB AUTO_INCREMENT=10498 DEFAULT CHARSET=utf8 COMMENT='Connector Catalog';

--
-- Dumping data for table `email_catalog`
--

INSERT INTO `email_catalog` VALUES (36,36,0,'2021-08-31 03:50:13','2021-12-04 06:22:14',NULL),(37,37,0,'2021-08-31 04:01:03','2021-12-04 06:18:57',NULL),(38,38,0,'2021-08-31 04:02:13','2021-12-04 06:19:06',NULL),(39,39,0,'2021-08-31 04:03:26','2021-12-04 06:19:23',NULL),(40,40,0,'2021-08-31 04:04:41','2021-12-08 09:56:38',NULL),(3282,3284,0,'2021-11-16 06:45:03','2021-12-08 08:28:27',NULL),(4328,4330,0,'2021-11-16 11:43:41','2021-11-22 17:05:40',NULL),(4463,4465,0,'2021-11-16 11:43:44','2021-11-25 04:40:39',NULL),(4464,4466,0,'2021-11-16 11:43:44','2021-11-25 04:40:39',NULL),(4465,4467,0,'2021-11-16 11:43:44','2021-11-25 04:40:39',NULL),(4466,4468,0,'2021-11-16 11:43:44','2021-11-25 04:40:39',NULL),(4467,4469,0,'2021-11-16 11:43:44','2021-11-25 04:40:39',NULL),(4493,4495,0,'2021-11-16 11:43:44','2021-11-25 04:40:35',NULL),(4494,4496,0,'2021-11-16 11:43:44','2021-11-25 04:40:35',NULL),(4495,4497,0,'2021-11-16 11:43:44','2021-11-25 04:40:35',NULL),(4497,4499,0,'2021-11-16 11:43:44','2021-11-25 04:40:35',NULL),(4498,4500,0,'2021-11-16 11:43:44','2021-11-25 04:40:35',NULL),(4499,4501,0,'2021-11-16 11:43:44','2021-11-25 04:40:35',NULL),(4500,4502,0,'2021-11-16 11:43:44','2021-11-25 04:40:35',NULL),(4501,4503,0,'2021-11-16 11:43:44','2021-11-25 04:40:35',NULL),(4515,4517,0,'2021-11-16 11:43:44','2021-11-25 04:40:37',NULL),(4516,4518,0,'2021-11-16 11:43:44','2021-11-25 04:40:37',NULL),(4519,4521,0,'2021-11-16 11:43:47','2021-11-25 04:40:37',NULL),(4524,4526,0,'2021-11-16 11:43:47',NULL,NULL),(4525,4527,0,'2021-11-16 11:43:47','2021-11-25 04:40:37',NULL),(4526,4528,0,'2021-11-16 11:43:47','2021-11-25 04:40:37',NULL),(4527,4529,0,'2021-11-16 11:43:47','2021-11-25 04:40:37',NULL),(4528,4530,0,'2021-11-16 11:43:47','2021-11-25 04:40:37',NULL),(4529,4531,0,'2021-11-16 11:43:47','2021-11-25 04:40:37',NULL),(4530,4532,0,'2021-11-16 11:43:47','2021-11-25 04:40:37',NULL),(4531,4533,0,'2021-11-16 11:43:47','2021-11-25 04:40:37',NULL),(4532,4534,0,'2021-11-16 11:43:47','2021-11-25 04:40:37',NULL),(4533,4535,0,'2021-11-16 11:43:47','2021-11-25 04:40:37',NULL),(4537,4539,0,'2021-11-16 11:43:47','2021-11-25 04:40:37',NULL),(4538,4540,0,'2021-11-16 11:43:47','2021-11-25 04:40:37',NULL),(4539,4541,0,'2021-11-16 11:43:47','2021-11-25 04:40:37',NULL),(4554,4556,0,'2021-11-16 11:43:47','2021-11-25 04:40:37',NULL),(4556,4558,0,'2021-11-16 11:43:47','2021-11-25 04:40:37',NULL),(4557,4559,0,'2021-11-16 11:43:47','2021-11-25 04:40:37',NULL),(4558,4560,0,'2021-11-16 11:43:47','2021-11-25 04:40:37',NULL),(4562,4564,0,'2021-11-16 11:43:47','2021-11-25 04:40:37',NULL),(4579,4581,0,'2021-11-16 11:43:47','2021-11-25 04:40:37',NULL),(4581,4583,0,'2021-11-16 11:43:47','2021-11-25 04:40:37',NULL),(4582,4584,0,'2021-11-16 11:43:47','2021-11-25 04:40:37',NULL),(4583,4585,0,'2021-11-16 11:43:47','2021-11-25 04:40:37',NULL),(4584,4586,0,'2021-11-16 11:43:47','2021-11-25 04:40:37',NULL),(4585,4587,0,'2021-11-16 11:43:47','2021-11-25 04:40:37',NULL),(4586,4588,0,'2021-11-16 11:43:47','2021-11-25 04:40:37',NULL),(4587,4589,0,'2021-11-16 11:43:47','2021-11-25 04:40:37',NULL),(4588,4590,0,'2021-11-16 11:43:47','2021-11-25 04:40:37',NULL),(4589,4591,0,'2021-11-16 11:43:47','2021-11-25 04:40:37',NULL),(4590,4592,0,'2021-11-16 11:43:47','2021-11-25 04:40:37',NULL),(4591,4593,0,'2021-11-16 11:43:47','2021-11-25 04:40:37',NULL),(4592,4594,0,'2021-11-16 11:43:47','2021-11-25 04:40:37',NULL),(4593,4595,0,'2021-11-16 11:43:47','2021-11-25 04:40:37',NULL),(4594,4596,0,'2021-11-16 11:43:47','2021-11-25 04:40:37',NULL),(4595,4597,0,'2021-11-16 11:43:47','2021-11-25 04:40:37',NULL),(4596,4598,0,'2021-11-16 11:43:47','2021-11-25 04:40:37',NULL),(4597,4599,0,'2021-11-16 11:43:47','2021-11-25 04:40:37',NULL),(4598,4600,0,'2021-11-16 11:43:47','2021-11-25 04:40:37',NULL),(4599,4601,0,'2021-11-16 11:43:47','2021-11-25 04:40:37',NULL),(4600,4602,0,'2021-11-16 11:43:47','2021-11-25 04:40:37',NULL),(5191,5193,0,'2021-11-22 15:35:40','2021-12-10 03:27:21',NULL),(5192,5194,0,'2021-11-22 15:39:06','2021-12-08 06:52:22',NULL),(5363,5365,0,'2021-11-24 14:23:24','2021-12-19 06:34:19',NULL),(5364,5366,0,'2021-11-24 14:23:26','2021-12-19 06:34:19',NULL),(5365,5367,0,'2021-11-24 14:23:27','2021-12-19 06:34:19',NULL),(5366,5368,0,'2021-11-24 14:23:29','2021-12-19 06:34:19',NULL),(5367,5369,0,'2021-11-24 14:23:32','2021-12-19 06:34:19',NULL),(5368,5370,0,'2021-11-24 14:23:38','2022-01-03 09:17:14',NULL),(5369,5371,0,'2021-11-24 15:14:34','2021-12-19 06:34:19',NULL),(5370,5372,0,'2021-11-24 15:14:36','2021-12-19 06:34:19',NULL),(5371,5373,0,'2021-11-24 15:14:37','2021-12-19 06:34:19',NULL),(5372,5374,0,'2021-11-24 15:14:39','2021-12-19 06:34:19',NULL),(5373,5375,0,'2021-11-24 15:14:42','2021-12-19 06:34:19',NULL),(5374,5376,0,'2021-11-24 15:14:48','2022-01-03 09:17:53',NULL),(5375,5377,0,'2021-11-24 15:21:04','2021-12-19 06:34:19',NULL),(5376,5378,0,'2021-11-24 15:21:06','2021-12-19 06:34:19',NULL),(5377,5379,0,'2021-11-24 15:21:08','2021-12-19 06:34:19',NULL),(5378,5380,0,'2021-11-24 15:21:10','2021-12-19 06:34:19',NULL),(5379,5381,0,'2021-11-24 15:21:12','2021-12-19 06:34:19',NULL),(5380,5382,0,'2021-11-24 15:21:19','2022-01-03 09:18:43',NULL),(9386,9388,0,'2021-11-25 07:33:17','2022-01-10 03:22:08',NULL),(9387,9389,0,'2021-11-25 07:33:17','2022-01-10 03:22:08',NULL),(9388,9390,0,'2021-11-25 07:33:17','2022-01-10 03:22:08',NULL),(9389,9391,0,'2021-11-25 07:33:17','2022-01-10 03:22:08',NULL),(9390,9392,0,'2021-11-25 07:33:17','2022-01-10 03:22:08',NULL),(9391,9393,0,'2021-11-25 07:33:17','2022-01-10 03:22:08',NULL),(9392,9394,0,'2021-11-25 07:33:17','2022-01-10 03:22:08',NULL),(9393,9395,0,'2021-11-25 07:33:17','2022-01-10 03:22:08',NULL),(9394,9396,0,'2021-11-25 07:33:17','2022-01-10 03:22:08',NULL),(9395,9397,0,'2021-11-25 07:33:17','2022-01-10 02:19:08',NULL),(9396,9398,0,'2021-11-25 07:33:17','2022-01-10 02:19:08',NULL),(9397,9399,0,'2021-11-25 07:33:17','2022-01-10 02:19:08',NULL),(9398,9400,0,'2021-11-25 07:33:17','2022-01-10 02:19:08',NULL),(9399,9401,0,'2021-11-25 07:33:17','2022-01-10 02:19:08',NULL),(9400,9402,0,'2021-11-25 07:33:17','2022-01-10 02:19:08',NULL),(9401,9403,0,'2021-11-25 07:33:17','2022-01-10 02:19:08',NULL),(9402,9404,0,'2021-11-25 07:33:17','2022-01-10 02:19:08',NULL),(9403,9405,0,'2021-11-25 07:33:17','2022-01-10 02:19:08',NULL),(9404,9406,0,'2021-11-25 07:33:17','2022-01-10 02:19:08',NULL),(9405,9407,0,'2021-11-25 07:33:17','2022-01-10 02:19:08',NULL),(9406,9408,0,'2021-11-25 07:33:17','2022-01-10 02:19:08',NULL),(9407,9409,0,'2021-11-25 07:33:17','2022-01-10 02:19:08',NULL),(9408,9410,0,'2021-11-25 07:33:17','2022-01-10 02:19:08',NULL),(9409,9411,0,'2021-11-25 07:33:17','2022-01-10 02:19:08',NULL),(9410,9412,0,'2021-11-25 07:33:17','2022-01-10 03:22:08',NULL),(9411,9413,0,'2021-11-25 07:33:17','2022-01-10 03:22:08',NULL),(9412,9414,0,'2021-11-25 07:33:17','2022-01-10 03:22:08',NULL),(9413,9415,0,'2021-11-25 07:33:17','2022-01-10 03:22:08',NULL),(9414,9416,0,'2021-11-25 07:33:17','2022-01-10 03:22:08',NULL),(9415,9417,0,'2021-11-25 07:33:17','2022-01-10 03:22:08',NULL),(9416,9418,0,'2021-11-25 07:33:17','2022-01-10 03:22:08',NULL),(9417,9419,0,'2021-11-25 07:33:17','2022-01-10 03:22:08',NULL),(9418,9420,0,'2021-11-25 07:33:17','2022-01-10 03:22:08',NULL),(9419,9421,0,'2021-11-25 07:33:17','2022-01-10 03:22:08',NULL),(9420,9422,0,'2021-11-25 07:33:17','2022-01-10 03:22:08',NULL),(9421,9423,0,'2021-11-25 07:33:17','2022-01-10 03:22:08',NULL),(9422,9424,0,'2021-11-25 07:33:17','2022-01-10 03:22:08',NULL),(9423,9425,0,'2021-11-25 07:33:17','2022-01-10 02:19:08',NULL),(9424,9426,0,'2021-11-25 07:33:17','2022-01-10 02:19:08',NULL),(9425,9427,0,'2021-11-25 07:33:17','2022-01-10 02:19:08',NULL),(9426,9428,0,'2021-11-25 07:33:17','2022-01-10 03:22:08',NULL),(9427,9429,0,'2021-11-25 07:33:17','2022-01-10 03:22:08',NULL),(9428,9430,0,'2021-11-25 07:33:17','2022-01-10 03:22:08',NULL),(9429,9431,0,'2021-11-25 07:33:17','2022-01-10 03:22:08',NULL),(9430,9432,0,'2021-11-25 07:33:17','2022-01-10 03:22:08',NULL),(9431,9433,0,'2021-11-25 07:33:17','2022-01-10 03:22:08',NULL),(9432,9434,0,'2021-11-25 07:33:17','2022-01-10 03:22:08',NULL),(9433,9435,0,'2021-11-25 07:33:17','2022-01-10 03:22:08',NULL),(9434,9436,0,'2021-11-25 07:33:17','2022-01-10 03:22:08',NULL),(9435,9437,0,'2021-11-25 07:33:17','2022-01-10 03:22:08',NULL),(9436,9438,0,'2021-11-25 07:33:17','2022-01-10 03:22:08',NULL),(9437,9439,0,'2021-11-25 07:33:17','2022-01-10 03:22:08',NULL),(9438,9440,0,'2021-11-25 07:33:17','2022-01-10 03:22:08',NULL),(9439,9441,0,'2021-11-25 07:33:17','2022-01-10 03:22:08',NULL),(9440,9442,0,'2021-11-25 07:33:17','2022-01-10 02:19:08',NULL),(9441,9443,0,'2021-11-25 07:33:17','2022-01-10 02:19:08',NULL),(9442,9444,0,'2021-11-25 07:33:17','2022-01-10 02:19:08',NULL),(9443,9445,0,'2021-11-25 07:33:17','2022-01-10 02:19:08',NULL),(9444,9446,0,'2021-11-25 07:33:17','2022-01-10 02:19:08',NULL),(9445,9447,0,'2021-11-25 07:33:17','2022-01-10 02:19:08',NULL),(9446,9448,0,'2021-11-25 07:33:17','2022-01-10 02:19:08',NULL),(9447,9449,0,'2021-11-25 07:33:17','2022-01-10 02:19:08',NULL),(9448,9450,0,'2021-11-25 07:33:17','2022-01-10 02:19:08',NULL),(9449,9451,0,'2021-11-25 07:33:17','2022-01-10 03:22:08',NULL),(9450,9452,0,'2021-11-25 07:33:17','2022-01-10 03:22:08',NULL),(9451,9453,0,'2021-11-25 07:33:17','2022-01-10 03:22:08',NULL),(9452,9454,0,'2021-11-25 07:33:17','2022-01-10 03:22:08',NULL),(9453,9455,0,'2021-11-25 07:33:17','2022-01-10 03:22:08',NULL),(9454,9456,0,'2021-11-25 07:33:17','2022-01-10 03:22:08',NULL),(9455,9457,0,'2021-11-25 07:33:17','2022-01-10 03:22:08',NULL),(9456,9458,0,'2021-11-25 07:33:17','2022-01-10 03:22:08',NULL),(9457,9459,0,'2021-11-25 07:33:17','2022-01-10 02:19:08',NULL),(9458,9460,0,'2021-11-25 07:33:17','2022-01-10 03:22:08',NULL),(9459,9461,0,'2021-11-25 07:33:17','2022-01-10 03:22:08',NULL),(9460,9462,0,'2021-11-25 07:33:17','2022-01-10 03:22:08',NULL),(9461,9463,0,'2021-11-25 07:33:17','2022-01-10 03:22:08',NULL),(9462,9464,0,'2021-11-25 07:33:17','2022-01-10 02:19:08',NULL),(9463,9465,0,'2021-11-25 07:33:17','2022-01-10 03:22:08',NULL),(9464,9466,0,'2021-11-25 07:33:17','2022-01-10 03:22:08',NULL),(9465,9467,0,'2021-11-25 07:33:17','2022-01-10 02:19:08',NULL),(9466,9468,0,'2021-11-25 07:33:17','2022-01-10 03:22:08',NULL),(9467,9469,0,'2021-11-25 07:33:17','2022-01-10 03:22:08',NULL),(9468,9470,0,'2021-11-25 07:33:17','2022-01-10 03:22:08',NULL),(9469,9471,0,'2021-11-25 07:33:17','2022-01-10 03:22:08',NULL),(9470,9472,0,'2021-11-25 07:33:17','2022-01-10 02:19:08',NULL),(9471,9473,0,'2021-11-25 07:33:17','2022-01-10 03:22:08',NULL),(9472,9474,0,'2021-11-25 07:33:17','2022-01-10 02:19:08',NULL),(9473,9475,0,'2021-11-25 07:33:17','2022-01-10 02:19:08',NULL),(9474,9476,0,'2021-11-25 07:33:17','2022-01-10 03:22:08',NULL),(9475,9477,0,'2021-11-25 07:33:17','2022-01-10 03:22:08',NULL),(9476,9478,0,'2021-11-25 07:33:17','2022-01-10 03:22:08',NULL),(9477,9479,0,'2021-11-25 07:33:17','2022-01-10 03:22:08',NULL),(9478,9480,0,'2021-11-25 07:33:17','2022-01-10 03:22:08',NULL),(9479,9481,0,'2021-11-25 07:33:17','2022-01-10 03:22:08',NULL),(9480,9482,0,'2021-11-25 07:33:17','2022-01-10 03:22:08',NULL),(9481,9483,0,'2021-11-25 07:33:17','2022-01-10 03:22:08',NULL),(9482,9484,0,'2021-11-25 07:33:17','2022-01-10 03:22:08',NULL),(9483,9485,0,'2021-11-25 07:33:17','2022-01-10 03:22:08',NULL),(9484,9486,0,'2021-11-25 07:33:17','2022-01-10 03:22:08',NULL),(9485,9487,0,'2021-11-25 07:33:17','2022-01-10 03:22:08',NULL),(9486,9488,0,'2021-11-25 07:33:21','2022-01-10 03:22:08',NULL),(9487,9489,0,'2021-11-25 07:33:21','2022-01-10 03:22:08',NULL),(9488,9490,0,'2021-11-25 07:33:21','2022-01-10 03:22:08',NULL),(9489,9491,0,'2021-11-25 07:33:21','2022-01-10 03:22:08',NULL),(9490,9492,0,'2021-11-25 07:33:21','2022-01-10 03:22:08',NULL),(9491,9493,0,'2021-11-25 07:33:21','2022-01-10 03:22:08',NULL),(9492,9494,0,'2021-11-25 07:33:21','2021-11-26 07:17:42',NULL),(9493,9495,0,'2021-11-25 07:33:21','2021-11-26 07:17:42',NULL),(9494,9496,0,'2021-11-25 07:33:21','2021-11-26 07:17:42',NULL),(9495,9497,0,'2021-11-25 07:33:21','2021-11-26 07:17:42',NULL),(9496,9498,0,'2021-11-25 07:33:21','2021-11-26 07:17:42',NULL),(9497,9499,0,'2021-11-25 07:33:21','2021-11-26 07:17:42',NULL),(9498,9500,0,'2021-11-25 07:33:21','2021-11-26 07:17:42',NULL),(9499,9501,0,'2021-11-25 07:33:21','2021-11-26 07:17:42',NULL),(9500,9502,0,'2021-11-25 07:33:21','2021-11-26 07:17:42',NULL),(9501,9503,0,'2021-11-25 07:33:21','2021-11-26 07:17:42',NULL),(9502,9504,0,'2021-11-25 07:33:21','2021-11-26 07:17:42',NULL),(9503,9505,0,'2021-11-25 07:33:21','2021-11-26 07:17:42',NULL),(9504,9506,0,'2021-11-25 07:33:21','2021-11-26 07:17:42',NULL),(9505,9507,0,'2021-11-25 07:33:21','2021-11-26 07:17:42',NULL),(9506,9508,0,'2021-11-25 07:33:21','2021-11-26 07:17:42',NULL),(9507,9509,0,'2021-11-25 07:33:21','2021-11-26 07:17:42',NULL),(9508,9510,0,'2021-11-25 07:33:21','2021-11-26 07:17:42',NULL),(9509,9511,0,'2021-11-25 07:33:21','2021-11-26 07:17:42',NULL),(9510,9512,0,'2021-11-25 07:33:21','2021-11-26 07:17:42',NULL),(9511,9513,0,'2021-11-25 07:33:21','2021-11-26 07:17:42',NULL),(9512,9514,0,'2021-11-25 07:33:21','2021-11-26 07:17:42',NULL),(9513,9515,0,'2021-11-25 07:33:21','2021-11-26 07:17:42',NULL),(9514,9516,0,'2021-11-25 07:33:21','2021-11-26 07:17:42',NULL),(9515,9517,0,'2021-11-25 07:33:21','2021-11-26 07:17:42',NULL),(9516,9518,0,'2021-11-25 07:33:21','2021-11-26 07:17:42',NULL),(9517,9519,0,'2021-11-25 07:33:21','2021-11-26 07:17:42',NULL),(9518,9520,0,'2021-11-25 07:33:21','2021-11-26 07:17:42',NULL),(9519,9521,0,'2021-11-25 07:33:21','2021-11-26 07:17:42',NULL),(9520,9522,0,'2021-11-25 07:33:21','2021-11-26 07:17:42',NULL),(9521,9523,0,'2021-11-25 07:33:21','2021-11-26 07:17:42',NULL),(9522,9524,0,'2021-11-25 07:33:21','2021-11-26 07:17:42',NULL),(9523,9525,0,'2021-11-25 07:33:21','2021-12-19 06:34:19',NULL),(9524,9526,0,'2021-11-25 07:33:21','2021-11-26 07:17:42',NULL),(9525,9527,0,'2021-11-25 07:33:21','2021-11-26 07:17:42',NULL),(9526,9528,0,'2021-11-25 07:33:21','2021-11-26 07:17:42',NULL),(9527,9529,0,'2021-11-25 07:33:21','2021-11-26 07:17:42',NULL),(9528,9530,0,'2021-11-25 07:33:21','2021-11-26 07:17:42',NULL),(9529,9531,0,'2021-11-25 07:33:21','2021-11-26 07:17:42',NULL),(9530,9532,0,'2021-11-25 07:33:21','2021-11-26 07:17:42',NULL),(9531,9533,0,'2021-11-25 07:33:21','2021-11-26 07:17:42',NULL),(9532,9534,0,'2021-11-25 07:33:21','2021-11-26 07:17:42',NULL),(9533,9535,0,'2021-11-25 07:33:21','2021-11-26 07:17:42',NULL),(9534,9536,0,'2021-11-25 07:33:21','2021-11-26 07:17:42',NULL),(9535,9537,0,'2021-11-25 07:33:21','2021-11-26 07:17:42',NULL),(9536,9538,0,'2021-11-25 07:33:21','2021-11-26 07:17:42',NULL),(9537,9539,0,'2021-11-25 07:33:21','2021-11-26 07:17:42',NULL),(9538,9540,0,'2021-11-25 07:33:21','2021-11-26 07:17:42',NULL),(9539,9541,0,'2021-11-25 07:33:21','2021-11-26 07:17:42',NULL),(9540,9542,0,'2021-11-25 07:33:21','2021-11-26 07:17:42',NULL),(9541,9543,0,'2021-11-25 07:33:21','2021-11-26 07:17:42',NULL),(9542,9544,0,'2021-11-25 07:33:21','2021-11-26 07:17:42',NULL),(9543,9545,0,'2021-11-25 07:33:21','2021-11-26 07:17:42',NULL),(9544,9546,0,'2021-11-25 07:33:21','2021-11-26 07:17:42',NULL),(9545,9547,0,'2021-11-25 07:33:21','2021-11-26 07:17:42',NULL),(9546,9548,0,'2021-11-25 07:33:21','2021-11-26 07:17:42',NULL),(9547,9549,0,'2021-11-25 07:33:21','2021-12-20 07:05:45',NULL),(9548,9550,0,'2021-11-25 07:33:21','2021-11-26 07:17:42',NULL),(9549,9551,0,'2021-11-25 07:33:21','2021-11-26 07:17:42',NULL),(9550,9552,0,'2021-11-25 07:33:21','2021-11-26 07:17:42',NULL),(9551,9553,0,'2021-11-25 07:33:21','2021-11-26 07:17:42',NULL),(9552,9554,0,'2021-11-25 07:33:21','2021-11-26 07:17:42',NULL),(9553,9555,0,'2021-11-25 07:33:21','2021-11-26 07:17:42',NULL),(9554,9556,0,'2021-11-25 07:33:21','2021-11-26 07:17:42',NULL),(9555,9557,0,'2021-11-25 07:33:21','2021-11-26 07:17:42',NULL),(9556,9558,0,'2021-11-25 07:33:21','2021-11-26 07:17:42',NULL),(9557,9559,0,'2021-11-25 07:33:21','2021-11-26 07:17:42',NULL),(9558,9560,0,'2021-11-25 07:33:21','2021-11-26 07:17:42',NULL),(9559,9561,0,'2021-11-25 07:33:21','2021-11-26 07:17:42',NULL),(9560,9562,0,'2021-11-25 07:33:21','2021-11-26 07:17:42',NULL),(9561,9563,0,'2021-11-25 07:33:21','2021-11-26 07:17:42',NULL),(9562,9564,0,'2021-11-25 07:33:21','2021-11-26 07:17:42',NULL),(9563,9565,0,'2021-11-25 07:33:21','2021-11-26 07:17:42',NULL),(9564,9566,0,'2021-11-25 07:33:21','2021-11-26 07:17:42',NULL),(9565,9567,0,'2021-11-25 07:33:21','2021-11-26 07:17:42',NULL),(9566,9568,0,'2021-11-25 07:33:21','2021-11-26 07:17:42',NULL),(9567,9569,0,'2021-11-25 07:33:21','2021-11-26 07:17:42',NULL),(9568,9570,0,'2021-11-25 07:33:21','2021-11-26 07:17:42',NULL),(9569,9571,0,'2021-11-25 07:33:21','2021-11-26 07:17:42',NULL),(9570,9572,0,'2021-11-25 07:33:21','2021-11-26 07:17:42',NULL),(9571,9573,0,'2021-11-25 07:33:21','2021-11-26 07:17:42',NULL),(9572,9574,0,'2021-11-25 07:33:21','2021-11-26 07:17:42',NULL),(9573,9575,0,'2021-11-25 07:33:21','2021-11-26 07:17:42',NULL),(9574,9576,0,'2021-11-25 07:33:21','2021-11-26 07:17:42',NULL),(9575,9577,0,'2021-11-25 07:33:21','2021-11-26 07:17:42',NULL),(9576,9578,0,'2021-11-25 07:33:21','2021-11-26 07:17:42',NULL),(9577,9579,0,'2021-11-25 07:33:21','2021-11-26 07:17:42',NULL),(9578,9580,0,'2021-11-25 07:33:21','2021-11-26 07:17:42',NULL),(9579,9581,0,'2021-11-25 07:33:21','2021-11-26 07:17:42',NULL),(9580,9582,0,'2021-11-25 07:33:21','2021-11-26 07:17:42',NULL),(9581,9583,0,'2021-11-25 07:33:21','2021-11-26 07:17:42',NULL),(9582,9584,0,'2021-11-25 07:33:21','2021-11-26 07:17:42',NULL),(9583,9585,0,'2021-11-25 07:33:21','2021-11-26 07:17:42',NULL),(9584,9586,0,'2021-11-25 07:33:21','2021-11-26 07:17:42',NULL),(9585,9587,0,'2021-11-25 07:33:21','2021-11-26 07:17:42',NULL),(9586,9588,0,'2021-11-25 07:33:24','2021-11-26 07:17:44',NULL),(9587,9589,0,'2021-11-25 07:33:24','2021-11-26 07:17:44',NULL),(9588,9590,0,'2021-11-25 07:33:24','2021-11-26 07:17:44',NULL),(9589,9591,0,'2021-11-25 07:33:24','2021-11-26 07:17:44',NULL),(9590,9592,0,'2021-11-25 07:33:24','2021-11-26 07:17:44',NULL),(9591,9593,0,'2021-11-25 07:33:24','2021-11-26 07:17:44',NULL),(9592,9594,0,'2021-11-25 07:33:24','2021-11-26 07:17:44',NULL),(9593,9595,0,'2021-11-25 07:33:24','2021-11-26 07:17:44',NULL),(9594,9596,0,'2021-11-25 07:33:24','2021-11-26 07:17:44',NULL),(9595,9597,0,'2021-11-25 07:33:24','2021-11-26 07:17:44',NULL),(9596,9598,0,'2021-11-25 07:33:24','2021-11-26 07:17:44',NULL),(9597,9599,0,'2021-11-25 07:33:24','2021-11-26 07:17:44',NULL),(9598,9600,0,'2021-11-25 07:33:24','2021-11-26 07:17:44',NULL),(9599,9601,0,'2021-11-25 07:33:24','2021-11-26 07:17:44',NULL),(9600,9602,0,'2021-11-25 07:33:24','2021-11-26 07:17:44',NULL),(9601,9603,0,'2021-11-25 07:33:24','2021-11-26 07:17:44',NULL),(9602,9604,0,'2021-11-25 07:33:24','2021-11-26 07:17:44',NULL),(9603,9605,0,'2021-11-25 07:33:24','2021-11-26 07:17:44',NULL),(9604,9606,0,'2021-11-25 07:33:24','2021-11-26 07:17:44',NULL),(9605,9607,0,'2021-11-25 07:33:24','2021-11-26 07:17:44',NULL),(9606,9608,0,'2021-11-25 07:33:24','2021-11-26 07:17:44',NULL),(9607,9609,0,'2021-11-25 07:33:24','2021-11-26 07:17:44',NULL),(9608,9610,0,'2021-11-25 07:33:24','2021-11-26 07:17:44',NULL),(9609,9611,0,'2021-11-25 07:33:24','2021-11-26 07:17:44',NULL),(9610,9612,0,'2021-11-25 07:33:24','2021-11-26 07:17:44',NULL),(9611,9613,0,'2021-11-25 07:33:24','2021-11-26 07:17:44',NULL),(9612,9614,0,'2021-11-25 07:33:24','2021-11-26 07:17:44',NULL),(9613,9615,0,'2021-11-25 07:33:24','2021-11-26 07:17:44',NULL),(9614,9616,0,'2021-11-25 07:33:24','2021-11-26 07:17:44',NULL),(9615,9617,0,'2021-11-25 07:33:24','2021-11-26 07:17:44',NULL),(9616,9618,0,'2021-11-25 07:33:24','2021-11-26 07:17:44',NULL),(9617,9619,0,'2021-11-25 07:33:24','2021-11-26 07:17:44',NULL),(9618,9620,0,'2021-11-25 07:33:24','2021-11-26 07:17:44',NULL),(9619,9621,0,'2021-11-25 07:33:24','2021-11-26 07:17:44',NULL),(9620,9622,0,'2021-11-25 07:33:24','2021-11-26 07:17:44',NULL),(9621,9623,0,'2021-11-25 07:33:24','2021-11-26 07:17:44',NULL),(9622,9624,0,'2021-11-25 07:33:24','2021-11-26 07:17:44',NULL),(9623,9625,0,'2021-11-25 07:33:24','2021-11-26 07:17:44',NULL),(9624,9626,0,'2021-11-25 07:33:24','2021-11-26 07:17:44',NULL),(9625,9627,0,'2021-11-25 07:33:24','2021-11-26 07:17:44',NULL),(9626,9628,0,'2021-11-25 07:33:24','2021-11-26 07:17:44',NULL),(9627,9629,0,'2021-11-25 07:33:24','2021-11-26 07:17:44',NULL),(9628,9630,0,'2021-11-25 07:33:24','2021-11-26 07:17:44',NULL),(9629,9631,0,'2021-11-25 07:33:24','2021-11-26 07:17:44',NULL),(9630,9632,0,'2021-11-25 07:33:24','2021-11-26 07:17:44',NULL),(9631,9633,0,'2021-11-25 07:33:24','2021-11-26 07:17:44',NULL),(9632,9634,0,'2021-11-25 07:33:24','2021-11-26 07:17:44',NULL),(9633,9635,0,'2021-11-25 07:33:24','2021-11-26 07:17:44',NULL),(9634,9636,0,'2021-11-25 07:33:24','2021-11-26 07:17:44',NULL),(9635,9637,0,'2021-11-25 07:33:24','2021-11-26 07:17:44',NULL),(9636,9638,0,'2021-11-25 07:33:24','2021-11-26 07:17:44',NULL),(9637,9639,0,'2021-11-25 07:33:24','2021-11-26 07:17:44',NULL),(9638,9640,0,'2021-11-25 07:33:24','2021-11-26 07:17:44',NULL),(9639,9641,0,'2021-11-25 07:33:24','2021-11-26 07:17:44',NULL),(9640,9642,0,'2021-11-25 07:33:24','2021-11-26 07:17:44',NULL),(9641,9643,0,'2021-11-25 07:33:24','2021-11-26 07:17:44',NULL),(9642,9644,0,'2021-11-25 07:33:24','2021-11-26 07:17:44',NULL),(9643,9645,0,'2021-11-25 07:33:24','2021-11-26 07:17:44',NULL),(9644,9646,0,'2021-11-25 07:33:24','2021-11-26 07:17:44',NULL),(9645,9647,0,'2021-11-25 07:33:24','2021-11-26 07:17:44',NULL),(9646,9648,0,'2021-11-25 07:33:24','2021-11-26 07:17:44',NULL),(9647,9649,0,'2021-11-25 07:33:24','2021-11-26 07:17:44',NULL),(9648,9650,0,'2021-11-25 07:33:24','2021-11-26 07:17:44',NULL),(9649,9651,0,'2021-11-25 07:33:24','2021-11-26 07:17:44',NULL),(9650,9652,0,'2021-11-25 07:33:24','2021-11-26 07:17:44',NULL),(9651,9653,0,'2021-11-25 07:33:24','2021-11-26 07:17:44',NULL),(9652,9654,0,'2021-11-25 07:33:24','2021-11-26 07:17:44',NULL),(9653,9655,0,'2021-11-25 07:33:24','2021-11-26 07:17:44',NULL),(9654,9656,0,'2021-11-25 07:33:24','2021-11-26 07:17:44',NULL),(9655,9657,0,'2021-11-25 07:33:24','2021-11-26 07:17:44',NULL),(9656,9658,0,'2021-11-25 07:33:24','2021-11-26 07:17:44',NULL),(9657,9659,0,'2021-11-25 07:33:24','2021-11-26 07:17:44',NULL),(9658,9660,0,'2021-11-25 07:33:24','2021-11-26 07:17:44',NULL),(9659,9661,0,'2021-11-25 07:33:24','2021-11-26 07:17:44',NULL),(9660,9662,0,'2021-11-25 07:33:24','2021-11-26 07:17:44',NULL),(9661,9663,0,'2021-11-25 07:33:24','2021-11-26 07:17:44',NULL),(9662,9664,0,'2021-11-25 07:33:24','2021-11-26 07:17:44',NULL),(9663,9665,0,'2021-11-25 07:33:24','2021-11-26 07:17:44',NULL),(9664,9666,0,'2021-11-25 07:33:24','2021-11-26 07:17:44',NULL),(9665,9667,0,'2021-11-25 07:33:24','2021-11-26 07:17:44',NULL),(9666,9668,0,'2021-11-25 07:33:24','2021-11-26 07:17:44',NULL),(9667,9669,0,'2021-11-25 07:33:24','2021-11-26 07:17:44',NULL),(9668,9670,0,'2021-11-25 07:33:24','2021-11-26 07:17:44',NULL),(9669,9671,0,'2021-11-25 07:33:24','2021-11-26 07:17:44',NULL),(9670,9672,0,'2021-11-25 07:33:24','2021-11-26 07:17:44',NULL),(9671,9673,0,'2021-11-25 07:33:24','2021-11-26 07:17:44',NULL),(9672,9674,0,'2021-11-25 07:33:24','2021-11-26 07:17:44',NULL),(9673,9675,0,'2021-11-25 07:33:24','2021-11-26 07:17:44',NULL),(9674,9676,0,'2021-11-25 07:33:24','2021-11-26 07:17:44',NULL),(9675,9677,0,'2021-11-25 07:33:24','2021-11-26 07:17:44',NULL),(9676,9678,0,'2021-11-25 07:33:24','2021-11-26 07:17:44',NULL),(9677,9679,0,'2021-11-25 07:33:24','2021-11-26 07:17:44',NULL),(9678,9680,0,'2021-11-25 07:33:24','2021-11-26 07:17:44',NULL),(9679,9681,0,'2021-11-25 07:33:24','2021-11-26 07:17:44',NULL),(9680,9682,0,'2021-11-25 07:33:24','2021-11-26 07:17:44',NULL),(9681,9683,0,'2021-11-25 07:33:24','2021-11-26 07:17:44',NULL),(9682,9684,0,'2021-11-25 07:33:24','2021-11-26 07:17:44',NULL),(9683,9685,0,'2021-11-25 07:33:24','2021-11-26 07:17:44',NULL),(9684,9686,0,'2021-11-25 07:33:24','2021-11-26 07:17:44',NULL),(9685,9687,0,'2021-11-25 07:33:27','2021-11-26 07:17:46',NULL),(9686,9688,0,'2021-11-25 07:33:27','2021-11-26 07:17:46',NULL),(9687,9689,0,'2021-11-25 07:33:27','2021-11-26 07:17:46',NULL),(9688,9690,0,'2021-11-25 07:33:27','2021-11-26 07:17:46',NULL),(9689,9691,0,'2021-11-25 07:33:27','2021-11-26 07:17:46',NULL),(9690,9692,0,'2021-11-25 07:33:27','2021-11-26 07:17:46',NULL),(9691,9693,0,'2021-11-25 07:33:27','2021-11-26 07:17:46',NULL),(9692,9694,0,'2021-11-25 07:33:27','2021-11-26 07:17:46',NULL),(9693,9695,0,'2021-11-25 07:33:27','2021-11-26 07:17:46',NULL),(9694,9696,0,'2021-11-25 07:33:27','2021-11-26 07:17:46',NULL),(9695,9697,0,'2021-11-25 07:33:27','2021-11-26 07:17:46',NULL),(9696,9698,0,'2021-11-25 07:33:27','2021-11-26 07:17:46',NULL),(9697,9699,0,'2021-11-25 07:33:27','2021-11-26 07:17:46',NULL),(9698,9700,0,'2021-11-25 07:33:27','2021-11-26 07:17:46',NULL),(9699,9701,0,'2021-11-25 07:33:27','2021-11-26 07:17:46',NULL),(9700,9702,0,'2021-11-25 07:33:27','2021-11-26 07:17:46',NULL),(9701,9703,0,'2021-11-25 07:33:27','2021-11-26 07:17:46',NULL),(9702,9704,0,'2021-11-25 07:33:27','2021-11-26 07:17:46',NULL),(9703,9705,0,'2021-11-25 07:33:27','2021-11-26 07:17:46',NULL),(9704,9706,0,'2021-11-25 07:33:27','2021-11-26 07:17:46',NULL),(9705,9707,0,'2021-11-25 07:33:27','2021-11-26 07:17:46',NULL),(9706,9708,0,'2021-11-25 07:33:27','2021-11-26 07:17:46',NULL),(9707,9709,0,'2021-11-25 07:33:27','2021-11-26 07:17:46',NULL),(9708,9710,0,'2021-11-25 07:33:27','2021-11-26 07:17:46',NULL),(9709,9711,0,'2021-11-25 07:33:27','2021-11-26 07:17:46',NULL),(9710,9712,0,'2021-11-25 07:33:27','2021-11-26 07:17:46',NULL),(9711,9713,0,'2021-11-25 07:33:27','2021-11-26 07:17:46',NULL),(9712,9714,0,'2021-11-25 07:33:27','2021-11-26 07:17:46',NULL),(9713,9715,0,'2021-11-25 07:33:27','2021-11-26 07:17:46',NULL),(9714,9716,0,'2021-11-25 07:33:27','2021-11-26 07:17:46',NULL),(9715,9717,0,'2021-11-25 07:33:27','2021-11-26 07:17:46',NULL),(9716,9718,0,'2021-11-25 07:33:27','2021-11-26 07:17:46',NULL),(9717,9719,0,'2021-11-25 07:33:27','2021-11-26 07:17:46',NULL),(9718,9720,0,'2021-11-25 07:33:27','2021-11-26 07:17:46',NULL),(9719,9721,0,'2021-11-25 07:33:27','2021-11-26 07:17:46',NULL),(9720,9722,0,'2021-11-25 07:33:27','2021-11-26 07:17:46',NULL),(9721,9723,0,'2021-11-25 07:33:27','2021-11-26 07:17:46',NULL),(9722,9724,0,'2021-11-25 07:33:27','2021-11-26 07:17:46',NULL),(9723,9725,0,'2021-11-25 07:33:27','2021-11-26 07:17:46',NULL),(9724,9726,0,'2021-11-25 07:33:27','2021-11-26 07:17:46',NULL),(9725,9727,0,'2021-11-25 07:33:27','2021-11-26 07:17:46',NULL),(9726,9728,0,'2021-11-25 07:33:27','2021-11-26 07:17:46',NULL),(9727,9729,0,'2021-11-25 07:33:27','2021-11-26 07:17:46',NULL),(9728,9730,0,'2021-11-25 07:33:27','2021-11-26 07:17:46',NULL),(9729,9731,0,'2021-11-25 07:33:27','2021-11-26 07:17:46',NULL),(9730,9732,0,'2021-11-25 07:33:27','2021-11-26 07:17:46',NULL),(9731,9733,0,'2021-11-25 07:33:27','2021-11-26 07:17:46',NULL),(9732,9734,0,'2021-11-25 07:33:27','2021-11-26 07:17:46',NULL),(9733,9735,0,'2021-11-25 07:33:27','2021-11-26 07:17:46',NULL),(9734,9736,0,'2021-11-25 07:33:27','2021-11-26 07:17:46',NULL),(9735,9737,0,'2021-11-25 07:33:27','2021-11-26 07:17:46',NULL),(9736,9738,0,'2021-11-25 07:33:27','2021-11-26 07:17:46',NULL),(9737,9739,0,'2021-11-25 07:33:27','2021-11-26 07:17:46',NULL),(9738,9740,0,'2021-11-25 07:33:27','2021-11-26 07:17:46',NULL),(9739,9741,0,'2021-11-25 07:33:27','2021-11-26 07:17:46',NULL),(9740,9742,0,'2021-11-25 07:33:27','2021-11-26 07:17:46',NULL),(9741,9743,0,'2021-11-25 07:33:27','2021-11-26 07:17:46',NULL),(9742,9744,0,'2021-11-25 07:33:27','2021-11-26 07:17:46',NULL),(9743,9745,0,'2021-11-25 07:33:27','2021-11-26 07:17:46',NULL),(9744,9746,0,'2021-11-25 07:33:27','2021-11-26 07:17:46',NULL),(9745,9747,0,'2021-11-25 07:33:27','2021-11-26 07:17:46',NULL),(9746,9748,0,'2021-11-25 07:33:27','2021-11-26 07:17:46',NULL),(9747,9749,0,'2021-11-25 07:33:27','2021-11-26 07:17:46',NULL),(9748,9750,0,'2021-11-25 07:33:27','2021-11-26 07:17:46',NULL),(9749,9751,0,'2021-11-25 07:33:27','2021-11-26 07:17:46',NULL),(9750,9752,0,'2021-11-25 07:33:27','2021-11-26 07:17:46',NULL),(9751,9753,0,'2021-11-25 07:33:27','2021-11-26 07:17:46',NULL),(9752,9754,0,'2021-11-25 07:33:27','2021-11-26 07:17:46',NULL),(9753,9755,0,'2021-11-25 07:33:27','2021-11-26 07:17:46',NULL),(9754,9756,0,'2021-11-25 07:33:27','2021-11-26 07:17:46',NULL),(9755,9757,0,'2021-11-25 07:33:27','2021-11-26 07:17:46',NULL),(9756,9758,0,'2021-11-25 07:33:27','2021-11-26 07:17:46',NULL),(9757,9759,0,'2021-11-25 07:33:27','2021-11-26 07:17:46',NULL),(9758,9760,0,'2021-11-25 07:33:27','2021-11-26 07:17:46',NULL),(9759,9761,0,'2021-11-25 07:33:27','2021-11-26 07:17:46',NULL),(9760,9762,0,'2021-11-25 07:33:27','2021-11-26 07:17:46',NULL),(9761,9763,0,'2021-11-25 07:33:27','2021-11-26 07:17:46',NULL),(9762,9764,0,'2021-11-25 07:33:27','2021-11-26 07:17:46',NULL),(9763,9765,0,'2021-11-25 07:33:27','2022-01-10 03:22:08',NULL),(9764,9766,0,'2021-11-25 07:33:27','2022-01-10 03:22:08',NULL),(9765,9767,0,'2021-11-25 07:33:27','2022-01-10 03:22:08',NULL),(9766,9768,0,'2021-11-25 07:33:27','2022-01-10 03:22:08',NULL),(9767,9769,0,'2021-11-25 07:33:27','2022-01-10 03:22:08',NULL),(9768,9770,0,'2021-11-25 07:33:27','2022-01-10 03:22:08',NULL),(9769,9771,0,'2021-11-25 07:33:27','2022-01-10 03:22:08',NULL),(9770,9772,0,'2021-11-25 07:33:27','2022-01-10 03:22:08',NULL),(9771,9773,0,'2021-11-25 07:33:27','2022-01-10 03:22:08',NULL),(9772,9774,0,'2021-11-25 07:33:27','2022-01-10 03:22:08',NULL),(9773,9775,0,'2021-11-25 07:33:27','2022-01-10 03:22:08',NULL),(9774,9776,0,'2021-11-25 07:33:27','2022-01-10 03:22:08',NULL),(9775,9777,0,'2021-11-25 07:33:27','2022-01-10 03:22:08',NULL),(9776,9778,0,'2021-11-25 07:33:27','2022-01-10 03:22:08',NULL),(9777,9779,0,'2021-11-25 07:33:27','2022-01-10 03:22:08',NULL),(9778,9780,0,'2021-11-25 07:33:27','2022-01-10 03:22:08',NULL),(9779,9781,0,'2021-11-25 07:33:27','2022-01-10 03:22:08',NULL),(9780,9782,0,'2021-11-25 07:33:27','2022-01-10 03:22:08',NULL),(9781,9783,0,'2021-11-25 07:33:27','2022-01-10 03:22:08',NULL),(9782,9784,0,'2021-11-25 07:33:27','2022-01-10 03:22:08',NULL),(9783,9785,0,'2021-11-25 07:33:27','2022-01-10 03:22:08',NULL),(9784,9786,0,'2021-11-25 07:33:27','2022-01-10 03:22:08',NULL),(9785,9787,0,'2021-11-25 07:33:31','2022-01-10 03:22:08',NULL),(9786,9788,0,'2021-11-25 07:33:31','2022-01-10 03:22:08',NULL),(9787,9789,0,'2021-11-25 07:33:31','2022-01-10 03:22:10',NULL),(9788,9790,0,'2021-11-25 07:33:31','2022-01-10 03:22:08',NULL),(9789,9791,0,'2021-11-25 07:33:31','2022-01-10 03:22:08',NULL),(9790,9792,0,'2021-11-25 07:33:31','2022-01-10 03:22:10',NULL),(9791,9793,0,'2021-11-25 07:33:31','2022-01-10 03:22:10',NULL),(9792,9794,0,'2021-11-25 07:33:31','2022-01-10 03:22:10',NULL),(9793,9795,0,'2021-11-25 07:33:31','2022-01-10 03:22:10',NULL),(9794,9796,0,'2021-11-25 07:33:31','2022-01-10 03:22:10',NULL),(9795,9797,0,'2021-11-25 07:33:31','2022-01-10 03:22:10',NULL),(9796,9798,0,'2021-11-25 07:33:31','2022-01-10 03:22:10',NULL),(9797,9799,0,'2021-11-25 07:33:31','2022-01-10 03:22:10',NULL),(9798,9800,0,'2021-11-25 07:33:31','2022-01-10 03:22:10',NULL),(9799,9801,0,'2021-11-25 07:33:31','2022-01-10 03:22:10',NULL),(9800,9802,0,'2021-11-25 07:33:31','2022-01-10 03:22:10',NULL),(9801,9803,0,'2021-11-25 07:33:31','2022-01-10 03:22:10',NULL),(9802,9804,0,'2021-11-25 07:33:31','2022-01-10 03:22:10',NULL),(9803,9805,0,'2021-11-25 07:33:31','2022-01-10 03:22:10',NULL),(9804,9806,0,'2021-11-25 07:33:31','2022-01-10 03:22:10',NULL),(9805,9807,0,'2021-11-25 07:33:31','2022-01-10 03:22:10',NULL),(9806,9808,0,'2021-11-25 07:33:31','2022-01-10 02:19:10',NULL),(9807,9809,0,'2021-11-25 07:33:31','2022-01-10 02:19:10',NULL),(9808,9810,0,'2021-11-25 07:33:31','2022-01-10 02:19:10',NULL),(9809,9811,0,'2021-11-25 07:33:31','2022-01-10 02:19:10',NULL),(9810,9812,0,'2021-11-25 07:33:31','2022-01-10 02:19:10',NULL),(9811,9813,0,'2021-11-25 07:33:31','2022-01-10 02:19:10',NULL),(9812,9814,0,'2021-11-25 07:33:31','2022-01-10 02:19:10',NULL),(9813,9815,0,'2021-11-25 07:33:31','2022-01-10 02:19:10',NULL),(9814,9816,0,'2021-11-25 07:33:31','2022-01-10 03:22:10',NULL),(9815,9817,0,'2021-11-25 07:33:31','2022-01-10 03:22:10',NULL),(9816,9818,0,'2021-11-25 07:33:31','2022-01-10 03:22:10',NULL),(9817,9819,0,'2021-11-25 07:33:31','2022-01-10 03:22:10',NULL),(9818,9820,0,'2021-11-25 07:33:31','2022-01-10 02:19:10',NULL),(9819,9821,0,'2021-11-25 07:33:31','2022-01-10 02:19:10',NULL),(9820,9822,0,'2021-11-25 07:33:31','2022-01-10 02:19:10',NULL),(9821,9823,0,'2021-11-25 07:33:31','2022-01-10 02:19:10',NULL),(9822,9824,0,'2021-11-25 07:33:31','2022-01-10 02:19:10',NULL),(9823,9825,0,'2021-11-25 07:33:31','2022-01-10 03:22:10',NULL),(9824,9826,0,'2021-11-25 07:33:31','2022-01-10 03:22:10',NULL),(9825,9827,0,'2021-11-25 07:33:31','2022-01-10 03:22:10',NULL),(9826,9828,0,'2021-11-25 07:33:31','2022-01-10 03:22:10',NULL),(9827,9829,0,'2021-11-25 07:33:31','2022-01-10 03:22:10',NULL),(9828,9830,0,'2021-11-25 07:33:31','2022-01-10 03:22:10',NULL),(9829,9831,0,'2021-11-25 07:33:31','2022-01-10 03:22:10',NULL),(9830,9832,0,'2021-11-25 07:33:31','2022-01-10 03:22:10',NULL),(9831,9833,0,'2021-11-25 07:33:31','2022-01-10 03:22:10',NULL),(9832,9834,0,'2021-11-25 07:33:31','2022-01-10 03:22:10',NULL),(9833,9835,0,'2021-11-25 07:33:31','2022-01-10 03:22:10',NULL),(9834,9836,0,'2021-11-25 07:33:31','2022-01-10 03:22:10',NULL),(9835,9837,0,'2021-11-25 07:33:31','2021-11-26 07:17:48',NULL),(9836,9838,0,'2021-11-25 07:33:31','2021-11-26 07:17:48',NULL),(9837,9839,0,'2021-11-25 07:33:31','2021-11-26 07:17:48',NULL),(9838,9840,0,'2021-11-25 07:33:31','2021-11-26 07:17:48',NULL),(9839,9841,0,'2021-11-25 07:33:31','2021-11-26 07:17:48',NULL),(9840,9842,0,'2021-11-25 07:33:31','2021-11-26 07:17:48',NULL),(9841,9843,0,'2021-11-25 07:33:31','2021-11-26 07:17:48',NULL),(9842,9844,0,'2021-11-25 07:33:31','2021-11-26 07:17:48',NULL),(9843,9845,0,'2021-11-25 07:33:31','2021-11-26 07:17:48',NULL),(9844,9846,0,'2021-11-25 07:33:31','2021-11-26 07:17:48',NULL),(9845,9847,0,'2021-11-25 07:33:31','2021-11-26 07:17:48',NULL),(9846,9848,0,'2021-11-25 07:33:31','2021-11-26 07:17:48',NULL),(9847,9849,0,'2021-11-25 07:33:31','2021-11-26 07:17:48',NULL),(9848,9850,0,'2021-11-25 07:33:31','2021-11-26 07:17:48',NULL),(9849,9851,0,'2021-11-25 07:33:31','2021-11-26 07:17:48',NULL),(9850,9852,0,'2021-11-25 07:33:31','2021-11-26 07:17:48',NULL),(9851,9853,0,'2021-11-25 07:33:31','2021-11-26 07:17:48',NULL),(9852,9854,0,'2021-11-25 07:33:31','2021-11-26 07:17:48',NULL),(9853,9855,0,'2021-11-25 07:33:31','2021-11-26 07:17:48',NULL),(9854,9856,0,'2021-11-25 07:33:31','2021-11-26 07:17:48',NULL),(9855,9857,0,'2021-11-25 07:33:31','2021-11-26 07:17:48',NULL),(9856,9858,0,'2021-11-25 07:33:31','2021-11-26 07:17:48',NULL),(9857,9859,0,'2021-11-25 07:33:31','2021-11-26 07:17:48',NULL),(9858,9860,0,'2021-11-25 07:33:31','2021-11-26 07:17:48',NULL),(9859,9861,0,'2021-11-25 07:33:31','2021-11-26 07:17:48',NULL),(9860,9862,0,'2021-11-25 07:33:31','2021-11-26 07:17:48',NULL),(9861,9863,0,'2021-11-25 07:33:31','2021-11-26 07:17:48',NULL),(9862,9864,0,'2021-11-25 07:33:31','2021-11-26 07:17:48',NULL),(9863,9865,0,'2021-11-25 07:33:31','2021-11-26 07:17:48',NULL),(9864,9866,0,'2021-11-25 07:33:31','2021-11-26 07:17:48',NULL),(9865,9867,0,'2021-11-25 07:33:31','2021-11-26 07:17:48',NULL),(9866,9868,0,'2021-11-25 07:33:31','2021-11-26 07:17:48',NULL),(9867,9869,0,'2021-11-25 07:33:31','2022-01-10 03:22:10',NULL),(9868,9870,0,'2021-11-25 07:33:31','2022-01-10 03:22:10',NULL),(9869,9871,0,'2021-11-25 07:33:31','2022-01-10 03:22:10',NULL),(9870,9872,0,'2021-11-25 07:33:31','2022-01-10 03:22:10',NULL),(9871,9873,0,'2021-11-25 07:33:31','2022-01-10 03:22:14',NULL),(9872,9874,0,'2021-11-25 07:33:31','2022-01-10 03:22:10',NULL),(9873,9875,0,'2021-11-25 07:33:31','2022-01-10 03:22:14',NULL),(9874,9876,0,'2021-11-25 07:33:31','2022-01-10 03:22:14',NULL),(9875,9877,0,'2021-11-25 07:33:31','2022-01-10 03:22:14',NULL),(9876,9878,0,'2021-11-25 07:33:31','2022-01-10 03:22:10',NULL),(9877,9879,0,'2021-11-25 07:33:31','2022-01-10 03:22:10',NULL),(9878,9880,0,'2021-11-25 07:33:31','2022-01-10 03:22:10',NULL),(9879,9881,0,'2021-11-25 07:33:31','2022-01-10 03:22:10',NULL),(9880,9882,0,'2021-11-25 07:33:31','2022-01-10 03:22:10',NULL),(9882,9884,0,'2021-11-25 07:33:31','2021-12-19 06:34:19',NULL),(9883,9885,0,'2021-11-25 07:33:31','2022-01-10 03:22:10',NULL),(9884,9886,0,'2021-11-25 07:33:31','2022-01-10 03:22:10',NULL),(9885,9887,0,'2021-11-25 07:33:36','2022-01-10 03:22:10',NULL),(9886,9888,0,'2021-11-25 07:33:36','2022-01-10 03:22:10',NULL),(9887,9889,0,'2021-11-25 07:33:36','2022-01-10 03:22:10',NULL),(9888,9891,0,'2021-11-25 07:33:36','2022-01-10 03:22:10',NULL),(9889,9890,0,'2021-11-25 07:33:36','2022-01-10 03:22:10',NULL),(9890,9892,0,'2021-11-25 07:33:36','2022-01-10 03:22:10',NULL),(9891,9893,0,'2021-11-25 07:33:36','2021-12-19 06:34:19',NULL),(9892,9894,0,'2021-11-25 07:33:36','2022-01-10 03:22:10',NULL),(9893,9895,0,'2021-11-25 07:33:36','2021-12-19 06:34:19',NULL),(9894,9896,0,'2021-11-25 07:33:36','2022-01-10 03:22:10',NULL),(9895,9898,0,'2021-11-25 07:33:36','2022-01-10 03:22:10',NULL),(9896,9897,0,'2021-11-25 07:33:36','2022-01-10 03:22:10',NULL),(9897,9899,0,'2021-11-25 07:33:36','2022-01-10 03:09:37',NULL),(9898,9900,0,'2021-11-25 07:33:36','2022-01-10 03:22:10',NULL),(9899,9901,0,'2021-11-25 07:33:36','2022-01-10 03:22:10',NULL),(9900,9902,0,'2021-11-25 07:33:36','2022-01-10 03:22:10',NULL),(9901,9903,0,'2021-11-25 07:33:36','2022-01-10 03:22:10',NULL),(9902,9904,0,'2021-11-25 07:33:36','2022-01-10 03:22:10',NULL),(9903,9905,0,'2021-11-25 07:33:36','2022-01-10 03:22:10',NULL),(9904,9906,0,'2021-11-25 07:33:36','2022-01-10 03:22:10',NULL),(9905,9907,0,'2021-11-25 07:33:36','2022-01-10 03:22:10',NULL),(9906,9908,0,'2021-11-25 07:33:36','2022-01-10 03:22:10',NULL),(9907,9909,0,'2021-11-25 07:33:36','2022-01-10 03:22:10',NULL),(9908,9910,0,'2021-11-25 07:33:36','2022-01-10 03:22:10',NULL),(9909,9911,0,'2021-11-25 07:33:36','2022-01-10 03:22:10',NULL),(9910,9912,0,'2021-11-25 07:33:36','2022-01-10 03:22:10',NULL),(9911,9913,0,'2021-11-25 07:33:36','2022-01-10 03:22:10',NULL),(9912,9914,0,'2021-11-25 07:33:36','2022-01-10 03:22:10',NULL),(9913,9915,0,'2021-11-25 07:33:36','2022-01-10 03:22:10',NULL),(9914,9916,0,'2021-11-25 07:33:36','2022-01-10 03:22:10',NULL),(9915,9917,0,'2021-11-25 07:33:36','2022-01-10 03:22:10',NULL),(9916,9918,0,'2021-11-25 07:33:36','2022-01-10 03:22:10',NULL),(9917,9955,0,'2021-11-25 07:33:36','2022-01-10 02:19:11',NULL),(9918,9956,0,'2021-11-25 07:33:36','2022-01-10 02:19:11',NULL),(9919,9958,0,'2021-11-25 07:33:36','2022-01-10 02:19:11',NULL),(9920,9957,0,'2021-11-25 07:33:36','2022-01-10 02:19:11',NULL),(9921,9959,0,'2021-11-25 07:33:36','2022-01-10 02:19:11',NULL),(9922,9961,0,'2021-11-25 07:33:36','2022-01-10 02:19:11',NULL),(9923,9960,0,'2021-11-25 07:33:36','2022-01-10 02:19:11',NULL),(9924,9962,0,'2021-11-25 07:33:36','2022-01-10 02:19:11',NULL),(9925,9964,0,'2021-11-25 07:33:36','2022-01-10 02:19:11',NULL),(9926,9963,0,'2021-11-25 07:33:36','2022-01-10 02:19:11',NULL),(9927,9965,0,'2021-11-25 07:33:36','2022-01-10 02:19:11',NULL),(9928,9968,0,'2021-11-25 07:33:36','2022-01-10 02:19:11',NULL),(9929,9966,0,'2021-11-25 07:33:36','2022-01-10 02:19:11',NULL),(9930,9967,0,'2021-11-25 07:33:36','2022-01-10 02:19:11',NULL),(9931,9971,0,'2021-11-25 07:33:36','2022-01-10 02:19:11',NULL),(9932,9969,0,'2021-11-25 07:33:36','2022-01-10 02:19:11',NULL),(9933,9970,0,'2021-11-25 07:33:36','2022-01-10 02:19:11',NULL),(9934,9974,0,'2021-11-25 07:33:36','2022-01-10 02:19:11',NULL),(9935,9972,0,'2021-11-25 07:33:36','2022-01-10 02:19:11',NULL),(9936,9973,0,'2021-11-25 07:33:36','2022-01-10 02:19:11',NULL),(9937,9975,0,'2021-11-25 07:33:36','2022-01-10 03:22:12',NULL),(9938,9977,0,'2021-11-25 07:33:36','2022-01-10 03:22:12',NULL),(9939,9976,0,'2021-11-25 07:33:36','2022-01-10 03:22:12',NULL),(9940,9979,0,'2021-11-25 07:33:36','2022-01-10 03:22:12',NULL),(9941,9978,0,'2021-11-25 07:33:36','2022-01-10 03:22:12',NULL),(9942,9980,0,'2021-11-25 07:33:36','2022-01-10 03:22:12',NULL),(9943,9982,0,'2021-11-25 07:33:36','2022-01-10 03:22:12',NULL),(9944,9981,0,'2021-11-25 07:33:36','2022-01-10 03:22:12',NULL),(9945,9984,0,'2021-11-25 07:33:36','2022-01-10 03:22:12',NULL),(9946,9983,0,'2021-11-25 07:33:36','2022-01-10 03:22:12',NULL),(9947,9986,0,'2021-11-25 07:33:36','2022-01-10 03:22:12',NULL),(9948,9985,0,'2021-11-25 07:33:36','2022-01-10 03:22:12',NULL),(9949,9919,0,'2021-11-25 07:33:36','2022-01-10 03:22:10',NULL),(9950,9920,0,'2021-11-25 07:33:36','2022-01-10 03:22:10',NULL),(9951,9921,0,'2021-11-25 07:33:36','2022-01-10 03:22:10',NULL),(9952,9922,0,'2021-11-25 07:33:36','2022-01-10 03:22:10',NULL),(9953,9923,0,'2021-11-25 07:33:36','2022-01-10 03:22:10',NULL),(9954,9924,0,'2021-11-25 07:33:36','2022-01-10 03:22:10',NULL),(9955,9925,0,'2021-11-25 07:33:36','2022-01-10 03:22:10',NULL),(9956,9926,0,'2021-11-25 07:33:36','2022-01-10 03:22:10',NULL),(9957,9927,0,'2021-11-25 07:33:36','2022-01-10 03:22:10',NULL),(9958,9928,0,'2021-11-25 07:33:36','2022-01-10 03:22:10',NULL),(9959,9929,0,'2021-11-25 07:33:36','2022-01-10 02:19:10',NULL),(9960,9930,0,'2021-11-25 07:33:36','2022-01-10 02:19:10',NULL),(9961,9931,0,'2021-11-25 07:33:36','2022-01-10 02:19:10',NULL),(9962,9932,0,'2021-11-25 07:33:36','2022-01-10 02:19:10',NULL),(9963,9933,0,'2021-11-25 07:33:36','2022-01-10 02:19:10',NULL),(9964,9934,0,'2021-11-25 07:33:36','2022-01-10 03:22:10',NULL),(9965,9935,0,'2021-11-25 07:33:36','2022-01-10 03:22:10',NULL),(9966,9938,0,'2021-11-25 07:33:36','2022-01-10 03:22:10',NULL),(9967,9939,0,'2021-11-25 07:33:36','2022-01-10 03:22:10',NULL),(9968,9936,0,'2021-11-25 07:33:36','2022-01-10 03:22:10',NULL),(9969,9937,0,'2021-11-25 07:33:36','2022-01-10 03:22:10',NULL),(9970,9940,0,'2021-11-25 07:33:36','2022-01-10 03:22:10',NULL),(9971,9941,0,'2021-11-25 07:33:36','2022-01-10 03:22:10',NULL),(9972,9942,0,'2021-11-25 07:33:36','2022-01-10 03:22:10',NULL),(9973,9943,0,'2021-11-25 07:33:36','2022-01-10 03:22:10',NULL),(9974,9944,0,'2021-11-25 07:33:36','2022-01-10 02:19:10',NULL),(9975,9945,0,'2021-11-25 07:33:36','2022-01-10 02:19:10',NULL),(9976,9946,0,'2021-11-25 07:33:36','2022-01-10 02:19:10',NULL),(9977,9947,0,'2021-11-25 07:33:36','2022-01-10 03:22:12',NULL),(9978,9950,0,'2021-11-25 07:33:36','2022-01-10 03:22:10',NULL),(9979,9951,0,'2021-11-25 07:33:36','2022-01-10 03:22:12',NULL),(9980,9952,0,'2021-11-25 07:33:36','2022-01-10 03:22:12',NULL),(9981,9953,0,'2021-11-25 07:33:36','2022-01-10 03:22:12',NULL),(9982,9948,0,'2021-11-25 07:33:36','2022-01-10 03:22:10',NULL),(9983,9949,0,'2021-11-25 07:33:36','2022-01-10 03:22:10',NULL),(9984,9954,0,'2021-11-25 07:33:36','2022-01-10 02:19:11',NULL),(9985,9987,0,'2021-11-25 07:33:39','2022-01-10 03:22:12',NULL),(9986,9990,0,'2021-11-25 07:33:39','2022-01-10 03:22:12',NULL),(9987,9989,0,'2021-11-25 07:33:39','2022-01-10 03:22:12',NULL),(9988,9988,0,'2021-11-25 07:33:39','2022-01-10 03:22:12',NULL),(9989,9993,0,'2021-11-25 07:33:39','2022-01-10 03:22:12',NULL),(9990,9992,0,'2021-11-25 07:33:39','2022-01-10 03:22:12',NULL),(9991,9991,0,'2021-11-25 07:33:39','2022-01-10 03:22:12',NULL),(9992,9996,0,'2021-11-25 07:33:39','2022-01-10 03:22:12',NULL),(9993,9995,0,'2021-11-25 07:33:39','2022-01-10 03:22:12',NULL),(9994,9994,0,'2021-11-25 07:33:39','2022-01-10 03:22:12',NULL),(9995,9997,0,'2021-11-25 07:33:39','2022-01-10 03:22:12',NULL),(9996,9998,0,'2021-11-25 07:33:39','2022-01-10 03:22:12',NULL),(9997,9999,0,'2021-11-25 07:33:39','2022-01-10 03:22:12',NULL),(9998,10000,0,'2021-11-25 07:33:39','2022-01-10 03:22:12',NULL),(9999,10001,0,'2021-11-25 07:33:39','2022-01-10 03:22:12',NULL),(10000,10002,0,'2021-11-25 07:33:39','2022-01-10 02:19:11',NULL),(10001,10003,0,'2021-11-25 07:33:39','2022-01-10 02:19:11',NULL),(10002,10004,0,'2021-11-25 07:33:39','2022-01-10 02:19:11',NULL),(10003,10005,0,'2021-11-25 07:33:39','2022-01-10 02:19:11',NULL),(10004,10006,0,'2021-11-25 07:33:39','2022-01-10 02:19:11',NULL),(10005,10007,0,'2021-11-25 07:33:39','2022-01-10 02:19:11',NULL),(10006,10008,0,'2021-11-25 07:33:39','2022-01-10 02:19:11',NULL),(10007,10009,0,'2021-11-25 07:33:39','2022-01-10 02:19:11',NULL),(10008,10010,0,'2021-11-25 07:33:39','2022-01-10 02:19:11',NULL),(10009,10011,0,'2021-11-25 07:33:39','2022-01-10 02:19:11',NULL),(10010,10012,0,'2021-11-25 07:33:39','2022-01-10 02:19:11',NULL),(10011,10013,0,'2021-11-25 07:33:39','2022-01-10 02:19:11',NULL),(10012,10014,0,'2021-11-25 07:33:39','2022-01-10 02:19:11',NULL),(10013,10015,0,'2021-11-25 07:33:39','2022-01-10 02:19:11',NULL),(10014,10016,0,'2021-11-25 07:33:39','2022-01-10 03:22:12',NULL),(10015,10017,0,'2021-11-25 07:33:39','2022-01-10 03:22:12',NULL),(10016,10018,0,'2021-11-25 07:33:39','2022-01-10 03:22:12',NULL),(10017,10019,0,'2021-11-25 07:33:39','2022-01-10 03:22:12',NULL),(10018,10020,0,'2021-11-25 07:33:39','2022-01-10 03:22:12',NULL),(10019,10021,0,'2021-11-25 07:33:39','2022-01-10 03:22:12',NULL),(10020,10022,0,'2021-11-25 07:33:39','2022-01-10 03:22:12',NULL),(10021,10023,0,'2021-11-25 07:33:39','2022-01-10 03:22:12',NULL),(10022,10024,0,'2021-11-25 07:33:39','2022-01-10 03:22:12',NULL),(10023,10028,0,'2021-11-25 07:33:39','2022-01-10 03:22:12',NULL),(10024,10025,0,'2021-11-25 07:33:39','2022-01-10 03:22:12',NULL),(10025,10029,0,'2021-11-25 07:33:39','2022-01-10 03:22:12',NULL),(10026,10026,0,'2021-11-25 07:33:39','2022-01-10 03:22:12',NULL),(10027,10030,0,'2021-11-25 07:33:39','2022-01-10 03:22:12',NULL),(10028,10027,0,'2021-11-25 07:33:39','2022-01-10 03:22:12',NULL),(10029,10031,0,'2021-11-25 07:33:39','2022-01-10 03:22:12',NULL),(10030,10032,0,'2021-11-25 07:33:39','2022-01-10 03:22:12',NULL),(10031,10033,0,'2021-11-25 07:33:39','2022-01-10 02:19:11',NULL),(10032,10034,0,'2021-11-25 07:33:39','2022-01-10 02:19:11',NULL),(10033,10035,0,'2021-11-25 07:33:39','2022-01-10 02:19:11',NULL),(10034,10036,0,'2021-11-25 07:33:39','2022-01-10 02:19:11',NULL),(10035,10037,0,'2021-11-25 07:33:39','2022-01-10 02:19:11',NULL),(10036,10038,0,'2021-11-25 07:33:39','2022-01-10 02:19:11',NULL),(10037,10039,0,'2021-11-25 07:33:39','2022-01-10 02:19:11',NULL),(10038,10040,0,'2021-11-25 07:33:39','2022-01-10 03:22:12',NULL),(10039,10041,0,'2021-11-25 07:33:39','2022-01-10 03:22:12',NULL),(10040,10044,0,'2021-11-25 07:33:39','2022-01-10 03:22:12',NULL),(10041,10042,0,'2021-11-25 07:33:39','2022-01-10 03:22:12',NULL),(10042,10045,0,'2021-11-25 07:33:39','2022-01-10 03:22:12',NULL),(10043,10043,0,'2021-11-25 07:33:39','2022-01-10 03:22:12',NULL),(10044,10046,0,'2021-11-25 07:33:39','2022-01-10 03:22:12',NULL),(10045,10047,0,'2021-11-25 07:33:39','2022-01-10 02:19:13',NULL),(10046,10048,0,'2021-11-25 07:33:39','2022-01-10 02:19:13',NULL),(10047,10049,0,'2021-11-25 07:33:39','2022-01-10 02:19:13',NULL),(10048,10050,0,'2021-11-25 07:33:39','2022-01-10 02:19:13',NULL),(10049,10051,0,'2021-11-25 07:33:39','2022-01-10 03:22:12',NULL),(10050,10055,0,'2021-11-25 07:33:39','2022-01-10 03:22:12',NULL),(10051,10052,0,'2021-11-25 07:33:39','2022-01-10 03:22:12',NULL),(10052,10056,0,'2021-11-25 07:33:39','2022-01-10 03:22:12',NULL),(10053,10053,0,'2021-11-25 07:33:39','2022-01-10 03:22:12',NULL),(10054,10057,0,'2021-11-25 07:33:39','2022-01-10 03:22:12',NULL),(10055,10054,0,'2021-11-25 07:33:39','2022-01-10 03:22:12',NULL),(10056,10058,0,'2021-11-25 07:33:39','2022-01-10 02:19:13',NULL),(10057,10059,0,'2021-11-25 07:33:39','2022-01-10 02:19:13',NULL),(10058,10061,0,'2021-11-25 07:33:39','2022-01-10 02:19:13',NULL),(10059,10060,0,'2021-11-25 07:33:39','2022-01-10 02:19:13',NULL),(10060,10062,0,'2021-11-25 07:33:39','2022-01-10 02:19:13',NULL),(10061,10063,0,'2021-11-25 07:33:39','2022-01-10 02:19:13',NULL),(10062,10064,0,'2021-11-25 07:33:39','2022-01-10 02:19:13',NULL),(10063,10066,0,'2021-11-25 07:33:39','2022-01-10 02:19:13',NULL),(10064,10065,0,'2021-11-25 07:33:39','2022-01-10 02:19:13',NULL),(10065,10067,0,'2021-11-25 07:33:39','2022-01-10 02:19:13',NULL),(10066,10068,0,'2021-11-25 07:33:39','2022-01-10 03:22:12',NULL),(10067,10070,0,'2021-11-25 07:33:39','2022-01-10 03:22:12',NULL),(10068,10069,0,'2021-11-25 07:33:39','2022-01-10 03:22:12',NULL),(10069,10071,0,'2021-11-25 07:33:39','2022-01-10 03:22:12',NULL),(10070,10072,0,'2021-11-25 07:33:39','2022-01-10 02:19:13',NULL),(10071,10074,0,'2021-11-25 07:33:39','2022-01-10 02:19:13',NULL),(10072,10073,0,'2021-11-25 07:33:39','2022-01-10 02:19:13',NULL),(10073,10075,0,'2021-11-25 07:33:39','2022-01-10 02:19:13',NULL),(10074,10076,0,'2021-11-25 07:33:39','2022-01-10 03:22:12',NULL),(10075,10078,0,'2021-11-25 07:33:39','2022-01-10 03:22:12',NULL),(10076,10077,0,'2021-11-25 07:33:39','2022-01-10 03:22:12',NULL),(10077,10079,0,'2021-11-25 07:33:39','2022-01-10 03:22:12',NULL),(10078,10080,0,'2021-11-25 07:33:39','2022-01-10 03:22:12',NULL),(10079,10082,0,'2021-11-25 07:33:39','2022-01-10 03:22:12',NULL),(10080,10081,0,'2021-11-25 07:33:39','2022-01-10 03:22:12',NULL),(10081,10083,0,'2021-11-25 07:33:39','2022-01-10 03:22:12',NULL),(10082,10084,0,'2021-11-25 07:33:39','2022-01-10 03:22:12',NULL),(10083,10086,0,'2021-11-25 07:33:39','2022-01-10 03:22:12',NULL),(10084,10085,0,'2021-11-25 07:33:39','2022-01-10 03:22:12',NULL),(10085,10097,0,'2021-11-25 07:33:42','2022-01-10 03:22:12',NULL),(10086,10100,0,'2021-11-25 07:33:42','2022-01-10 03:22:12',NULL),(10087,10099,0,'2021-11-25 07:33:42','2022-01-10 03:22:12',NULL),(10088,10098,0,'2021-11-25 07:33:42','2022-01-10 03:22:12',NULL),(10089,10109,0,'2021-11-25 07:33:42','2022-01-10 03:22:14',NULL),(10090,10111,0,'2021-11-25 07:33:42','2022-01-10 03:22:14',NULL),(10091,10112,0,'2021-11-25 07:33:42','2022-01-10 03:22:14',NULL),(10092,10110,0,'2021-11-25 07:33:42','2022-01-10 03:22:12',NULL),(10093,10087,0,'2021-11-25 07:33:42','2022-01-10 03:22:12',NULL),(10094,10088,0,'2021-11-25 07:33:42','2022-01-10 03:22:12',NULL),(10095,10090,0,'2021-11-25 07:33:42','2022-01-10 03:22:12',NULL),(10096,10089,0,'2021-11-25 07:33:42','2022-01-10 03:22:12',NULL),(10097,10091,0,'2021-11-25 07:33:42','2022-01-10 03:22:12',NULL),(10098,10092,0,'2021-11-25 07:33:42','2022-01-10 03:22:12',NULL),(10099,10094,0,'2021-11-25 07:33:42','2022-01-10 03:22:12',NULL),(10100,10093,0,'2021-11-25 07:33:42','2022-01-10 03:22:12',NULL),(10101,10095,0,'2021-11-25 07:33:42','2022-01-10 03:22:12',NULL),(10102,10096,0,'2021-11-25 07:33:42','2022-01-10 03:22:12',NULL),(10103,10168,0,'2021-11-25 07:33:42','2022-01-10 03:22:16',NULL),(10104,10169,0,'2021-11-25 07:33:42','2022-01-10 03:22:16',NULL),(10105,10170,0,'2021-11-25 07:33:42','2022-01-10 03:22:16',NULL),(10106,10171,0,'2021-11-25 07:33:42','2022-01-10 03:22:16',NULL),(10107,10172,0,'2021-11-25 07:33:42','2022-01-10 03:22:16',NULL),(10108,10173,0,'2021-11-25 07:33:42','2022-01-10 03:22:16',NULL),(10109,10174,0,'2021-11-25 07:33:42','2022-01-10 03:22:16',NULL),(10110,10175,0,'2021-11-25 07:33:42','2022-01-10 03:22:16',NULL),(10111,10176,0,'2021-11-25 07:33:42','2022-01-10 03:22:16',NULL),(10112,10177,0,'2021-11-25 07:33:42','2022-01-10 03:22:16',NULL),(10113,10178,0,'2021-11-25 07:33:42','2022-01-10 03:22:16',NULL),(10114,10179,0,'2021-11-25 07:33:42','2022-01-10 03:22:16',NULL),(10115,10180,0,'2021-11-25 07:33:42','2022-01-10 03:22:16',NULL),(10116,10181,0,'2021-11-25 07:33:42','2022-01-10 03:22:16',NULL),(10117,10182,0,'2021-11-25 07:33:42','2022-01-10 03:22:16',NULL),(10118,10183,0,'2021-11-25 07:33:42','2022-01-10 03:22:16',NULL),(10119,10184,0,'2021-11-25 07:33:42','2022-01-10 03:22:16',NULL),(10120,10185,0,'2021-11-25 07:33:42','2022-01-10 03:22:16',NULL),(10121,10186,0,'2021-11-25 07:33:42','2022-01-10 03:22:16',NULL),(10122,10101,0,'2021-11-25 07:33:42','2022-01-10 03:22:12',NULL),(10123,10103,0,'2021-11-25 07:33:42','2022-01-10 03:22:12',NULL),(10124,10105,0,'2021-11-25 07:33:42','2022-01-10 03:22:12',NULL),(10125,10102,0,'2021-11-25 07:33:42','2022-01-10 03:22:12',NULL),(10126,10104,0,'2021-11-25 07:33:42','2022-01-10 03:22:12',NULL),(10127,10108,0,'2021-11-25 07:33:42','2022-01-10 03:22:12',NULL),(10128,10106,0,'2021-11-25 07:33:42','2022-01-10 03:22:12',NULL),(10129,10107,0,'2021-11-25 07:33:42','2022-01-10 03:22:12',NULL),(10130,10137,0,'2021-11-25 07:33:42','2022-01-10 03:22:14',NULL),(10131,10140,0,'2021-11-25 07:33:42','2022-01-10 03:22:14',NULL),(10132,10139,0,'2021-11-25 07:33:42','2022-01-10 03:22:14',NULL),(10133,10138,0,'2021-11-25 07:33:42','2022-01-10 03:22:14',NULL),(10134,10141,0,'2021-11-25 07:33:42','2022-01-10 03:22:14',NULL),(10135,10144,0,'2021-11-25 07:33:42','2022-01-10 03:22:14',NULL),(10136,10143,0,'2021-11-25 07:33:42','2022-01-10 03:22:14',NULL),(10137,10142,0,'2021-11-25 07:33:42','2022-01-10 03:22:14',NULL),(10138,10145,0,'2021-11-25 07:33:42','2022-01-10 03:22:16',NULL),(10139,10148,0,'2021-11-25 07:33:42','2022-01-10 03:22:16',NULL),(10140,10147,0,'2021-11-25 07:33:42','2022-01-10 03:22:14',NULL),(10141,10146,0,'2021-11-25 07:33:42','2022-01-10 03:22:14',NULL),(10142,10149,0,'2021-11-25 07:33:42','2022-01-10 03:22:16',NULL),(10143,10150,0,'2021-11-25 07:33:42','2022-01-10 03:22:16',NULL),(10144,10151,0,'2021-11-25 07:33:42','2022-01-10 03:22:16',NULL),(10145,10152,0,'2021-11-25 07:33:42','2022-01-10 03:22:16',NULL),(10146,10153,0,'2021-11-25 07:33:42','2022-01-10 03:22:16',NULL),(10147,10154,0,'2021-11-25 07:33:42','2022-01-10 03:22:16',NULL),(10148,10155,0,'2021-11-25 07:33:42','2022-01-10 03:22:16',NULL),(10149,10156,0,'2021-11-25 07:33:42','2022-01-10 03:22:16',NULL),(10150,10157,0,'2021-11-25 07:33:42','2022-01-10 03:22:16',NULL),(10151,10158,0,'2021-11-25 07:33:42','2022-01-10 03:22:16',NULL),(10152,10159,0,'2021-11-25 07:33:42','2022-01-10 03:22:16',NULL),(10153,10160,0,'2021-11-25 07:33:42','2022-01-10 03:22:16',NULL),(10154,10161,0,'2021-11-25 07:33:42','2022-01-10 03:22:16',NULL),(10155,10162,0,'2021-11-25 07:33:42','2022-01-10 03:22:16',NULL),(10156,10163,0,'2021-11-25 07:33:42','2022-01-10 03:22:16',NULL),(10157,10164,0,'2021-11-25 07:33:42','2022-01-10 03:22:16',NULL),(10158,10165,0,'2021-11-25 07:33:42','2022-01-10 03:22:16',NULL),(10159,10167,0,'2021-11-25 07:33:42','2022-01-10 03:22:16',NULL),(10160,10166,0,'2021-11-25 07:33:42','2022-01-10 03:22:16',NULL),(10161,10119,0,'2021-11-25 07:33:42','2022-01-10 03:22:14',NULL),(10162,10121,0,'2021-11-25 07:33:42','2022-01-10 03:22:14',NULL),(10163,10120,0,'2021-11-25 07:33:42','2022-01-10 03:22:14',NULL),(10164,10122,0,'2021-11-25 07:33:42','2022-01-10 03:22:14',NULL),(10165,10123,0,'2021-11-25 07:33:42','2022-01-10 03:22:14',NULL),(10166,10125,0,'2021-11-25 07:33:42','2022-01-10 03:22:14',NULL),(10167,10124,0,'2021-11-25 07:33:42','2022-01-10 03:22:14',NULL),(10168,10126,0,'2021-11-25 07:33:42','2022-01-10 03:22:14',NULL),(10169,10129,0,'2021-11-25 07:33:42','2022-01-10 03:22:14',NULL),(10170,10128,0,'2021-11-25 07:33:42','2022-01-10 03:22:14',NULL),(10171,10127,0,'2021-11-25 07:33:42','2022-01-10 03:22:14',NULL),(10172,10130,0,'2021-11-25 07:33:42','2022-01-10 03:22:14',NULL),(10173,10133,0,'2021-11-25 07:33:42','2022-01-10 03:22:14',NULL),(10174,10131,0,'2021-11-25 07:33:42','2022-01-10 03:22:14',NULL),(10175,10132,0,'2021-11-25 07:33:42','2022-01-10 03:22:14',NULL),(10176,10134,0,'2021-11-25 07:33:42','2022-01-10 03:22:14',NULL),(10177,10136,0,'2021-11-25 07:33:42','2022-01-10 03:22:14',NULL),(10178,10135,0,'2021-11-25 07:33:42','2022-01-10 03:22:14',NULL),(10179,10113,0,'2021-11-25 07:33:42','2022-01-10 03:22:14',NULL),(10180,10115,0,'2021-11-25 07:33:42','2022-01-10 03:22:14',NULL),(10181,10117,0,'2021-11-25 07:33:42','2022-01-10 03:22:14',NULL),(10182,10114,0,'2021-11-25 07:33:42','2022-01-10 03:22:14',NULL),(10183,10116,0,'2021-11-25 07:33:42','2022-01-10 03:22:14',NULL),(10184,10118,0,'2021-11-25 07:33:42','2022-01-10 03:22:14',NULL),(10185,10255,0,'2021-11-25 07:33:46','2021-11-26 07:17:58',NULL),(10186,10249,0,'2021-11-25 07:33:46','2021-11-26 07:17:58',NULL),(10187,10254,0,'2021-11-25 07:33:46','2021-11-26 07:17:58',NULL),(10188,10248,0,'2021-11-25 07:33:46','2021-11-26 07:17:58',NULL),(10189,10245,0,'2021-11-25 07:33:46','2021-11-26 07:17:58',NULL),(10190,10246,0,'2021-11-25 07:33:46','2021-11-26 07:17:58',NULL),(10191,10247,0,'2021-11-25 07:33:46','2021-11-26 07:17:58',NULL),(10192,10244,0,'2021-11-25 07:33:46','2021-11-26 07:17:58',NULL),(10193,10243,0,'2021-11-25 07:33:46','2021-11-26 07:17:58',NULL),(10194,10242,0,'2021-11-25 07:33:46','2021-11-26 07:17:58',NULL),(10195,10192,0,'2021-11-25 07:33:46','2022-01-10 03:22:16',NULL),(10196,10193,0,'2021-11-25 07:33:46','2022-01-10 03:22:16',NULL),(10197,10194,0,'2021-11-25 07:33:46','2022-01-10 03:22:16',NULL),(10198,10195,0,'2021-11-25 07:33:46','2022-01-10 03:22:16',NULL),(10199,10196,0,'2021-11-25 07:33:46','2022-01-10 03:22:16',NULL),(10200,10197,0,'2021-11-25 07:33:46','2022-01-10 03:22:16',NULL),(10201,10187,0,'2021-11-25 07:33:46','2022-01-10 03:22:16',NULL),(10202,10188,0,'2021-11-25 07:33:46','2022-01-10 03:22:16',NULL),(10203,10189,0,'2021-11-25 07:33:46','2022-01-10 03:22:16',NULL),(10204,10190,0,'2021-11-25 07:33:46','2022-01-10 03:22:16',NULL),(10205,10191,0,'2021-11-25 07:33:46','2022-01-10 03:22:16',NULL),(10206,10272,0,'2021-11-25 07:33:46','2022-01-07 09:42:08',NULL),(10207,10273,0,'2021-11-25 07:33:46','2022-01-07 09:42:08',NULL),(10208,10274,0,'2021-11-25 07:33:46','2022-01-07 09:42:08',NULL),(10209,10279,0,'2021-11-25 07:33:46','2022-01-07 09:42:08',NULL),(10210,10283,0,'2021-11-25 07:33:46','2022-01-07 09:42:08',NULL),(10211,10284,0,'2021-11-25 07:33:46','2022-01-07 09:42:08',NULL),(10212,10281,0,'2021-11-25 07:33:46','2022-01-07 09:42:08',NULL),(10213,10285,0,'2021-11-25 07:33:46','2022-01-07 09:42:08',NULL),(10214,10276,0,'2021-11-25 07:33:46','2022-01-07 09:42:08',NULL),(10215,10280,0,'2021-11-25 07:33:46','2022-01-07 09:42:08',NULL),(10216,10282,0,'2021-11-25 07:33:46','2022-01-07 09:42:08',NULL),(10217,10277,0,'2021-11-25 07:33:46','2022-01-07 09:42:08',NULL),(10218,10278,0,'2021-11-25 07:33:46','2022-01-07 09:42:08',NULL),(10219,10275,0,'2021-11-25 07:33:46','2022-01-07 09:42:08',NULL),(10220,10209,0,'2021-11-25 07:33:46','2021-11-26 07:17:58',NULL),(10221,10230,0,'2021-11-25 07:33:46','2021-11-26 07:17:58',NULL),(10222,10231,0,'2021-11-25 07:33:46','2021-11-26 07:17:58',NULL),(10223,10223,0,'2021-11-25 07:33:46','2021-11-26 07:17:58',NULL),(10224,10236,0,'2021-11-25 07:33:46','2021-11-26 07:17:58',NULL),(10225,10229,0,'2021-11-25 07:33:46','2021-11-26 07:17:58',NULL),(10226,10216,0,'2021-11-25 07:33:46','2021-11-26 07:17:58',NULL),(10227,10235,0,'2021-11-25 07:33:46','2021-11-26 07:17:58',NULL),(10228,10232,0,'2021-11-25 07:33:46','2021-11-26 07:17:58',NULL),(10229,10227,0,'2021-11-25 07:33:46','2021-11-26 07:17:58',NULL),(10230,10226,0,'2021-11-25 07:33:46','2021-11-26 07:17:58',NULL),(10231,10219,0,'2021-11-25 07:33:46','2021-11-26 07:17:58',NULL),(10232,10217,0,'2021-11-25 07:33:46','2021-11-26 07:17:58',NULL),(10233,10220,0,'2021-11-25 07:33:46','2021-11-26 07:17:58',NULL),(10234,10215,0,'2021-11-25 07:33:46','2021-11-26 07:17:58',NULL),(10235,10214,0,'2021-11-25 07:33:46','2021-11-26 07:17:58',NULL),(10236,10234,0,'2021-11-25 07:33:46','2021-12-19 06:30:40',NULL),(10237,10213,0,'2021-11-25 07:33:46','2021-11-26 07:17:58',NULL),(10238,10228,0,'2021-11-25 07:33:46','2021-11-26 07:17:58',NULL),(10239,10225,0,'2021-11-25 07:33:46','2021-11-26 07:17:58',NULL),(10240,10218,0,'2021-11-25 07:33:46','2021-11-26 07:17:58',NULL),(10241,10222,0,'2021-11-25 07:33:46','2021-11-26 07:17:58',NULL),(10242,10212,0,'2021-11-25 07:33:46','2021-11-26 07:17:58',NULL),(10243,10211,0,'2021-11-25 07:33:46','2021-11-26 07:17:58',NULL),(10244,10221,0,'2021-11-25 07:33:46','2021-11-26 07:17:58',NULL),(10245,10233,0,'2021-11-25 07:33:46','2021-11-26 07:17:58',NULL),(10246,10224,0,'2021-11-25 07:33:46','2021-11-26 07:17:58',NULL),(10247,10210,0,'2021-11-25 07:33:46','2021-11-26 07:17:58',NULL),(10248,10198,0,'2021-11-25 07:33:46','2021-11-26 07:17:58',NULL),(10249,10202,0,'2021-11-25 07:33:46','2021-11-26 07:17:58',NULL),(10250,10252,0,'2021-11-25 07:33:46','2021-11-26 07:17:58',NULL),(10251,10199,0,'2021-11-25 07:33:46','2021-11-26 07:17:58',NULL),(10252,10253,0,'2021-11-25 07:33:46','2021-11-26 07:17:58',NULL),(10253,10251,0,'2021-11-25 07:33:46','2021-11-26 07:17:58',NULL),(10254,10203,0,'2021-11-25 07:33:46','2021-11-26 07:17:58',NULL),(10255,10200,0,'2021-11-25 07:33:46','2021-11-26 07:17:58',NULL),(10256,10204,0,'2021-11-25 07:33:46','2021-11-26 07:17:58',NULL),(10257,10205,0,'2021-11-25 07:33:46','2021-11-26 07:17:58',NULL),(10258,10207,0,'2021-11-25 07:33:46','2021-11-26 07:17:58',NULL),(10259,10208,0,'2021-11-25 07:33:46','2021-11-26 07:17:58',NULL),(10260,10201,0,'2021-11-25 07:33:46','2021-11-26 07:17:58',NULL),(10261,10206,0,'2021-11-25 07:33:46','2021-11-26 07:17:58',NULL),(10262,10264,0,'2021-11-25 07:33:46','2022-01-10 03:22:14',NULL),(10263,10267,0,'2021-11-25 07:33:46','2022-01-10 03:22:14',NULL),(10264,10269,0,'2021-11-25 07:33:46','2022-01-10 03:22:14',NULL),(10265,10268,0,'2021-11-25 07:33:46','2022-01-10 03:22:14',NULL),(10266,10266,0,'2021-11-25 07:33:46','2022-01-10 03:22:14',NULL),(10267,10271,0,'2021-11-25 07:33:46','2022-01-10 03:22:14',NULL),(10268,10270,0,'2021-11-25 07:33:46','2022-01-10 03:22:14',NULL),(10270,10256,0,'2021-11-25 07:33:46','2022-01-10 03:22:14',NULL),(10271,10259,0,'2021-11-25 07:33:46','2022-01-10 03:22:14',NULL),(10272,10261,0,'2021-11-25 07:33:46','2022-01-10 03:22:14',NULL),(10273,10260,0,'2021-11-25 07:33:46','2022-01-10 03:22:14',NULL),(10274,10258,0,'2021-11-25 07:33:46','2022-01-10 03:22:14',NULL),(10275,10263,0,'2021-11-25 07:33:46','2022-01-10 03:22:14',NULL),(10276,10262,0,'2021-11-25 07:33:46','2022-01-10 03:22:14',NULL),(10278,10239,0,'2021-11-25 07:33:46','2021-11-26 07:17:58',NULL),(10279,10238,0,'2021-11-25 07:33:46','2021-11-26 07:17:58',NULL),(10280,10241,0,'2021-11-25 07:33:46','2021-11-26 07:17:58',NULL),(10281,10240,0,'2021-11-25 07:33:46','2021-11-26 07:17:58',NULL),(10282,10250,0,'2021-11-25 07:33:46','2021-12-19 06:30:40',NULL),(10283,10237,0,'2021-11-25 07:33:46','2021-11-26 07:17:58',NULL),(10284,10383,0,'2021-11-25 07:33:56','2022-01-07 09:42:08',NULL),(10285,10380,0,'2021-11-25 07:33:56','2022-01-07 09:42:08',NULL),(10286,10381,0,'2021-11-25 07:33:56','2022-01-07 09:42:08',NULL),(10287,10338,0,'2021-11-25 07:33:56','2022-01-07 09:42:08',NULL),(10288,10336,0,'2021-11-25 07:33:56','2022-01-07 09:42:08',NULL),(10289,10337,0,'2021-11-25 07:33:56','2022-01-07 09:42:08',NULL),(10290,10334,0,'2021-11-25 07:33:56','2022-01-07 09:42:08',NULL),(10291,10335,0,'2021-11-25 07:33:56','2022-01-07 09:42:08',NULL),(10292,10313,0,'2021-11-25 07:33:56','2022-01-07 09:42:08',NULL),(10293,10307,0,'2021-11-25 07:33:56','2022-01-07 09:42:08',NULL),(10294,10317,0,'2021-11-25 07:33:56','2022-01-07 09:42:08',NULL),(10295,10316,0,'2021-11-25 07:33:56','2022-01-07 09:42:08',NULL),(10296,10328,0,'2021-11-25 07:33:56','2022-01-07 09:42:08',NULL),(10297,10327,0,'2021-11-25 07:33:56','2022-01-07 09:42:08',NULL),(10298,10330,0,'2021-11-25 07:33:56','2022-01-07 09:42:08',NULL),(10299,10320,0,'2021-11-25 07:33:56','2022-01-07 09:42:08',NULL),(10300,10321,0,'2021-11-25 07:33:56','2022-01-07 09:42:08',NULL),(10301,10322,0,'2021-11-25 07:33:56','2022-01-07 09:42:08',NULL),(10302,10333,0,'2021-11-25 07:33:56','2022-01-07 09:42:08',NULL),(10303,10324,0,'2021-11-25 07:33:56','2022-01-07 09:42:08',NULL),(10304,10323,0,'2021-11-25 07:33:56','2022-01-07 09:42:08',NULL),(10305,10332,0,'2021-11-25 07:33:56','2022-01-07 09:42:08',NULL),(10306,10309,0,'2021-11-25 07:33:56','2022-01-07 09:42:08',NULL),(10307,10306,0,'2021-11-25 07:33:56','2022-01-07 09:42:08',NULL),(10308,10303,0,'2021-11-25 07:33:56','2022-01-07 09:42:08',NULL),(10309,10305,0,'2021-11-25 07:33:56','2022-01-07 09:42:08',NULL),(10310,10304,0,'2021-11-25 07:33:56','2022-01-07 09:42:08',NULL),(10311,10329,0,'2021-11-25 07:33:56','2022-01-07 09:42:08',NULL),(10312,10331,0,'2021-11-25 07:33:56','2022-01-07 09:42:08',NULL),(10313,10340,0,'2021-11-25 07:33:56','2022-01-07 09:42:08',NULL),(10314,10326,0,'2021-11-25 07:33:56','2022-01-07 09:42:08',NULL),(10315,10325,0,'2021-11-25 07:33:56','2022-01-07 09:42:08',NULL),(10316,10339,0,'2021-11-25 07:33:56','2022-01-07 09:42:08',NULL),(10317,10319,0,'2021-11-25 07:33:56','2022-01-07 09:42:08',NULL),(10318,10315,0,'2021-11-25 07:33:56','2022-01-07 09:42:08',NULL),(10319,10318,0,'2021-11-25 07:33:56','2022-01-07 09:42:08',NULL),(10320,10314,0,'2021-11-25 07:33:56','2022-01-07 09:42:08',NULL),(10321,10311,0,'2021-11-25 07:33:56','2022-01-07 09:42:08',NULL),(10322,10308,0,'2021-11-25 07:33:56','2022-01-07 09:42:08',NULL),(10323,10312,0,'2021-11-25 07:33:56','2022-01-07 09:42:08',NULL),(10324,10310,0,'2021-11-25 07:33:56','2022-01-07 09:42:08',NULL),(10325,10376,0,'2021-11-25 07:33:56','2022-01-07 09:42:08',NULL),(10326,10366,0,'2021-11-25 07:33:56','2022-01-07 09:42:08',NULL),(10327,10367,0,'2021-11-25 07:33:56','2022-01-07 09:42:08',NULL),(10328,10368,0,'2021-11-25 07:33:56','2022-01-07 09:42:08',NULL),(10329,10369,0,'2021-11-25 07:33:56','2022-01-07 09:42:08',NULL),(10330,10348,0,'2021-11-25 07:33:56','2022-01-07 09:42:08',NULL),(10331,10343,0,'2021-11-25 07:33:56','2022-01-07 09:42:08',NULL),(10332,10344,0,'2021-11-25 07:33:56','2022-01-07 09:42:08',NULL),(10333,10345,0,'2021-11-25 07:33:56','2022-01-07 09:42:08',NULL),(10334,10341,0,'2021-11-25 07:33:56','2022-01-07 09:42:08',NULL),(10335,10350,0,'2021-11-25 07:33:56','2022-01-07 09:42:08',NULL),(10336,10351,0,'2021-11-25 07:33:56','2022-01-07 09:42:08',NULL),(10337,10349,0,'2021-11-25 07:33:56','2022-01-07 09:42:08',NULL),(10338,10352,0,'2021-11-25 07:33:56','2022-01-07 09:42:08',NULL),(10339,10353,0,'2021-11-25 07:33:56','2022-01-07 09:42:08',NULL),(10340,10347,0,'2021-11-25 07:33:56','2022-01-07 09:42:08',NULL),(10341,10346,0,'2021-11-25 07:33:56','2022-01-07 09:42:08',NULL),(10342,10362,0,'2021-11-25 07:33:56','2022-01-07 09:42:08',NULL),(10343,10363,0,'2021-11-25 07:33:56','2022-01-07 09:42:08',NULL),(10344,10364,0,'2021-11-25 07:33:56','2022-01-07 09:42:08',NULL),(10345,10365,0,'2021-11-25 07:33:56','2022-01-07 09:42:08',NULL),(10346,10342,0,'2021-11-25 07:33:56','2022-01-07 09:42:08',NULL),(10347,10357,0,'2021-11-25 07:33:56','2022-01-07 09:42:08',NULL),(10348,10354,0,'2021-11-25 07:33:56','2022-01-07 09:42:08',NULL),(10349,10355,0,'2021-11-25 07:33:56','2022-01-07 09:42:08',NULL),(10350,10356,0,'2021-11-25 07:33:56','2022-01-07 09:42:08',NULL),(10351,10374,0,'2021-11-25 07:33:56','2022-01-07 09:42:08',NULL),(10352,10361,0,'2021-11-25 07:33:56','2022-01-07 09:42:08',NULL),(10353,10358,0,'2021-11-25 07:33:56','2022-01-07 09:42:08',NULL),(10354,10359,0,'2021-11-25 07:33:56','2022-01-07 09:42:08',NULL),(10355,10360,0,'2021-11-25 07:33:56','2022-01-07 09:42:08',NULL),(10356,10375,0,'2021-11-25 07:33:56','2022-01-07 09:42:08',NULL),(10357,10370,0,'2021-11-25 07:33:56','2022-01-07 09:42:08',NULL),(10358,10371,0,'2021-11-25 07:33:56','2022-01-07 09:42:08',NULL),(10359,10372,0,'2021-11-25 07:33:56','2022-01-07 09:42:08',NULL),(10360,10373,0,'2021-11-25 07:33:56','2022-01-07 09:42:08',NULL),(10361,10378,0,'2021-11-25 07:33:56','2022-01-07 09:42:08',NULL),(10362,10377,0,'2021-11-25 07:33:56','2022-01-07 09:42:08',NULL),(10363,10299,0,'2021-11-25 07:33:56','2022-01-07 09:42:08',NULL),(10364,10297,0,'2021-11-25 07:33:56','2022-01-07 09:42:08',NULL),(10365,10296,0,'2021-11-25 07:33:56','2022-01-07 09:42:08',NULL),(10366,10295,0,'2021-11-25 07:33:56','2022-01-07 09:42:08',NULL),(10367,10302,0,'2021-11-25 07:33:56','2022-01-07 09:42:08',NULL),(10368,10301,0,'2021-11-25 07:33:56','2022-01-07 09:42:08',NULL),(10369,10300,0,'2021-11-25 07:33:56','2022-01-07 09:42:08',NULL),(10370,10290,0,'2021-11-25 07:33:56','2022-01-07 09:42:08',NULL),(10371,10293,0,'2021-11-25 07:33:56','2022-01-07 09:42:08',NULL),(10372,10292,0,'2021-11-25 07:33:56','2022-01-07 09:42:08',NULL),(10373,10291,0,'2021-11-25 07:33:56','2022-01-07 09:42:08',NULL),(10374,10294,0,'2021-11-25 07:33:56','2022-01-07 09:42:08',NULL),(10375,10382,0,'2021-11-25 07:33:56','2022-01-07 09:42:08',NULL),(10376,10379,0,'2021-11-25 07:33:56','2022-01-07 09:42:08',NULL),(10377,10298,0,'2021-11-25 07:33:56','2022-01-07 09:42:08',NULL),(10378,10289,0,'2021-11-25 07:33:56','2022-01-07 09:42:08',NULL),(10379,10286,0,'2021-11-25 07:33:56','2022-01-07 09:42:08',NULL),(10380,10287,0,'2021-11-25 07:33:56','2022-01-07 09:42:08',NULL),(10381,10288,0,'2021-11-25 07:33:56','2022-01-07 09:42:08',NULL),(10382,10384,0,'2021-11-25 07:33:56','2022-01-07 09:42:08',NULL),(10383,10385,0,'2021-11-25 07:33:56','2022-01-07 09:42:08',NULL),(10384,10389,0,'2021-11-25 07:33:57','2022-01-07 09:42:08',NULL),(10385,10390,0,'2021-11-25 07:33:57','2022-01-07 09:42:08',NULL),(10386,10386,0,'2021-11-25 07:33:57','2022-01-07 09:42:08',NULL),(10387,10387,0,'2021-11-25 07:33:57','2022-01-07 09:42:08',NULL),(10388,10388,0,'2021-11-25 07:33:57','2022-01-07 09:42:08',NULL),(10389,10391,0,'2021-11-27 03:36:42','2021-12-10 03:29:31',NULL),(10390,10392,0,'2021-11-30 04:20:11','2022-01-10 03:22:16',NULL),(10391,10393,0,'2021-11-30 04:20:11','2022-01-10 03:22:16',NULL),(10392,10394,0,'2021-11-30 04:20:11','2022-01-10 03:22:16',NULL),(10393,10395,0,'2021-11-30 04:20:11','2022-01-10 03:22:16',NULL),(10394,10396,0,'2021-11-30 04:20:11','2022-01-10 03:22:16',NULL),(10395,10397,0,'2021-11-30 04:20:11','2022-01-10 03:22:16',NULL),(10396,10398,0,'2021-11-30 04:20:11','2022-01-10 03:22:16',NULL),(10397,10399,0,'2021-11-30 04:20:11','2022-01-10 03:22:16',NULL),(10398,10400,0,'2021-11-30 04:20:11','2022-01-10 03:22:16',NULL),(10399,10401,0,'2021-11-30 04:20:11','2022-01-10 03:22:16',NULL),(10400,10402,0,'2021-11-30 04:20:11','2022-01-10 03:22:16',NULL),(10401,10403,0,'2021-11-30 04:20:11','2022-01-10 03:22:16',NULL),(10402,10404,0,'2021-11-30 04:20:11','2022-01-10 03:22:16',NULL),(10403,10405,0,'2021-11-30 04:20:11','2022-01-10 03:22:16',NULL),(10404,10406,0,'2021-11-30 04:20:11','2022-01-10 03:22:16',NULL),(10405,10407,0,'2021-11-30 04:20:11','2022-01-10 03:22:16',NULL),(10406,10408,0,'2021-11-30 04:20:11','2022-01-10 03:22:16',NULL),(10407,10409,0,'2021-11-30 04:20:11','2022-01-10 03:22:16',NULL),(10408,10410,0,'2021-11-30 04:20:11','2022-01-10 03:22:16',NULL),(10409,10412,0,'2021-11-30 04:20:11','2022-01-10 03:22:16',NULL),(10410,10411,0,'2021-11-30 04:20:11','2022-01-10 03:22:16',NULL),(10411,10413,0,'2021-11-30 04:20:11','2022-01-10 03:22:16',NULL),(10412,10415,0,'2021-11-30 04:20:11','2022-01-10 03:22:16',NULL),(10413,10414,0,'2021-11-30 04:20:11','2022-01-10 03:22:16',NULL),(10414,10416,0,'2021-11-30 04:20:11','2022-01-10 03:22:16',NULL),(10415,10418,0,'2021-11-30 04:20:11','2022-01-10 03:22:16',NULL),(10416,10419,0,'2021-11-30 04:20:11','2022-01-10 03:22:16',NULL),(10417,10417,0,'2021-11-30 04:20:11','2022-01-10 03:22:16',NULL),(10418,10420,0,'2021-12-06 14:02:16','2021-12-06 15:45:03',NULL),(10419,10421,0,'2021-12-06 14:03:31','2021-12-10 16:47:15',NULL),(10420,10422,0,'2021-12-06 14:04:31','2021-12-07 07:05:37',NULL),(10422,10424,0,'2021-12-07 07:29:37','2021-12-10 03:39:06',NULL),(10423,10425,0,'2021-12-07 07:44:25','2021-12-08 03:21:45',NULL),(10424,10426,0,'2021-12-07 09:05:51','2021-12-27 12:24:49',NULL),(10425,10427,0,'2021-12-07 09:05:51','2021-12-27 12:24:49',NULL),(10426,10428,0,'2021-12-07 09:05:51','2021-12-27 12:24:49',NULL),(10427,10429,0,'2021-12-07 09:05:51','2021-12-27 12:24:49',NULL),(10428,10430,0,'2021-12-07 09:05:51','2021-12-27 12:24:49',NULL),(10429,10431,0,'2021-12-07 09:05:51','2021-12-27 12:24:49',NULL),(10430,10432,0,'2021-12-07 09:05:51','2021-12-27 12:24:49',NULL),(10431,10433,0,'2021-12-07 09:05:52','2021-12-30 08:30:12',NULL),(10432,10434,0,'2021-12-07 10:24:53','2021-12-30 08:18:27',NULL),(10433,10435,0,'2021-12-07 10:26:49','2021-12-30 08:18:46',NULL),(10434,10436,0,'2021-12-08 02:20:21','2021-12-08 09:25:42',NULL),(10435,10437,0,'2021-12-08 02:23:09','2021-12-08 09:30:08',NULL),(10436,10438,0,'2021-12-08 07:48:02','2021-12-27 12:24:49',NULL),(10437,10439,0,'2021-12-08 07:48:09','2021-12-27 12:24:49',NULL),(10438,10440,0,'2021-12-08 07:48:15','2021-12-27 12:24:49',NULL),(10439,10441,0,'2021-12-08 07:48:21','2021-12-27 12:24:49',NULL),(10440,10442,0,'2021-12-08 07:48:27','2021-12-27 12:24:49',NULL),(10441,10443,0,'2021-12-08 07:48:34','2021-12-27 12:24:49',NULL),(10442,10444,0,'2021-12-08 07:48:40','2021-12-27 12:24:49',NULL),(10443,10445,0,'2021-12-08 08:06:16','2021-12-27 12:24:49',NULL),(10444,10446,0,'2021-12-08 08:06:19','2021-12-27 12:24:49',NULL),(10445,10447,0,'2021-12-08 08:06:21','2021-12-27 12:24:49',NULL),(10446,10448,0,'2021-12-08 08:06:24','2021-12-27 12:24:49',NULL),(10447,10449,0,'2021-12-08 08:06:26','2021-12-27 12:24:49',NULL),(10448,10450,0,'2021-12-08 08:06:28','2021-12-27 12:24:49',NULL),(10449,10451,0,'2021-12-08 08:06:31','2021-12-27 12:24:49',NULL),(10450,10452,0,'2021-12-08 09:39:44','2021-12-10 02:14:46',NULL),(10451,10453,0,'2021-12-08 09:41:41','2021-12-10 02:23:20',NULL),(10452,10454,0,'2021-12-08 09:42:33','2021-12-10 04:46:04',NULL),(10453,10455,0,'2021-12-18 01:49:54','2022-01-10 03:22:14',NULL),(10454,10456,0,'2021-12-18 01:50:06','2022-01-10 03:22:14',NULL),(10455,10457,0,'2021-12-18 02:02:10','2022-01-10 03:22:14',NULL),(10456,10458,0,'2021-12-18 02:02:21','2022-01-10 03:22:14',NULL),(10457,10459,0,'2021-12-18 02:22:50','2022-01-10 03:22:14',NULL),(10458,10460,0,'2021-12-18 02:23:02','2022-01-10 03:22:14',NULL),(10459,10461,0,'2021-12-18 02:46:47','2022-01-10 03:22:14',NULL),(10460,10462,0,'2021-12-18 02:46:53','2022-01-10 03:22:14',NULL),(10461,10463,0,'2021-12-30 05:25:14','2022-01-10 03:22:16',NULL),(10462,10464,0,'2021-12-30 05:28:06','2022-01-10 03:22:16',NULL),(10463,10465,0,'2021-12-30 05:28:07','2022-01-10 03:22:16',NULL),(10464,10466,0,'2021-12-30 05:28:07','2022-01-10 03:22:16',NULL),(10465,10467,0,'2021-12-30 06:30:43','2022-01-07 03:53:36',NULL),(10466,10468,0,'2021-12-30 06:30:43','2022-01-07 03:53:36',NULL),(10467,10469,0,'2021-12-30 06:30:43','2022-01-07 03:53:36',NULL),(10468,10470,0,'2021-12-30 06:30:44','2022-01-07 03:53:36',NULL),(10469,10471,0,'2021-12-30 06:30:44','2022-01-07 03:53:36',NULL),(10470,10472,0,'2021-12-30 06:30:44','2022-01-07 03:53:36',NULL),(10471,10473,0,'2021-12-30 06:30:44','2022-01-07 03:53:36',NULL),(10472,10474,0,'2021-12-30 06:30:44','2022-01-07 03:53:36',NULL),(10473,10475,0,'2021-12-30 06:30:44','2022-01-07 03:53:36',NULL),(10474,10476,0,'2021-12-30 06:30:44','2022-01-07 03:53:36',NULL),(10475,10477,0,'2021-12-30 06:30:45','2022-01-07 03:53:36',NULL),(10476,10478,0,'2021-12-30 06:30:45','2022-01-07 03:53:36',NULL),(10477,10479,0,'2022-01-05 08:28:55','2022-01-07 03:53:36',NULL),(10496,10498,0,'2022-01-10 03:09:06','2022-01-10 03:09:06',NULL),(10497,10499,0,'2022-01-10 03:09:07','2022-01-10 03:09:07',NULL);

--
