(10221,2,1,2,11440000.000000,11440000.000000,11440000.000000,11440000.000000,NULL),(10221,3,1,2,11440000.000000,11440000.000000,11440000.000000,11440000.000000,NULL),(10221,4,1,2,11440000.000000,11440000.000000,11440000.000000,11440000.000000,NULL),(10222,0,1,2,18370000.000000,18370000.000000,18370000.000000,18370000.000000,NULL),(10222,1,1,2,18370000.000000,18370000.000000,18370000.000000,18370000.000000,NULL),(10222,2,1,2,18370000.000000,18370000.000000,18370000.000000,18370000.000000,NULL),(10222,3,1,2,18370000.000000,18370000.000000,18370000.000000,18370000.000000,NULL),(10222,4,1,2,18370000.000000,18370000.000000,18370000.000000,18370000.000000,NULL),(10223,0,1,2,22330000.000000,22330000.000000,22330000.000000,22330000.000000,NULL),(10223,1,1,2,22330000.000000,22330000.000000,22330000.000000,22330000.000000,NULL),(10223,2,1,2,22330000.000000,22330000.000000,22330000.000000,22330000.000000,NULL),(10223,3,1,2,22330000.000000,22330000.000000,22330000.000000,22330000.000000,NULL),(10223,4,1,2,22330000.000000,22330000.000000,22330000.000000,22330000.000000,NULL),(10224,0,1,2,20570000.000000,20570000.000000,20570000.000000,20570000.000000,NULL),(10224,1,1,2,20570000.000000,20570000.000000,20570000.000000,20570000.000000,NULL),(10224,2,1,2,20570000.000000,20570000.000000,20570000.000000,20570000.000000,NULL),(10224,3,1,2,20570000.000000,20570000.000000,20570000.000000,20570000.000000,NULL),(10224,4,1,2,20570000.000000,20570000.000000,20570000.000000,20570000.000000,NULL),(10225,0,1,2,15180000.000000,15180000.000000,15180000.000000,15180000.000000,NULL),(10225,1,1,2,15180000.000000,15180000.000000,15180000.000000,15180000.000000,NULL),(10225,2,1,2,15180000.000000,15180000.000000,15180000.000000,15180000.000000,NULL),(10225,3,1,2,15180000.000000,15180000.000000,15180000.000000,15180000.000000,NULL),(10225,4,1,2,15180000.000000,15180000.000000,15180000.000000,15180000.000000,NULL),(10226,0,1,2,14850000.000000,14850000.000000,14850000.000000,14850000.000000,NULL),(10226,1,1,2,14850000.000000,14850000.000000,14850000.000000,14850000.000000,NULL),(10226,2,1,2,14850000.000000,14850000.000000,14850000.000000,14850000.000000,NULL),(10226,3,1,2,14850000.000000,14850000.000000,14850000.000000,14850000.000000,NULL),(10226,4,1,2,14850000.000000,14850000.000000,14850000.000000,14850000.000000,NULL),(10227,0,1,2,14850000.000000,14850000.000000,14850000.000000,14850000.000000,NULL),(10227,1,1,2,14850000.000000,14850000.000000,14850000.000000,14850000.000000,NULL),(10227,2,1,2,14850000.000000,14850000.000000,14850000.000000,14850000.000000,NULL),(10227,3,1,2,14850000.000000,14850000.000000,14850000.000000,14850000.000000,NULL),(10227,4,1,2,14850000.000000,14850000.000000,14850000.000000,14850000.000000,NULL),(10228,0,1,2,14850000.000000,14850000.000000,14850000.000000,14850000.000000,NULL),(10228,1,1,2,14850000.000000,14850000.000000,14850000.000000,14850000.000000,NULL),(10228,2,1,2,14850000.000000,14850000.000000,14850000.000000,14850000.000000,NULL),(10228,3,1,2,14850000.000000,14850000.000000,14850000.000000,14850000.000000,NULL),(10228,4,1,2,14850000.000000,14850000.000000,14850000.000000,14850000.000000,NULL),(10229,0,1,2,17490000.000000,17490000.000000,17490000.000000,17490000.000000,NULL),(10229,1,1,2,17490000.000000,17490000.000000,17490000.000000,17490000.000000,NULL),(10229,2,1,2,17490000.000000,17490000.000000,17490000.000000,17490000.000000,NULL),(10229,3,1,2,17490000.000000,17490000.000000,17490000.000000,17490000.000000,NULL),(10229,4,1,2,17490000.000000,17490000.000000,17490000.000000,17490000.000000,NULL),(10230,0,1,2,13970000.000000,13970000.000000,13970000.000000,13970000.000000,NULL),(10230,1,1,2,13970000.000000,13970000.000000,13970000.000000,13970000.000000,NULL),(10230,2,1,2,13970000.000000,13970000.000000,13970000.000000,13970000.000000,NULL),(10230,3,1,2,13970000.000000,13970000.000000,13970000.000000,13970000.000000,NULL),(10230,4,1,2,13970000.000000,13970000.000000,13970000.000000,13970000.000000,NULL),(10231,0,1,2,15290000.000000,15290000.000000,15290000.000000,15290000.000000,NULL),(10231,1,1,2,15290000.000000,15290000.000000,15290000.000000,15290000.000000,NULL),(10231,2,1,2,15290000.000000,15290000.000000,15290000.000000,15290000.000000,NULL),(10231,3,1,2,15290000.000000,15290000.000000,15290000.000000,15290000.000000,NULL),(10231,4,1,2,15290000.000000,15290000.000000,15290000.000000,15290000.000000,NULL),(10232,0,1,2,13640000.000000,13640000.000000,13640000.000000,13640000.000000,NULL),(10232,1,1,2,13640000.000000,13640000.000000,13640000.000000,13640000.000000,NULL),(10232,2,1,2,13640000.000000,13640000.000000,13640000.000000,13640000.000000,NULL),(10232,3,1,2,13640000.000000,13640000.000000,13640000.000000,13640000.000000,NULL),(10232,4,1,2,13640000.000000,13640000.000000,13640000.000000,13640000.000000,NULL),(10233,0,1,2,12760000.000000,12760000.000000,12760000.000000,12760000.000000,NULL),(10233,1,1,2,12760000.000000,12760000.000000,12760000.000000,12760000.000000,NULL),(10233,2,1,2,12760000.000000,12760000.000000,12760000.000000,12760000.000000,NULL),(10233,3,1,2,12760000.000000,12760000.000000,12760000.000000,12760000.000000,NULL),(10233,4,1,2,12760000.000000,12760000.000000,12760000.000000,12760000.000000,NULL),(10234,0,1,2,11330000.000000,11330000.000000,11330000.000000,11330000.000000,NULL),(10234,1,1,2,11330000.000000,11330000.000000,11330000.000000,11330000.000000,NULL),(10234,2,1,2,11330000.000000,11330000.000000,11330000.000000,11330000.000000,NULL),(10234,3,1,2,11330000.000000,11330000.000000,11330000.000000,11330000.000000,NULL),(10234,4,1,2,11330000.000000,11330000.000000,11330000.000000,11330000.000000,NULL),(10235,0,1,2,11000000.000000,11000000.000000,11000000.000000,11000000.000000,NULL),(10235,1,1,2,11000000.000000,11000000.000000,11000000.000000,11000000.000000,NULL),(10235,2,1,2,11000000.000000,11000000.000000,11000000.000000,11000000.000000,NULL),(10235,3,1,2,11000000.000000,11000000.000000,11000000.000000,11000000.000000,NULL),(10235,4,1,2,11000000.000000,11000000.000000,11000000.000000,11000000.000000,NULL),(10236,0,1,2,17490000.000000,17490000.000000,17490000.000000,17490000.000000,NULL),(10236,1,1,2,17490000.000000,17490000.000000,17490000.000000,17490000.000000,NULL),(10236,2,1,2,17490000.000000,17490000.000000,17490000.000000,17490000.000000,NULL),(10236,3,1,2,17490000.000000,17490000.000000,17490000.000000,17490000.000000,NULL),(10236,4,1,2,17490000.000000,17490000.000000,17490000.000000,17490000.000000,NULL),(10237,0,1,2,6160000.000000,6160000.000000,6160000.000000,6160000.000000,NULL),(10237,1,1,2,6160000.000000,6160000.000000,6160000.000000,6160000.000000,NULL),(10237,2,1,2,6160000.000000,6160000.000000,6160000.000000,6160000.000000,NULL),(10237,3,1,2,6160000.000000,6160000.000000,6160000.000000,6160000.000000,NULL),(10237,4,1,2,6160000.000000,6160000.000000,6160000.000000,6160000.000000,NULL),(10238,0,1,2,2970000.000000,2970000.000000,2970000.000000,2970000.000000,NULL),(10238,1,1,2,2970000.000000,2970000.000000,2970000.000000,2970000.000000,NULL),(10238,2,1,2,2970000.000000,2970000.000000,2970000.000000,2970000.000000,NULL),(10238,3,1,2,2970000.000000,2970000.000000,2970000.000000,2970000.000000,NULL),(10238,4,1,2,2970000.000000,2970000.000000,2970000.000000,2970000.000000,NULL),(10239,0,1,2,4180000.000000,4180000.000000,4180000.000000,4180000.000000,NULL),(10239,1,1,2,4180000.000000,4180000.000000,4180000.000000,4180000.000000,NULL),(10239,2,1,2,4180000.000000,4180000.000000,4180000.000000,4180000.000000,NULL),(10239,3,1,2,4180000.000000,4180000.000000,4180000.000000,4180000.000000,NULL),(10239,4,1,2,4180000.000000,4180000.000000,4180000.000000,4180000.000000,NULL),(10241,0,1,2,1320000.000000,1320000.000000,1320000.000000,1320000.000000,NULL),(10241,1,1,2,1320000.000000,1320000.000000,1320000.000000,1320000.000000,NULL),(10241,2,1,2,1320000.000000,1320000.000000,1320000.000000,1320000.000000,NULL),(10241,3,1,2,1320000.000000,1320000.000000,1320000.000000,1320000.000000,NULL),(10241,4,1,2,1320000.000000,1320000.000000,1320000.000000,1320000.000000,NULL),(10242,0,1,2,440000.000000,440000.000000,440000.000000,440000.000000,NULL),(10242,1,1,2,440000.000000,440000.000000,440000.000000,440000.000000,NULL),(10242,2,1,2,440000.000000,440000.000000,440000.000000,440000.000000,NULL),(10242,3,1,2,440000.000000,440000.000000,440000.000000,440000.000000,NULL),(10242,4,1,2,440000.000000,440000.000000,440000.000000,440000.000000,NULL),(10243,0,1,2,1100000.000000,1100000.000000,1100000.000000,1100000.000000,NULL),(10243,1,1,2,1100000.000000,1100000.000000,1100000.000000,1100000.000000,NULL),(10243,2,1,2,1100000.000000,1100000.000000,1100000.000000,1100000.000000,NULL),(10243,3,1,2,1100000.000000,1100000.000000,1100000.000000,1100000.000000,NULL),(10243,4,1,2,1100000.000000,1100000.000000,1100000.000000,1100000.000000,NULL),(10244,0,1,2,1320000.000000,1320000.000000,1320000.000000,1320000.000000,NULL),(10244,1,1,2,1320000.000000,1320000.000000,1320000.000000,1320000.000000,NULL),(10244,2,1,2,1320000.000000,1320000.000000,1320000.000000,1320000.000000,NULL),(10244,3,1,2,1320000.000000,1320000.000000,1320000.000000,1320000.000000,NULL),(10244,4,1,2,1320000.000000,1320000.000000,1320000.000000,1320000.000000,NULL),(10245,0,1,2,7260000.000000,7260000.000000,7260000.000000,7260000.000000,NULL),(10245,1,1,2,7260000.000000,7260000.000000,7260000.000000,7260000.000000,NULL),(10245,2,1,2,7260000.000000,7260000.000000,7260000.000000,7260000.000000,NULL),(10245,3,1,2,7260000.000000,7260000.000000,7260000.000000,7260000.000000,NULL),(10245,4,1,2,7260000.000000,7260000.000000,7260000.000000,7260000.000000,NULL),(10246,0,1,2,7040000.000000,7040000.000000,7040000.000000,7040000.000000,NULL),(10246,1,1,2,7040000.000000,7040000.000000,7040000.000000,7040000.000000,NULL),(10246,2,1,2,7040000.000000,7040000.000000,7040000.000000,7040000.000000,NULL),(10246,3,1,2,7040000.000000,7040000.000000,7040000.000000,7040000.000000,NULL),(10246,4,1,2,7040000.000000,7040000.000000,7040000.000000,7040000.000000,NULL),(10247,0,1,2,7920000.000000,7920000.000000,7920000.000000,7920000.000000,NULL),(10247,1,1,2,7920000.000000,7920000.000000,7920000.000000,7920000.000000,NULL),(10247,2,1,2,7920000.000000,7920000.000000,7920000.000000,7920000.000000,NULL),(10247,3,1,2,7920000.000000,7920000.000000,7920000.000000,7920000.000000,NULL),(10247,4,1,2,7920000.000000,7920000.000000,7920000.000000,7920000.000000,NULL),(10248,0,1,2,550000.000000,550000.000000,550000.000000,550000.000000,NULL),(10248,1,1,2,550000.000000,550000.000000,550000.000000,550000.000000,NULL),(10248,2,1,2,550000.000000,550000.000000,550000.000000,550000.000000,NULL),(10248,3,1,2,550000.000000,550000.000000,550000.000000,550000.000000,NULL),(10248,4,1,2,550000.000000,550000.000000,550000.000000,550000.000000,NULL),(10249,0,1,2,418000.000000,418000.000000,418000.000000,418000.000000,NULL),(10249,1,1,2,418000.000000,418000.000000,418000.000000,418000.000000,NULL),(10249,2,1,2,418000.000000,418000.000000,418000.000000,418000.000000,NULL),(10249,3,1,2,418000.000000,418000.000000,418000.000000,418000.000000,NULL),(10249,4,1,2,418000.000000,418000.000000,418000.000000,418000.000000,NULL),(10250,0,1,2,17600000.000000,17600000.000000,17600000.000000,17600000.000000,NULL),(10250,1,1,2,17600000.000000,17600000.000000,17600000.000000,17600000.000000,NULL),(10250,2,1,2,17600000.000000,17600000.000000,17600000.000000,17600000.000000,NULL),(10250,3,1,2,17600000.000000,17600000.000000,17600000.000000,17600000.000000,NULL),(10250,4,1,2,17600000.000000,17600000.000000,17600000.000000,17600000.000000,NULL),(10254,0,1,2,418000.000000,418000.000000,418000.000000,418000.000000,NULL),(10254,1,1,2,418000.000000,418000.000000,418000.000000,418000.000000,NULL),(10254,2,1,2,418000.000000,418000.000000,418000.000000,418000.000000,NULL),(10254,3,1,2,418000.000000,418000.000000,418000.000000,418000.000000,NULL),(10254,4,1,2,418000.000000,418000.000000,418000.000000,418000.000000,NULL),(10255,0,1,2,3300000.000000,3300000.000000,3300000.000000,3300000.000000,NULL),(10255,1,1,2,3300000.000000,3300000.000000,3300000.000000,3300000.000000,NULL),(10255,2,1,2,3300000.000000,3300000.000000,3300000.000000,3300000.000000,NULL),(10255,3,1,2,3300000.000000,3300000.000000,3300000.000000,3300000.000000,NULL),(10255,4,1,2,3300000.000000,3300000.000000,3300000.000000,3300000.000000,NULL),(10256,0,1,2,0.000000,0.000000,7641000.000000,16821000.000000,NULL),(10256,1,1,2,0.000000,0.000000,7641000.000000,16821000.000000,NULL),(10256,2,1,2,0.000000,0.000000,8490000.000000,18690000.000000,NULL),(10256,3,1,2,0.000000,0.000000,8490000.000000,18690000.000000,NULL),(10256,4,1,2,0.000000,0.000000,8490000.000000,18690000.000000,NULL),(10258,0,1,2,8490000.000000,7641000.000000,7641000.000000,8490000.000000,NULL),(10258,1,1,2,8490000.000000,7641000.000000,7641000.000000,8490000.000000,NULL),(10258,2,1,2,8490000.000000,8490000.000000,8490000.000000,8490000.000000,NULL),(10258,3,1,2,8490000.000000,8490000.000000,8490000.000000,8490000.000000,NULL),(10258,4,1,2,8490000.000000,8490000.000000,8490000.000000,8490000.000000,NULL),(10259,0,1,2,11790000.000000,10611000.000000,10611000.000000,11790000.000000,NULL),(10259,1,1,2,11790000.000000,10611000.000000,10611000.000000,11790000.000000,NULL),(10259,2,1,2,11790000.000000,11790000.000000,11790000.000000,11790000.000000,NULL),(10259,3,1,2,11790000.000000,11790000.000000,11790000.000000,11790000.000000,NULL),(10259,4,1,2,11790000.000000,11790000.000000,11790000.000000,11790000.000000,NULL),(10260,0,1,2,12990000.000000,11691000.000000,11691000.000000,12990000.000000,NULL),(10260,1,1,2,12990000.000000,11691000.000000,11691000.000000,12990000.000000,NULL),(10260,2,1,2,12990000.000000,12990000.000000,12990000.000000,12990000.000000,NULL),(10260,3,1,2,12990000.000000,12990000.000000,12990000.000000,12990000.000000,NULL),(10260,4,1,2,12990000.000000,12990000.000000,12990000.000000,12990000.000000,NULL),(10261,0,1,2,14990000.000000,13491000.000000,13491000.000000,14990000.000000,NULL),(10261,1,1,2,14990000.000000,13491000.000000,13491000.000000,14990000.000000,NULL),(10261,2,1,2,14990000.000000,14990000.000000,14990000.000000,14990000.000000,NULL),(10261,3,1,2,14990000.000000,14990000.000000,14990000.000000,14990000.000000,NULL),(10261,4,1,2,14990000.000000,14990000.000000,14990000.000000,14990000.000000,NULL),(10262,0,1,2,17690000.000000,15921000.000000,15921000.000000,17690000.000000,NULL),(10262,1,1,2,17690000.000000,15921000.000000,15921000.000000,17690000.000000,NULL),(10262,2,1,2,17690000.000000,17690000.000000,17690000.000000,17690000.000000,NULL),(10262,3,1,2,17690000.000000,17690000.000000,17690000.000000,17690000.000000,NULL),(10262,4,1,2,17690000.000000,17690000.000000,17690000.000000,17690000.000000,NULL),(10263,0,1,2,18690000.000000,16821000.000000,16821000.000000,18690000.000000,NULL),(10263,1,1,2,18690000.000000,16821000.000000,16821000.000000,18690000.000000,NULL),(10263,2,1,2,18690000.000000,18690000.000000,18690000.000000,18690000.000000,NULL),(10263,3,1,2,18690000.000000,18690000.000000,18690000.000000,18690000.000000,NULL),(10263,4,1,2,18690000.000000,18690000.000000,18690000.000000,18690000.000000,NULL),(10264,0,1,2,0.000000,0.000000,5211000.000000,9891000.000000,NULL),(10264,1,1,2,0.000000,0.000000,5211000.000000,9891000.000000,NULL),(10264,2,1,2,0.000000,0.000000,5790000.000000,10990000.000000,NULL),(10264,3,1,2,0.000000,0.000000,5790000.000000,10990000.000000,NULL),(10264,4,1,2,0.000000,0.000000,5790000.000000,10990000.000000,NULL),(10266,0,1,2,5790000.000000,5211000.000000,5211000.000000,5790000.000000,NULL),(10266,1,1,2,5790000.000000,5211000.000000,5211000.000000,5790000.000000,NULL),(10266,2,1,2,5790000.000000,5790000.000000,5790000.000000,5790000.000000,NULL),(10266,3,1,2,5790000.000000,5790000.000000,5790000.000000,5790000.000000,NULL),(10266,4,1,2,5790000.000000,5790000.000000,5790000.000000,5790000.000000,NULL),(10267,0,1,2,6690000.000000,6021000.000000,6021000.000000,6690000.000000,NULL),(10267,1,1,2,6690000.000000,6021000.000000,6021000.000000,6690000.000000,NULL),(10267,2,1,2,6690000.000000,6690000.000000,6690000.000000,6690000.000000,NULL),(10267,3,1,2,6690000.000000,6690000.000000,6690000.000000,6690000.000000,NULL),(10267,4,1,2,6690000.000000,6690000.000000,6690000.000000,6690000.000000,NULL),(10268,0,1,2,7990000.000000,7191000.000000,7191000.000000,7990000.000000,NULL),(10268,1,1,2,7990000.000000,7191000.000000,7191000.000000,7990000.000000,NULL),(10268,2,1,2,7990000.000000,7990000.000000,7990000.000000,7990000.000000,NULL),(10268,3,1,2,7990000.000000,7990000.000000,7990000.000000,7990000.000000,NULL),(10268,4,1,2,7990000.000000,7990000.000000,7990000.000000,7990000.000000,NULL),(10269,0,1,2,8690000.000000,7821000.000000,7821000.000000,8690000.000000,NULL),(10269,1,1,2,8690000.000000,7821000.000000,7821000.000000,8690000.000000,NULL),(10269,2,1,2,8690000.000000,8690000.000000,8690000.000000,8690000.000000,NULL),(10269,3,1,2,8690000.000000,8690000.000000,8690000.000000,8690000.000000,NULL),(10269,4,1,2,8690000.000000,8690000.000000,8690000.000000,8690000.000000,NULL),(10270,0,1,2,9990000.000000,8991000.000000,8991000.000000,9990000.000000,NULL),(10270,1,1,2,9990000.000000,8991000.000000,8991000.000000,9990000.000000,NULL),(10270,2,1,2,9990000.000000,9990000.000000,9990000.000000,9990000.000000,NULL),(10270,3,1,2,9990000.000000,9990000.000000,9990000.000000,9990000.000000,NULL),(10270,4,1,2,9990000.000000,9990000.000000,9990000.000000,9990000.000000,NULL),(10271,0,1,2,10990000.000000,9891000.000000,9891000.000000,10990000.000000,NULL),(10271,1,1,2,10990000.000000,9891000.000000,9891000.000000,10990000.000000,NULL),(10271,2,1,2,10990000.000000,10990000.000000,10990000.000000,10990000.000000,NULL),(10271,3,1,2,10990000.000000,10990000.000000,10990000.000000,10990000.000000,NULL),(10271,4,1,2,10990000.000000,10990000.000000,10990000.000000,10990000.000000,NULL),(10272,0,1,2,0.000000,0.000000,3190000.000000,4590000.000000,NULL),(10272,1,1,2,0.000000,0.000000,3190000.000000,4590000.000000,NULL),(10272,2,1,2,0.000000,0.000000,3190000.000000,4590000.000000,NULL),(10272,3,1,2,0.000000,0.000000,3190000.000000,4590000.000000,NULL),(10272,4,1,2,0.000000,0.000000,3190000.000000,4590000.000000,NULL),(10273,0,1,2,3190000.000000,3190000.000000,3190000.000000,3190000.000000,NULL),(10273,1,1,2,3190000.000000,3190000.000000,3190000.000000,3190000.000000,NULL),(10273,2,1,2,3190000.000000,3190000.000000,3190000.000000,3190000.000000,NULL),(10273,3,1,2,3190000.000000,3190000.000000,3190000.000000,3190000.000000,NULL),(10273,4,1,2,3190000.000000,3190000.000000,3190000.000000,3190000.000000,NULL),(10274,0,1,2,4590000.000000,4590000.000000,4590000.000000,4590000.000000,NULL),(10274,1,1,2,4590000.000000,4590000.000000,4590000.000000,4590000.000000,NULL),(10274,2,1,2,4590000.000000,4590000.000000,4590000.000000,4590000.000000,NULL),(10274,3,1,2,4590000.000000,4590000.000000,4590000.000000,4590000.000000,NULL),(10274,4,1,2,4590000.000000,4590000.000000,4590000.000000,4590000.000000,NULL),(10275,0,1,2,3590000.000000,3590000.000000,3590000.000000,3590000.000000,NULL),(10275,1,1,2,3590000.000000,3590000.000000,3590000.000000,3590000.000000,NULL),(10275,2,1,2,3590000.000000,3590000.000000,3590000.000000,3590000.000000,NULL),(10275,3,1,2,3590000.000000,3590000.000000,3590000.000000,3590000.000000,NULL),(10275,4,1,2,3590000.000000,3590000.000000,3590000.000000,3590000.000000,NULL),(10276,0,1,2,4990000.000000,4990000.000000,4990000.000000,4990000.000000,NULL),(10276,1,1,2,4990000.000000,4990000.000000,4990000.000000,4990000.000000,NULL),(10276,2,1,2,4990000.000000,4990000.000000,4990000.000000,4990000.000000,NULL),(10276,3,1,2,4990000.000000,4990000.000000,4990000.000000,4990000.000000,NULL),(10276,4,1,2,4990000.000000,4990000.000000,4990000.000000,4990000.000000,NULL),(10277,0,1,2,2290000.000000,2290000.000000,2290000.000000,2290000.000000,NULL),(10277,1,1,2,2290000.000000,2290000.000000,2290000.000000,2290000.000000,NULL),(10277,2,1,2,2290000.000000,2290000.000000,2290000.000000,2290000.000000,NULL),(10277,3,1,2,2290000.000000,2290000.000000,2290000.000000,2290000.000000,NULL),(10277,4,1,2,2290000.000000,2290000.000000,2290000.000000,2290000.000000,NULL),(10278,0,1,2,3090000.000000,3090000.000000,3090000.000000,3090000.000000,NULL),(10278,1,1,2,3090000.000000,3090000.000000,3090000.000000,3090000.000000,NULL),(10278,2,1,2,3090000.000000,3090000.000000,3090000.000000,3090000.000000,NULL),(10278,3,1,2,3090000.000000,3090000.000000,3090000.000000,3090000.000000,NULL),(10278,4,1,2,3090000.000000,3090000.000000,3090000.000000,3090000.000000,NULL),(10279,0,1,2,2790000.000000,2790000.000000,2790000.000000,2790000.000000,NULL),(10279,1,1,2,2790000.000000,2790000.000000,2790000.000000,2790000.000000,NULL),(10279,2,1,2,2790000.000000,2790000.000000,2790000.000000,2790000.000000,NULL),(10279,3,1,2,2790000.000000,2790000.000000,2790000.000000,2790000.000000,NULL),(10279,4,1,2,2790000.000000,2790000.000000,2790000.000000,2790000.000000,NULL),(10280,0,1,2,2490000.000000,2490000.000000,2490000.000000,2490000.000000,NULL),(10280,1,1,2,2490000.000000,2490000.000000,2490000.000000,2490000.000000,NULL),(10280,2,1,2,2490000.000000,2490000.000000,2490000.000000,2490000.000000,NULL),(10280,3,1,2,2490000.000000,2490000.000000,2490000.000000,2490000.000000,NULL),(10280,4,1,2,2490000.000000,2490000.000000,2490000.000000,2490000.000000,NULL),(10281,0,1,2,3990000.000000,3990000.000000,3990000.000000,3990000.000000,NULL),(10281,1,1,2,3990000.000000,3990000.000000,3990000.000000,3990000.000000,NULL),(10281,2,1,2,3990000.000000,3990000.000000,3990000.000000,3990000.000000,NULL),(10281,3,1,2,3990000.000000,3990000.000000,3990000.000000,3990000.000000,NULL),(10281,4,1,2,3990000.000000,3990000.000000,3990000.000000,3990000.000000,NULL),(10282,0,1,2,3690000.000000,3690000.000000,3690000.000000,3690000.000000,NULL),(10282,1,1,2,3690000.000000,3690000.000000,3690000.000000,3690000.000000,NULL),(10282,2,1,2,3690000.000000,3690000.000000,3690000.000000,3690000.000000,NULL),(10282,3,1,2,3690000.000000,3690000.000000,3690000.000000,3690000.000000,NULL),(10282,4,1,2,3690000.000000,3690000.000000,3690000.000000,3690000.000000,NULL),(10283,0,1,2,3290000.000000,3290000.000000,3290000.000000,3290000.000000,NULL),(10283,1,1,2,3290000.000000,3290000.000000,3290000.000000,3290000.000000,NULL),(10283,2,1,2,3290000.000000,3290000.000000,3290000.000000,3290000.000000,NULL),(10283,3,1,2,3290000.000000,3290000.000000,3290000.000000,3290000.000000,NULL),(10283,4,1,2,3290000.000000,3290000.000000,3290000.000000,3290000.000000,NULL),(10284,0,1,2,4690000.000000,4690000.000000,4690000.000000,4690000.000000,NULL),(10284,1,1,2,4690000.000000,4690000.000000,4690000.000000,4690000.000000,NULL),(10284,2,1,2,4690000.000000,4690000.000000,4690000.000000,4690000.000000,NULL),(10284,3,1,2,4690000.000000,4690000.000000,4690000.000000,4690000.000000,NULL),(10284,4,1,2,4690000.000000,4690000.000000,4690000.000000,4690000.000000,NULL),(10285,0,1,2,3790001.000000,3790001.000000,3790001.000000,3790001.000000,NULL),(10285,1,1,2,3790001.000000,3790001.000000,3790001.000000,3790001.000000,NULL),(10285,2,1,2,3790001.000000,3790001.000000,3790001.000000,3790001.000000,NULL),(10285,3,1,2,3790001.000000,3790001.000000,3790001.000000,3790001.000000,NULL),(10285,4,1,2,3790001.000000,3790001.000000,3790001.000000,3790001.000000,NULL),(10286,0,1,2,590000.000000,590000.000000,590000.000000,590000.000000,NULL),(10286,1,1,2,590000.000000,590000.000000,590000.000000,590000.000000,NULL),(10286,2,1,2,590000.000000,590000.000000,590000.000000,590000.000000,NULL),(10286,3,1,2,590000.000000,590000.000000,590000.000000,590000.000000,NULL),(10286,4,1,2,590000.000000,590000.000000,590000.000000,590000.000000,NULL),(10287,0,1,2,590000.000000,590000.000000,590000.000000,590000.000000,NULL),(10287,1,1,2,590000.000000,590000.000000,590000.000000,590000.000000,NULL),(10287,2,1,2,590000.000000,590000.000000,590000.000000,590000.000000,NULL),(10287,3,1,2,590000.000000,590000.000000,590000.000000,590000.000000,NULL),(10287,4,1,2,590000.000000,590000.000000,590000.000000,590000.000000,NULL),(10288,0,1,2,660000.000000,660000.000000,660000.000000,660000.000000,NULL),(10288,1,1,2,660000.000000,660000.000000,660000.000000,660000.000000,NULL),(10288,2,1,2,660000.000000,660000.000000,660000.000000,660000.000000,NULL),(10288,3,1,2,660000.000000,660000.000000,660000.000000,660000.000000,NULL),(10288,4,1,2,660000.000000,660000.000000,660000.000000,660000.000000,NULL),(10289,0,1,2,660000.000000,660000.000000,660000.000000,660000.000000,NULL),(10289,1,1,2,660000.000000,660000.000000,660000.000000,660000.000000,NULL),(10289,2,1,2,660000.000000,660000.000000,660000.000000,660000.000000,NULL),(10289,3,1,2,660000.000000,660000.000000,660000.000000,660000.000000,NULL),(10289,4,1,2,660000.000000,660000.000000,660000.000000,660000.000000,NULL),(10290,0,1,2,6090000.000000,6090000.000000,6090000.000000,6090000.000000,NULL),(10290,1,1,2,6090000.000000,6090000.000000,6090000.000000,6090000.000000,NULL),(10290,2,1,2,6090000.000000,6090000.000000,6090000.000000,6090000.000000,NULL),(10290,3,1,2,6090000.000000,6090000.000000,6090000.000000,6090000.000000,NULL),(10290,4,1,2,6090000.000000,6090000.000000,6090000.000000,6090000.000000,NULL),(10291,0,1,2,6690000.000000,6690000.000000,6690000.000000,6690000.000000,NULL),(10291,1,1,2,6690000.000000,6690000.000000,6690000.000000,6690000.000000,NULL),(10291,2,1,2,6690000.000000,6690000.000000,6690000.000000,6690000.000000,NULL),(10291,3,1,2,6690000.000000,6690000.000000,6690000.000000,6690000.000000,NULL),(10291,4,1,2,6690000.000000,6690000.000000,6690000.000000,6690000.000000,NULL),(10292,0,1,2,7790000.000000,7790000.000000,7790000.000000,7790000.000000,NULL),(10292,1,1,2,7790000.000000,7790000.000000,7790000.000000,7790000.000000,NULL),(10292,2,1,2,7790000.000000,7790000.000000,7790000.000000,7790000.000000,NULL),(10292,3,1,2,7790000.000000,7790000.000000,7790000.000000,7790000.000000,NULL),(10292,4,1,2,7790000.000000,7790000.000000,7790000.000000,7790000.000000,NULL),(10293,0,1,2,8290000.000000,8290000.000000,8290000.000000,8290000.000000,NULL),(10293,1,1,2,8290000.000000,8290000.000000,8290000.000000,8290000.000000,NULL),(10293,2,1,2,8290000.000000,8290000.000000,8290000.000000,8290000.000000,NULL),(10293,3,1,2,8290000.000000,8290000.000000,8290000.000000,8290000.000000,NULL),(10293,4,1,2,8290000.000000,8290000.000000,8290000.000000,8290000.000000,NULL),(10294,0,1,2,9090000.000000,9090000.000000,9090000.000000,9090000.000000,NULL),(10294,1,1,2,9090000.000000,9090000.000000,9090000.000000,9090000.000000,NULL),(10294,2,1,2,9090000.000000,9090000.000000,9090000.000000,9090000.000000,NULL),(10294,3,1,2,9090000.000000,9090000.000000,9090000.000000,9090000.000000,NULL),(10294,4,1,2,9090000.000000,9090000.000000,9090000.000000,9090000.000000,NULL),(10295,0,1,2,2190000.000000,2190000.000000,2190000.000000,2190000.000000,NULL),(10295,1,1,2,2190000.000000,2190000.000000,2190000.000000,2190000.000000,NULL),(10295,2,1,2,2190000.000000,2190000.000000,2190000.000000,2190000.000000,NULL),(10295,3,1,2,2190000.000000,2190000.000000,2190000.000000,2190000.000000,NULL),(10295,4,1,2,2190000.000000,2190000.000000,2190000.000000,2190000.000000,NULL),(10296,0,1,2,2390000.000000,2390000.000000,2390000.000000,2390000.000000,NULL),(10296,1,1,2,2390000.000000,2390000.000000,2390000.000000,2390000.000000,NULL),(10296,2,1,2,2390000.000000,2390000.000000,2390000.000000,2390000.000000,NULL),(10296,3,1,2,2390000.000000,2390000.000000,2390000.000000,2390000.000000,NULL),(10296,4,1,2,2390000.000000,2390000.000000,2390000.000000,2390000.000000,NULL),(10297,0,1,2,1490000.000000,1490000.000000,1490000.000000,1490000.000000,NULL),(10297,1,1,2,1490000.000000,1490000.000000,1490000.000000,1490000.000000,NULL),(10297,2,1,2,1490000.000000,1490000.000000,1490000.000000,1490000.000000,NULL),(10297,3,1,2,1490000.000000,1490000.000000,1490000.000000,1490000.000000,NULL),(10297,4,1,2,1490000.000000,1490000.000000,1490000.000000,1490000.000000,NULL),(10298,0,1,2,5690000.000000,5690000.000000,5690000.000000,5690000.000000,NULL),(10298,1,1,2,5690000.000000,5690000.000000,5690000.000000,5690000.000000,NULL),(10298,2,1,2,5690000.000000,5690000.000000,5690000.000000,5690000.000000,NULL),(10298,3,1,2,5690000.000000,5690000.000000,5690000.000000,5690000.000000,NULL),(10298,4,1,2,5690000.000000,5690000.000000,5690000.000000,5690000.000000,NULL),(10299,0,1,2,3990000.000000,3990000.000000,3990000.000000,3990000.000000,NULL),(10299,1,1,2,3990000.000000,3990000.000000,3990000.000000,3990000.000000,NULL),(10299,2,1,2,3990000.000000,3990000.000000,3990000.000000,3990000.000000,NULL),(10299,3,1,2,3990000.000000,3990000.000000,3990000.000000,3990000.000000,NULL),(10299,4,1,2,3990000.000000,3990000.000000,3990000.000000,3990000.000000,NULL),(10300,0,1,2,3690000.000000,3690000.000000,3690000.000000,3690000.000000,NULL),(10300,1,1,2,3690000.000000,3690000.000000,3690000.000000,3690000.000000,NULL),(10300,2,1,2,3690000.000000,3690000.000000,3690000.000000,3690000.000000,NULL),(10300,3,1,2,3690000.000000,3690000.000000,3690000.000000,3690000.000000,NULL),(10300,4,1,2,3690000.000000,3690000.000000,3690000.000000,3690000.000000,NULL),(10301,0,1,2,2590000.000000,2590000.000000,2590000.000000,2590000.000000,NULL),(10301,1,1,2,2590000.000000,2590000.000000,2590000.000000,2590000.000000,NULL),(10301,2,1,2,2590000.000000,2590000.000000,2590000.000000,2590000.000000,NULL),(10301,3,1,2,2590000.000000,2590000.000000,2590000.000000,2590000.000000,NULL),(10301,4,1,2,2590000.000000,2590000.000000,2590000.000000,2590000.000000,NULL),(10302,0,1,2,2990000.000000,2990000.000000,2990000.000000,2990000.000000,NULL),(10302,1,1,2,2990000.000000,2990000.000000,2990000.000000,2990000.000000,NULL),(10302,2,1,2,2990000.000000,2990000.000000,2990000.000000,2990000.000000,NULL),(10302,3,1,2,2990000.000000,2990000.000000,2990000.000000,2990000.000000,NULL),(10302,4,1,2,2990000.000000,2990000.000000,2990000.000000,2990000.000000,NULL),(10303,0,1,2,23090000.000000,23090000.000000,23090000.000000,23090000.000000,NULL),(10303,1,1,2,23090000.000000,23090000.000000,23090000.000000,23090000.000000,NULL),(10303,2,1,2,23090000.000000,23090000.000000,23090000.000000,23090000.000000,NULL),(10303,3,1,2,23090000.000000,23090000.000000,23090000.000000,23090000.000000,NULL),(10303,4,1,2,23090000.000000,23090000.000000,23090000.000000,23090000.000000,NULL),(10304,0,1,2,15690000.000000,15690000.000000,15690000.000000,15690000.000000,NULL),(10304,1,1,2,15690000.000000,15690000.000000,15690000.000000,15690000.000000,NULL),(10304,2,1,2,15690000.000000,15690000.000000,15690000.000000,15690000.000000,NULL),(10304,3,1,2,15690000.000000,15690000.000000,15690000.000000,15690000.000000,NULL),(10304,4,1,2,15690000.000000,15690000.000000,15690000.000000,15690000.000000,NULL),(10305,0,1,2,19890000.000000,19890000.000000,19890000.000000,19890000.000000,NULL),(10305,1,1,2,19890000.000000,19890000.000000,19890000.000000,19890000.000000,NULL),(10305,2,1,2,19890000.000000,19890000.000000,19890000.000000,19890000.000000,NULL),(10305,3,1,2,19890000.000000,19890000.000000,19890000.000000,19890000.000000,NULL),(10305,4,1,2,19890000.000000,19890000.000000,19890000.000000,19890000.000000,NULL),(10306,0,1,2,13590000.000000,13590000.000000,13590000.000000,13590000.000000,NULL),(10306,1,1,2,13590000.000000,13590000.000000,13590000.000000,13590000.000000,NULL),(10306,2,1,2,13590000.000000,13590000.000000,13590000.000000,13590000.000000,NULL),(10306,3,1,2,13590000.000000,13590000.000000,13590000.000000,13590000.000000,NULL),(10306,4,1,2,13590000.000000,13590000.000000,13590000.000000,13590000.000000,NULL),(10307,0,1,2,21990000.000000,21990000.000000,21990000.000000,21990000.000000,NULL),(10307,1,1,2,21990000.000000,21990000.000000,21990000.000000,21990000.000000,NULL),(10307,2,1,2,21990000.000000,21990000.000000,21990000.000000,21990000.000000,NULL),(10307,3,1,2,21990000.000000,21990000.000000,21990000.000000,21990000.000000,NULL),(10307,4,1,2,21990000.000000,21990000.000000,21990000.000000,21990000.000000,NULL),(10308,0,1,2,19890000.000000,19890000.000000,19890000.000000,19890000.000000,NULL),(10308,1,1,2,19890000.000000,19890000.000000,19890000.000000,19890000.000000,NULL),(10308,2,1,2,19890000.000000,19890000.000000,19890000.000000,19890000.000000,NULL),(10308,3,1,2,19890000.000000,19890000.000000,19890000.000000,19890000.000000,NULL),(10308,4,1,2,19890000.000000,19890000.000000,19890000.000000,19890000.000000,NULL),(10309,0,1,2,21990000.000000,21990000.000000,21990000.000000,21990000.000000,NULL),(10309,1,1,2,21990000.000000,21990000.000000,21990000.000000,21990000.000000,NULL),(10309,2,1,2,21990000.000000,21990000.000000,21990000.000000,21990000.000000,NULL),(10309,3,1,2,21990000.000000,21990000.000000,21990000.000000,21990000.000000,NULL),(10309,4,1,2,21990000.000000,21990000.000000,21990000.000000,21990000.000000,NULL),(10310,0,1,2,16790000.000000,16790000.000000,16790000.000000,16790000.000000,NULL),(10310,1,1,2,16790000.000000,16790000.000000,16790000.000000,16790000.000000,NULL),(10310,2,1,2,16790000.000000,16790000.000000,16790000.000000,16790000.000000,NULL),(10310,3,1,2,16790000.000000,16790000.000000,16790000.000000,16790000.000000,NULL),(10310,4,1,2,16790000.000000,16790000.000000,16790000.000000,16790000.000000,NULL),(10311,0,1,2,13590000.000000,13590000.000000,13590000.000000,13590000.000000,NULL),(10311,1,1,2,13590000.000000,13590000.000000,13590000.000000,13590000.000000,NULL),(10311,2,1,2,13590000.000000,13590000.000000,13590000.000000,13590000.000000,NULL),(10311,3,1,2,13590000.000000,13590000.000000,13590000.000000,13590000.000000,NULL),(10311,4,1,2,13590000.000000,13590000.000000,13590000.000000,13590000.000000,NULL),(10312,0,1,2,31490000.000000,31490000.000000,31490000.000000,31490000.000000,NULL),(10312,1,1,2,31490000.000000,31490000.000000,31490000.000000,31490000.000000,NULL),(10312,2,1,2,31490000.000000,31490000.000000,31490000.000000,31490000.000000,NULL),(10312,3,1,2,31490000.000000,31490000.000000,31490000.000000,31490000.000000,NULL),(10312,4,1,2,31490000.000000,31490000.000000,31490000.000000,31490000.000000,NULL),(10313,0,1,2,15690000.000000,15690000.000000,15690000.000000,15690000.000000,NULL),(10313,1,1,2,15690000.000000,15690000.000000,15690000.000000,15690000.000000,NULL),(10313,2,1,2,15690000.000000,15690000.000000,15690000.000000,15690000.000000,NULL),(10313,3,1,2,15690000.000000,15690000.000000,15690000.000000,15690000.000000,NULL),(10313,4,1,2,15690000.000000,15690000.000000,15690000.000000,15690000.000000,NULL),(10314,0,1,2,6790000.000000,6790000.000000,6790000.000000,6790000.000000,NULL),(10314,1,1,2,6790000.000000,6790000.000000,6790000.000000,6790000.000000,NULL),(10314,2,1,2,6790000.000000,6790000.000000,6790000.000000,6790000.000000,NULL),(10314,3,1,2,6790000.000000,6790000.000000,6790000.000000,6790000.000000,NULL),(10314,4,1,2,6790000.000000,6790000.000000,6790000.000000,6790000.000000,NULL),(10315,0,1,2,8390000.000000,8390000.000000,8390000.000000,8390000.000000,NULL),(10315,1,1,2,8390000.000000,8390000.000000,8390000.000000,8390000.000000,NULL),(10315,2,1,2,8390000.000000,8390000.000000,8390000.000000,8390000.000000,NULL),(10315,3,1,2,8390000.000000,8390000.000000,8390000.000000,8390000.000000,NULL),(10315,4,1,2,8390000.000000,8390000.000000,8390000.000000,8390000.000000,NULL),(10316,0,1,2,5790000.000000,5790000.000000,5790000.000000,5790000.000000,NULL),(10316,1,1,2,5790000.000000,5790000.000000,5790000.000000,5790000.000000,NULL),(10316,2,1,2,5790000.000000,5790000.000000,5790000.000000,5790000.000000,NULL),(10316,3,1,2,5790000.000000,5790000.000000,5790000.000000,5790000.000000,NULL),(10316,4,1,2,5790000.000000,5790000.000000,5790000.000000,5790000.000000,NULL),(10317,0,1,2,7890000.000000,7890000.000000,7890000.000000,7890000.000000,NULL),(10317,1,1,2,7890000.000000,7890000.000000,7890000.000000,7890000.000000,NULL),(10317,2,1,2,7890000.000000,7890000.000000,7890000.000000,7890000.000000,NULL),(10317,3,1,2,7890000.000000,7890000.000000,7890000.000000,7890000.000000,NULL),(10317,4,1,2,7890000.000000,7890000.000000,7890000.000000,7890000.000000,NULL),(10318,0,1,2,5790000.000000,5790000.000000,5790000.000000,5790000.000000,NULL),(10318,1,1,2,5790000.000000,5790000.000000,5790000.000000,5790000.000000,NULL),(10318,2,1,2,5790000.000000,5790000.000000,5790000.000000,5790000.000000,NULL),(10318,3,1,2,5790000.000000,5790000.000000,5790000.000000,5790000.000000,NULL),(10318,4,1,2,5790000.000000,5790000.000000,5790000.000000,5790000.000000,NULL),(10319,0,1,2,7290000.000000,7290000.000000,7290000.000000,7290000.000000,NULL),(10319,1,1,2,7290000.000000,7290000.000000,7290000.000000,7290000.000000,NULL),(10319,2,1,2,7290000.000000,7290000.000000,7290000.000000,7290000.000000,NULL),(10319,3,1,2,7290000.000000,7290000.000000,7290000.000000,7290000.000000,NULL),(10319,4,1,2,7290000.000000,7290000.000000,7290000.000000,7290000.000000,NULL),(10320,0,1,2,52490000.000000,52490000.000000,52490000.000000,52490000.000000,NULL),(10320,1,1,2,52490000.000000,52490000.000000,52490000.000000,52490000.000000,NULL),(10320,2,1,2,52490000.000000,52490000.000000,52490000.000000,52490000.000000,NULL),(10320,3,1,2,52490000.000000,52490000.000000,52490000.000000,52490000.000000,NULL),(10320,4,1,2,52490000.000000,52490000.000000,52490000.000000,52490000.000000,NULL),(10321,0,1,2,39990000.000000,39990000.000000,39990000.000000,39990000.000000,NULL),(10321,1,1,2,39990000.000000,39990000.000000,39990000.000000,39990000.000000,NULL),(10321,2,1,2,39990000.000000,39990000.000000,39990000.000000,39990000.000000,NULL),(10321,3,1,2,39990000.000000,39990000.000000,39990000.000000,39990000.000000,NULL),(10321,4,1,2,39990000.000000,39990000.000000,39990000.000000,39990000.000000,NULL),(10322,0,1,2,28290000.000000,28290000.000000,28290000.000000,28290000.000000,NULL),(10322,1,1,2,28290000.000000,28290000.000000,28290000.000000,28290000.000000,NULL),(10322,2,1,2,28290000.000000,28290000.000000,28290000.000000,28290000.000000,NULL),(10322,3,1,2,28290000.000000,28290000.000000,28290000.000000,28290000.000000,NULL),(10322,4,1,2,28290000.000000,28290000.000000,28290000.000000,28290000.000000,NULL),(10323,0,1,2,24990000.000000,24990000.000000,24990000.000000,24990000.000000,NULL),(10323,1,1,2,24990000.000000,24990000.000000,24990000.000000,24990000.000000,NULL),(10323,2,1,2,24990000.000000,24990000.000000,24990000.000000,24990000.000000,NULL),(10323,3,1,2,24990000.000000,24990000.000000,24990000.000000,24990000.000000,NULL),(10323,4,1,2,24990000.000000,24990000.000000,24990000.000000,24990000.000000,NULL),(10324,0,1,2,22990000.000000,22990000.000000,22990000.000000,22990000.000000,NULL),(10324,1,1,2,22990000.000000,22990000.000000,22990000.000000,22990000.000000,NULL),(10324,2,1,2,22990000.000000,22990000.000000,22990000.000000,22990000.000000,NULL),(10324,3,1,2,22990000.000000,22990000.000000,22990000.000000,22990000.000000,NULL),(10324,4,1,2,22990000.000000,22990000.000000,22990000.000000,22990000.000000,NULL),(10325,0,1,2,9990000.000000,9990000.000000,9990000.000000,9990000.000000,NULL),(10325,1,1,2,9990000.000000,9990000.000000,9990000.000000,9990000.000000,NULL),(10325,2,1,2,9990000.000000,9990000.000000,9990000.000000,9990000.000000,NULL),(10325,3,1,2,9990000.000000,9990000.000000,9990000.000000,9990000.000000,NULL),(10325,4,1,2,9990000.000000,9990000.000000,9990000.000000,9990000.000000,NULL),(10326,0,1,2,12590001.000000,12590001.000000,12590001.000000,12590001.000000,NULL),(10326,1,1,2,12590001.000000,12590001.000000,12590001.000000,12590001.000000,NULL),(10326,2,1,2,12590001.000000,12590001.000000,12590001.000000,12590001.000000,NULL),(10326,3,1,2,12590001.000000,12590001.000000,12590001.000000,12590001.000000,NULL),(10326,4,1,2,12590001.000000,12590001.000000,12590001.000000,12590001.000000,NULL),(10327,0,1,2,17790000.000000,17790000.000000,17790000.000000,17790000.000000,NULL),(10327,1,1,2,17790000.000000,17790000.000000,17790000.000000,17790000.000000,NULL),(10327,2,1,2,17790000.000000,17790000.000000,17790000.000000,17790000.000000,NULL),(10327,3,1,2,17790000.000000,17790000.000000,17790000.000000,17790000.000000,NULL),(10327,4,1,2,17790000.000000,17790000.000000,17790000.000000,17790000.000000,NULL),(10328,0,1,2,19990000.000000,19990000.000000,19990000.000000,19990000.000000,NULL),(10328,1,1,2,19990000.000000,19990000.000000,19990000.000000,19990000.000000,NULL),(10328,2,1,2,19990000.000000,19990000.000000,19990000.000000,19990000.000000,NULL),(10328,3,1,2,19990000.000000,19990000.000000,19990000.000000,19990000.000000,NULL),(10328,4,1,2,19990000.000000,19990000.000000,19990000.000000,19990000.000000,NULL),(10329,0,1,2,11490001.000000,11490001.000000,11490001.000000,11490001.000000,NULL),(10329,1,1,2,11490001.000000,11490001.000000,11490001.000000,11490001.000000,NULL),(10329,2,1,2,11490001.000000,11490001.000000,11490001.000000,11490001.000000,NULL),(10329,3,1,2,11490001.000000,11490001.000000,11490001.000000,11490001.000000,NULL),(10329,4,1,2,11490001.000000,11490001.000000,11490001.000000,11490001.000000,NULL),(10330,0,1,2,14690000.000000,14690000.000000,14690000.000000,14690000.000000,NULL),(10330,1,1,2,14690000.000000,14690000.000000,14690000.000000,14690000.000000,NULL),(10330,2,1,2,14690000.000000,14690000.000000,14690000.000000,14690000.000000,NULL),(10330,3,1,2,14690000.000000,14690000.000000,14690000.000000,14690000.000000,NULL),(10330,4,1,2,14690000.000000,14690000.000000,14690000.000000,14690000.000000,NULL),(10331,0,1,2,17990000.000000,17990000.000000,17990000.000000,17990000.000000,NULL),(10331,1,1,2,17990000.000000,17990000.000000,17990000.000000,17990000.000000,NULL),(10331,2,1,2,17990000.000000,17990000.000000,17990000.000000,17990000.000000,NULL),(10331,3,1,2,17990000.000000,17990000.000000,17990000.000000,17990000.000000,NULL),(10331,4,1,2,17990000.000000,17990000.000000,17990000.000000,17990000.000000,NULL),(10332,0,1,2,11990000.000000,11990000.000000,11990000.000000,11990000.000000,NULL),(10332,1,1,2,11990000.000000,11990000.000000,11990000.000000,11990000.000000,NULL),(10332,2,1,2,11990000.000000,11990000.000000,11990000.000000,11990000.000000,NULL),(10332,3,1,2,11990000.000000,11990000.000000,11990000.000000,11990000.000000,NULL),(10332,4,1,2,11990000.000000,11990000.000000,11990000.000000,11990000.000000,NULL),(10333,0,1,2,9990000.000000,9990000.000000,9990000.000000,9990000.000000,NULL),(10333,1,1,2,9990000.000000,9990000.000000,9990000.000000,9990000.000000,NULL),(10333,2,1,2,9990000.000000,9990000.000000,9990000.000000,9990000.000000,NULL),(10333,3,1,2,9990000.000000,9990000.000000,9990000.000000,9990000.000000,NULL),(10333,4,1,2,9990000.000000,9990000.000000,9990000.000000,9990000.000000,NULL),(10334,0,1,2,26190000.000000,26190000.000000,26190000.000000,26190000.000000,NULL),(10334,1,1,2,26190000.000000,26190000.000000,26190000.000000,26190000.000000,NULL),(10334,2,1,2,26190000.000000,26190000.000000,26190000.000000,26190000.000000,NULL),(10334,3,1,2,26190000.000000,26190000.000000,26190000.000000,26190000.000000,NULL),(10334,4,1,2,26190000.000000,26190000.000000,26190000.000000,26190000.000000,NULL),(10335,0,1,2,22890000.000000,22890000.000000,22890000.000000,22890000.000000,NULL),(10335,1,1,2,22890000.000000,22890000.000000,22890000.000000,22890000.000000,NULL),(10335,2,1,2,22890000.000000,22890000.000000,22890000.000000,22890000.000000,NULL),(10335,3,1,2,22890000.000000,22890000.000000,22890000.000000,22890000.000000,NULL),(10335,4,1,2,22890000.000000,22890000.000000,22890000.000000,22890000.000000,NULL),(10336,0,1,2,22890000.000000,22890000.000000,22890000.000000,22890000.000000,NULL),(10336,1,1,2,22890000.000000,22890000.000000,22890000.000000,22890000.000000,NULL),(10336,2,1,2,22890000.000000,22890000.000000,22890000.000000,22890000.000000,NULL),(10336,3,1,2,22890000.000000,22890000.000000,22890000.000000,22890000.000000,NULL),(10336,4,1,2,22890000.000000,22890000.000000,22890000.000000,22890000.000000,NULL),(10337,0,1,2,22890000.000000,22890000.000000,22890000.000000,22890000.000000,NULL),(10337,1,1,2,22890000.000000,22890000.000000,22890000.000000,22890000.000000,NULL),(10337,2,1,2,22890000.000000,22890000.000000,22890000.000000,22890000.000000,NULL),(10337,3,1,2,22890000.000000,22890000.000000,22890000.000000,22890000.000000,NULL),(10337,4,1,2,22890000.000000,22890000.000000,22890000.000000,22890000.000000,NULL),(10338,0,1,2,21990000.000000,21990000.000000,21990000.000000,21990000.000000,NULL),(10338,1,1,2,21990000.000000,21990000.000000,21990000.000000,21990000.000000,NULL),(10338,2,1,2,21990000.000000,21990000.000000,21990000.000000,21990000.000000,NULL),(10338,3,1,2,21990000.000000,21990000.000000,21990000.000000,21990000.000000,NULL),(10338,4,1,2,21990000.000000,21990000.000000,21990000.000000,21990000.000000,NULL),(10339,0,1,2,11990000.000000,11990000.000000,11990000.000000,11990000.000000,NULL),(10339,1,1,2,11990000.000000,11990000.000000,11990000.000000,11990000.000000,NULL),(10339,2,1,2,11990000.000000,11990000.000000,11990000.000000,11990000.000000,NULL),(10339,3,1,2,11990000.000000,11990000.000000,11990000.000000,11990000.000000,NULL),(10339,4,1,2,11990000.000000,11990000.000000,11990000.000000,11990000.000000,NULL),(10340,0,1,2,12990000.000000,12990000.000000,12990000.000000,12990000.000000,NULL),(10340,1,1,2,12990000.000000,12990000.000000,12990000.000000,12990000.000000,NULL),(10340,2,1,2,12990000.000000,12990000.000000,12990000.000000,12990000.000000,NULL),(10340,3,1,2,12990000.000000,12990000.000000,12990000.000000,12990000.000000,NULL),(10340,4,1,2,12990000.000000,12990000.000000,12990000.000000,12990000.000000,NULL),(10341,0,1,2,8990000.000000,8990000.000000,8990000.000000,8990000.000000,NULL),(10341,1,1,2,8990000.000000,8990000.000000,8990000.000000,8990000.000000,NULL),(10341,2,1,2,8990000.000000,8990000.000000,8990000.000000,8990000.000000,NULL),(10341,3,1,2,8990000.000000,8990000.000000,8990000.000000,8990000.000000,NULL),(10341,4,1,2,8990000.000000,8990000.000000,8990000.000000,8990000.000000,NULL),(10342,0,1,2,17180000.000000,17180000.000000,17180000.000000,17180000.000000,NULL),(10342,1,1,2,17180000.000000,17180000.000000,17180000.000000,17180000.000000,NULL),(10342,2,1,2,17180000.000000,17180000.000000,17180000.000000,17180000.000000,NULL),(10342,3,1,2,17180000.000000,17180000.000000,17180000.000000,17180000.000000,NULL),(10342,4,1,2,17180000.000000,17180000.000000,17180000.000000,17180000.000000,NULL),(10343,0,1,2,5590000.000000,5590000.000000,5590000.000000,5590000.000000,NULL),(10343,1,1,2,5590000.000000,5590000.000000,5590000.000000,5590000.000000,NULL),(10343,2,1,2,5590000.000000,5590000.000000,5590000.000000,5590000.000000,NULL),(10343,3,1,2,5590000.000000,5590000.000000,5590000.000000,5590000.000000,NULL),(10343,4,1,2,5590000.000000,5590000.000000,5590000.000000,5590000.000000,NULL),(10344,0,1,2,5290000.000000,5290000.000000,5290000.000000,5290000.000000,NULL),(10344,1,1,2,5290000.000000,5290000.000000,5290000.000000,5290000.000000,NULL),(10344,2,1,2,5290000.000000,5290000.000000,5290000.000000,5290000.000000,NULL),(10344,3,1,2,5290000.000000,5290000.000000,5290000.000000,5290000.000000,NULL),(10344,4,1,2,5290000.000000,5290000.000000,5290000.000000,5290000.000000,NULL),(10345,0,1,2,5090000.000000,5090000.000000,5090000.000000,5090000.000000,NULL),(10345,1,1,2,5090000.000000,5090000.000000,5090000.000000,5090000.000000,NULL),(10345,2,1,2,5090000.000000,5090000.000000,5090000.000000,5090000.000000,NULL),(10345,3,1,2,5090000.000000,5090000.000000,5090000.000000,5090000.000000,NULL),(10345,4,1,2,5090000.000000,5090000.000000,5090000.000000,5090000.000000,NULL),(10346,0,1,2,9890000.000000,9890000.000000,9890000.000000,9890000.000000,NULL),(10346,1,1,2,9890000.000000,9890000.000000,9890000.000000,9890000.000000,NULL),(10346,2,1,2,9890000.000000,9890000.000000,9890000.000000,9890000.000000,NULL),(10346,3,1,2,9890000.000000,9890000.000000,9890000.000000,9890000.000000,NULL),(10346,4,1,2,9890000.000000,9890000.000000,9890000.000000,9890000.000000,NULL),(10347,0,1,2,7990000.000000,7990000.000000,7990000.000000,7990000.000000,NULL),(10347,1,1,2,7990000.000000,7990000.000000,7990000.000000,7990000.000000,NULL),(10347,2,1,2,7990000.000000,7990000.000000,7990000.000000,7990000.000000,NULL),(10347,3,1,2,7990000.000000,7990000.000000,7990000.000000,7990000.000000,NULL),(10347,4,1,2,7990000.000000,7990000.000000,7990000.000000,7990000.000000,NULL),(10348,0,1,2,13690001.000000,13690001.000000,13690001.000000,13690001.000000,NULL),(10348,1,1,2,13690001.000000,13690001.000000,13690001.000000,13690001.000000,NULL),(10348,2,1,2,13690001.000000,13690001.000000,13690001.000000,13690001.000000,NULL),(10348,3,1,2,13690001.000000,13690001.000000,13690001.000000,13690001.000000,NULL),(10348,4,1,2,13690001.000000,13690001.000000,13690001.000000,13690001.000000,NULL),(10349,0,1,2,12190000.000000,12190000.000000,12190000.000000,12190000.000000,NULL),(10349,1,1,2,12190000.000000,12190000.000000,12190000.000000,12190000.000000,NULL),(10349,2,1,2,12190000.000000,12190000.000000,12190000.000000,12190000.000000,NULL),(10349,3,1,2,12190000.000000,12190000.000000,12190000.000000,12190000.000000,NULL),(10349,4,1,2,12190000.000000,12190000.000000,12190000.000000,12190000.000000,NULL),(10350,0,1,2,0.000000,0.000000,12590001.000000,12590001.000000,NULL),(10350,1,1,2,0.000000,0.000000,12590001.000000,12590001.000000,NULL),(10350,2,1,2,0.000000,0.000000,12590001.000000,12590001.000000,NULL),(10350,3,1,2,0.000000,0.000000,12590001.000000,12590001.000000,NULL),(10350,4,1,2,0.000000,0.000000,12590001.000000,12590001.000000,NULL),(10351,0,1,2,12590001.000000,12590001.000000,12590001.000000,12590001.000000,NULL),(10351,1,1,2,12590001.000000,12590001.000000,12590001.000000,12590001.000000,NULL),(10351,2,1,2,12590001.000000,12590001.000000,12590001.000000,12590001.000000,NULL),(10351,3,1,2,12590001.000000,12590001.000000,12590001.000000,12590001.000000,NULL),(10351,4,1,2,12590001.000000,12590001.000000,12590001.000000,12590001.000000,NULL),(10352,0,1,2,12590001.000000,12590001.000000,12590001.000000,12590001.000000,NULL),(10352,1,1,2,12590001.000000,12590001.000000,12590001.000000,12590001.000000,NULL),(10352,2,1,2,12590001.000000,12590001.000000,12590001.000000,12590001.000000,NULL),(10352,3,1,2,12590001.000000,12590001.000000,12590001.000000,12590001.000000,NULL),(10352,4,1,2,12590001.000000,12590001.000000,12590001.000000,12590001.000000,NULL),(10353,0,1,2,12590001.000000,12590001.000000,12590001.000000,12590001.000000,NULL),(10353,1,1,2,12590001.000000,12590001.000000,12590001.000000,12590001.000000,NULL),(10353,2,1,2,12590001.000000,12590001.000000,12590001.000000,12590001.000000,NULL),(10353,3,1,2,12590001.000000,12590001.000000,12590001.000000,12590001.000000,NULL),(10353,4,1,2,12590001.000000,12590001.000000,12590001.000000,12590001.000000,NULL),(10354,0,1,2,0.000000,0.000000,10290000.000000,10290000.000000,NULL),(10354,1,1,2,0.000000,0.000000,10290000.000000,10290000.000000,NULL),(10354,2,1,2,0.000000,0.000000,10290000.000000,10290000.000000,NULL),(10354,3,1,2,0.000000,0.000000,10290000.000000,10290000.000000,NULL),(10354,4,1,2,0.000000,0.000000,10290000.000000,10290000.000000,NULL),(10355,0,1,2,10290000.000000,10290000.000000,10290000.000000,10290000.000000,NULL),(10355,1,1,2,10290000.000000,10290000.000000,10290000.000000,10290000.000000,NULL),(10355,2,1,2,10290000.000000,10290000.000000,10290000.000000,10290000.000000,NULL),(10355,3,1,2,10290000.000000,10290000.000000,10290000.000000,10290000.000000,NULL),(10355,4,1,2,10290000.000000,10290000.000000,10290000.000000,10290000.000000,NULL),(10356,0,1,2,10290000.000000,10290000.000000,10290000.000000,10290000.000000,NULL),(10356,1,1,2,10290000.000000,10290000.000000,10290000.000000,10290000.000000,NULL),(10356,2,1,2,10290000.000000,10290000.000000,10290000.000000,10290000.000000,NULL),(10356,3,1,2,10290000.000000,10290000.000000,10290000.000000,10290000.000000,NULL),(10356,4,1,2,10290000.000000,10290000.000000,10290000.000000,10290000.000000,NULL),(10357,0,1,2,10290000.000000,10290000.000000,10290000.000000,10290000.000000,NULL),(10357,1,1,2,10290000.000000,10290000.000000,10290000.000000,10290000.000000,NULL),(10357,2,1,2,10290000.000000,10290000.000000,10290000.000000,10290000.000000,NULL),(10357,3,1,2,10290000.000000,10290000.000000,10290000.000000,10290000.000000,NULL),(10357,4,1,2,10290000.000000,10290000.000000,10290000.000000,10290000.000000,NULL),(10358,0,1,2,0.000000,0.000000,3790001.000000,3790001.000000,NULL),(10358,1,1,2,0.000000,0.000000,3790001.000000,3790001.000000,NULL),(10358,2,1,2,0.000000,0.000000,3790001.000000,3790001.000000,NULL),(10358,3,1,2,0.000000,0.000000,3790001.000000,3790001.000000,NULL),(10358,4,1,2,0.000000,0.000000,3790001.000000,3790001.000000,NULL),(10359,0,1,2,3790001.000000,3790001.000000,3790001.000000,3790001.000000,NULL),(10359,1,1,2,3790001.000000,3790001.000000,3790001.000000,3790001.000000,NULL),(10359,2,1,2,3790001.000000,3790001.000000,3790001.000000,3790001.000000,NULL),(10359,3,1,2,3790001.000000,3790001.000000,3790001.000000,3790001.000000,NULL),(10359,4,1,2,3790001.000000,3790001.000000,3790001.000000,3790001.000000,NULL),(10360,0,1,2,3790001.000000,3790001.000000,3790001.000000,3790001.000000,NULL),(10360,1,1,2,3790001.000000,3790001.000000,3790001.000000,3790001.000000,NULL),(10360,2,1,2,3790001.000000,3790001.000000,3790001.000000,3790001.000000,NULL),(10360,3,1,2,3790001.000000,3790001.000000,3790001.000000,3790001.000000,NULL),(10360,4,1,2,3790001.000000,3790001.000000,3790001.000000,3790001.000000,NULL),(10361,0,1,2,3790001.000000,3790001.000000,3790001.000000,3790001.000000,NULL),(10361,1,1,2,3790001.000000,3790001.000000,3790001.000000,3790001.000000,NULL),(10361,2,1,2,3790001.000000,3790001.000000,3790001.000000,3790001.000000,NULL),(10361,3,1,2,3790001.000000,3790001.000000,3790001.000000,3790001.000000,NULL),(10361,4,1,2,3790001.000000,3790001.000000,3790001.000000,3790001.000000,NULL),(10362,0,1,2,0.000000,0.000000,4590000.000000,4590000.000000,NULL),(10362,1,1,2,0.000000,0.000000,4590000.000000,4590000.000000,NULL),(10362,2,1,2,0.000000,0.000000,4590000.000000,4590000.000000,NULL),(10362,3,1,2,0.000000,0.000000,4590000.000000,4590000.000000,NULL),(10362,4,1,2,0.000000,0.000000,4590000.000000,4590000.000000,NULL),(10363,0,1,2,4590000.000000,4590000.000000,4590000.000000,4590000.000000,NULL),(10363,1,1,2,4590000.000000,4590000.000000,4590000.000000,4590000.000000,NULL),(10363,2,1,2,4590000.000000,4590000.000000,4590000.000000,4590000.000000,NULL),(10363,3,1,2,4590000.000000,4590000.000000,4590000.000000,4590000.000000,NULL),(10363,4,1,2,4590000.000000,4590000.000000,4590000.000000,4590000.000000,NULL),(10364,0,1,2,4590000.000000,4590000.000000,4590000.000000,4590000.000000,NULL),(10364,1,1,2,4590000.000000,4590000.000000,4590000.000000,4590000.000000,NULL),(10364,2,1,2,4590000.000000,4590000.000000,4590000.000000,4590000.000000,NULL),(10364,3,1,2,4590000.000000,4590000.000000,4590000.000000,4590000.000000,NULL),(10364,4,1,2,4590000.000000,4590000.000000,4590000.000000,4590000.000000,NULL),(10365,0,1,2,4590000.000000,4590000.000000,4590000.000000,4590000.000000,NULL),(10365,1,1,2,4590000.000000,4590000.000000,4590000.000000,4590000.000000,NULL),(10365,2,1,2,4590000.000000,4590000.000000,4590000.000000,4590000.000000,NULL),(10365,3,1,2,4590000.000000,4590000.000000,4590000.000000,4590000.000000,NULL),(10365,4,1,2,4590000.000000,4590000.000000,4590000.000000,4590000.000000,NULL),(10366,0,1,2,0.000000,0.000000,12790000.000000,12790000.000000,NULL),(10366,1,1,2,0.000000,0.000000,12790000.000000,12790000.000000,NULL),(10366,2,1,2,0.000000,0.000000,12790000.000000,12790000.000000,NULL),(10366,3,1,2,0.000000,0.000000,12790000.000000,12790000.000000,NULL),(10366,4,1,2,0.000000,0.000000,12790000.000000,12790000.000000,NULL),(10367,0,1,2,12790000.000000,12790000.000000,12790000.000000,12790000.000000,NULL),(10367,1,1,2,12790000.000000,12790000.000000,12790000.000000,12790000.000000,NULL),(10367,2,1,2,12790000.000000,12790000.000000,12790000.000000,12790000.000000,NULL),(10367,3,1,2,12790000.000000,12790000.000000,12790000.000000,12790000.000000,NULL),(10367,4,1,2,12790000.000000,12790000.000000,12790000.000000,12790000.000000,NULL),(10368,0,1,2,12790000.000000,12790000.000000,12790000.000000,12790000.000000,NULL),(10368,1,1,2,12790000.000000,12790000.000000,12790000.000000,12790000.000000,NULL),(10368,2,1,2,12790000.000000,12790000.000000,12790000.000000,12790000.000000,NULL),(10368,3,1,2,12790000.000000,12790000.000000,12790000.000000,12790000.000000,NULL),(10368,4,1,2,12790000.000000,12790000.000000,12790000.000000,12790000.000000,NULL),(10369,0,1,2,12790000.000000,12790000.000000,12790000.000000,12790000.000000,NULL),(10369,1,1,2,12790000.000000,12790000.000000,12790000.000000,12790000.000000,NULL),(10369,2,1,2,12790000.000000,12790000.000000,12790000.000000,12790000.000000,NULL),(10369,3,1,2,12790000.000000,12790000.000000,12790000.000000,12790000.000000,NULL),(10369,4,1,2,12790000.000000,12790000.000000,12790000.000000,12790000.000000,NULL),(10370,0,1,2,0.000000,0.000000,10690000.000000,10690000.000000,NULL),(10370,1,1,2,0.000000,0.000000,10690000.000000,10690000.000000,NULL),(10370,2,1,2,0.000000,0.000000,10690000.000000,10690000.000000,NULL),(10370,3,1,2,0.000000,0.000000,10690000.000000,10690000.000000,NULL),(10370,4,1,2,0.000000,0.000000,10690000.000000,10690000.000000,NULL),(10371,0,1,2,10690000.000000,10690000.000000,10690000.000000,10690000.000000,NULL),(10371,1,1,2,10690000.000000,10690000.000000,10690000.000000,10690000.000000,NULL),(10371,2,1,2,10690000.000000,10690000.000000,10690000.000000,10690000.000000,NULL),(10371,3,1,2,10690000.000000,10690000.000000,10690000.000000,10690000.000000,NULL),(10371,4,1,2,10690000.000000,10690000.000000,10690000.000000,10690000.000000,NULL),(10372,0,1,2,10690000.000000,10690000.000000,10690000.000000,10690000.000000,NULL),(10372,1,1,2,10690000.000000,10690000.000000,10690000.000000,10690000.000000,NULL),(10372,2,1,2,10690000.000000,10690000.000000,10690000.000000,10690000.000000,NULL),(10372,3,1,2,10690000.000000,10690000.000000,10690000.000000,10690000.000000,NULL),(10372,4,1,2,10690000.000000,10690000.000000,10690000.000000,10690000.000000,NULL),(10373,0,1,2,10690000.000000,10690000.000000,10690000.000000,10690000.000000,NULL),(10373,1,1,2,10690000.000000,10690000.000000,10690000.000000,10690000.000000,NULL),(10373,2,1,2,10690000.000000,10690000.000000,10690000.000000,10690000.000000,NULL),(10373,3,1,2,10690000.000000,10690000.000000,10690000.000000,10690000.000000,NULL),(10373,4,1,2,10690000.000000,10690000.000000,10690000.000000,10690000.000000,NULL),(10374,0,1,2,3390000.000000,3390000.000000,3390000.000000,3390000.000000,NULL),(10374,1,1,2,3390000.000000,3390000.000000,3390000.000000,3390000.000000,NULL),(10374,2,1,2,3390000.000000,3390000.000000,3390000.000000,3390000.000000,NULL),(10374,3,1,2,3390000.000000,3390000.000000,3390000.000000,3390000.000000,NULL),(10374,4,1,2,3390000.000000,3390000.000000,3390000.000000,3390000.000000,NULL),(10375,0,1,2,9990000.000000,9990000.000000,9990000.000000,9990000.000000,NULL),(10375,1,1,2,9990000.000000,9990000.000000,9990000.000000,9990000.000000,NULL),(10375,2,1,2,9990000.000000,9990000.000000,9990000.000000,9990000.000000,NULL),(10375,3,1,2,9990000.000000,9990000.000000,9990000.000000,9990000.000000,NULL),(10375,4,1,2,9990000.000000,9990000.000000,9990000.000000,9990000.000000,NULL),(10376,0,1,2,9790000.000000,9790000.000000,9790000.000000,9790000.000000,NULL),(10376,1,1,2,9790000.000000,9790000.000000,9790000.000000,9790000.000000,NULL),(10376,2,1,2,9790000.000000,9790000.000000,9790000.000000,9790000.000000,NULL),(10376,3,1,2,9790000.000000,9790000.000000,9790000.000000,9790000.000000,NULL),(10376,4,1,2,9790000.000000,9790000.000000,9790000.000000,9790000.000000,NULL),(10377,0,1,2,2290000.000000,2290000.000000,2290000.000000,2290000.000000,NULL),(10377,1,1,2,2290000.000000,2290000.000000,2290000.000000,2290000.000000,NULL),(10377,2,1,2,2290000.000000,2290000.000000,2290000.000000,2290000.000000,NULL),(10377,3,1,2,2290000.000000,2290000.000000,2290000.000000,2290000.000000,NULL),(10377,4,1,2,2290000.000000,2290000.000000,2290000.000000,2290000.000000,NULL),(10378,0,1,2,3090000.000000,3090000.000000,3090000.000000,3090000.000000,NULL),(10378,1,1,2,3090000.000000,3090000.000000,3090000.000000,3090000.000000,NULL),(10378,2,1,2,3090000.000000,3090000.000000,3090000.000000,3090000.000000,NULL),(10378,3,1,2,3090000.000000,3090000.000000,3090000.000000,3090000.000000,NULL),(10378,4,1,2,3090000.000000,3090000.000000,3090000.000000,3090000.000000,NULL),(10379,0,1,2,3390000.000000,3390000.000000,3390000.000000,3390000.000000,NULL),(10379,1,1,2,3390000.000000,3390000.000000,3390000.000000,3390000.000000,NULL),(10379,2,1,2,3390000.000000,3390000.000000,3390000.000000,3390000.000000,NULL),(10379,3,1,2,3390000.000000,3390000.000000,3390000.000000,3390000.000000,NULL),(10379,4,1,2,3390000.000000,3390000.000000,3390000.000000,3390000.000000,NULL),(10380,0,1,2,770000.000000,770000.000000,770000.000000,770000.000000,NULL),(10380,1,1,2,770000.000000,770000.000000,770000.000000,770000.000000,NULL),(10380,2,1,2,770000.000000,770000.000000,770000.000000,770000.000000,NULL),(10380,3,1,2,770000.000000,770000.000000,770000.000000,770000.000000,NULL),(10380,4,1,2,770000.000000,770000.000000,770000.000000,770000.000000,NULL),(10381,0,1,2,880000.000000,880000.000000,880000.000000,880000.000000,NULL),(10381,1,1,2,880000.000000,880000.000000,880000.000000,880000.000000,NULL),(10381,2,1,2,880000.000000,880000.000000,880000.000000,880000.000000,NULL),(10381,3,1,2,880000.000000,880000.000000,880000.000000,880000.000000,NULL),(10381,4,1,2,880000.000000,880000.000000,880000.000000,880000.000000,NULL),(10382,0,1,2,2490000.000000,2490000.000000,2490000.000000,2490000.000000,NULL),(10382,1,1,2,2490000.000000,2490000.000000,2490000.000000,2490000.000000,NULL),(10382,2,1,2,2490000.000000,2490000.000000,2490000.000000,2490000.000000,NULL),(10382,3,1,2,2490000.000000,2490000.000000,2490000.000000,2490000.000000,NULL),(10382,4,1,2,2490000.000000,2490000.000000,2490000.000000,2490000.000000,NULL),(10383,0,1,2,4290000.000000,4290000.000000,4290000.000000,4290000.000000,NULL),(10383,1,1,2,4290000.000000,4290000.000000,4290000.000000,4290000.000000,NULL),(10383,2,1,2,4290000.000000,4290000.000000,4290000.000000,4290000.000000,NULL),(10383,3,1,2,4290000.000000,4290000.000000,4290000.000000,4290000.000000,NULL),(10383,4,1,2,4290000.000000,4290000.000000,4290000.000000,4290000.000000,NULL),(10384,0,1,2,0.000000,0.000000,3990000.000000,5190000.000000,NULL),(10384,1,1,2,0.000000,0.000000,3990000.000000,5190000.000000,NULL),(10384,2,1,2,0.000000,0.000000,3990000.000000,5190000.000000,NULL),(10384,3,1,2,0.000000,0.000000,3990000.000000,5190000.000000,NULL),(10384,4,1,2,0.000000,0.000000,3990000.000000,5190000.000000,NULL),(10385,0,1,2,3990000.000000,3990000.000000,3990000.000000,3990000.000000,NULL),(10385,1,1,2,3990000.000000,3990000.000000,3990000.000000,3990000.000000,NULL),(10385,2,1,2,3990000.000000,3990000.000000,3990000.000000,3990000.000000,NULL),(10385,3,1,2,3990000.000000,3990000.000000,3990000.000000,3990000.000000,NULL),(10385,4,1,2,3990000.000000,3990000.000000,3990000.000000,3990000.000000,NULL),(10386,0,1,2,5190000.000000,5190000.000000,5190000.000000,5190000.000000,NULL),(10386,1,1,2,5190000.000000,5190000.000000,5190000.000000,5190000.000000,NULL),(10386,2,1,2,5190000.000000,5190000.000000,5190000.000000,5190000.000000,NULL),(10386,3,1,2,5190000.000000,5190000.000000,5190000.000000,5190000.000000,NULL),(10386,4,1,2,5190000.000000,5190000.000000,5190000.000000,5190000.000000,NULL),(10387,0,1,2,5190000.000000,5190000.000000,5190000.000000,5190000.000000,NULL),(10387,1,1,2,5190000.000000,5190000.000000,5190000.000000,5190000.000000,NULL),(10387,2,1,2,5190000.000000,5190000.000000,5190000.000000,5190000.000000,NULL),(10387,3,1,2,5190000.000000,5190000.000000,5190000.000000,5190000.000000,NULL),(10387,4,1,2,5190000.000000,5190000.000000,5190000.000000,5190000.000000,NULL),(10388,0,1,2,5190000.000000,5190000.000000,5190000.000000,5190000.000000,NULL),(10388,1,1,2,5190000.000000,5190000.000000,5190000.000000,5190000.000000,NULL),(10388,2,1,2,5190000.000000,5190000.000000,5190000.000000,5190000.000000,NULL),(10388,3,1,2,5190000.000000,5190000.000000,5190000.000000,5190000.000000,NULL),(10388,4,1,2,5190000.000000,5190000.000000,5190000.000000,5190000.000000,NULL),(10389,0,1,2,28290000.000000,28290000.000000,28290000.000000,28290000.000000,NULL),(10389,1,1,2,28290000.000000,28290000.000000,28290000.000000,28290000.000000,NULL),(10389,2,1,2,28290000.000000,28290000.000000,28290000.000000,28290000.000000,NULL),(10389,3,1,2,28290000.000000,28290000.000000,28290000.000000,28290000.000000,NULL),(10389,4,1,2,28290000.000000,28290000.000000,28290000.000000,28290000.000000,NULL),(10390,0,1,2,9990000.000000,9990000.000000,9990000.000000,9990000.000000,NULL),(10390,1,1,2,9990000.000000,9990000.000000,9990000.000000,9990000.000000,NULL),(10390,2,1,2,9990000.000000,9990000.000000,9990000.000000,9990000.000000,NULL),(10390,3,1,2,9990000.000000,9990000.000000,9990000.000000,9990000.000000,NULL),(10390,4,1,2,9990000.000000,9990000.000000,9990000.000000,9990000.000000,NULL),(10391,0,1,NULL,40000000.000000,40000000.000000,40000000.000000,40000000.000000,NULL),(10391,1,1,NULL,40000000.000000,40000000.000000,40000000.000000,40000000.000000,NULL),(10391,2,1,NULL,40000000.000000,40000000.000000,40000000.000000,40000000.000000,NULL),(10391,3,1,NULL,40000000.000000,40000000.000000,40000000.000000,40000000.000000,NULL),(10391,4,1,NULL,40000000.000000,40000000.000000,40000000.000000,40000000.000000,NULL),(10392,0,1,2,0.000000,0.000000,550000.000000,550000.000000,NULL),(10392,1,1,2,0.000000,0.000000,550000.000000,550000.000000,NULL),(10392,2,1,2,0.000000,0.000000,550000.000000,550000.000000,NULL),(10392,3,1,2,0.000000,0.000000,550000.000000,550000.000000,NULL),(10392,4,1,2,0.000000,0.000000,550000.000000,550000.000000,NULL),(10393,0,1,2,550000.000000,550000.000000,550000.000000,550000.000000,NULL),(10393,1,1,2,550000.000000,550000.000000,550000.000000,550000.000000,NULL),(10393,2,1,2,550000.000000,550000.000000,550000.000000,550000.000000,NULL),(10393,3,1,2,550000.000000,550000.000000,550000.000000,550000.000000,NULL),(10393,4,1,2,550000.000000,550000.000000,550000.000000,550000.000000,NULL),(10394,0,1,2,650000.000000,650000.000000,650000.000000,650000.000000,NULL),(10394,1,1,2,650000.000000,650000.000000,650000.000000,650000.000000,NULL),(10394,2,1,2,650000.000000,650000.000000,650000.000000,650000.000000,NULL),(10394,3,1,2,650000.000000,650000.000000,650000.000000,650000.000000,NULL),(10394,4,1,2,650000.000000,650000.000000,650000.000000,650000.000000,NULL),(10395,0,1,2,0.000000,0.000000,1100000.000000,1100000.000000,NULL),(10395,1,1,2,0.000000,0.000000,1100000.000000,1100000.000000,NULL),(10395,2,1,2,0.000000,0.000000,1100000.000000,1100000.000000,NULL),(10395,3,1,2,0.000000,0.000000,1100000.000000,1100000.000000,NULL),(10395,4,1,2,0.000000,0.000000,1100000.000000,1100000.000000,NULL),(10396,0,1,2,1100000.000000,1100000.000000,1100000.000000,1100000.000000,NULL),(10396,1,1,2,1100000.000000,1100000.000000,1100000.000000,1100000.000000,NULL),(10396,2,1,2,1100000.000000,1100000.000000,1100000.000000,1100000.000000,NULL),(10396,3,1,2,1100000.000000,1100000.000000,1100000.000000,1100000.000000,NULL),(10396,4,1,2,1100000.000000,1100000.000000,1100000.000000,1100000.000000,NULL),(10397,0,1,2,1190000.000000,1190000.000000,1190000.000000,1190000.000000,NULL),(10397,1,1,2,1190000.000000,1190000.000000,1190000.000000,1190000.000000,NULL),(10397,2,1,2,1190000.000000,1190000.000000,1190000.000000,1190000.000000,NULL),(10397,3,1,2,1190000.000000,1190000.000000,1190000.000000,1190000.000000,NULL),(10397,4,1,2,1190000.000000,1190000.000000,1190000.000000,1190000.000000,NULL),(10398,0,1,2,0.000000,0.000000,845000.000000,845000.000000,NULL),(10398,1,1,2,0.000000,0.000000,845000.000000,845000.000000,NULL),(10398,2,1,2,0.000000,0.000000,845000.000000,845000.000000,NULL),(10398,3,1,2,0.000000,0.000000,845000.000000,845000.000000,NULL),(10398,4,1,2,0.000000,0.000000,845000.000000,845000.000000,NULL),(10399,0,1,2,845000.000000,845000.000000,845000.000000,845000.000000,NULL),(10399,1,1,2,845000.000000,845000.000000,845000.000000,845000.000000,NULL),(10399,2,1,2,845000.000000,845000.000000,845000.000000,845000.000000,NULL),(10399,3,1,2,845000.000000,845000.000000,845000.000000,845000.000000,NULL),(10399,4,1,2,845000.000000,845000.000000,845000.000000,845000.000000,NULL),(10400,0,1,2,975000.000000,975000.000000,975000.000000,975000.000000,NULL),(10400,1,1,2,975000.000000,975000.000000,975000.000000,975000.000000,NULL),(10400,2,1,2,975000.000000,975000.000000,975000.000000,975000.000000,NULL),(10400,3,1,2,975000.000000,975000.000000,975000.000000,975000.000000,NULL),(10400,4,1,2,975000.000000,975000.000000,975000.000000,975000.000000,NULL),(10401,0,1,2,0.000000,0.000000,1040000.000000,1040000.000000,NULL),(10401,1,1,2,0.000000,0.000000,1040000.000000,1040000.000000,NULL),(10401,2,1,2,0.000000,0.000000,1040000.000000,1040000.000000,NULL),(10401,3,1,2,0.000000,0.000000,1040000.000000,1040000.000000,NULL),(10401,4,1,2,0.000000,0.000000,1040000.000000,1040000.000000,NULL),(10402,0,1,2,1040000.000000,1040000.000000,1040000.000000,1040000.000000,NULL),(10402,1,1,2,1040000.000000,1040000.000000,1040000.000000,1040000.000000,NULL),(10402,2,1,2,1040000.000000,1040000.000000,1040000.000000,1040000.000000,NULL),(10402,3,1,2,1040000.000000,1040000.000000,1040000.000000,1040000.000000,NULL),(10402,4,1,2,1040000.000000,1040000.000000,1040000.000000,1040000.000000,NULL),(10403,0,1,2,1170000.000000,1170000.000000,1170000.000000,1170000.000000,NULL),(10403,1,1,2,1170000.000000,1170000.000000,1170000.000000,1170000.000000,NULL),(10403,2,1,2,1170000.000000,1170000.000000,1170000.000000,1170000.000000,NULL),(10403,3,1,2,1170000.000000,1170000.000000,1170000.000000,1170000.000000,NULL),(10403,4,1,2,1170000.000000,1170000.000000,1170000.000000,1170000.000000,NULL),(10404,0,1,2,0.000000,0.000000,1040000.000000,1040000.000000,NULL),(10404,1,1,2,0.000000,0.000000,1040000.000000,1040000.000000,NULL),(10404,2,1,2,0.000000,0.000000,1040000.000000,1040000.000000,NULL),(10404,3,1,2,0.000000,0.000000,1040000.000000,1040000.000000,NULL),(10404,4,1,2,0.000000,0.000000,1040000.000000,1040000.000000,NULL),(10405,0,1,2,1040000.000000,1040000.000000,1040000.000000,1040000.000000,NULL),(10405,1,1,2,1040000.000000,1040000.000000,1040000.000000,1040000.000000,NULL),(10405,2,1,2,1040000.000000,1040000.000000,1040000.000000,1040000.000000,NULL),(10405,3,1,2,1040000.000000,1040000.000000,1040000.000000,1040000.000000,NULL),(10405,4,1,2,1040000.000000,1040000.000000,1040000.000000,1040000.000000,NULL),(10406,0,1,2,1170000.000000,1170000.000000,1170000.000000,1170000.000000,NULL),(10406,1,1,2,1170000.000000,1170000.000000,1170000.000000,1170000.000000,NULL),(10406,2,1,2,1170000.000000,1170000.000000,1170000.000000,1170000.000000,NULL),(10406,3,1,2,1170000.000000,1170000.000000,1170000.000000,1170000.000000,NULL),(10406,4,1,2,1170000.000000,1170000.000000,1170000.000000,1170000.000000,NULL),(10407,0,1,2,0.000000,0.000000,1200000.000000,1200000.000000,NULL),(10407,1,1,2,0.000000,0.000000,1200000.000000,1200000.000000,NULL),(10407,2,1,2,0.000000,0.000000,1200000.000000,1200000.000000,NULL),(10407,3,1,2,0.000000,0.000000,1200000.000000,1200000.000000,NULL),(10407,4,1,2,0.000000,0.000000,1200000.000000,1200000.000000,NULL),(10408,0,1,2,1200000.000000,1200000.000000,1200000.000000,1200000.000000,NULL),(10408,1,1,2,1200000.000000,1200000.000000,1200000.000000,1200000.000000,NULL),(10408,2,1,2,1200000.000000,1200000.000000,1200000.000000,1200000.000000,NULL),(10408,3,1,2,1200000.000000,1200000.000000,1200000.000000,1200000.000000,NULL),(10408,4,1,2,1200000.000000,1200000.000000,1200000.000000,1200000.000000,NULL),(10409,0,1,2,1400000.000000,1400000.000000,1400000.000000,1400000.000000,NULL),(10409,1,1,2,1400000.000000,1400000.000000,1400000.000000,1400000.000000,NULL),(10409,2,1,2,1400000.000000,1400000.000000,1400000.000000,1400000.000000,NULL),(10409,3,1,2,1400000.000000,1400000.000000,1400000.000000,1400000.000000,NULL),(10409,4,1,2,1400000.000000,1400000.000000,1400000.000000,1400000.000000,NULL),(10410,0,1,2,0.000000,0.000000,1450000.000000,1450000.000000,NULL),(10410,1,1,2,0.000000,0.000000,1450000.000000,1450000.000000,NULL),(10410,2,1,2,0.000000,0.000000,1450000.000000,1450000.000000,NULL),(10410,3,1,2,0.000000,0.000000,1450000.000000,1450000.000000,NULL),(10410,4,1,2,0.000000,0.000000,1450000.000000,1450000.000000,NULL),(10411,0,1,2,1450000.000000,1450000.000000,1450000.000000,1450000.000000,NULL),(10411,1,1,2,1450000.000000,1450000.000000,1450000.000000,1450000.000000,NULL),(10411,2,1,2,1450000.000000,1450000.000000,1450000.000000,1450000.000000,NULL),(10411,3,1,2,1450000.000000,1450000.000000,1450000.000000,1450000.000000,NULL),(10411,4,1,2,1450000.000000,1450000.000000,1450000.000000,1450000.000000,NULL),(10412,0,1,2,1550000.000000,1550000.000000,1550000.000000,1550000.000000,NULL),(10412,1,1,2,1550000.000000,1550000.000000,1550000.000000,1550000.000000,NULL),(10412,2,1,2,1550000.000000,1550000.000000,1550000.000000,1550000.000000,NULL),(10412,3,1,2,1550000.000000,1550000.000000,1550000.000000,1550000.000000,NULL),(10412,4,1,2,1550000.000000,1550000.000000,1550000.000000,1550000.000000,NULL),(10413,0,1,2,0.000000,0.000000,1620000.000000,1620000.000000,NULL),(10413,1,1,2,0.000000,0.000000,1620000.000000,1620000.000000,NULL),(10413,2,1,2,0.000000,0.000000,1620000.000000,1620000.000000,NULL),(10413,3,1,2,0.000000,0.000000,1620000.000000,1620000.000000,NULL),(10413,4,1,2,0.000000,0.000000,1620000.000000,1620000.000000,NULL),(10414,0,1,2,1620000.000000,1620000.000000,1620000.000000,1620000.000000,NULL),(10414,1,1,2,1620000.000000,1620000.000000,1620000.000000,1620000.000000,NULL),(10414,2,1,2,1620000.000000,1620000.000000,1620000.000000,1620000.000000,NULL),(10414,3,1,2,1620000.000000,1620000.000000,1620000.000000,1620000.000000,NULL),(10414,4,1,2,1620000.000000,1620000.000000,1620000.000000,1620000.000000,NULL),(10415,0,1,2,1620000.000000,1620000.000000,1620000.000000,1620000.000000,NULL),(10415,1,1,2,1620000.000000,1620000.000000,1620000.000000,1620000.000000,NULL),(10415,2,1,2,1620000.000000,1620000.000000,1620000.000000,1620000.000000,NULL),(10415,3,1,2,1620000.000000,1620000.000000,1620000.000000,1620000.000000,NULL),(10415,4,1,2,1620000.000000,1620000.000000,1620000.000000,1620000.000000,NULL),(10416,0,1,2,0.000000,0.000000,1170000.000000,1170000.000000,NULL),(10416,1,1,2,0.000000,0.000000,1170000.000000,1170000.000000,NULL),(10416,2,1,2,0.000000,0.000000,1170000.000000,1170000.000000,NULL),(10416,3,1,2,0.000000,0.000000,1170000.000000,1170000.000000,NULL),(10416,4,1,2,0.000000,0.000000,1170000.000000,1170000.000000,NULL),(10417,0,1,2,1170000.000000,1170000.000000,1170000.000000,1170000.000000,NULL),(10417,1,1,2,1170000.000000,1170000.000000,1170000.000000,1170000.000000,NULL),(10417,2,1,2,1170000.000000,1170000.000000,1170000.000000,1170000.000000,NULL),(10417,3,1,2,1170000.000000,1170000.000000,1170000.000000,1170000.000000,NULL),(10417,4,1,2,1170000.000000,1170000.000000,1170000.000000,1170000.000000,NULL),(10418,0,1,2,1170000.000000,1170000.000000,1170000.000000,1170000.000000,NULL),(10418,1,1,2,1170000.000000,1170000.000000,1170000.000000,1170000.000000,NULL),(10418,2,1,2,1170000.000000,1170000.000000,1170000.000000,1170000.000000,NULL),(10418,3,1,2,1170000.000000,1170000.000000,1170000.000000,1170000.000000,NULL),(10418,4,1,2,1170000.000000,1170000.000000,1170000.000000,1170000.000000,NULL),(10419,0,1,2,1550000.000000,1550000.000000,1550000.000000,1550000.000000,NULL),(10419,1,1,2,1550000.000000,1550000.000000,1550000.000000,1550000.000000,NULL),(10419,2,1,2,1550000.000000,1550000.000000,1550000.000000,1550000.000000,NULL),(10419,3,1,2,1550000.000000,1550000.000000,1550000.000000,1550000.000000,NULL),(10419,4,1,2,1550000.000000,1550000.000000,1550000.000000,1550000.000000,NULL),(10420,0,1,NULL,50000000.000000,50000000.000000,50000000.000000,50000000.000000,NULL),(10420,1,1,NULL,50000000.000000,50000000.000000,50000000.000000,50000000.000000,NULL),(10420,2,1,NULL,50000000.000000,50000000.000000,50000000.000000,50000000.000000,NULL),(10420,3,1,NULL,50000000.000000,50000000.000000,50000000.000000,50000000.000000,NULL),(10420,4,1,NULL,50000000.000000,50000000.000000,50000000.000000,50000000.000000,NULL),(10421,0,1,NULL,70000000.000000,70000000.000000,70000000.000000,70000000.000000,NULL),(10421,1,1,NULL,70000000.000000,70000000.000000,70000000.000000,70000000.000000,NULL),(10421,2,1,NULL,70000000.000000,70000000.000000,70000000.000000,70000000.000000,NULL),(10421,3,1,NULL,70000000.000000,70000000.000000,70000000.000000,70000000.000000,NULL),(10421,4,1,NULL,70000000.000000,70000000.000000,70000000.000000,70000000.000000,NULL),(10422,0,1,NULL,90000000.000000,90000000.000000,90000000.000000,90000000.000000,NULL),(10422,1,1,NULL,90000000.000000,90000000.000000,90000000.000000,90000000.000000,NULL),(10422,2,1,NULL,90000000.000000,90000000.000000,90000000.000000,90000000.000000,NULL),(10422,3,1,NULL,90000000.000000,90000000.000000,90000000.000000,90000000.000000,NULL),(10422,4,1,NULL,90000000.000000,90000000.000000,90000000.000000,90000000.000000,NULL),(10424,0,1,NULL,85000000.000000,85000000.000000,85000000.000000,85000000.000000,NULL),(10424,1,1,NULL,85000000.000000,85000000.000000,85000000.000000,85000000.000000,NULL),(10424,2,1,NULL,85000000.000000,85000000.000000,85000000.000000,85000000.000000,NULL),(10424,3,1,NULL,85000000.000000,85000000.000000,85000000.000000,85000000.000000,NULL),(10424,4,1,NULL,85000000.000000,85000000.000000,85000000.000000,85000000.000000,NULL),(10425,0,1,NULL,60000000.000000,60000000.000000,60000000.000000,60000000.000000,NULL),(10425,1,1,NULL,60000000.000000,60000000.000000,60000000.000000,60000000.000000,NULL),(10425,2,1,NULL,60000000.000000,60000000.000000,60000000.000000,60000000.000000,NULL),(10425,3,1,NULL,60000000.000000,60000000.000000,60000000.000000,60000000.000000,NULL),(10425,4,1,NULL,60000000.000000,60000000.000000,60000000.000000,60000000.000000,NULL),(10426,0,1,2,5199000.000000,5199000.000000,5199000.000000,5199000.000000,NULL),(10426,1,1,2,5199000.000000,5199000.000000,5199000.000000,5199000.000000,NULL),(10426,2,1,2,5199000.000000,5199000.000000,5199000.000000,5199000.000000,NULL),(10426,3,1,2,5199000.000000,5199000.000000,5199000.000000,5199000.000000,NULL),(10426,4,1,2,5199000.000000,5199000.000000,5199000.000000,5199000.000000,NULL),(10427,0,1,2,3899000.000000,3899000.000000,3899000.000000,3899000.000000,NULL),(10427,1,1,2,3899000.000000,3899000.000000,3899000.000000,3899000.000000,NULL),(10427,2,1,2,3899000.000000,3899000.000000,3899000.000000,3899000.000000,NULL),(10427,3,1,2,3899000.000000,3899000.000000,3899000.000000,3899000.000000,NULL),(10427,4,1,2,3899000.000000,3899000.000000,3899000.000000,3899000.000000,NULL),(10428,0,1,2,3299000.000000,3299000.000000,3299000.000000,3299000.000000,NULL),(10428,1,1,2,3299000.000000,3299000.000000,3299000.000000,3299000.000000,NULL),(10428,2,1,2,3299000.000000,3299000.000000,3299000.000000,3299000.000000,NULL),(10428,3,1,2,3299000.000000,3299000.000000,3299000.000000,3299000.000000,NULL),(10428,4,1,2,3299000.000000,3299000.000000,3299000.000000,3299000.000000,NULL),(10429,0,1,2,2799000.000000,2799000.000000,2799000.000000,2799000.000000,NULL),(10429,1,1,2,2799000.000000,2799000.000000,2799000.000000,2799000.000000,NULL),(10429,2,1,2,2799000.000000,2799000.000000,2799000.000000,2799000.000000,NULL),(10429,3,1,2,2799000.000000,2799000.000000,2799000.000000,2799000.000000,NULL),(10429,4,1,2,2799000.000000,2799000.000000,2799000.000000,2799000.000000,NULL),(10430,0,1,2,2399000.000000,2399000.000000,2399000.000000,2399000.000000,NULL),(10430,1,1,2,2399000.000000,2399000.000000,2399000.000000,2399000.000000,NULL),(10430,2,1,2,2399000.000000,2399000.000000,2399000.000000,2399000.000000,NULL),(10430,3,1,2,2399000.000000,2399000.000000,2399000.000000,2399000.000000,NULL),(10430,4,1,2,2399000.000000,2399000.000000,2399000.000000,2399000.000000,NULL),(10431,0,1,2,2199000.000000,2199000.000000,2199000.000000,2199000.000000,NULL),(10431,1,1,2,2199000.000000,2199000.000000,2199000.000000,2199000.000000,NULL),(10431,2,1,2,2199000.000000,2199000.000000,2199000.000000,2199000.000000,NULL),(10431,3,1,2,2199000.000000,2199000.000000,2199000.000000,2199000.000000,NULL),(10431,4,1,2,2199000.000000,2199000.000000,2199000.000000,2199000.000000,NULL),(10432,0,1,2,1999000.000000,1999000.000000,1999000.000000,1999000.000000,NULL),(10432,1,1,2,1999000.000000,1999000.000000,1999000.000000,1999000.000000,NULL),(10432,2,1,2,1999000.000000,1999000.000000,1999000.000000,1999000.000000,NULL),(10432,3,1,2,1999000.000000,1999000.000000,1999000.000000,1999000.000000,NULL),(10432,4,1,2,1999000.000000,1999000.000000,1999000.000000,1999000.000000,NULL),(10433,0,1,2,0.000000,0.000000,1999000.000000,5199000.000000,NULL),(10433,1,1,2,0.000000,0.000000,1999000.000000,5199000.000000,NULL),(10433,2,1,2,0.000000,0.000000,1999000.000000,5199000.000000,NULL),(10433,3,1,2,0.000000,0.000000,1999000.000000,5199000.000000,NULL),(10433,4,1,2,0.000000,0.000000,1999000.000000,5199000.000000,NULL),(10434,0,1,2,0.000000,0.000000,1399000.000000,3599000.000000,NULL),(10434,1,1,2,0.000000,0.000000,1399000.000000,3599000.000000,NULL),(10434,2,1,2,0.000000,0.000000,1399000.000000,3599000.000000,NULL),(10434,3,1,2,0.000000,0.000000,1399000.000000,3599000.000000,NULL),(10434,4,1,2,0.000000,0.000000,1399000.000000,3599000.000000,NULL),(10435,0,1,2,0.000000,0.000000,929000.000000,2399000.000000,NULL),(10435,1,1,2,0.000000,0.000000,929000.000000,2399000.000000,NULL),(10435,2,1,2,0.000000,0.000000,929000.000000,2399000.000000,NULL),(10435,3,1,2,0.000000,0.000000,929000.000000,2399000.000000,NULL),(10435,4,1,2,0.000000,0.000000,929000.000000,2399000.000000,NULL),(10436,0,1,NULL,70000000.000000,70000000.000000,70000000.000000,70000000.000000,NULL),(10436,1,1,NULL,70000000.000000,70000000.000000,70000000.000000,70000000.000000,NULL),(10436,2,1,NULL,70000000.000000,70000000.000000,70000000.000000,70000000.000000,NULL),(10436,3,1,NULL,70000000.000000,70000000.000000,70000000.000000,70000000.000000,NULL),(10436,4,1,NULL,70000000.000000,70000000.000000,70000000.000000,70000000.000000,NULL),(10437,0,1,NULL,80000000.000000,80000000.000000,80000000.000000,80000000.000000,NULL),(10437,1,1,NULL,80000000.000000,80000000.000000,80000000.000000,80000000.000000,NULL),(10437,2,1,NULL,80000000.000000,80000000.000000,80000000.000000,80000000.000000,NULL),(10437,3,1,NULL,80000000.000000,80000000.000000,80000000.000000,80000000.000000,NULL),(10437,4,1,NULL,80000000.000000,80000000.000000,80000000.000000,80000000.000000,NULL),(10438,0,1,2,2399000.000000,2399000.000000,2399000.000000,2399000.000000,NULL),(10438,1,1,2,2399000.000000,2399000.000000,2399000.000000,2399000.000000,NULL),(10438,2,1,2,2399000.000000,2399000.000000,2399000.000000,2399000.000000,NULL),(10438,3,1,2,2399000.000000,2399000.000000,2399000.000000,2399000.000000,NULL),(10438,4,1,2,2399000.000000,2399000.000000,2399000.000000,2399000.000000,NULL),(10439,0,1,2,1799000.000000,1799000.000000,1799000.000000,1799000.000000,NULL),(10439,1,1,2,1799000.000000,1799000.000000,1799000.000000,1799000.000000,NULL),(10439,2,1,2,1799000.000000,1799000.000000,1799000.000000,1799000.000000,NULL),(10439,3,1,2,1799000.000000,1799000.000000,1799000.000000,1799000.000000,NULL),(10439,4,1,2,1799000.000000,1799000.000000,1799000.000000,1799000.000000,NULL),(10440,0,1,2,1599000.000000,1599000.000000,1599000.000000,1599000.000000,NULL),(10440,1,1,2,1599000.000000,1599000.000000,1599000.000000,1599000.000000,NULL),(10440,2,1,2,1599000.000000,1599000.000000,1599000.000000,1599000.000000,NULL),(10440,3,1,2,1599000.000000,1599000.000000,1599000.000000,1599000.000000,NULL),(10440,4,1,2,1599000.000000,1599000.000000,1599000.000000,1599000.000000,NULL),(10441,0,1,2,1299000.000000,1299000.000000,1299000.000000,1299000.000000,NULL),(10441,1,1,2,1299000.000000,1299000.000000,1299000.000000,1299000.000000,NULL),(10441,2,1,2,1299000.000000,1299000.000000,1299000.000000,1299000.000000,NULL),(10441,3,1,2,1299000.000000,1299000.000000,1299000.000000,1299000.000000,NULL),(10441,4,1,2,1299000.000000,1299000.000000,1299000.000000,1299000.000000,NULL),(10442,0,1,2,1199000.000000,1199000.000000,1199000.000000,1199000.000000,NULL),(10442,1,1,2,1199000.000000,1199000.000000,1199000.000000,1199000.000000,NULL),(10442,2,1,2,1199000.000000,1199000.000000,1199000.000000,1199000.000000,NULL),(10442,3,1,2,1199000.000000,1199000.000000,1199000.000000,1199000.000000,NULL),(10442,4,1,2,1199000.000000,1199000.000000,1199000.000000,1199000.000000,NULL),(10443,0,1,2,999000.000000,999000.000000,999000.000000,999000.000000,NULL),(10443,1,1,2,999000.000000,999000.000000,999000.000000,999000.000000,NULL),(10443,2,1,2,999000.000000,999000.000000,999000.000000,999000.000000,NULL),(10443,3,1,2,999000.000000,999000.000000,999000.000000,999000.000000,NULL),(10443,4,1,2,999000.000000,999000.000000,999000.000000,999000.000000,NULL),(10444,0,1,2,929000.000000,929000.000000,929000.000000,929000.000000,NULL),(10444,1,1,2,929000.000000,929000.000000,929000.000000,929000.000000,NULL),(10444,2,1,2,929000.000000,929000.000000,929000.000000,929000.000000,NULL),(10444,3,1,2,929000.000000,929000.000000,929000.000000,929000.000000,NULL),(10444,4,1,2,929000.000000,929000.000000,929000.000000,929000.000000,NULL),(10445,0,1,2,3599000.000000,3599000.000000,3599000.000000,3599000.000000,NULL),(10445,1,1,2,3599000.000000,3599000.000000,3599000.000000,3599000.000000,NULL),(10445,2,1,2,3599000.000000,3599000.000000,3599000.000000,3599000.000000,NULL),(10445,3,1,2,3599000.000000,3599000.000000,3599000.000000,3599000.000000,NULL),(10445,4,1,2,3599000.000000,3599000.000000,3599000.000000,3599000.000000,NULL),(10446,0,1,2,2699000.000000,2699000.000000,2699000.000000,2699000.000000,NULL),(10446,1,1,2,2699000.000000,2699000.000000,2699000.000000,2699000.000000,NULL),(10446,2,1,2,2699000.000000,2699000.000000,2699000.000000,2699000.000000,NULL),(10446,3,1,2,2699000.000000,2699000.000000,2699000.000000,2699000.000000,NULL),(10446,4,1,2,2699000.000000,2699000.000000,2699000.000000,2699000.000000,NULL),(10447,0,1,2,2299000.000000,2299000.000000,2299000.000000,2299000.000000,NULL),(10447,1,1,2,2299000.000000,2299000.000000,2299000.000000,2299000.000000,NULL),(10447,2,1,2,2299000.000000,2299000.000000,2299000.000000,2299000.000000,NULL),(10447,3,1,2,2299000.000000,2299000.000000,2299000.000000,2299000.000000,NULL),(10447,4,1,2,2299000.000000,2299000.000000,2299000.000000,2299000.000000,NULL),(10448,0,1,2,1899000.000000,1899000.000000,1899000.000000,1899000.000000,NULL),(10448,1,1,2,1899000.000000,1899000.000000,1899000.000000,1899000.000000,NULL),(10448,2,1,2,1899000.000000,1899000.000000,1899000.000000,1899000.000000,NULL),(10448,3,1,2,1899000.000000,1899000.000000,1899000.000000,1899000.000000,NULL),(10448,4,1,2,1899000.000000,1899000.000000,1899000.000000,1899000.000000,NULL),(10449,0,1,2,1699000.000000,1699000.000000,1699000.000000,1699000.000000,NULL),(10449,1,1,2,1699000.000000,1699000.000000,1699000.000000,1699000.000000,NULL),(10449,2,1,2,1699000.000000,1699000.000000,1699000.000000,1699000.000000,NULL),(10449,3,1,2,1699000.000000,1699000.000000,1699000.000000,1699000.000000,NULL),(10449,4,1,2,1699000.000000,1699000.000000,1699000.000000,1699000.000000,NULL),(10450,0,1,2,1499000.000000,1499000.000000,1499000.000000,1499000.000000,NULL),(10450,1,1,2,1499000.000000,1499000.000000,1499000.000000,1499000.000000,NULL),(10450,2,1,2,1499000.000000,1499000.000000,1499000.000000,1499000.000000,NULL),(10450,3,1,2,1499000.000000,1499000.000000,1499000.000000,1499000.000000,NULL),(10450,4,1,2,1499000.000000,1499000.000000,1499000.000000,1499000.000000,NULL),(10451,0,1,2,1399000.000000,1399000.000000,1399000.000000,1399000.000000,NULL),(10451,1,1,2,1399000.000000,1399000.000000,1399000.000000,1399000.000000,NULL),(10451,2,1,2,1399000.000000,1399000.000000,1399000.000000,1399000.000000,NULL),(10451,3,1,2,1399000.000000,1399000.000000,1399000.000000,1399000.000000,NULL),(10451,4,1,2,1399000.000000,1399000.000000,1399000.000000,1399000.000000,NULL),(10452,0,1,NULL,45000000.000000,45000000.000000,45000000.000000,45000000.000000,NULL),(10452,1,1,NULL,45000000.000000,45000000.000000,45000000.000000,45000000.000000,NULL),(10452,2,1,NULL,45000000.000000,45000000.000000,45000000.000000,45000000.000000,NULL),(10452,3,1,NULL,45000000.000000,45000000.000000,45000000.000000,45000000.000000,NULL),(10452,4,1,NULL,45000000.000000,45000000.000000,45000000.000000,45000000.000000,NULL),(10453,0,1,NULL,50000000.000000,50000000.000000,50000000.000000,50000000.000000,NULL),(10453,1,1,NULL,50000000.000000,50000000.000000,50000000.000000,50000000.000000,NULL),(10453,2,1,NULL,50000000.000000,50000000.000000,50000000.000000,50000000.000000,NULL),(10453,3,1,NULL,50000000.000000,50000000.000000,50000000.000000,50000000.000000,NULL),(10453,4,1,NULL,50000000.000000,50000000.000000,50000000.000000,50000000.000000,NULL),(10454,0,1,NULL,65000000.000000,65000000.000000,65000000.000000,65000000.000000,NULL),(10454,1,1,NULL,65000000.000000,65000000.000000,65000000.000000,65000000.000000,NULL),(10454,2,1,NULL,65000000.000000,65000000.000000,65000000.000000,65000000.000000,NULL),(10454,3,1,NULL,65000000.000000,65000000.000000,65000000.000000,65000000.000000,NULL),(10454,4,1,NULL,65000000.000000,65000000.000000,65000000.000000,65000000.000000,NULL),(10455,0,1,2,2870000.000000,2009000.000000,2009000.000000,2870000.000000,NULL),(10455,1,1,2,2870000.000000,2009000.000000,2009000.000000,2870000.000000,NULL),(10455,2,1,2,2870000.000000,2870000.000000,2870000.000000,2870000.000000,NULL),(10455,3,1,2,2870000.000000,2870000.000000,2870000.000000,2870000.000000,NULL),(10455,4,1,2,2870000.000000,2870000.000000,2870000.000000,2870000.000000,NULL),(10456,0,1,2,2870000.000000,2009000.000000,2009000.000000,2870000.000000,NULL),(10456,1,1,2,2870000.000000,2009000.000000,2009000.000000,2870000.000000,NULL),(10456,2,1,2,2870000.000000,2870000.000000,2870000.000000,2870000.000000,NULL),(10456,3,1,2,2870000.000000,2870000.000000,2870000.000000,2870000.000000,NULL),(10456,4,1,2,2870000.000000,2870000.000000,2870000.000000,2870000.000000,NULL),(10457,0,1,2,2870000.000000,2009000.000000,2009000.000000,2870000.000000,NULL),(10457,1,1,2,2870000.000000,2009000.000000,2009000.000000,2870000.000000,NULL),(10457,2,1,2,2870000.000000,2870000.000000,2870000.000000,2870000.000000,NULL),(10457,3,1,2,2870000.000000,2870000.000000,2870000.000000,2870000.000000,NULL),(10457,4,1,2,2870000.000000,2870000.000000,2870000.000000,2870000.000000,NULL),(10458,0,1,2,2870000.000000,2009000.000000,2009000.000000,2870000.000000,NULL),(10458,1,1,2,2870000.000000,2009000.000000,2009000.000000,2870000.000000,NULL),(10458,2,1,2,2870000.000000,2870000.000000,2870000.000000,2870000.000000,NULL),(10458,3,1,2,2870000.000000,2870000.000000,2870000.000000,2870000.000000,NULL),(10458,4,1,2,2870000.000000,2870000.000000,2870000.000000,2870000.000000,NULL),(10459,0,1,2,2290000.000000,1603000.000000,1603000.000000,2290000.000000,NULL),(10459,1,1,2,2290000.000000,1603000.000000,1603000.000000,2290000.000000,NULL),(10459,2,1,2,2290000.000000,2290000.000000,2290000.000000,2290000.000000,NULL),(10459,3,1,2,2290000.000000,2290000.000000,2290000.000000,2290000.000000,NULL),(10459,4,1,2,2290000.000000,2290000.000000,2290000.000000,2290000.000000,NULL),(10460,0,1,2,2290000.000000,1603000.000000,1603000.000000,2290000.000000,NULL),(10460,1,1,2,2290000.000000,1603000.000000,1603000.000000,2290000.000000,NULL),(10460,2,1,2,2290000.000000,2290000.000000,2290000.000000,2290000.000000,NULL),(10460,3,1,2,2290000.000000,2290000.000000,2290000.000000,2290000.000000,NULL),(10460,4,1,2,2290000.000000,2290000.000000,2290000.000000,2290000.000000,NULL),(10461,0,1,2,2290000.000000,1603000.000000,1603000.000000,2290000.000000,NULL),(10461,1,1,2,2290000.000000,1603000.000000,1603000.000000,2290000.000000,NULL),(10461,2,1,2,2290000.000000,2290000.000000,2290000.000000,2290000.000000,NULL),(10461,3,1,2,2290000.000000,2290000.000000,2290000.000000,2290000.000000,NULL),(10461,4,1,2,2290000.000000,2290000.000000,2290000.000000,2290000.000000,NULL),(10462,0,1,2,2290000.000000,1603000.000000,1603000.000000,2290000.000000,NULL),(10462,1,1,2,2290000.000000,1603000.000000,1603000.000000,2290000.000000,NULL),(10462,2,1,2,2290000.000000,2290000.000000,2290000.000000,2290000.000000,NULL),(10462,3,1,2,2290000.000000,2290000.000000,2290000.000000,2290000.000000,NULL),(10462,4,1,2,2290000.000000,2290000.000000,2290000.000000,2290000.000000,NULL),(10463,0,1,2,0.000000,0.000000,3880500.000000,3880500.000000,NULL),(10463,1,1,2,0.000000,0.000000,3880500.000000,3880500.000000,NULL),(10463,2,1,2,0.000000,0.000000,5970000.000000,5970000.000000,NULL),(10463,3,1,2,0.000000,0.000000,5970000.000000,5970000.000000,NULL),(10463,4,1,2,0.000000,0.000000,5970000.000000,5970000.000000,NULL),(10464,0,1,2,5970000.000000,3880500.000000,3880500.000000,5970000.000000,NULL),(10464,1,1,2,5970000.000000,3880500.000000,3880500.000000,5970000.000000,NULL),(10464,2,1,2,5970000.000000,5970000.000000,5970000.000000,5970000.000000,NULL),(10464,3,1,2,5970000.000000,5970000.000000,5970000.000000,5970000.000000,NULL),(10464,4,1,2,5970000.000000,5970000.000000,5970000.000000,5970000.000000,NULL),(10465,0,1,2,5970000.000000,3880500.000000,3880500.000000,5970000.000000,NULL),(10465,1,1,2,5970000.000000,3880500.000000,3880500.000000,5970000.000000,NULL),(10465,2,1,2,5970000.000000,5970000.000000,5970000.000000,5970000.000000,NULL),(10465,3,1,2,5970000.000000,5970000.000000,5970000.000000,5970000.000000,NULL),(10465,4,1,2,5970000.000000,5970000.000000,5970000.000000,5970000.000000,NULL),(10466,0,1,2,5970000.000000,3880500.000000,3880500.000000,5970000.000000,NULL),(10466,1,1,2,5970000.000000,3880500.000000,3880500.000000,5970000.000000,NULL),(10466,2,1,2,5970000.000000,5970000.000000,5970000.000000,5970000.000000,NULL),(10466,3,1,2,5970000.000000,5970000.000000,5970000.000000,5970000.000000,NULL),(10466,4,1,2,5970000.000000,5970000.000000,5970000.000000,5970000.000000,NULL),(10467,0,1,2,650000.000000,650000.000000,650000.000000,650000.000000,NULL),(10467,1,1,2,650000.000000,650000.000000,650000.000000,650000.000000,NULL),(10467,2,1,2,650000.000000,650000.000000,650000.000000,650000.000000,NULL),(10467,3,1,2,650000.000000,650000.000000,650000.000000,650000.000000,NULL),(10467,4,1,2,650000.000000,650000.000000,650000.000000,650000.000000,NULL),(10468,0,1,2,650000.000000,650000.000000,650000.000000,650000.000000,NULL),(10468,1,1,2,650000.000000,650000.000000,650000.000000,650000.000000,NULL),(10468,2,1,2,650000.000000,650000.000000,650000.000000,650000.000000,NULL),(10468,3,1,2,650000.000000,650000.000000,650000.000000,650000.000000,NULL),(10468,4,1,2,650000.000000,650000.000000,650000.000000,650000.000000,NULL),(10469,0,1,2,650000.000000,650000.000000,650000.000000,650000.000000,NULL),(10469,1,1,2,650000.000000,650000.000000,650000.000000,650000.000000,NULL),(10469,2,1,2,650000.000000,650000.000000,650000.000000,650000.000000,NULL),(10469,3,1,2,650000.000000,650000.000000,650000.000000,650000.000000,NULL),(10469,4,1,2,650000.000000,650000.000000,650000.000000,650000.000000,NULL),(10470,0,1,2,650000.000000,650000.000000,650000.000000,650000.000000,NULL),(10470,1,1,2,650000.000000,650000.000000,650000.000000,650000.000000,NULL),(10470,2,1,2,650000.000000,650000.000000,650000.000000,650000.000000,NULL),(10470,3,1,2,650000.000000,650000.000000,650000.000000,650000.000000,NULL),(10470,4,1,2,650000.000000,650000.000000,650000.000000,650000.000000,NULL),(10471,0,1,2,650000.000000,650000.000000,650000.000000,650000.000000,NULL),(10471,1,1,2,650000.000000,650000.000000,650000.000000,650000.000000,NULL),(10471,2,1,2,650000.000000,650000.000000,650000.000000,650000.000000,NULL),(10471,3,1,2,650000.000000,650000.000000,650000.000000,650000.000000,NULL),(10471,4,1,2,650000.000000,650000.000000,650000.000000,650000.000000,NULL),(10472,0,1,2,650000.000000,650000.000000,650000.000000,650000.000000,NULL),(10472,1,1,2,650000.000000,650000.000000,650000.000000,650000.000000,NULL),(10472,2,1,2,650000.000000,650000.000000,650000.000000,650000.000000,NULL),(10472,3,1,2,650000.000000,650000.000000,650000.000000,650000.000000,NULL),(10472,4,1,2,650000.000000,650000.000000,650000.000000,650000.000000,NULL),(10473,0,1,2,650000.000000,650000.000000,650000.000000,650000.000000,NULL),(10473,1,1,2,650000.000000,650000.000000,650000.000000,650000.000000,NULL),(10473,2,1,2,650000.000000,650000.000000,650000.000000,650000.000000,NULL),(10473,3,1,2,650000.000000,650000.000000,650000.000000,650000.000000,NULL),(10473,4,1,2,650000.000000,650000.000000,650000.000000,650000.000000,NULL),(10474,0,1,2,650000.000000,650000.000000,650000.000000,650000.000000,NULL),(10474,1,1,2,650000.000000,650000.000000,650000.000000,650000.000000,NULL),(10474,2,1,2,650000.000000,650000.000000,650000.000000,650000.000000,NULL),(10474,3,1,2,650000.000000,650000.000000,650000.000000,650000.000000,NULL),(10474,4,1,2,650000.000000,650000.000000,650000.000000,650000.000000,NULL),(10475,0,1,2,650000.000000,650000.000000,650000.000000,650000.000000,NULL),(10475,1,1,2,650000.000000,650000.000000,650000.000000,650000.000000,NULL),(10475,2,1,2,650000.000000,650000.000000,650000.000000,650000.000000,NULL),(10475,3,1,2,650000.000000,650000.000000,650000.000000,650000.000000,NULL),(10475,4,1,2,650000.000000,650000.000000,650000.000000,650000.000000,NULL),(10476,0,1,2,650000.000000,650000.000000,650000.000000,650000.000000,NULL),(10476,1,1,2,650000.000000,650000.000000,650000.000000,650000.000000,NULL),(10476,2,1,2,650000.000000,650000.000000,650000.000000,650000.000000,NULL),(10476,3,1,2,650000.000000,650000.000000,650000.000000,650000.000000,NULL),(10476,4,1,2,650000.000000,650000.000000,650000.000000,650000.000000,NULL),(10477,0,1,2,650000.000000,650000.000000,650000.000000,650000.000000,NULL),(10477,1,1,2,650000.000000,650000.000000,650000.000000,650000.000000,NULL),(10477,2,1,2,650000.000000,650000.000000,650000.000000,650000.000000,NULL),(10477,3,1,2,650000.000000,650000.000000,650000.000000,650000.000000,NULL),(10477,4,1,2,650000.000000,650000.000000,650000.000000,650000.000000,NULL),(10478,0,1,2,0.000000,0.000000,650000.000000,650000.000000,NULL),(10478,1,1,2,0.000000,0.000000,650000.000000,650000.000000,NULL),(10478,2,1,2,0.000000,0.000000,650000.000000,650000.000000,NULL),(10478,3,1,2,0.000000,0.000000,650000.000000,650000.000000,NULL),(10478,4,1,2,0.000000,0.000000,650000.000000,650000.000000,NULL),(10479,0,1,2,650000.000000,650000.000000,650000.000000,650000.000000,NULL),(10479,1,1,2,650000.000000,650000.000000,650000.000000,650000.000000,NULL),(10479,2,1,2,650000.000000,650000.000000,650000.000000,650000.000000,NULL),(10479,3,1,2,650000.000000,650000.000000,650000.000000,650000.000000,NULL),(10479,4,1,2,650000.000000,650000.000000,650000.000000,650000.000000,NULL),(10498,0,1,2,3970000.000000,3970000.000000,3970000.000000,3970000.000000,NULL),(10498,1,1,2,3970000.000000,3970000.000000,3970000.000000,3970000.000000,NULL),(10498,2,1,2,3970000.000000,3970000.000000,3970000.000000,3970000.000000,NULL),(10498,3,1,2,3970000.000000,3970000.000000,3970000.000000,3970000.000000,NULL),(10498,4,1,2,3970000.000000,3970000.000000,3970000.000000,3970000.000000,NULL),(10499,0,1,2,2650000.000000,2650000.000000,2650000.000000,2650000.000000,NULL),(10499,1,1,2,2650000.000000,2650000.000000,2650000.000000,2650000.000000,NULL),(10499,2,1,2,2650000.000000,2650000.000000,2650000.000000,2650000.000000,NULL),(10499,3,1,2,2650000.000000,2650000.000000,2650000.000000,2650000.000000,NULL),(10499,4,1,2,2650000.000000,2650000.000000,2650000.000000,2650000.000000,NULL);

--
-- Table structure for table `catalog_product_index_price_tmp`
--

CREATE TABLE `catalog_product_index_price_tmp` (
  `entity_id` int(10) unsigned NOT NULL COMMENT 'Entity ID',
  `customer_group_id` int(10) unsigned NOT NULL DEFAULT 0 COMMENT 'Customer Group ID',
  `website_id` smallint(5) unsigned NOT NULL COMMENT 'Website ID',
  `tax_class_id` smallint(5) unsigned DEFAULT 0 COMMENT 'Tax Class ID',
  `price` decimal(20,6) DEFAULT NULL COMMENT 'Price',
  `final_price` decimal(20,6) DEFAULT NULL COMMENT 'Final Price',
  `min_price` decimal(20,6) DEFAULT NULL COMMENT 'Min Price',
  `max_price` decimal(20,6) DEFAULT NULL COMMENT 'Max Price',
  `tier_price` decimal(20,6) DEFAULT NULL COMMENT 'Tier Price',
  PRIMARY KEY (`entity_id`,`customer_group_id`,`website_id`),
  KEY `CATALOG_PRODUCT_INDEX_PRICE_TMP_CUSTOMER_GROUP_ID` (`customer_group_id`),
  KEY `CATALOG_PRODUCT_INDEX_PRICE_TMP_WEBSITE_ID` (`website_id`),
  KEY `CATALOG_PRODUCT_INDEX_PRICE_TMP_MIN_PRICE` (`min_price`)
) ENGINE=InnoDB DEFAULT CHARSET=utf8 COMMENT='Catalog Product Price Indexer Temp Table';

--
-- Dumping data for table `catalog_product_index_price_tmp`
--


--
-- Table structure for table `catalog_product_index_tier_price`
--

CREATE TABLE `catalog_product_index_tier_price` (
  `entity_id` int(10) unsigned NOT NULL COMMENT 'Entity ID',
  `customer_group_id` int(10) unsigned NOT NULL COMMENT 'Customer Group ID',
  `website_id` smallint(5) unsigned NOT NULL COMMENT 'Website ID',
  `min_price` decimal(20,6) DEFAULT NULL COMMENT 'Min Price',
  PRIMARY KEY (`entity_id`,`customer_group_id`,`website_id`),
  KEY `CATALOG_PRODUCT_INDEX_TIER_PRICE_CUSTOMER_GROUP_ID` (`customer_group_id`),
  KEY `CATALOG_PRODUCT_INDEX_TIER_PRICE_WEBSITE_ID` (`website_id`),
  CONSTRAINT `CAT_PRD_IDX_TIER_PRICE_CSTR_GROUP_ID_CSTR_GROUP_CSTR_GROUP_ID` FOREIGN KEY (`customer_group_id`) REFERENCES `customer_group` (`customer_group_id`) ON DELETE CASCADE,
  CONSTRAINT `CAT_PRD_IDX_TIER_PRICE_ENTT_ID_CAT_PRD_ENTT_ENTT_ID` FOREIGN KEY (`entity_id`) REFERENCES `catalog_product_entity` (`entity_id`) ON DELETE CASCADE,
  CONSTRAINT `CAT_PRD_IDX_TIER_PRICE_WS_ID_STORE_WS_WS_ID` FOREIGN KEY (`website_id`) REFERENCES `store_website` (`website_id`) ON DELETE CASCADE
) ENGINE=InnoDB DEFAULT CHARSET=utf8 COMMENT='Catalog Product Tier Price Index Table';

--
-- Dumping data for table `catalog_product_index_tier_price`
--


--
-- Table structure for table `catalog_product_index_website`
--

CREATE TABLE `catalog_product_index_website` (
  `website_id` smallint(5) unsigned NOT NULL COMMENT 'Website ID',
  `default_store_id` smallint(5) unsigned NOT NULL COMMENT 'Default store ID for website',
  `website_date` date DEFAULT NULL COMMENT 'Website Date',
  `rate` float DEFAULT 1 COMMENT 'Rate',
  PRIMARY KEY (`website_id`),
  KEY `CATALOG_PRODUCT_INDEX_WEBSITE_WEBSITE_DATE` (`website_date`),
  CONSTRAINT `CAT_PRD_IDX_WS_WS_ID_STORE_WS_WS_ID` FOREIGN KEY (`website_id`) REFERENCES `store_website` (`website_id`) ON DELETE CASCADE
) ENGINE=InnoDB DEFAULT CHARSET=utf8 COMMENT='Catalog Product Website Index Table';

--
-- Dumping data for table `catalog_product_index_website`
--

INSERT INTO `catalog_product_index_website` VALUES (1,9,'2022-01-10',1);

--
-- Table structure for table `catalog_product_link`
--

CREATE TABLE `catalog_product_link` (
  `link_id` int(10) unsigned NOT NULL AUTO_INCREMENT COMMENT 'Link ID',
  `product_id` int(10) unsigned NOT NULL DEFAULT 0 COMMENT 'Product ID',
  `linked_product_id` int(10) unsigned NOT NULL DEFAULT 0 COMMENT 'Linked Product ID',
  `link_type_id` smallint(5) unsigned NOT NULL DEFAULT 0 COMMENT 'Link Type ID',
  PRIMARY KEY (`link_id`),
  UNIQUE KEY `CATALOG_PRODUCT_LINK_LINK_TYPE_ID_PRODUCT_ID_LINKED_PRODUCT_ID` (`link_type_id`,`product_id`,`linked_product_id`),
  KEY `CATALOG_PRODUCT_LINK_PRODUCT_ID` (`product_id`),
  KEY `CATALOG_PRODUCT_LINK_LINKED_PRODUCT_ID` (`linked_product_id`),
  CONSTRAINT `CATALOG_PRODUCT_LINK_PRODUCT_ID_CATALOG_PRODUCT_ENTITY_ENTITY_ID` FOREIGN KEY (`product_id`) REFERENCES `catalog_product_entity` (`entity_id`) ON DELETE CASCADE,
  CONSTRAINT `CAT_PRD_LNK_LNKED_PRD_ID_CAT_PRD_ENTT_ENTT_ID` FOREIGN KEY (`linked_product_id`) REFERENCES `catalog_product_entity` (`entity_id`) ON DELETE CASCADE,
  CONSTRAINT `CAT_PRD_LNK_LNK_TYPE_ID_CAT_PRD_LNK_TYPE_LNK_TYPE_ID` FOREIGN KEY (`link_type_id`) REFERENCES `catalog_product_link_type` (`link_type_id`) ON DELETE CASCADE
) ENGINE=InnoDB AUTO_INCREMENT=540 DEFAULT CHARSET=utf8 COMMENT='Catalog Product To Product Linkage Table';

--
-- Dumping data for table `catalog_product_link`
--


--
-- Table structure for table `catalog_product_link_attribute`
--

CREATE TABLE `catalog_product_link_attribute` (
  `product_link_attribute_id` smallint(5) unsigned NOT NULL AUTO_INCREMENT COMMENT 'Product Link Attribute ID',
  `link_type_id` smallint(5) unsigned NOT NULL DEFAULT 0 COMMENT 'Link Type ID',
  `product_link_attribute_code` varchar(32) DEFAULT NULL COMMENT 'Product Link Attribute Code',
  `data_type` varchar(32) DEFAULT NULL COMMENT 'Data Type',
  PRIMARY KEY (`product_link_attribute_id`),
  KEY `CATALOG_PRODUCT_LINK_ATTRIBUTE_LINK_TYPE_ID` (`link_type_id`),
  CONSTRAINT `CAT_PRD_LNK_ATTR_LNK_TYPE_ID_CAT_PRD_LNK_TYPE_LNK_TYPE_ID` FOREIGN KEY (`link_type_id`) REFERENCES `catalog_product_link_type` (`link_type_id`) ON DELETE CASCADE
) ENGINE=InnoDB AUTO_INCREMENT=6 DEFAULT CHARSET=utf8 COMMENT='Catalog Product Link Attribute Table';

--
-- Dumping data for table `catalog_product_link_attribute`
--

INSERT INTO `catalog_product_link_attribute` VALUES (1,1,'position','int'),(2,4,'position','int'),(3,5,'position','int'),(4,3,'position','int'),(5,3,'qty','decimal');

--
-- Table structure for table `catalog_product_link_attribute_decimal`
--

CREATE TABLE `catalog_product_link_attribute_decimal` (
  `value_id` int(10) unsigned NOT NULL AUTO_INCREMENT COMMENT 'Value ID',
  `product_link_attribute_id` smallint(5) unsigned DEFAULT NULL COMMENT 'Product Link Attribute ID',
  `link_id` int(10) unsigned NOT NULL COMMENT 'Link ID',
  `value` decimal(20,6) NOT NULL DEFAULT 0.000000 COMMENT 'Value',
  PRIMARY KEY (`value_id`),
  UNIQUE KEY `CAT_PRD_LNK_ATTR_DEC_PRD_LNK_ATTR_ID_LNK_ID` (`product_link_attribute_id`,`link_id`),
  KEY `CATALOG_PRODUCT_LINK_ATTRIBUTE_DECIMAL_LINK_ID` (`link_id`),
  CONSTRAINT `CAT_PRD_LNK_ATTR_DEC_LNK_ID_CAT_PRD_LNK_LNK_ID` FOREIGN KEY (`link_id`) REFERENCES `catalog_product_link` (`link_id`) ON DELETE CASCADE,
  CONSTRAINT `FK_AB2EFA9A14F7BCF1D5400056203D14B6` FOREIGN KEY (`product_link_attribute_id`) REFERENCES `catalog_product_link_attribute` (`product_link_attribute_id`) ON DELETE CASCADE
) ENGINE=InnoDB DEFAULT CHARSET=utf8 COMMENT='Catalog Product Link Decimal Attribute Table';

--
-- Dumping data for table `catalog_product_link_attribute_decimal`
--


--
-- Table structure for table `catalog_product_link_attribute_int`
--

CREATE TABLE `catalog_product_link_attribute_int` (
  `value_id` int(10) unsigned NOT NULL AUTO_INCREMENT COMMENT 'Value ID',
  `product_link_attribute_id` smallint(5) unsigned DEFAULT NULL COMMENT 'Product Link Attribute ID',
  `link_id` int(10) unsigned NOT NULL COMMENT 'Link ID',
  `value` int(11) NOT NULL DEFAULT 0 COMMENT 'Value',
  PRIMARY KEY (`value_id`),
  UNIQUE KEY `CAT_PRD_LNK_ATTR_INT_PRD_LNK_ATTR_ID_LNK_ID` (`product_link_attribute_id`,`link_id`),
  KEY `CATALOG_PRODUCT_LINK_ATTRIBUTE_INT_LINK_ID` (`link_id`),
  CONSTRAINT `CAT_PRD_LNK_ATTR_INT_LNK_ID_CAT_PRD_LNK_LNK_ID` FOREIGN KEY (`link_id`) REFERENCES `catalog_product_link` (`link_id`) ON DELETE CASCADE,
  CONSTRAINT `FK_D6D878F8BA2A4282F8DDED7E6E3DE35C` FOREIGN KEY (`product_link_attribute_id`) REFERENCES `catalog_product_link_attribute` (`product_link_attribute_id`) ON DELETE CASCADE
) ENGINE=InnoDB AUTO_INCREMENT=488 DEFAULT CHARSET=utf8 COMMENT='Catalog Product Link Integer Attribute Table';

--
-- Dumping data for table `catalog_product_link_attribute_int`
--


--
-- Table structure for table `catalog_product_link_attribute_varchar`
--

CREATE TABLE `catalog_product_link_attribute_varchar` (
  `value_id` int(10) unsigned NOT NULL AUTO_INCREMENT COMMENT 'Value ID',
  `product_link_attribute_id` smallint(5) unsigned NOT NULL DEFAULT 0 COMMENT 'Product Link Attribute ID',
  `link_id` int(10) unsigned NOT NULL COMMENT 'Link ID',
  `value` varchar(255) DEFAULT NULL COMMENT 'Value',
  PRIMARY KEY (`value_id`),
  UNIQUE KEY `CAT_PRD_LNK_ATTR_VCHR_PRD_LNK_ATTR_ID_LNK_ID` (`product_link_attribute_id`,`link_id`),
  KEY `CATALOG_PRODUCT_LINK_ATTRIBUTE_VARCHAR_LINK_ID` (`link_id`),
  CONSTRAINT `CAT_PRD_LNK_ATTR_VCHR_LNK_ID_CAT_PRD_LNK_LNK_ID` FOREIGN KEY (`link_id`) REFERENCES `catalog_product_link` (`link_id`) ON DELETE CASCADE,
  CONSTRAINT `FK_DEE9C4DA61CFCC01DFCF50F0D79CEA51` FOREIGN KEY (`product_link_attribute_id`) REFERENCES `catalog_product_link_attribute` (`product_link_attribute_id`) ON DELETE CASCADE
) ENGINE=InnoDB DEFAULT CHARSET=utf8 COMMENT='Catalog Product Link Varchar Attribute Table';

--
-- Dumping data for table `catalog_product_link_attribute_varchar`
--


--
-- Table structure for table `catalog_product_link_type`
--

CREATE TABLE `catalog_product_link_type` (
  `link_type_id` smallint(5) unsigned NOT NULL AUTO_INCREMENT COMMENT 'Link Type ID',
  `code` varchar(32) DEFAULT NULL COMMENT 'Code',
  PRIMARY KEY (`link_type_id`)
) ENGINE=InnoDB AUTO_INCREMENT=6 DEFAULT CHARSET=utf8 COMMENT='Catalog Product Link Type Table';

--
-- Dumping data for table `catalog_product_link_type`
--

INSERT INTO `catalog_product_link_type` VALUES (1,'relation'),(3,'super'),(4,'up_sell'),(5,'cross_sell');

--
-- Table structure for table `catalog_product_option`
--

CREATE TABLE `catalog_product_option` (
  `option_id` int(10) unsigned NOT NULL AUTO_INCREMENT COMMENT 'Option ID',
  `product_id` int(10) unsigned NOT NULL DEFAULT 0 COMMENT 'Product ID',
  `type` varchar(50) DEFAULT NULL COMMENT 'Type',
  `is_require` smallint(6) NOT NULL DEFAULT 1 COMMENT 'Is Required',
  `sku` varchar(64) DEFAULT NULL COMMENT 'SKU',
  `max_characters` int(10) unsigned DEFAULT NULL COMMENT 'Max Characters',
  `file_extension` varchar(50) DEFAULT NULL COMMENT 'File Extension',
  `image_size_x` smallint(5) unsigned DEFAULT NULL COMMENT 'Image Size X',
  `image_size_y` smallint(5) unsigned DEFAULT NULL COMMENT 'Image Size Y',
  `sort_order` int(10) unsigned NOT NULL DEFAULT 0 COMMENT 'Sort Order',
  PRIMARY KEY (`option_id`),
  KEY `CATALOG_PRODUCT_OPTION_PRODUCT_ID` (`product_id`),
  CONSTRAINT `CAT_PRD_OPT_PRD_ID_CAT_PRD_ENTT_ENTT_ID` FOREIGN KEY (`product_id`) REFERENCES `catalog_product_entity` (`entity_id`) ON DELETE CASCADE
) ENGINE=InnoDB AUTO_INCREMENT=2 DEFAULT CHARSET=utf8 COMMENT='Catalog Product Option Table';

--
-- Dumping data for table `catalog_product_option`
--


--
-- Table structure for table `catalog_product_option_price`
--

CREATE TABLE `catalog_product_option_price` (
  `option_price_id` int(10) unsigned NOT NULL AUTO_INCREMENT COMMENT 'Option Price ID',
  `option_id` int(10) unsigned NOT NULL DEFAULT 0 COMMENT 'Option ID',
  `store_id` smallint(5) unsigned NOT NULL DEFAULT 0 COMMENT 'Store ID',
  `price` decimal(20,6) NOT NULL DEFAULT 0.000000 COMMENT 'Price',
  `price_type` varchar(7) NOT NULL DEFAULT 'fixed' COMMENT 'Price Type',
  PRIMARY KEY (`option_price_id`),
  UNIQUE KEY `CATALOG_PRODUCT_OPTION_PRICE_OPTION_ID_STORE_ID` (`option_id`,`store_id`),
  KEY `CATALOG_PRODUCT_OPTION_PRICE_STORE_ID` (`store_id`),
  CONSTRAINT `CATALOG_PRODUCT_OPTION_PRICE_STORE_ID_STORE_STORE_ID` FOREIGN KEY (`store_id`) REFERENCES `store` (`store_id`) ON DELETE CASCADE,
  CONSTRAINT `CAT_PRD_OPT_PRICE_OPT_ID_CAT_PRD_OPT_OPT_ID` FOREIGN KEY (`option_id`) REFERENCES `catalog_product_option` (`option_id`) ON DELETE CASCADE
) ENGINE=InnoDB DEFAULT CHARSET=utf8 COMMENT='Catalog Product Option Price Table';

--
-- Dumping data for table `catalog_product_option_price`
--


--
-- Table structure for table `catalog_product_option_title`
--

CREATE TABLE `catalog_product_option_title` (
  `option_title_id` int(10) unsigned NOT NULL AUTO_INCREMENT COMMENT 'Option Title ID',
  `option_id` int(10) unsigned NOT NULL DEFAULT 0 COMMENT 'Option ID',
  `store_id` smallint(5) unsigned NOT NULL DEFAULT 0 COMMENT 'Store ID',
  `title` varchar(255) DEFAULT NULL COMMENT 'Title',
  PRIMARY KEY (`option_title_id`),
  UNIQUE KEY `CATALOG_PRODUCT_OPTION_TITLE_OPTION_ID_STORE_ID` (`option_id`,`store_id`),
  KEY `CATALOG_PRODUCT_OPTION_TITLE_STORE_ID` (`store_id`),
  CONSTRAINT `CATALOG_PRODUCT_OPTION_TITLE_STORE_ID_STORE_STORE_ID` FOREIGN KEY (`store_id`) REFERENCES `store` (`store_id`) ON DELETE CASCADE,
  CONSTRAINT `CAT_PRD_OPT_TTL_OPT_ID_CAT_PRD_OPT_OPT_ID` FOREIGN KEY (`option_id`) REFERENCES `catalog_product_option` (`option_id`) ON DELETE CASCADE
) ENGINE=InnoDB AUTO_INCREMENT=2 DEFAULT CHARSET=utf8 COMMENT='Catalog Product Option Title Table';

--
-- Dumping data for table `catalog_product_option_title`
--


--
-- Table structure for table `catalog_product_option_type_price`
--

CREATE TABLE `catalog_product_option_type_price` (
  `option_type_price_id` int(10) unsigned NOT NULL AUTO_INCREMENT COMMENT 'Option Type Price ID',
  `option_type_id` int(10) unsigned NOT NULL DEFAULT 0 COMMENT 'Option Type ID',
  `store_id` smallint(5) unsigned NOT NULL DEFAULT 0 COMMENT 'Store ID',
  `price` decimal(20,6) NOT NULL DEFAULT 0.000000 COMMENT 'Price',
  `price_type` varchar(7) NOT NULL DEFAULT 'fixed' COMMENT 'Price Type',
  PRIMARY KEY (`option_type_price_id`),
  UNIQUE KEY `CATALOG_PRODUCT_OPTION_TYPE_PRICE_OPTION_TYPE_ID_STORE_ID` (`option_type_id`,`store_id`),
  KEY `CATALOG_PRODUCT_OPTION_TYPE_PRICE_STORE_ID` (`store_id`),
  CONSTRAINT `CATALOG_PRODUCT_OPTION_TYPE_PRICE_STORE_ID_STORE_STORE_ID` FOREIGN KEY (`store_id`) REFERENCES `store` (`store_id`) ON DELETE CASCADE,
  CONSTRAINT `FK_B523E3378E8602F376CC415825576B7F` FOREIGN KEY (`option_type_id`) REFERENCES `catalog_product_option_type_value` (`option_type_id`) ON DELETE CASCADE
) ENGINE=InnoDB AUTO_INCREMENT=2 DEFAULT CHARSET=utf8 COMMENT='Catalog Product Option Type Price Table';

--
-- Dumping data for table `catalog_product_option_type_price`
--


--
-- Table structure for table `catalog_product_option_type_title`
--

CREATE TABLE `catalog_product_option_type_title` (
  `option_type_title_id` int(10) unsigned NOT NULL AUTO_INCREMENT COMMENT 'Option Type Title ID',
  `option_type_id` int(10) unsigned NOT NULL DEFAULT 0 COMMENT 'Option Type ID',
  `store_id` smallint(5) unsigned NOT NULL DEFAULT 0 COMMENT 'Store ID',
  `title` varchar(255) DEFAULT NULL COMMENT 'Title',
  PRIMARY KEY (`option_type_title_id`),
  UNIQUE KEY `CATALOG_PRODUCT_OPTION_TYPE_TITLE_OPTION_TYPE_ID_STORE_ID` (`option_type_id`,`store_id`),
  KEY `CATALOG_PRODUCT_OPTION_TYPE_TITLE_STORE_ID` (`store_id`),
  CONSTRAINT `CATALOG_PRODUCT_OPTION_TYPE_TITLE_STORE_ID_STORE_STORE_ID` FOREIGN KEY (`store_id`) REFERENCES `store` (`store_id`) ON DELETE CASCADE,
  CONSTRAINT `FK_C085B9CF2C2A302E8043FDEA1937D6A2` FOREIGN KEY (`option_type_id`) REFERENCES `catalog_product_option_type_value` (`option_type_id`) ON DELETE CASCADE
) ENGINE=InnoDB AUTO_INCREMENT=2 DEFAULT CHARSET=utf8 COMMENT='Catalog Product Option Type Title Table';

--
-- Dumping data for table `catalog_product_option_type_title`
--


--
-- Table structure for table `catalog_product_option_type_value`
--

CREATE TABLE `catalog_product_option_type_value` (
  `option_type_id` int(10) unsigned NOT NULL AUTO_INCREMENT COMMENT 'Option Type ID',
  `option_id` int(10) unsigned NOT NULL DEFAULT 0 COMMENT 'Option ID',
  `sku` varchar(64) DEFAULT NULL COMMENT 'SKU',
  `sort_order` int(10) unsigned NOT NULL DEFAULT 0 COMMENT 'Sort Order',
  PRIMARY KEY (`option_type_id`),
  KEY `CATALOG_PRODUCT_OPTION_TYPE_VALUE_OPTION_ID` (`option_id`),
  CONSTRAINT `CAT_PRD_OPT_TYPE_VAL_OPT_ID_CAT_PRD_OPT_OPT_ID` FOREIGN KEY (`option_id`) REFERENCES `catalog_product_option` (`option_id`) ON DELETE CASCADE
) ENGINE=InnoDB AUTO_INCREMENT=2 DEFAULT CHARSET=utf8 COMMENT='Catalog Product Option Type Value Table';

--
-- Dumping data for table `catalog_product_option_type_value`
--


--
-- Table structure for table `catalog_product_relation`
--

CREATE TABLE `catalog_product_relation` (
  `parent_id` int(10) unsigned NOT NULL COMMENT 'Parent ID',
  `child_id` int(10) unsigned NOT NULL COMMENT 'Child ID',
  PRIMARY KEY (`parent_id`,`child_id`),
  KEY `CATALOG_PRODUCT_RELATION_CHILD_ID` (`child_id`),
  CONSTRAINT `CAT_PRD_RELATION_CHILD_ID_CAT_PRD_ENTT_ENTT_ID` FOREIGN KEY (`child_id`) REFERENCES `catalog_product_entity` (`entity_id`) ON DELETE CASCADE,
  CONSTRAINT `CAT_PRD_RELATION_PARENT_ID_CAT_PRD_ENTT_ENTT_ID` FOREIGN KEY (`parent_id`) REFERENCES `catalog_product_entity` (`entity_id`) ON DELETE CASCADE
) ENGINE=InnoDB DEFAULT CHARSET=utf8 COMMENT='Catalog Product Relation Table';

--
-- Dumping data for table `catalog_product_relation`
--

INSERT INTO `catalog_product_relation` VALUES (5370,5365),(5370,5366),(5370,5367),(5370,5368),(5370,5369),(5376,5371),(5376,5372),(5376,5373),(5376,5374),(5376,5375),(5382,5377),(5382,5378),(5382,5379),(5382,5380),(5382,5381),(9388,9389),(9388,9390),(9388,9391),(9392,9393),(9392,9394),(9392,9395),(9392,9396),(9398,9399),(9398,9400),(9398,9401),(9398,9402),(9398,9403),(9398,9404),(9417,9418),(9417,9419),(9417,9420),(9417,9421),(9417,9422),(9417,9423),(9417,9424),(9430,9431),(9430,9432),(9430,9433),(9430,9434),(9430,9435),(9430,9436),(9430,9437),(9430,9438),(9439,9440),(9439,9441),(9442,9443),(9442,9444),(9445,9446),(9445,9447),(9445,9448),(9449,9450),(9451,9452),(9451,9453),(9451,9454),(9455,9456),(9457,9458),(9461,9462),(9461,9463),(9468,9470),(9476,9477),(9476,9478),(9479,9480),(9479,9481),(9765,9766),(9765,9767),(9765,9768),(9765,9769),(9770,9771),(9770,9772),(9773,9774),(9773,9775),(9773,9776),(9773,9777),(9773,9778),(9773,9779),(9773,9780),(9773,9781),(9782,9783),(9782,9784),(9785,9786),(9785,9787),(9789,9790),(9789,9791),(9789,9792),(9789,9793),(9795,9796),(9795,9797),(9795,9798),(9795,9799),(9795,9800),(9795,9801),(9795,9802),(9795,9803),(9795,9804),(9795,9805),(9795,9806),(9795,9807),(9808,9809),(9808,9810),(9808,9811),(9808,9812),(9813,9814),(9813,9815),(9816,9817),(9816,9818),(9816,9819),(9820,9821),(9820,9822),(9820,9823),(9820,9824),(9826,9827),(9826,9828),(9826,9829),(9826,9830),(9826,9831),(9826,9832),(9869,9870),(9869,9871),(9873,10455),(9873,10456),(9875,10461),(9875,10462),(9876,10457),(9876,10458),(9877,10459),(9877,10460),(9889,9891),(9896,9897),(9896,9898),(9899,10498),(9899,10499),(9914,9915),(9914,9916),(9914,9917),(9914,9918),(9919,9920),(9919,9921),(9919,9922),(9919,9923),(9924,9925),(9924,9926),(9924,9927),(9924,9928),(9929,9930),(9929,9931),(9929,9932),(9929,9933),(9935,9936),(9935,9937),(9935,9942),(9935,9943),(9944,9945),(9944,9946),(9947,9948),(9947,9949),(9947,9950),(9947,9951),(9947,9952),(9947,9953),(9955,9956),(9955,9957),(9955,9958),(9955,9959),(9955,9960),(9955,9961),(9955,9962),(9955,9963),(9955,9964),(9965,9966),(9965,9967),(9965,9968),(9965,9969),(9965,9970),(9965,9971),(9965,9972),(9965,9973),(9965,9974),(9975,9976),(9975,9977),(9975,9978),(9975,9979),(9980,9981),(9980,9982),(9980,9983),(9980,9984),(9980,9985),(9980,9986),(9987,9966),(9987,9967),(9987,9968),(9997,9998),(9997,9999),(9997,10000),(9997,10001),(10002,10003),(10002,10004),(10002,10005),(10002,10006),(10002,10007),(10002,10008),(10009,10010),(10009,10011),(10009,10012),(10009,10013),(10009,10014),(10009,10015),(10016,10017),(10016,10018),(10016,10019),(10016,10020),(10016,10021),(10016,10022),(10023,10024),(10023,10025),(10023,10026),(10023,10027),(10023,10028),(10023,10029),(10023,10030),(10023,10031),(10033,10034),(10033,10035),(10033,10036),(10033,10037),(10033,10038),(10033,10039),(10040,10041),(10040,10042),(10040,10043),(10040,10044),(10040,10045),(10040,10046),(10047,10048),(10047,10049),(10047,10050),(10051,10052),(10051,10053),(10051,10054),(10051,10055),(10051,10056),(10051,10057),(10058,10059),(10058,10060),(10058,10061),(10058,10062),(10063,10064),(10063,10065),(10063,10066),(10063,10067),(10068,10069),(10068,10070),(10068,10071),(10072,10073),(10072,10074),(10072,10075),(10076,10077),(10076,10078),(10076,10079),(10080,10081),(10080,10082),(10080,10083),(10084,10085),(10084,10086),(10084,10087),(10088,10089),(10088,10090),(10088,10091),(10092,10093),(10092,10094),(10092,10095),(10092,10096),(10097,10098),(10097,10099),(10097,10100),(10101,10102),(10101,10103),(10101,10104),(10101,10105),(10101,10106),(10101,10107),(10101,10108),(10109,10110),(10109,10111),(10109,10112),(10113,10114),(10113,10115),(10113,10116),(10113,10117),(10113,10118),(10119,10120),(10119,10121),(10119,10122),(10123,10124),(10123,10125),(10126,10127),(10126,10128),(10126,10129),(10130,10131),(10130,10132),(10130,10133),(10134,10135),(10134,10136),(10137,10138),(10137,10139),(10137,10140),(10141,10142),(10141,10143),(10141,10144),(10145,10146),(10145,10147),(10145,10148),(10152,10153),(10152,10154),(10155,10156),(10155,10157),(10155,10158),(10159,10160),(10159,10161),(10162,10163),(10162,10164),(10165,10166),(10165,10167),(10168,10169),(10168,10170),(10171,10172),(10171,10173),(10171,10174),(10175,10176),(10175,10177),(10178,10179),(10178,10180),(10178,10181),(10178,10182),(10183,10184),(10183,10185),(10186,10187),(10186,10188),(10189,10190),(10189,10191),(10192,10193),(10192,10194),(10195,10196),(10195,10197),(10256,10258),(10256,10259),(10256,10260),(10256,10261),(10256,10262),(10256,10263),(10264,10266),(10264,10267),(10264,10268),(10264,10269),(10264,10270),(10264,10271),(10272,10273),(10272,10274),(10350,10351),(10350,10352),(10350,10353),(10354,10355),(10354,10356),(10354,10357),(10358,10361),(10362,10363),(10362,10364),(10362,10365),(10366,10367),(10366,10368),(10366,10369),(10370,10371),(10370,10372),(10370,10373),(10384,10385),(10384,10386),(10384,10387),(10384,10388),(10392,10393),(10395,10396),(10398,10399),(10401,10402),(10404,10405),(10407,10408),(10410,10411),(10413,10414),(10416,10417),(10433,10426),(10433,10427),(10433,10428),(10433,10429),(10433,10430),(10433,10431),(10433,10432),(10434,10445),(10434,10446),(10434,10447),(10434,10448),(10434,10449),(10434,10450),(10434,10451),(10435,10438),(10435,10439),(10435,10440),(10435,10441),(10435,10442),(10435,10443),(10435,10444),(10463,10464),(10463,10465),(10463,10466),(10478,10467),(10478,10468),(10478,10469),(10478,10470),(10478,10471),(10478,10472),(10478,10473),(10478,10474),(10478,10475),(10478,10476),(10478,10477),(10478,10479);

--
-- Table structure for table `catalog_product_super_attribute`
--

CREATE TABLE `catalog_product_super_attribute` (
  `product_super_attribute_id` int(10) unsigned NOT NULL AUTO_INCREMENT COMMENT 'Product Super Attribute ID',
  `product_id` int(10) unsigned NOT NULL DEFAULT 0 COMMENT 'Product ID',
  `attribute_id` smallint(5) unsigned NOT NULL DEFAULT 0 COMMENT 'Attribute ID',
  `position` smallint(5) unsigned NOT NULL DEFAULT 0 COMMENT 'Position',
  PRIMARY KEY (`product_super_attribute_id`),
  UNIQUE KEY `CATALOG_PRODUCT_SUPER_ATTRIBUTE_PRODUCT_ID_ATTRIBUTE_ID` (`product_id`,`attribute_id`),
  CONSTRAINT `CAT_PRD_SPR_ATTR_PRD_ID_CAT_PRD_ENTT_ENTT_ID` FOREIGN KEY (`product_id`) REFERENCES `catalog_product_entity` (`entity_id`) ON DELETE CASCADE
) ENGINE=InnoDB AUTO_INCREMENT=1251 DEFAULT CHARSET=utf8 COMMENT='Catalog Product Super Attribute Table';

--
-- Dumping data for table `catalog_product_super_attribute`
--

INSERT INTO `catalog_product_super_attribute` VALUES (559,5370,182,0),(560,5376,182,0),(561,5382,182,0),(1095,9388,93,0),(1096,9392,93,0),(1097,9392,178,1),(1098,9398,179,0),(1099,9398,93,1),(1100,9405,179,0),(1101,9412,179,0),(1102,9417,179,0),(1103,9417,93,1),(1104,9425,93,0),(1105,9430,93,0),(1106,9430,179,1),(1107,9439,93,0),(1108,9442,93,0),(1109,9445,93,0),(1110,9449,93,0),(1111,9451,179,0),(1112,9451,93,1),(1113,9455,93,0),(1114,9457,93,0),(1115,9461,178,0),(1116,9468,178,0),(1117,9476,93,0),(1118,9479,93,0),(1119,9765,178,0),(1120,9770,178,0),(1121,9773,93,0),(1122,9773,180,1),(1123,9773,178,2),(1124,9782,93,0),(1125,9785,93,0),(1126,9789,93,0),(1127,9789,178,1),(1128,9795,93,0),(1129,9795,178,1),(1130,9795,180,2),(1131,9808,178,0),(1132,9813,178,0),(1133,9816,178,0),(1134,9820,178,0),(1135,9826,93,0),(1136,9826,178,1),(1137,9869,178,0),(1138,9889,93,0),(1139,9896,93,0),(1140,9914,93,0),(1141,9914,178,1),(1142,9919,93,0),(1143,9919,178,1),(1144,9924,93,0),(1145,9924,178,1),(1146,9929,93,0),(1147,9929,178,1),(1148,9935,93,0),(1149,9935,178,1),(1150,9935,179,2),(1151,9944,178,0),(1152,9947,178,0),(1153,9947,93,1),(1154,9955,93,0),(1155,9955,178,1),(1156,9965,93,0),(1157,9965,178,1),(1158,9975,93,0),(1159,9975,178,1),(1160,9980,93,0),(1161,9980,178,1),(1162,9987,93,0),(1163,9987,178,1),(1164,9997,178,0),(1165,10002,93,0),(1166,10002,178,1),(1167,10009,93,0),(1168,10009,178,1),(1169,10016,93,0),(1170,10016,178,1),(1171,10023,93,0),(1172,10023,178,1),(1173,10033,93,0),(1174,10033,178,1),(1175,10040,93,0),(1176,10040,178,1),(1177,10047,178,0),(1178,10051,93,0),(1179,10051,178,1),(1180,10058,93,0),(1181,10058,178,1),(1182,10063,93,0),(1183,10063,178,1),(1184,10068,93,0),(1185,10072,93,0),(1186,10076,93,0),(1187,10080,93,0),(1188,10084,93,0),(1189,10088,93,0),(1190,10092,93,0),(1191,10097,93,0),(1192,10101,93,0),(1193,10109,93,0),(1194,10113,93,0),(1195,10119,93,0),(1196,10123,93,0),(1197,10126,93,0),(1198,10130,93,0),(1199,10134,93,0),(1200,10137,93,0),(1201,10141,93,0),(1202,10145,93,0),(1203,10152,93,0),(1204,10155,93,0),(1205,10159,93,0),(1206,10162,93,0),(1207,10165,93,0),(1208,10168,93,0),(1209,10171,93,0),(1210,10175,93,0),(1211,10178,179,0),(1212,10178,93,1),(1213,10183,93,0),(1214,10186,93,0),(1215,10189,93,0),(1216,10192,93,0),(1217,10195,93,0),(1218,10256,178,0),(1219,10264,178,0),(1220,10272,178,0),(1221,10350,93,0),(1222,10354,93,0),(1223,10358,93,0),(1224,10362,93,0),(1225,10366,93,0),(1226,10370,93,0),(1227,10384,93,0),(1229,10392,178,0),(1230,10395,178,0),(1231,10398,178,0),(1232,10401,178,0),(1233,10404,178,0),(1234,10407,178,0),(1235,10410,178,0),(1236,10413,93,0),(1237,10416,178,0),(1238,10433,181,0),(1239,10435,181,0),(1240,10434,181,0),(1241,9873,93,0),(1242,9876,93,0),(1243,9877,93,0),(1244,9875,93,0),(1245,10463,93,0),(1246,10478,93,0),(1250,9899,93,0);

--
-- Table structure for table `catalog_product_super_attribute_label`
--

CREATE TABLE `catalog_product_super_attribute_label` (
  `value_id` int(10) unsigned NOT NULL AUTO_INCREMENT COMMENT 'Value ID',
  `product_super_attribute_id` int(10) unsigned NOT NULL DEFAULT 0 COMMENT 'Product Super Attribute ID',
  `store_id` smallint(5) unsigned NOT NULL DEFAULT 0 COMMENT 'Store ID',
  `use_default` smallint(5) unsigned DEFAULT 0 COMMENT 'Use Default Value',
  `value` varchar(255) DEFAULT NULL COMMENT 'Value',
  PRIMARY KEY (`value_id`),
  UNIQUE KEY `CAT_PRD_SPR_ATTR_LBL_PRD_SPR_ATTR_ID_STORE_ID` (`product_super_attribute_id`,`store_id`),
  KEY `CATALOG_PRODUCT_SUPER_ATTRIBUTE_LABEL_STORE_ID` (`store_id`),
  CONSTRAINT `CATALOG_PRODUCT_SUPER_ATTRIBUTE_LABEL_STORE_ID_STORE_STORE_ID` FOREIGN KEY (`store_id`) REFERENCES `store` (`store_id`) ON DELETE CASCADE,
  CONSTRAINT `FK_309442281DF7784210ED82B2CC51E5D5` FOREIGN KEY (`product_super_attribute_id`) REFERENCES `catalog_product_super_attribute` (`product_super_attribute_id`) ON DELETE CASCADE
) ENGINE=InnoDB AUTO_INCREMENT=1220 DEFAULT CHARSET=utf8 COMMENT='Catalog Product Super Attribute Label Table';

--
-- Dumping data for table `catalog_product_super_attribute_label`
--

INSERT INTO `catalog_product_super_attribute_label` VALUES (536,559,0,0,'combo'),(537,560,0,0,'combo'),(538,561,0,0,'combo'),(1066,1095,0,0,'Color'),(1067,1096,0,0,'Color'),(1068,1097,0,0,'Size1'),(1069,1098,0,0,'Material'),(1070,1099,0,0,'Color'),(1071,1100,0,0,'Material'),(1072,1101,0,0,'Material'),(1073,1102,0,0,'Material'),(1074,1103,0,0,'Color'),(1075,1104,0,0,'Color'),(1076,1105,0,0,'Color'),(1077,1106,0,0,'Material'),(1078,1107,0,0,'Color'),(1079,1108,0,0,'Color'),(1080,1109,0,0,'Color'),(1081,1110,0,0,'Color'),(1082,1111,0,0,'Material'),(1083,1112,0,0,'Color'),(1084,1113,0,0,'Color'),(1085,1114,0,0,'Color'),(1086,1115,0,0,'Size1'),(1087,1116,0,0,'Size1'),(1088,1117,0,0,'Color'),(1089,1118,0,0,'Color'),(1090,1119,0,0,'Size1'),(1091,1120,0,0,'Size1'),(1092,1121,0,0,'Color'),(1093,1122,0,0,'Lampcolor'),(1094,1123,0,0,'Size1'),(1095,1124,0,0,'Color'),(1096,1125,0,0,'Color'),(1097,1126,0,0,'Color'),(1098,1127,0,0,'Size1'),(1099,1128,0,0,'Color'),(1100,1129,0,0,'Size1'),(1101,1130,0,0,'Lampcolor'),(1102,1131,0,0,'Size1'),(1103,1132,0,0,'Size1'),(1104,1133,0,0,'Size1'),(1105,1134,0,0,'Size1'),(1106,1135,0,0,'Color'),(1107,1136,0,0,'Size1'),(1108,1137,0,0,'Size1'),(1109,1138,0,0,'Color'),(1110,1139,0,0,'Color'),(1111,1140,0,0,'Color'),(1112,1141,0,0,'Size1'),(1113,1142,0,0,'Color'),(1114,1143,0,0,'Size1'),(1115,1144,0,0,'Color'),(1116,1145,0,0,'Size1'),(1117,1146,0,0,'Color'),(1118,1147,0,0,'Size1'),(1119,1148,0,0,'Color'),(1120,1149,0,0,'Size1'),(1121,1150,0,0,'Material'),(1122,1151,0,0,'Size1'),(1123,1152,0,0,'Size1'),(1124,1153,0,0,'Color'),(1125,1154,0,0,'Color'),(1126,1155,0,0,'Size1'),(1127,1156,0,0,'Color'),(1128,1157,0,0,'Size1'),(1129,1158,0,0,'Color'),(1130,1159,0,0,'Size1'),(1131,1160,0,0,'Color'),(1132,1161,0,0,'Size1'),(1133,1162,0,0,'Color'),(1134,1163,0,0,'Size1'),(1135,1164,0,0,'Size1'),(1136,1165,0,0,'Color'),(1137,1166,0,0,'Size1'),(1138,1167,0,0,'Color'),(1139,1168,0,0,'Size1'),(1140,1169,0,0,'Color'),(1141,1170,0,0,'Size1'),(1142,1171,0,0,'Color'),(1143,1172,0,0,'Size1'),(1144,1173,0,0,'Color'),(1145,1174,0,0,'Size1'),(1146,1175,0,0,'Color'),(1147,1176,0,0,'Size1'),(1148,1177,0,0,'Size1'),(1149,1178,0,0,'Color'),(1150,1179,0,0,'Size1'),(1151,1180,0,0,'Color'),(1152,1181,0,0,'Size1'),(1153,1182,0,0,'Color'),(1154,1183,0,0,'Size1'),(1155,1184,0,0,'Color'),(1156,1185,0,0,'Color'),(1157,1186,0,0,'Color'),(1158,1187,0,0,'Color'),(1159,1188,0,0,'Color'),(1160,1189,0,0,'Color'),(1161,1190,0,0,'Color'),(1162,1191,0,0,'Color'),(1163,1192,0,0,'Color'),(1164,1193,0,0,'Color'),(1165,1194,0,0,'Color'),(1166,1195,0,0,'Color'),(1167,1196,0,0,'Color'),(1168,1197,0,0,'Color'),(1169,1198,0,0,'Color'),(1170,1199,0,0,'Color'),(1171,1200,0,0,'Color'),(1172,1201,0,0,'Color'),(1173,1202,0,0,'Color'),(1174,1203,0,0,'Color'),(1175,1204,0,0,'Color'),(1176,1205,0,0,'Color'),(1177,1206,0,0,'Color'),(1178,1207,0,0,'Color'),(1179,1208,0,0,'Color'),(1180,1209,0,0,'Color'),(1181,1210,0,0,'Color'),(1182,1211,0,0,'Material'),(1183,1212,0,0,'Color'),(1184,1213,0,0,'Color'),(1185,1214,0,0,'Color'),(1186,1215,0,0,'Color'),(1187,1216,0,0,'Color'),(1188,1217,0,0,'Color'),(1189,1218,0,0,'Size1'),(1190,1219,0,0,'Size1'),(1191,1220,0,0,'Size1'),(1192,1221,0,0,'Color'),(1193,1222,0,0,'Color'),(1194,1223,0,0,'Color'),(1195,1224,0,0,'Color'),(1196,1225,0,0,'Color'),(1197,1226,0,0,'Color'),(1198,1227,0,0,'Color'),(1199,1229,0,0,'Size1'),(1200,1230,0,0,'Size1'),(1201,1231,0,0,'Size1'),(1202,1232,0,0,'Size1'),(1203,1233,0,0,'Size1'),(1204,1234,0,0,'Size1'),(1205,1235,0,0,'Size1'),(1206,1236,0,0,'Color'),(1207,1237,0,0,'Size1'),(1208,1238,0,0,'deadline'),(1209,1239,0,0,'deadline'),(1210,1240,0,0,'deadline'),(1211,1241,0,0,'Color'),(1212,1242,0,0,'Color'),(1213,1243,0,0,'Color'),(1214,1244,0,0,'Color'),(1215,1245,0,0,'Color'),(1216,1246,0,0,'Color'),(1219,1250,0,0,'Color');

--
-- Table structure for table `catalog_product_super_link`
--

CREATE TABLE `catalog_product_super_link` (
  `link_id` int(10) unsigned NOT NULL AUTO_INCREMENT COMMENT 'Link ID',
  `product_id` int(10) unsigned NOT NULL DEFAULT 0 COMMENT 'Product ID',
  `parent_id` int(10) unsigned NOT NULL DEFAULT 0 COMMENT 'Parent ID',
  PRIMARY KEY (`link_id`),
  UNIQUE KEY `CATALOG_PRODUCT_SUPER_LINK_PRODUCT_ID_PARENT_ID` (`product_id`,`parent_id`),
  KEY `CATALOG_PRODUCT_SUPER_LINK_PARENT_ID` (`parent_id`),
  CONSTRAINT `CAT_PRD_SPR_LNK_PARENT_ID_CAT_PRD_ENTT_ENTT_ID` FOREIGN KEY (`parent_id`) REFERENCES `catalog_product_entity` (`entity_id`) ON DELETE CASCADE,
  CONSTRAINT `CAT_PRD_SPR_LNK_PRD_ID_CAT_PRD_ENTT_ENTT_ID` FOREIGN KEY (`product_id`) REFERENCES `catalog_product_entity` (`entity_id`) ON DELETE CASCADE
) ENGINE=InnoDB AUTO_INCREMENT=11853 DEFAULT CHARSET=utf8 COMMENT='Catalog Product Super Link Table';

--
-- Dumping data for table `catalog_product_super_link`
--

INSERT INTO `catalog_product_super_link` VALUES (8473,5365,5370),(8474,5366,5370),(8475,5367,5370),(8476,5368,5370),(8477,5369,5370),(8478,5371,5376),(8479,5372,5376),(8480,5373,5376),(8481,5374,5376),(8482,5375,5376),(8483,5377,5382),(8484,5378,5382),(8485,5379,5382),(8486,5380,5382),(8487,5381,5382),(10626,9389,9388),(10627,9390,9388),(10628,9391,9388),(10629,9393,9392),(10630,9394,9392),(10631,9395,9392),(10632,9396,9392),(10633,9399,9398),(10634,9400,9398),(10635,9401,9398),(10636,9402,9398),(10637,9403,9398),(10638,9404,9398),(10639,9418,9417),(10640,9419,9417),(10641,9420,9417),(10642,9421,9417),(10643,9422,9417),(10644,9423,9417),(10645,9424,9417),(10646,9431,9430),(10647,9432,9430),(10648,9433,9430),(10649,9434,9430),(10650,9435,9430),(10651,9436,9430),(10652,9437,9430),(10653,9438,9430),(10654,9440,9439),(10655,9441,9439),(10656,9443,9442),(10657,9444,9442),(10658,9446,9445),(10659,9447,9445),(10660,9448,9445),(10661,9450,9449),(10662,9452,9451),(10663,9453,9451),(10664,9454,9451),(10665,9456,9455),(10666,9458,9457),(10667,9462,9461),(10668,9463,9461),(10669,9470,9468),(10670,9477,9476),(10671,9478,9476),(10672,9480,9479),(10673,9481,9479),(10674,9766,9765),(10675,9767,9765),(10676,9768,9765),(10677,9769,9765),(10678,9771,9770),(10679,9772,9770),(10680,9774,9773),(10681,9775,9773),(10682,9776,9773),(10683,9777,9773),(10684,9778,9773),(10685,9779,9773),(10686,9780,9773),(10687,9781,9773),(10688,9783,9782),(10689,9784,9782),(10690,9786,9785),(10691,9787,9785),(10694,9790,9789),(10695,9791,9789),(10696,9792,9789),(10697,9793,9789),(10698,9796,9795),(10699,9797,9795),(10700,9798,9795),(10701,9799,9795),(10702,9800,9795),(10703,9801,9795),(10704,9802,9795),(10705,9803,9795),(10706,9804,9795),(10707,9805,9795),(10708,9806,9795),(10709,9807,9795),(10710,9809,9808),(10711,9810,9808),(10712,9811,9808),(10713,9812,9808),(10714,9814,9813),(10715,9815,9813),(10716,9817,9816),(10717,9818,9816),(10718,9819,9816),(10719,9821,9820),(10720,9822,9820),(10721,9823,9820),(10722,9824,9820),(10723,9827,9826),(10724,9828,9826),(10725,9829,9826),(10726,9830,9826),(10727,9831,9826),(10728,9832,9826),(10729,9870,9869),(10730,9871,9869),(10734,9891,9889),(10735,9897,9896),(10736,9898,9896),(10737,9915,9914),(10738,9916,9914),(10739,9917,9914),(10740,9918,9914),(10741,9920,9919),(10742,9921,9919),(10743,9922,9919),(10744,9923,9919),(10745,9925,9924),(10746,9926,9924),(10747,9927,9924),(10748,9928,9924),(10749,9930,9929),(10750,9931,9929),(10751,9932,9929),(10752,9933,9929),(10753,9936,9935),(10754,9937,9935),(10755,9942,9935),(10756,9943,9935),(10757,9945,9944),(10758,9946,9944),(10759,9948,9947),(10760,9949,9947),(10761,9950,9947),(10762,9951,9947),(10763,9952,9947),(10764,9953,9947),(10765,9956,9955),(10766,9957,9955),(10767,9958,9955),(10768,9959,9955),(10769,9960,9955),(10770,9961,9955),(10771,9962,9955),(10772,9963,9955),(10773,9964,9955),(10776,9966,9965),(10797,9966,9987),(10775,9967,9965),(10796,9967,9987),(10774,9968,9965),(10795,9968,9987),(10779,9969,9965),(10778,9970,9965),(10777,9971,9965),(10782,9972,9965),(10781,9973,9965),(10780,9974,9965),(10784,9976,9975),(10783,9977,9975),(10786,9978,9975),(10785,9979,9975),(10788,9981,9980),(10787,9982,9980),(10790,9983,9980),(10789,9984,9980),(10792,9985,9980),(10791,9986,9980),(10798,9998,9997),(10799,9999,9997),(10800,10000,9997),(10801,10001,9997),(10802,10003,10002),(10803,10004,10002),(10804,10005,10002),(10805,10006,10002),(10807,10007,10002),(10806,10008,10002),(10808,10010,10009),(10809,10011,10009),(10810,10012,10009),(10811,10013,10009),(10813,10014,10009),(10812,10015,10009),(10814,10017,10016),(10815,10018,10016),(10816,10019,10016),(10817,10020,10016),(10819,10021,10016),(10818,10022,10016),(10820,10024,10023),(10822,10025,10023),(10825,10026,10023),(10826,10027,10023),(10821,10028,10023),(10823,10029,10023),(10824,10030,10023),(10827,10031,10023),(10828,10034,10033),(10829,10035,10033),(10831,10036,10033),(10830,10037,10033),(10832,10038,10033),(10833,10039,10033),(10834,10041,10040),(10837,10042,10040),(10838,10043,10040),(10835,10044,10040),(10836,10045,10040),(10839,10046,10040),(10840,10048,10047),(10841,10049,10047),(10842,10050,10047),(10843,10052,10051),(10846,10053,10051),(10847,10054,10051),(10844,10055,10051),(10845,10056,10051),(10848,10057,10051),(10849,10059,10058),(10852,10060,10058),(10850,10061,10058),(10851,10062,10058),(10853,10064,10063),(10856,10065,10063),(10854,10066,10063),(10855,10067,10063),(10857,10069,10068),(10858,10070,10068),(10859,10071,10068),(10860,10073,10072),(10861,10074,10072),(10862,10075,10072),(10863,10077,10076),(10864,10078,10076),(10865,10079,10076),(10866,10081,10080),(10867,10082,10080),(10868,10083,10080),(10869,10085,10084),(10870,10086,10084),(10871,10087,10084),(10878,10089,10088),(10879,10090,10088),(10880,10091,10088),(10881,10093,10092),(10882,10094,10092),(10883,10095,10092),(10884,10096,10092),(10885,10098,10097),(10886,10099,10097),(10887,10100,10097),(10888,10102,10101),(10889,10103,10101),(10890,10104,10101),(10891,10105,10101),(10892,10106,10101),(10893,10107,10101),(10894,10108,10101),(10895,10110,10109),(10896,10111,10109),(10897,10112,10109),(10898,10114,10113),(10899,10115,10113),(10900,10116,10113),(10901,10117,10113),(10902,10118,10113),(10903,10120,10119),(10904,10121,10119),(10905,10122,10119),(10906,10124,10123),(10907,10125,10123),(10908,10127,10126),(10909,10128,10126),(10910,10129,10126),(10911,10131,10130),(10912,10132,10130),(10913,10133,10130),(10914,10135,10134),(10915,10136,10134),(10916,10138,10137),(10917,10139,10137),(10918,10140,10137),(10919,10142,10141),(10920,10143,10141),(10921,10144,10141),(10922,10146,10145),(10923,10147,10145),(10924,10148,10145),(10925,10153,10152),(10926,10154,10152),(10927,10156,10155),(10928,10157,10155),(10929,10158,10155),(10930,10160,10159),(10931,10161,10159),(10932,10163,10162),(10933,10164,10162),(10934,10166,10165),(10935,10167,10165),(10936,10169,10168),(10937,10170,10168),(10938,10172,10171),(10939,10173,10171),(10940,10174,10171),(10941,10176,10175),(10942,10177,10175),(10943,10179,10178),(10944,10180,10178),(10945,10181,10178),(10946,10182,10178),(10947,10184,10183),(10948,10185,10183),(10949,10187,10186),(10950,10188,10186),(10954,10190,10189),(10955,10191,10189),(10956,10193,10192),(10957,10194,10192),(10958,10196,10195),(10959,10197,10195),(10961,10258,10256),(10962,10259,10256),(10963,10260,10256),(10964,10261,10256),(10965,10262,10256),(10966,10263,10256),(10968,10266,10264),(10969,10267,10264),(10970,10268,10264),(10971,10269,10264),(10972,10270,10264),(10973,10271,10264),(10974,10273,10272),(10975,10274,10272),(10978,10351,10350),(10979,10352,10350),(10980,10353,10350),(10981,10355,10354),(10982,10356,10354),(10983,10357,10354),(10984,10361,10358),(10985,10363,10362),(10986,10364,10362),(10987,10365,10362),(10988,10367,10366),(10989,10368,10366),(10990,10369,10366),(10991,10371,10370),(10992,10372,10370),(10993,10373,10370),(10994,10385,10384),(10995,10386,10384),(10996,10387,10384),(10997,10388,10384),(11740,10393,10392),(11741,10396,10395),(11742,10399,10398),(11743,10402,10401),(11744,10405,10404),(11745,10408,10407),(11746,10411,10410),(11747,10414,10413),(11748,10417,10416),(11759,10426,10433),(11760,10427,10433),(11761,10428,10433),(11762,10429,10433),(11763,10430,10433),(11764,10431,10433),(11765,10432,10433),(11766,10438,10435),(11767,10439,10435),(11768,10440,10435),(11769,10441,10435),(11770,10442,10435),(11771,10443,10435),(11772,10444,10435),(11773,10445,10434),(11774,10446,10434),(11775,10447,10434),(11776,10448,10434),(11777,10449,10434),(11778,10450,10434),(11779,10451,10434),(11780,10455,9873),(11781,10456,9873),(11782,10457,9876),(11783,10458,9876),(11784,10459,9877),(11785,10460,9877),(11786,10461,9875),(11787,10462,9875),(11832,10464,10463),(11833,10465,10463),(11834,10466,10463),(11835,10467,10478),(11836,10468,10478),(11837,10469,10478),(11838,10470,10478),(11839,10471,10478),(11840,10472,10478),(11841,10473,10478),(11842,10474,10478),(11843,10475,10478),(11844,10476,10478),(11845,10477,10478),(11846,10479,10478),(11851,10498,9899),(11852,10499,9899);

--
-- Table structure for table `catalog_product_website`
--

CREATE TABLE `catalog_product_website` (
  `product_id` int(10) unsigned NOT NULL COMMENT 'Product ID',
  `website_id` smallint(5) unsigned NOT NULL COMMENT 'Website ID',
  PRIMARY KEY (`product_id`,`website_id`),
  KEY `CATALOG_PRODUCT_WEBSITE_WEBSITE_ID` (`website_id`),
  CONSTRAINT `CATALOG_PRODUCT_WEBSITE_WEBSITE_ID_STORE_WEBSITE_WEBSITE_ID` FOREIGN KEY (`website_id`) REFERENCES `store_website` (`website_id`) ON DELETE CASCADE,
  CONSTRAINT `CAT_PRD_WS_PRD_ID_CAT_PRD_ENTT_ENTT_ID` FOREIGN KEY (`product_id`) REFERENCES `catalog_product_entity` (`entity_id`) ON DELETE CASCADE
) ENGINE=InnoDB DEFAULT CHARSET=utf8 COMMENT='Catalog Product To Website Linkage Table';

--
-- Dumping data for table `catalog_product_website`
--

INSERT INTO `catalog_product_website` VALUES (36,1),(37,1),(38,1),(39,1),(40,1),(3284,1),(4330,1),(4465,1),(4466,1),(4467,1),(4468,1),(4469,1),(4495,1),(4496,1),(4497,1),(4499,1),(4500,1),(4501,1),(4502,1),(4503,1),(4517,1),(4518,1),(4521,1),(4526,1),(4527,1),(4528,1),(4529,1),(4530,1),(4531,1),(4532,1),(4533,1),(4534,1),(4535,1),(4539,1),(4540,1),(4541,1),(4556,1),(4558,1),(4559,1),(4560,1),(4564,1),(4581,1),(4583,1),(4584,1),(4585,1),(4586,1),(4587,1),(4588,1),(4589,1),(4590,1),(4591,1),(4592,1),(4593,1),(4594,1),(4595,1),(4596,1),(4597,1),(4598,1),(4599,1),(4600,1),(4601,1),(4602,1),(5193,1),(5194,1),(5365,1),(5366,1),(5367,1),(5368,1),(5369,1),(5370,1),(5371,1),(5372,1),(5373,1),(5374,1),(5375,1),(5376,1),(5377,1),(5378,1),(5379,1),(5380,1),(5381,1),(5382,1),(9388,1),(9389,1),(9390,1),(9391,1),(9392,1),(9393,1),(9394,1),(9395,1),(9396,1),(9397,1),(9398,1),(9399,1),(9400,1),(9401,1),(9402,1),(9403,1),(9404,1),(9405,1),(9406,1),(9407,1),(9408,1),(9409,1),(9410,1),(9411,1),(9412,1),(9413,1),(9414,1),(9415,1),(9416,1),(9417,1),(9418,1),(9419,1),(9420,1),(9421,1),(9422,1),(9423,1),(9424,1),(9425,1),(9426,1),(9427,1),(9428,1),(9429,1),(9430,1),(9431,1),(9432,1),(9433,1),(9434,1),(9435,1),(9436,1),(9437,1),(9438,1),(9439,1),(9440,1),(9441,1),(9442,1),(9443,1),(9444,1),(9445,1),(9446,1),(9447,1),(9448,1),(9449,1),(9450,1),(9451,1),(9452,1),(9453,1),(9454,1),(9455,1),(9456,1),(9457,1),(9458,1),(9459,1),(9460,1),(9461,1),(9462,1),(9463,1),(9464,1),(9465,1),(9466,1),(9467,1),(9468,1),(9469,1),(9470,1),(9471,1),(9472,1),(9473,1),(9474,1),(9475,1),(9476,1),(9477,1),(9478,1),(9479,1),(9480,1),(9481,1),(9482,1),(9483,1),(9484,1),(9485,1),(9486,1),(9487,1),(9488,1),(9489,1),(9490,1),(9491,1),(9492,1),(9493,1),(9494,1),(9495,1),(9496,1),(9497,1),(9498,1),(9499,1),(9500,1),(9501,1),(9502,1),(9503,1),(9504,1),(9505,1),(9506,1),(9507,1),(9508,1),(9509,1),(9510,1),(9511,1),(9512,1),(9513,1),(9514,1),(9515,1),(9516,1),(9517,1),(9518,1),(9519,1),(9520,1),(9521,1),(9522,1),(9523,1),(9524,1),(9525,1),(9526,1),(9527,1),(9528,1),(9529,1),(9530,1),(9531,1),(9532,1),(9533,1),(9534,1),(9535,1),(9536,1),(9537,1),(9538,1),(9539,1),(9540,1),(9541,1),(9542,1),(9543,1),(9544,1),(9545,1),(9546,1),(9547,1),(9548,1),(9549,1),(9550,1),(9551,1),(9552,1),(9553,1),(9554,1),(9555,1),(9556,1),(9557,1),(9558,1),(9559,1),(9560,1),(9561,1),(9562,1),(9563,1),(9564,1),(9565,1),(9566,1),(9567,1),(9568,1),(9569,1),(9570,1),(9571,1),(9572,1),(9573,1),(9574,1),(9575,1),(9576,1),(9577,1),(9578,1),(9579,1),(9580,1),(9581,1),(9582,1),(9583,1),(9584,1),(9585,1),(9586,1),(9587,1),(9588,1),(9589,1),(9590,1),(9591,1),(9592,1),(9593,1),(9594,1),(9595,1),(9596,1),(9597,1),(9598,1),(9599,1),(9600,1),(9601,1),(9602,1),(9603,1),(9604,1),(9605,1),(9606,1),(9607,1),(9608,1),(9609,1),(9610,1),(9611,1),(9612,1),(9613,1),(9614,1),(9615,1),(9616,1),(9617,1),(9618,1),(9619,1),(9620,1),(9621,1),(9622,1),(9623,1),(9624,1),(9625,1),(9626,1),(9627,1),(9628,1),(9629,1),(9630,1),(9631,1),(9632,1),(9633,1),(9634,1),(9635,1),(9636,1),(9637,1),(9638,1),(9639,1),(9640,1),(9641,1),(9642,1),(9643,1),(9644,1),(9645,1),(9646,1),(9647,1),(9648,1),(9649,1),(9650,1),(9651,1),(9652,1),(9653,1),(9654,1),(9655,1),(9656,1),(9657,1),(9658,1),(9659,1),(9660,1),(9661,1),(9662,1),(9663,1),(9664,1),(9665,1),(9666,1),(9667,1),(9668,1),(9669,1),(9670,1),(9671,1),(9672,1),(9673,1),(9674,1),(9675,1),(9676,1),(9677,1),(9678,1),(9679,1),(9680,1),(9681,1),(9682,1),(9683,1),(9684,1),(9685,1),(9686,1),(9687,1),(9688,1),(9689,1),(9690,1),(9691,1),(9692,1),(9693,1),(9694,1),(9695,1),(9696,1),(9697,1),(9698,1),(9699,1),(9700,1),(9701,1),(9702,1),(9703,1),(9704,1),(9705,1),(9706,1),(9707,1),(9708,1),(9709,1),(9710,1),(9711,1),(9712,1),(9713,1),(9714,1),(9715,1),(9716,1),(9717,1),(9718,1),(9719,1),(9720,1),(9721,1),(9722,1),(9723,1),(9724,1),(9725,1),(9726,1),(9727,1),(9728,1),(9729,1),(9730,1),(9731,1),(9732,1),(9733,1),(9734,1),(9735,1),(9736,1),(9737,1),(9738,1),(9739,1),(9740,1),(9741,1),(9742,1),(9743,1),(9744,1),(9745,1),(9746,1),(9747,1),(9748,1),(9749,1),(9750,1),(9751,1),(9752,1),(9753,1),(9754,1),(9755,1),(9756,1),(9757,1),(9758,1),(9759,1),(9760,1),(9761,1),(9762,1),(9763,1),(9764,1),(9765,1),(9766,1),(9767,1),(9768,1),(9769,1),(9770,1),(9771,1),(9772,1),(9773,1),(9774,1),(9775,1),(9776,1),(9777,1),(9778,1),(9779,1),(9780,1),(9781,1),(9782,1),(9783,1),(9784,1),(9785,1),(9786,1),(9787,1),(9788,1),(9789,1),(9790,1),(9791,1),(9792,1),(9793,1),(9794,1),(9795,1),(9796,1),(9797,1),(9798,1),(9799,1),(9800,1),(9801,1),(9802,1),(9803,1),(9804,1),(9805,1),(9806,1),(9807,1),(9808,1),(9809,1),(9810,1),(9811,1),(9812,1),(9813,1),(9814,1),(9815,1),(9816,1),(9817,1),(9818,1),(9819,1),(9820,1),(9821,1),(9822,1),(9823,1),(9824,1),(9825,1),(9826,1),(9827,1),(9828,1),(9829,1),(9830,1),(9831,1),(9832,1),(9833,1),(9834,1),(9835,1),(9836,1),(9837,1),(9838,1),(9839,1),(9840,1),(9841,1),(9842,1),(9843,1),(9844,1),(9845,1),(9846,1),(9847,1),(9848,1),(9849,1),(9850,1),(9851,1),(9852,1),(9853,1),(9854,1),(9855,1),(9856,1),(9857,1),(9858,1),(9859,1),(9860,1),(9861,1),(9862,1),(9863,1),(9864,1),(9865,1),(9866,1),(9867,1),(9868,1),(9869,1),(9870,1),(9871,1),(9872,1),(9873,1),(9874,1),(9875,1),(9876,1),(9877,1),(9878,1),(9879,1),(9880,1),(9881,1),(9882,1),(9884,1),(9885,1),(9886,1),(9887,1),(9888,1),(9889,1),(9890,1),(9891,1),(9892,1),(9893,1),(9894,1),(9895,1),(9896,1),(9897,1),(9898,1),(9899,1),(9900,1),(9901,1),(9902,1),(9903,1),(9904,1),(9905,1),(9906,1),(9907,1),(9908,1),(9909,1),(9910,1),(9911,1),(9912,1),(9913,1),(9914,1),(9915,1),(9916,1),(9917,1),(9918,1),(9919,1),(9920,1),(9921,1),(9922,1),(9923,1),(9924,1),(9925,1),(9926,1),(9927,1),(9928,1),(9929,1),(9930,1),(9931,1),(9932,1),(9933,1),(9934,1),(9935,1),(9936,1),(9937,1),(9938,1),(9939,1),(9940,1),(9941,1),(9942,1),(9943,1),(9944,1),(9945,1),(9946,1),(9947,1),(9948,1),(9949,1),(9950,1),(9951,1),(9952,1),(9953,1),(9954,1),(9955,1),(9956,1),(9957,1),(9958,1),(9959,1),(9960,1),(9961,1),(9962,1),(9963,1),(9964,1),(9965,1),(9966,1),(9967,1),(9968,1),(9969,1),(9970,1),(9971,1),(9972,1),(9973,1),(9974,1),(9975,1),(9976,1),(9977,1),(9978,1),(9979,1),(9980,1),(9981,1),(9982,1),(9983,1),(9984,1),(9985,1),(9986,1),(9987,1),(9988,1),(9989,1),(9990,1),(9991,1),(9992,1),(9993,1),(9994,1),(9995,1),(9996,1),(9997,1),(9998,1),(9999,1),(10000,1),(10001,1),(10002,1),(10003,1),(10004,1),(10005,1),(10006,1),(10007,1),(10008,1),(10009,1),(10010,1),(10011,1),(10012,1),(10013,1),(10014,1),(10015,1),(10016,1),(10017,1),(10018,1),(10019,1),(10020,1),(10021,1),(10022,1),(10023,1),(10024,1),(10025,1),(10026,1),(10027,1),(10028,1),(10029,1),(10030,1),(10031,1),(10032,1),(10033,1),(10034,1),(10035,1),(10036,1),(10037,1),(10038,1),(10039,1),(10040,1),(10041,1),(10042,1),(10043,1),(10044,1),(10045,1),(10046,1),(10047,1),(10048,1),(10049,1),(10050,1),(10051,1),(10052,1),(10053,1),(10054,1),(10055,1),(10056,1),(10057,1),(10058,1),(10059,1),(10060,1),(10061,1),(10062,1),(10063,1),(10064,1),(10065,1),(10066,1),(10067,1),(10068,1),(10069,1),(10070,1),(10071,1),(10072,1),(10073,1),(10074,1),(10075,1),(10076,1),(10077,1),(10078,1),(10079,1),(10080,1),(10081,1),(10082,1),(10083,1),(10084,1),(10085,1),(10086,1),(10087,1),(10088,1),(10089,1),(10090,1),(10091,1),(10092,1),(10093,1),(10094,1),(10095,1),(10096,1),(10097,1),(10098,1),(10099,1),(10100,1),(10101,1),(10102,1),(10103,1),(10104,1),(10105,1),(10106,1),(10107,1),(10108,1),(10109,1),(10110,1),(10111,1),(10112,1),(10113,1),(10114,1),(10115,1),(10116,1),(10117,1),(10118,1),(10119,1),(10120,1),(10121,1),(10122,1),(10123,1),(10124,1),(10125,1),(10126,1),(10127,1),(10128,1),(10129,1),(10130,1),(10131,1),(10132,1),(10133,1),(10134,1),(10135,1),(10136,1),(10137,1),(10138,1),(10139,1),(10140,1),(10141,1),(10142,1),(10143,1),(10144,1),(10145,1),(10146,1),(10147,1),(10148,1),(10149,1),(10150,1),(10151,1),(10152,1),(10153,1),(10154,1),(10155,1),(10156,1),(10157,1),(10158,1),(10159,1),(10160,1),(10161,1),(10162,1),(10163,1),(10164,1),(10165,1),(10166,1),(10167,1),(10168,1),(10169,1),(10170,1),(10171,1),(10172,1),(10173,1),(10174,1),(10175,1),(10176,1),(10177,1),(10178,1),(10179,1),(10180,1),(10181,1),(10182,1),(10183,1),(10184,1),(10185,1),(10186,1),(10187,1),(10188,1),(10189,1),(10190,1),(10191,1),(10192,1),(10193,1),(10194,1),(10195,1),(10196,1),(10197,1),(10198,1),(10199,1),(10200,1),(10201,1),(10202,1),(10203,1),(10204,1),(10205,1),(10206,1),(10207,1),(10208,1),(10209,1),(10210,1),(10211,1),(10212,1),(10213,1),(10214,1),(10215,1),(10216,1),(10217,1),(10218,1),(10219,1),(10220,1),(10221,1),(10222,1),(10223,1),(10224,1),(10225,1),(10226,1),(10227,1),(10228,1),(10229,1),(10230,1),(10231,1),(10232,1),(10233,1),(10234,1),(10235,1),(10236,1),(10237,1),(10238,1),(10239,1),(10240,1),(10241,1),(10242,1),(10243,1),(10244,1),(10245,1),(10246,1),(10247,1),(10248,1),(10249,1),(10250,1),(10251,1),(10252,1),(10253,1),(10254,1),(10255,1),(10256,1),(10258,1),(10259,1),(10260,1),(10261,1),(10262,1),(10263,1),(10264,1),(10266,1),(10267,1),(10268,1),(10269,1),(10270,1),(10271,1),(10272,1),(10273,1),(10274,1),(10275,1),(10276,1),(10277,1),(10278,1),(10279,1),(10280,1),(10281,1),(10282,1),(10283,1),(10284,1),(10285,1),(10286,1),(10287,1),(10288,1),(10289,1),(10290,1),(10291,1),(10292,1),(10293,1),(10294,1),(10295,1),(10296,1),(10297,1),(10298,1),(10299,1),(10300,1),(10301,1),(10302,1),(10303,1),(10304,1),(10305,1),(10306,1),(10307,1),(10308,1),(10309,1),(10310,1),(10311,1),(10312,1),(10313,1),(10314,1),(10315,1),(10316,1),(10317,1),(10318,1),(10319,1),(10320,1),(10321,1),(10322,1),(10323,1),(10324,1),(10325,1),(10326,1),(10327,1),(10328,1),(10329,1),(10330,1),(10331,1),(10332,1),(10333,1),(10334,1),(10335,1),(10336,1),(10337,1),(10338,1),(10339,1),(10340,1),(10341,1),(10342,1),(10343,1),(10344,1),(10345,1),(10346,1),(10347,1),(10348,1),(10349,1),(10350,1),(10351,1),(10352,1),(10353,1),(10354,1),(10355,1),(10356,1),(10357,1),(10358,1),(10359,1),(10360,1),(10361,1),(10362,1),(10363,1),(10364,1),(10365,1),(10366,1),(10367,1),(10368,1),(10369,1),(10370,1),(10371,1),(10372,1),(10373,1),(10374,1),(10375,1),(10376,1),(10377,1),(10378,1),(10379,1),(10380,1),(10381,1),(10382,1),(10383,1),(10384,1),(10385,1),(10386,1),(10387,1),(10388,1),(10389,1),(10390,1),(10391,1),(10392,1),(10393,1),(10394,1),(10395,1),(10396,1),(10397,1),(10398,1),(10399,1),(10400,1),(10401,1),(10402,1),(10403,1),(10404,1),(10405,1),(10406,1),(10407,1),(10408,1),(10409,1),(10410,1),(10411,1),(10412,1),(10413,1),(10414,1),(10415,1),(10416,1),(10417,1),(10418,1),(10419,1),(10420,1),(10421,1),(10422,1),(10424,1),(10425,1),(10426,1),(10427,1),(10428,1),(10429,1),(10430,1),(10431,1),(10432,1),(10433,1),(10434,1),(10435,1),(10436,1),(10437,1),(10438,1),(10439,1),(10440,1),(10441,1),(10442,1),(10443,1),(10444,1),(10445,1),(10446,1),(10447,1),(10448,1),(10449,1),(10450,1),(10451,1),(10452,1),(10453,1),(10454,1),(10455,1),(10456,1),(10457,1),(10458,1),(10459,1),(10460,1),(10461,1),(10462,1),(10463,1),(10464,1),(10465,1),(10466,1),(10467,1),(10468,1),(10469,1),(10470,1),(10471,1),(10472,1),(10473,1),(10474,1),(10475,1),(10476,1),(10477,1),(10478,1),(10479,1),(10498,1),(10499,1);

--
-- Table structure for table `catalog_url_rewrite_product_category`
--

CREATE TABLE `catalog_url_rewrite_product_category` (
  `url_rewrite_id` int(10) unsigned NOT NULL COMMENT 'url_rewrite_id',
  `category_id` int(10) unsigned NOT NULL COMMENT 'category_id',
  `product_id` int(10) unsigned NOT NULL COMMENT 'product_id',
  KEY `CAT_URL_REWRITE_PRD_CTGR_PRD_ID_CAT_PRD_ENTT_ENTT_ID` (`product_id`),
  KEY `FK_BB79E64705D7F17FE181F23144528FC8` (`url_rewrite_id`),
  KEY `CATALOG_URL_REWRITE_PRODUCT_CATEGORY_CATEGORY_ID_PRODUCT_ID` (`category_id`,`product_id`),
  CONSTRAINT `CAT_URL_REWRITE_PRD_CTGR_CTGR_ID_CAT_CTGR_ENTT_ENTT_ID` FOREIGN KEY (`category_id`) REFERENCES `catalog_category_entity` (`entity_id`) ON DELETE CASCADE,
  CONSTRAINT `CAT_URL_REWRITE_PRD_CTGR_PRD_ID_CAT_PRD_ENTT_ENTT_ID` FOREIGN KEY (`product_id`) REFERENCES `catalog_product_entity` (`entity_id`) ON DELETE CASCADE,
  CONSTRAINT `FK_BB79E64705D7F17FE181F23144528FC8` FOREIGN KEY (`url_rewrite_id`) REFERENCES `url_rewrite` (`url_rewrite_id`) ON DELETE CASCADE
) ENGINE=InnoDB DEFAULT CHARSET=utf8 COMMENT='url_rewrite_relation';

--
-- Dumping data for table `catalog_url_rewrite_product_category`
--

INSERT INTO `catalog_url_rewrite_product_category` VALUES (13720,45,37),(13705,45,36),(13740,45,38),(13757,45,39),(13777,45,40),(13721,57,37),(13706,57,36),(13741,57,38),(13758,57,39),(13778,57,40),(13722,60,37),(13707,60,36),(13742,60,38),(13759,60,39),(13779,60,40),(13736,43,37),(13717,43,36),(13753,43,38),(13773,43,39),(13793,43,40),(115147,96,4526),(115148,43,4526),(115149,44,4526),(115150,103,4526),(117163,45,5194),(117164,57,5194),(117165,62,5194),(117162,43,5194),(117173,45,5193),(117174,57,5193),(117175,61,5193),(117172,43,5193),(121065,102,4330),(121064,64,4330),(121061,114,4330),(121063,44,4330),(121062,43,4330),(126129,43,4495),(126133,43,4496),(126137,43,4497),(126145,43,4499),(126149,43,4500),(126153,43,4501),(126157,43,4502),(126161,43,4503),(126130,44,4495),(126134,44,4496),(126138,44,4497),(126146,44,4499),(126150,44,4500),(126154,44,4501),(126158,44,4502),(126162,44,4503),(126128,96,4495),(126132,96,4496),(126136,96,4497),(126144,96,4499),(126148,96,4500),(126152,96,4501),(126156,96,4502),(126160,96,4503),(126131,103,4495),(126135,103,4496),(126139,103,4497),(126147,103,4499),(126151,103,4500),(126155,103,4501),(126159,103,4502),(126163,103,4503),(126317,43,4517),(126321,43,4518),(126585,43,4583),(126589,43,4584),(126593,43,4585),(126597,43,4586),(126601,43,4587),(126605,43,4588),(126609,43,4589),(126613,43,4590),(126617,43,4591),(126621,43,4592),(126625,43,4593),(126365,43,4529),(126629,43,4594),(126357,43,4527),(126633,43,4595),(126637,43,4596),(126369,43,4530),(126373,43,4531),(126405,43,4539),(126641,43,4597),(126377,43,4532),(126645,43,4598),(126649,43,4599),(126577,43,4581),(126381,43,4533),(126473,43,4556),(126481,43,4558),(126653,43,4600),(126333,43,4521),(126485,43,4559),(126657,43,4601),(126361,43,4528),(126501,43,4564),(126489,43,4560),(126661,43,4602),(126409,43,4540),(126413,43,4541),(126385,43,4534),(126389,43,4535),(126318,44,4517),(126322,44,4518),(126586,44,4583),(126590,44,4584),(126594,44,4585),(126598,44,4586),(126602,44,4587),(126606,44,4588),(126610,44,4589),(126614,44,4590),(126618,44,4591),(126622,44,4592),(126626,44,4593),(126366,44,4529),(126630,44,4594),(126358,44,4527),(126634,44,4595),(126638,44,4596),(126370,44,4530),(126374,44,4531),(126406,44,4539),(126642,44,4597),(126378,44,4532),(126646,44,4598),(126650,44,4599),(126578,44,4581),(126382,44,4533),(126474,44,4556),(126482,44,4558),(126654,44,4600),(126334,44,4521),(126486,44,4559),(126658,44,4601),(126362,44,4528),(126502,44,4564),(126490,44,4560),(126662,44,4602),(126410,44,4540),(126414,44,4541),(126386,44,4534),(126390,44,4535),(126316,96,4517),(126320,96,4518),(126584,96,4583),(126588,96,4584),(126592,96,4585),(126596,96,4586),(126600,96,4587),(126604,96,4588),(126608,96,4589),(126612,96,4590),(126616,96,4591),(126620,96,4592),(126624,96,4593),(126364,96,4529),(126628,96,4594),(126356,96,4527),(126632,96,4595),(126636,96,4596),(126368,96,4530),(126372,96,4531),(126404,96,4539),(126640,96,4597),(126376,96,4532),(126644,96,4598),(126648,96,4599),(126576,96,4581),(126380,96,4533),(126472,96,4556),(126480,96,4558),(126652,96,4600),(126332,96,4521),(126484,96,4559),(126656,96,4601),(126360,96,4528),(126500,96,4564),(126488,96,4560),(126660,96,4602),(126408,96,4540),(126412,96,4541),(126384,96,4534),(126388,96,4535),(126319,103,4517),(126323,103,4518),(126587,103,4583),(126591,103,4584),(126595,103,4585),(126599,103,4586),(126603,103,4587),(126607,103,4588),(126611,103,4589),(126615,103,4590),(126619,103,4591),(126623,103,4592),(126627,103,4593),(126367,103,4529),(126631,103,4594),(126359,103,4527),(126635,103,4595),(126639,103,4596),(126371,103,4530),(126375,103,4531),(126407,103,4539),(126643,103,4597),(126379,103,4532),(126647,103,4598),(126651,103,4599),(126579,103,4581),(126383,103,4533),(126475,103,4556),(126483,103,4558),(126655,103,4600),(126335,103,4521),(126487,103,4559),(126659,103,4601),(126363,103,4528),(126503,103,4564),(126491,103,4560),(126663,103,4602),(126411,103,4540),(126415,103,4541),(126387,103,4534),(126391,103,4535),(126929,43,4465),(126933,43,4466),(126937,43,4467),(126941,43,4468),(126945,43,4469),(126930,44,4465),(126934,44,4466),(126938,44,4467),(126942,44,4468),(126946,44,4469),(126928,96,4465),(126932,96,4466),(126936,96,4467),(126940,96,4468),(126944,96,4469),(126931,103,4465),(126935,103,4466),(126939,103,4467),(126943,103,4468),(126947,103,4469),(155269,43,9538),(155241,43,9531),(155237,43,9530),(155233,43,9529),(155229,43,9528),(155253,43,9534),(155245,43,9532),(155249,43,9533),(155273,43,9539),(155257,43,9535),(155277,43,9540),(155261,43,9536),(155265,43,9537),(155128,43,9508),(155139,43,9510),(155144,43,9511),(155149,43,9512),(155154,43,9513),(155169,43,9516),(155159,43,9514),(155164,43,9515),(155179,43,9518),(155134,43,9509),(155174,43,9517),(155056,43,9495),(155071,43,9498),(155076,43,9499),(155061,43,9496),(155066,43,9497),(155293,43,9544),(155297,43,9545),(155301,43,9546),(155429,43,9578),(155309,43,9548),(155184,43,9519),(155224,43,9527),(155199,43,9522),(155194,43,9521),(155204,43,9523),(155209,43,9524),(155219,43,9526),(155189,43,9520),(155441,43,9581),(155305,43,9547),(155361,43,9561),(155365,43,9562),(155445,43,9582),(155369,43,9563),(155373,43,9564),(155377,43,9565),(155449,43,9583),(155381,43,9566),(155413,43,9574),(155417,43,9575),(155453,43,9584),(155281,43,9541),(155285,43,9542),(155333,43,9554),(155329,43,9553),(155385,43,9567),(155389,43,9568),(155457,43,9585),(155393,43,9569),(155421,43,9576),(155461,43,9586),(155397,43,9570),(155357,43,9560),(155425,43,9577),(155337,43,9555),(155341,43,9556),(155345,43,9557),(155433,43,9579),(155437,43,9580),(155465,43,9587),(155349,43,9558),(155317,43,9550),(155321,43,9551),(155325,43,9552),(155289,43,9543),(155401,43,9571),(155405,43,9572),(155353,43,9559),(155409,43,9573),(155270,44,9538),(155242,44,9531),(155238,44,9530),(155234,44,9529),(155230,44,9528),(155254,44,9534),(155246,44,9532),(155250,44,9533),(155274,44,9539),(155258,44,9535),(155278,44,9540),(155262,44,9536),(155266,44,9537),(155129,44,9508),(155140,44,9510),(155145,44,9511),(155150,44,9512),(155155,44,9513),(155170,44,9516),(155160,44,9514),(155165,44,9515),(155180,44,9518),(155135,44,9509),(155175,44,9517),(155057,44,9495),(155072,44,9498),(155077,44,9499),(155062,44,9496),(155067,44,9497),(155294,44,9544),(155298,44,9545),(155302,44,9546),(155430,44,9578),(155310,44,9548),(155185,44,9519),(155225,44,9527),(155200,44,9522),(155195,44,9521),(155205,44,9523),(155210,44,9524),(155220,44,9526),(155190,44,9520),(155442,44,9581),(155306,44,9547),(155362,44,9561),(155366,44,9562),(155446,44,9582),(155370,44,9563),(155374,44,9564),(155378,44,9565),(155450,44,9583),(155382,44,9566),(155414,44,9574),(155418,44,9575),(155454,44,9584),(155282,44,9541),(155286,44,9542),(155334,44,9554),(155330,44,9553),(155386,44,9567),(155390,44,9568),(155458,44,9585),(155394,44,9569),(155422,44,9576),(155462,44,9586),(155398,44,9570),(155358,44,9560),(155426,44,9577),(155338,44,9555),(155342,44,9556),(155346,44,9557),(155434,44,9579),(155438,44,9580),(155466,44,9587),(155350,44,9558),(155318,44,9550),(155322,44,9551),(155326,44,9552),(155290,44,9543),(155402,44,9571),(155406,44,9572),(155354,44,9559),(155410,44,9573),(155131,102,9508),(155141,102,9510),(155146,102,9511),(155151,102,9512),(155156,102,9513),(155171,102,9516),(155161,102,9514),(155166,102,9515),(155181,102,9518),(155136,102,9509),(155176,102,9517),(155058,102,9495),(155073,102,9498),(155078,102,9499),(155063,102,9496),(155068,102,9497),(155186,102,9519),(155226,102,9527),(155201,102,9522),(155196,102,9521),(155206,102,9523),(155211,102,9524),(155221,102,9526),(155191,102,9520),(155132,106,9508),(155142,106,9510),(155147,106,9511),(155152,106,9512),(155157,106,9513),(155172,106,9516),(155162,106,9514),(155167,106,9515),(155182,106,9518),(155137,106,9509),(155177,106,9517),(155059,106,9495),(155074,106,9498),(155079,106,9499),(155064,106,9496),(155069,106,9497),(155138,76,9510),(155143,76,9511),(155148,76,9512),(155153,76,9513),(155168,76,9516),(155158,76,9514),(155163,76,9515),(155178,76,9518),(155133,76,9509),(155173,76,9517),(155055,76,9495),(155070,76,9498),(155075,76,9499),(155060,76,9496),(155065,76,9497),(155183,155,9519),(155223,155,9527),(155198,155,9522),(155193,155,9521),(155203,155,9523),(155208,155,9524),(155218,155,9526),(155188,155,9520),(155110,155,9505),(155187,106,9519),(155227,106,9527),(155202,106,9522),(155197,106,9521),(155207,106,9523),(155212,106,9524),(155222,106,9526),(155192,106,9520),(155120,106,9506),(155097,106,9502),(155091,106,9501),(155103,106,9503),(155126,106,9507),(155109,106,9504),(155085,106,9500),(155114,106,9505),(155130,56,9508),(155127,113,9508),(155086,113,9501),(155098,113,9503),(155121,113,9507),(155104,113,9504),(155080,113,9500),(155115,111,9506),(155118,56,9506),(155095,56,9502),(155089,56,9501),(155101,56,9503),(155124,56,9507),(155107,56,9504),(155083,56,9500),(155092,112,9502),(155119,102,9506),(155096,102,9502),(155090,102,9501),(155102,102,9503),(155125,102,9507),(155108,102,9504),(155084,102,9500),(155113,102,9505),(155054,102,9494),(155053,64,9494),(155050,114,9494),(155268,75,9538),(155240,75,9531),(155236,75,9530),(155232,75,9529),(155228,75,9528),(155252,75,9534),(155244,75,9532),(155248,75,9533),(155272,75,9539),(155256,75,9535),(155276,75,9540),(155260,75,9536),(155264,75,9537),(155271,103,9538),(155243,103,9531),(155239,103,9530),(155235,103,9529),(155231,103,9528),(155255,103,9534),(155247,103,9532),(155251,103,9533),(155275,103,9539),(155259,103,9535),(155279,103,9540),(155263,103,9536),(155267,103,9537),(155292,97,9544),(155296,97,9545),(155300,97,9546),(155428,97,9578),(155308,97,9548),(155440,96,9581),(155304,96,9547),(155360,96,9561),(155364,96,9562),(155444,96,9582),(155368,96,9563),(155372,96,9564),(155376,96,9565),(155448,96,9583),(155380,96,9566),(155412,96,9574),(155416,96,9575),(155452,96,9584),(155280,96,9541),(155284,96,9542),(155332,96,9554),(155328,96,9553),(155384,96,9567),(155388,96,9568),(155456,96,9585),(155392,96,9569),(155420,96,9576),(155460,96,9586),(155396,96,9570),(155356,96,9560),(155424,96,9577),(155336,96,9555),(155340,96,9556),(155344,96,9557),(155432,96,9579),(155436,96,9580),(155464,96,9587),(155348,96,9558),(155316,96,9550),(155320,96,9551),(155324,96,9552),(155288,96,9543),(155400,96,9571),(155404,96,9572),(155352,96,9559),(155408,96,9573),(155295,103,9544),(155299,103,9545),(155303,103,9546),(155431,103,9578),(155311,103,9548),(155443,103,9581),(155307,103,9547),(155363,103,9561),(155367,103,9562),(155447,103,9582),(155371,103,9563),(155375,103,9564),(155379,103,9565),(155451,103,9583),(155383,103,9566),(155415,103,9574),(155419,103,9575),(155455,103,9584),(155283,103,9541),(155287,103,9542),(155335,103,9554),(155331,103,9553),(155387,103,9567),(155391,103,9568),(155459,103,9585),(155395,103,9569),(155423,103,9576),(155463,103,9586),(155399,103,9570),(155359,103,9560),(155427,103,9577),(155339,103,9555),(155343,103,9556),(155347,103,9557),(155435,103,9579),(155439,103,9580),(155467,103,9587),(155351,103,9558),(155319,103,9550),(155323,103,9551),(155327,103,9552),(155291,103,9543),(155403,103,9571),(155407,103,9572),(155355,103,9559),(155411,103,9573),(155117,44,9506),(155094,44,9502),(155088,44,9501),(155100,44,9503),(155123,44,9507),(155106,44,9504),(155082,44,9500),(155112,44,9505),(155052,44,9494),(155116,43,9506),(155093,43,9502),(155087,43,9501),(155099,43,9503),(155122,43,9507),(155105,43,9504),(155081,43,9500),(155111,43,9505),(155051,43,9494),(155928,43,9678),(155936,43,9680),(155940,43,9681),(155932,43,9679),(155948,43,9683),(155956,43,9685),(155960,43,9686),(155952,43,9684),(155944,43,9682),(155768,43,9638),(155772,43,9639),(155780,43,9641),(155736,43,9630),(155784,43,9642),(155788,43,9643),(155792,43,9644),(155796,43,9645),(155708,43,9623),(155716,43,9625),(155740,43,9631),(155744,43,9632),(155800,43,9646),(155776,43,9640),(155804,43,9647),(155808,43,9648),(155764,43,9637),(155812,43,9649),(155816,43,9650),(155820,43,9651),(155760,43,9636),(155824,43,9652),(155748,43,9633),(155752,43,9634),(155828,43,9653),(155832,43,9654),(155836,43,9655),(155756,43,9635),(155720,43,9626),(155840,43,9656),(155732,43,9629),(155844,43,9657),(155848,43,9658),(155724,43,9627),(155728,43,9628),(155712,43,9624),(155704,43,9622),(155696,43,9620),(155700,43,9621),(155900,43,9671),(155920,43,9676),(155924,43,9677),(155912,43,9674),(155880,43,9666),(155904,43,9672),(155916,43,9675),(155896,43,9670),(155908,43,9673),(155884,43,9667),(155888,43,9668),(155892,43,9669),(155664,43,9612),(155660,43,9611),(155656,43,9610),(155652,43,9609),(155648,43,9608),(155676,43,9615),(155672,43,9614),(155668,43,9613),(155640,43,9606),(155636,43,9605),(155688,43,9618),(155684,43,9617),(155580,43,9591),(155680,43,9616),(155644,43,9607),(155632,43,9604),(155628,43,9603),(155620,43,9601),(155584,43,9592),(155588,43,9593),(155624,43,9602),(155852,43,9659),(155856,43,9660),(155860,43,9661),(155864,43,9662),(155868,43,9663),(155872,43,9664),(155876,43,9665),(155608,43,9598),(155592,43,9594),(155612,43,9599),(155616,43,9600),(155596,43,9595),(155600,43,9596),(155604,43,9597),(155568,43,9588),(155572,43,9589),(155576,43,9590),(155692,43,9619),(155929,44,9678),(155937,44,9680),(155941,44,9681),(155933,44,9679),(155949,44,9683),(155957,44,9685),(155961,44,9686),(155953,44,9684),(155945,44,9682),(155769,44,9638),(155773,44,9639),(155781,44,9641),(155737,44,9630),(155785,44,9642),(155789,44,9643),(155793,44,9644),(155797,44,9645),(155709,44,9623),(155717,44,9625),(155741,44,9631),(155745,44,9632),(155801,44,9646),(155777,44,9640),(155805,44,9647),(155809,44,9648),(155765,44,9637),(155813,44,9649),(155817,44,9650),(155821,44,9651),(155761,44,9636),(155825,44,9652),(155749,44,9633),(155753,44,9634),(155829,44,9653),(155833,44,9654),(155837,44,9655),(155757,44,9635),(155721,44,9626),(155841,44,9656),(155733,44,9629),(155845,44,9657),(155849,44,9658),(155725,44,9627),(155729,44,9628),(155713,44,9624),(155705,44,9622),(155697,44,9620),(155701,44,9621),(155901,44,9671),(155921,44,9676),(155925,44,9677),(155913,44,9674),(155881,44,9666),(155905,44,9672),(155917,44,9675),(155897,44,9670),(155909,44,9673),(155885,44,9667),(155889,44,9668),(155893,44,9669),(155665,44,9612),(155661,44,9611),(155657,44,9610),(155653,44,9609),(155649,44,9608),(155677,44,9615),(155673,44,9614),(155669,44,9613),(155641,44,9606),(155637,44,9605),(155689,44,9618),(155685,44,9617),(155581,44,9591),(155681,44,9616),(155645,44,9607),(155633,44,9604),(155629,44,9603),(155621,44,9601),(155585,44,9592),(155589,44,9593),(155625,44,9602),(155853,44,9659),(155857,44,9660),(155861,44,9661),(155865,44,9662),(155869,44,9663),(155873,44,9664),(155877,44,9665),(155609,44,9598),(155593,44,9594),(155613,44,9599),(155617,44,9600),(155597,44,9595),(155601,44,9596),(155605,44,9597),(155569,44,9588),(155573,44,9589),(155577,44,9590),(155693,44,9619),(155935,73,9680),(155939,73,9681),(155931,73,9679),(155947,73,9683),(155955,73,9685),(155959,73,9686),(155951,73,9684),(155943,73,9682),(155930,103,9678),(155938,103,9680),(155942,103,9681),(155934,103,9679),(155950,103,9683),(155958,103,9685),(155962,103,9686),(155954,103,9684),(155946,103,9682),(155927,97,9678),(155899,97,9671),(155919,97,9676),(155923,97,9677),(155911,97,9674),(155879,97,9666),(155903,97,9672),(155915,97,9675),(155895,97,9670),(155907,97,9673),(155883,97,9667),(155887,97,9668),(155891,97,9669),(155767,96,9638),(155771,96,9639),(155779,96,9641),(155735,96,9630),(155783,96,9642),(155787,96,9643),(155791,96,9644),(155795,96,9645),(155707,96,9623),(155715,96,9625),(155739,96,9631),(155743,96,9632),(155799,96,9646),(155775,96,9640),(155803,96,9647),(155807,96,9648),(155763,96,9637),(155811,96,9649),(155815,96,9650),(155819,96,9651),(155759,96,9636),(155823,96,9652),(155747,96,9633),(155751,96,9634),(155827,96,9653),(155831,96,9654),(155835,96,9655),(155755,96,9635),(155719,96,9626),(155839,96,9656),(155731,96,9629),(155843,96,9657),(155847,96,9658),(155723,96,9627),(155727,96,9628),(155711,96,9624),(155703,96,9622),(155695,96,9620),(155699,96,9621),(155663,96,9612),(155659,96,9611),(155655,96,9610),(155651,96,9609),(155647,96,9608),(155675,96,9615),(155671,96,9614),(155667,96,9613),(155639,96,9606),(155635,96,9605),(155687,96,9618),(155683,96,9617),(155579,96,9591),(155679,96,9616),(155643,96,9607),(155631,96,9604),(155627,96,9603),(155619,96,9601),(155583,96,9592),(155587,96,9593),(155623,96,9602),(155851,96,9659),(155855,96,9660),(155859,96,9661),(155863,96,9662),(155867,96,9663),(155871,96,9664),(155875,96,9665),(155607,96,9598),(155591,96,9594),(155611,96,9599),(155615,96,9600),(155595,96,9595),(155599,96,9596),(155603,96,9597),(155567,96,9588),(155571,96,9589),(155575,96,9590),(155691,96,9619),(155770,103,9638),(155774,103,9639),(155782,103,9641),(155738,103,9630),(155786,103,9642),(155790,103,9643),(155794,103,9644),(155798,103,9645),(155710,103,9623),(155718,103,9625),(155742,103,9631),(155746,103,9632),(155802,103,9646),(155778,103,9640),(155806,103,9647),(155810,103,9648),(155766,103,9637),(155814,103,9649),(155818,103,9650),(155822,103,9651),(155762,103,9636),(155826,103,9652),(155750,103,9633),(155754,103,9634),(155830,103,9653),(155834,103,9654),(155838,103,9655),(155758,103,9635),(155722,103,9626),(155842,103,9656),(155734,103,9629),(155846,103,9657),(155850,103,9658),(155726,103,9627),(155730,103,9628),(155714,103,9624),(155706,103,9622),(155698,103,9620),(155702,103,9621),(155902,103,9671),(155922,103,9676),(155926,103,9677),(155914,103,9674),(155882,103,9666),(155906,103,9672),(155918,103,9675),(155898,103,9670),(155910,103,9673),(155886,103,9667),(155890,103,9668),(155894,103,9669),(155666,103,9612),(155662,103,9611),(155658,103,9610),(155654,103,9609),(155650,103,9608),(155678,103,9615),(155674,103,9614),(155670,103,9613),(155642,103,9606),(155638,103,9605),(155690,103,9618),(155686,103,9617),(155582,103,9591),(155682,103,9616),(155646,103,9607),(155634,103,9604),(155630,103,9603),(155622,103,9601),(155586,103,9592),(155590,103,9593),(155626,103,9602),(155854,103,9659),(155858,103,9660),(155862,103,9661),(155866,103,9662),(155870,103,9663),(155874,103,9664),(155878,103,9665),(155610,103,9598),(155594,103,9594),(155614,103,9599),(155618,103,9600),(155598,103,9595),(155602,103,9596),(155606,103,9597),(155570,103,9588),(155574,103,9589),(155578,103,9590),(155694,103,9619),(156047,43,9687),(156163,43,9716),(156351,43,9763),(156155,43,9714),(156179,43,9720),(156135,43,9709),(156123,43,9706),(156235,43,9734),(156107,43,9702),(156127,43,9707),(156171,43,9718),(156143,43,9711),(156159,43,9715),(156131,43,9708),(156151,43,9713),(156343,43,9761),(156099,43,9700),(156139,43,9710),(156355,43,9764),(156103,43,9701),(156147,43,9712),(156183,43,9721),(156299,43,9750),(156327,43,9757),(156319,43,9755),(156111,43,9703),(156091,43,9698),(156115,43,9704),(156095,43,9699),(156119,43,9705),(156291,43,9748),(156307,43,9752),(156347,43,9762),(156287,43,9747),(156323,43,9756),(156083,43,9696),(156279,43,9745),(156295,43,9749),(156339,43,9760),(156247,43,9737),(156259,43,9740),(156303,43,9751),(156255,43,9739),(156275,43,9744),(156331,43,9758),(156251,43,9738),(156271,43,9743),(156311,43,9753),(156239,43,9735),(156267,43,9742),(156315,43,9754),(156231,43,9733),(156243,43,9736),(156263,43,9741),(156175,43,9719),(156167,43,9717),(156283,43,9746),(156335,43,9759),(156087,43,9697),(156227,43,9732),(156063,43,9691),(156059,43,9690),(156203,43,9726),(156223,43,9731),(156067,43,9692),(156191,43,9723),(156079,43,9695),(156199,43,9725),(156215,43,9729),(156207,43,9727),(156195,43,9724),(156219,43,9730),(156055,43,9689),(156075,43,9694),(156211,43,9728),(156071,43,9693),(156187,43,9722),(156051,43,9688),(156048,44,9687),(156164,44,9716),(156352,44,9763),(156156,44,9714),(156180,44,9720),(156136,44,9709),(156124,44,9706),(156236,44,9734),(156108,44,9702),(156128,44,9707),(156172,44,9718),(156144,44,9711),(156160,44,9715),(156132,44,9708),(156152,44,9713),(156344,44,9761),(156100,44,9700),(156140,44,9710),(156356,44,9764),(156104,44,9701),(156148,44,9712),(156184,44,9721),(156300,44,9750),(156328,44,9757),(156320,44,9755),(156112,44,9703),(156092,44,9698),(156116,44,9704),(156096,44,9699),(156120,44,9705),(156292,44,9748),(156308,44,9752),(156348,44,9762),(156288,44,9747),(156324,44,9756),(156084,44,9696),(156280,44,9745),(156296,44,9749),(156340,44,9760),(156248,44,9737),(156260,44,9740),(156304,44,9751),(156256,44,9739),(156276,44,9744),(156332,44,9758),(156252,44,9738),(156272,44,9743),(156312,44,9753),(156240,44,9735),(156268,44,9742),(156316,44,9754),(156232,44,9733),(156244,44,9736),(156264,44,9741),(156176,44,9719),(156168,44,9717),(156284,44,9746),(156336,44,9759),(156088,44,9697),(156228,44,9732),(156064,44,9691),(156060,44,9690),(156204,44,9726),(156224,44,9731),(156068,44,9692),(156192,44,9723),(156080,44,9695),(156200,44,9725),(156216,44,9729),(156208,44,9727),(156196,44,9724),(156220,44,9730),(156056,44,9689),(156076,44,9694),(156212,44,9728),(156072,44,9693),(156188,44,9722),(156052,44,9688),(156046,73,9687),(156049,103,9687),(156162,97,9716),(156350,97,9763),(156154,97,9714),(156178,97,9720),(156134,97,9709),(156122,97,9706),(156234,97,9734),(156106,97,9702),(156126,97,9707),(156170,97,9718),(156142,97,9711),(156158,97,9715),(156130,97,9708),(156150,97,9713),(156342,97,9761),(156098,97,9700),(156138,97,9710),(156354,97,9764),(156102,97,9701),(156146,97,9712),(156182,97,9721),(156298,97,9750),(156326,97,9757),(156318,97,9755),(156110,97,9703),(156090,97,9698),(156114,97,9704),(156094,97,9699),(156118,97,9705),(156290,97,9748),(156306,97,9752),(156346,97,9762),(156286,97,9747),(156322,97,9756),(156082,97,9696),(156278,97,9745),(156294,97,9749),(156338,97,9760),(156246,97,9737),(156258,97,9740),(156302,97,9751),(156254,97,9739),(156274,97,9744),(156330,97,9758),(156250,97,9738),(156270,97,9743),(156310,97,9753),(156238,97,9735),(156266,97,9742),(156314,97,9754),(156230,97,9733),(156242,97,9736),(156262,97,9741),(156174,97,9719),(156166,97,9717),(156282,97,9746),(156334,97,9759),(156086,97,9697),(156226,97,9732),(156062,97,9691),(156058,97,9690),(156202,97,9726),(156222,97,9731),(156066,97,9692),(156190,97,9723),(156078,97,9695),(156198,97,9725),(156214,97,9729),(156206,97,9727),(156194,97,9724),(156218,97,9730),(156054,97,9689),(156074,97,9694),(156210,97,9728),(156070,97,9693),(156186,97,9722),(156050,97,9688),(156165,103,9716),(156353,103,9763),(156157,103,9714),(156181,103,9720),(156137,103,9709),(156125,103,9706),(156237,103,9734),(156109,103,9702),(156129,103,9707),(156173,103,9718),(156145,103,9711),(156161,103,9715),(156133,103,9708),(156153,103,9713),(156345,103,9761),(156101,103,9700),(156141,103,9710),(156357,103,9764),(156105,103,9701),(156149,103,9712),(156185,103,9721),(156301,103,9750),(156329,103,9757),(156321,103,9755),(156113,103,9703),(156093,103,9698),(156117,103,9704),(156097,103,9699),(156121,103,9705),(156293,103,9748),(156309,103,9752),(156349,103,9762),(156289,103,9747),(156325,103,9756),(156085,103,9696),(156281,103,9745),(156297,103,9749),(156341,103,9760),(156249,103,9737),(156261,103,9740),(156305,103,9751),(156257,103,9739),(156277,103,9744),(156333,103,9758),(156253,103,9738),(156273,103,9743),(156313,103,9753),(156241,103,9735),(156269,103,9742),(156317,103,9754),(156233,103,9733),(156245,103,9736),(156265,103,9741),(156177,103,9719),(156169,103,9717),(156285,103,9746),(156337,103,9759),(156089,103,9697),(156229,103,9732),(156065,103,9691),(156061,103,9690),(156205,103,9726),(156225,103,9731),(156069,103,9692),(156193,103,9723),(156081,103,9695),(156201,103,9725),(156217,103,9729),(156209,103,9727),(156197,103,9724),(156221,103,9730),(156057,103,9689),(156077,103,9694),(156213,103,9728),(156073,103,9693),(156189,103,9722),(156053,103,9688),(156565,43,9843),(156553,43,9841),(156559,43,9842),(156583,43,9846),(156589,43,9847),(156595,43,9848),(156571,43,9844),(156577,43,9845),(156692,43,9867),(156697,43,9868),(156687,43,9866),(156682,43,9865),(156601,43,9849),(156529,43,9837),(156547,43,9840),(156541,43,9839),(156535,43,9838),(156566,44,9843),(156554,44,9841),(156560,44,9842),(156584,44,9846),(156590,44,9847),(156596,44,9848),(156572,44,9844),(156578,44,9845),(156693,44,9867),(156698,44,9868),(156688,44,9866),(156683,44,9865),(156602,44,9849),(156530,44,9837),(156548,44,9840),(156542,44,9839),(156536,44,9838),(156569,102,9843),(156557,102,9841),(156563,102,9842),(156587,102,9846),(156593,102,9847),(156599,102,9848),(156575,102,9844),(156581,102,9845),(156695,102,9867),(156700,102,9868),(156690,102,9866),(156685,102,9865),(156605,102,9849),(156533,102,9837),(156551,102,9840),(156545,102,9839),(156539,102,9838),(156615,102,9851),(156630,102,9854),(156635,102,9855),(156625,102,9853),(156620,102,9852),(156610,102,9850),(156645,102,9857),(156640,102,9856),(156650,102,9858),(156680,102,9864),(156675,102,9863),(156670,102,9862),(156665,102,9861),(156660,102,9860),(156655,102,9859),(156567,64,9843),(156555,64,9841),(156561,64,9842),(156585,64,9846),(156591,64,9847),(156597,64,9848),(156573,64,9844),(156579,64,9845),(156694,64,9867),(156699,64,9868),(156689,64,9866),(156684,64,9865),(156603,64,9849),(156531,64,9837),(156549,64,9840),(156543,64,9839),(156537,64,9838),(156568,94,9843),(156556,94,9841),(156562,94,9842),(156586,94,9846),(156592,94,9847),(156598,94,9848),(156574,94,9844),(156580,94,9845),(156564,116,9843),(156552,116,9841),(156558,116,9842),(156582,116,9846),(156588,116,9847),(156594,116,9848),(156570,116,9844),(156576,116,9845),(156600,115,9849),(156528,115,9837),(156546,115,9840),(156540,115,9839),(156534,115,9838),(156604,94,9849),(156532,94,9837),(156550,94,9840),(156544,94,9839),(156538,94,9838),(156691,92,9867),(156696,92,9868),(156686,92,9866),(156681,92,9865),(156611,101,9851),(156626,101,9854),(156631,101,9855),(156621,101,9853),(156616,101,9852),(156606,101,9850),(156641,101,9857),(156636,101,9856),(156646,101,9858),(156676,101,9864),(156671,101,9863),(156666,101,9862),(156661,101,9861),(156656,101,9860),(156651,101,9859),(156614,64,9851),(156629,64,9854),(156634,64,9855),(156624,64,9853),(156619,64,9852),(156609,64,9850),(156644,64,9857),(156639,64,9856),(156649,64,9858),(156679,64,9864),(156674,64,9863),(156669,64,9862),(156664,64,9861),(156659,64,9860),(156654,64,9859),(156613,44,9851),(156628,44,9854),(156633,44,9855),(156623,44,9853),(156618,44,9852),(156608,44,9850),(156643,44,9857),(156638,44,9856),(156648,44,9858),(156678,44,9864),(156673,44,9863),(156668,44,9862),(156663,44,9861),(156658,44,9860),(156653,44,9859),(156612,43,9851),(156627,43,9854),(156632,43,9855),(156622,43,9853),(156617,43,9852),(156607,43,9850),(156642,43,9857),(156637,43,9856),(156647,43,9858),(156677,43,9864),(156672,43,9863),(156667,43,9862),(156662,43,9861),(156657,43,9860),(156652,43,9859),(157417,43,10209),(157522,43,10230),(157527,43,10231),(157487,43,10223),(157552,43,10236),(157517,43,10229),(157452,43,10216),(157547,43,10235),(157532,43,10232),(157507,43,10227),(157502,43,10226),(157467,43,10219),(157457,43,10217),(157472,43,10220),(157447,43,10215),(157442,43,10214),(157437,43,10213),(157512,43,10228),(157497,43,10225),(157462,43,10218),(157482,43,10222),(157432,43,10212),(157427,43,10211),(157477,43,10221),(157537,43,10233),(157492,43,10224),(157422,43,10210),(157362,43,10198),(157367,43,10199),(157372,43,10200),(157377,43,10201),(157557,43,10237),(157656,43,10255),(157624,43,10249),(157650,43,10254),(157618,43,10248),(157600,43,10245),(157606,43,10246),(157612,43,10247),(157594,43,10244),(157588,43,10243),(157582,43,10242),(157562,43,10238),(157382,43,10202),(157640,43,10252),(157645,43,10253),(157635,43,10251),(157387,43,10203),(157392,43,10204),(157397,43,10205),(157402,43,10206),(157567,43,10239),(157577,43,10241),(157572,43,10240),(157407,43,10207),(157412,43,10208),(157418,44,10209),(157523,44,10230),(157528,44,10231),(157488,44,10223),(157553,44,10236),(157518,44,10229),(157453,44,10216),(157548,44,10235),(157533,44,10232),(157508,44,10227),(157503,44,10226),(157468,44,10219),(157458,44,10217),(157473,44,10220),(157448,44,10215),(157443,44,10214),(157438,44,10213),(157513,44,10228),(157498,44,10225),(157463,44,10218),(157483,44,10222),(157433,44,10212),(157428,44,10211),(157478,44,10221),(157538,44,10233),(157493,44,10224),(157423,44,10210),(157363,44,10198),(157368,44,10199),(157373,44,10200),(157378,44,10201),(157558,44,10237),(157657,44,10255),(157625,44,10249),(157651,44,10254),(157619,44,10248),(157601,44,10245),(157607,44,10246),(157613,44,10247),(157595,44,10244),(157589,44,10243),(157583,44,10242),(157563,44,10238),(157383,44,10202),(157641,44,10252),(157646,44,10253),(157636,44,10251),(157388,44,10203),(157393,44,10204),(157398,44,10205),(157403,44,10206),(157568,44,10239),(157578,44,10241),(157573,44,10240),(157408,44,10207),(157413,44,10208),(157419,102,10209),(157524,102,10230),(157529,102,10231),(157489,102,10223),(157554,102,10236),(157519,102,10229),(157454,102,10216),(157549,102,10235),(157534,102,10232),(157509,102,10227),(157504,102,10226),(157469,102,10219),(157459,102,10217),(157474,102,10220),(157449,102,10215),(157444,102,10214),(157439,102,10213),(157514,102,10228),(157499,102,10225),(157464,102,10218),(157484,102,10222),(157434,102,10212),(157429,102,10211),(157479,102,10221),(157539,102,10233),(157494,102,10224),(157424,102,10210),(157364,102,10198),(157369,102,10199),(157374,102,10200),(157379,102,10201),(157560,102,10237),(157660,102,10255),(157628,102,10249),(157654,102,10254),(157622,102,10248),(157604,102,10245),(157610,102,10246),(157616,102,10247),(157598,102,10244),(157592,102,10243),(157586,102,10242),(157565,102,10238),(157384,102,10202),(157642,102,10252),(157647,102,10253),(157637,102,10251),(157389,102,10203),(157394,102,10204),(157399,102,10205),(157404,102,10206),(157569,102,10239),(157579,102,10241),(157574,102,10240),(157409,102,10207),(157414,102,10208),(157420,108,10209),(157525,108,10230),(157530,108,10231),(157490,108,10223),(157555,108,10236),(157520,108,10229),(157455,108,10216),(157550,108,10235),(157535,108,10232),(157510,108,10227),(157505,108,10226),(157470,108,10219),(157460,108,10217),(157475,108,10220),(157450,108,10215),(157445,108,10214),(157440,108,10213),(157515,108,10228),(157500,108,10225),(157465,108,10218),(157485,108,10222),(157435,108,10212),(157430,108,10211),(157480,108,10221),(157540,108,10233),(157495,108,10224),(157425,108,10210),(157365,108,10198),(157370,108,10199),(157375,108,10200),(157380,108,10201),(157416,74,10209),(157521,74,10230),(157526,74,10231),(157486,74,10223),(157551,74,10236),(157516,74,10229),(157451,74,10216),(157546,74,10235),(157531,74,10232),(157506,74,10227),(157501,74,10226),(157466,74,10219),(157456,74,10217),(157471,74,10220),(157446,74,10215),(157441,74,10214),(157436,74,10213),(157511,74,10228),(157496,74,10225),(157461,74,10218),(157481,74,10222),(157431,74,10212),(157426,74,10211),(157476,74,10221),(157536,74,10233),(157491,74,10224),(157421,74,10210),(157361,74,10198),(157366,74,10199),(157371,74,10200),(157376,74,10201),(157381,77,10202),(157639,77,10252),(157644,77,10253),(157634,77,10251),(157386,77,10203),(157391,77,10204),(157396,77,10205),(157401,77,10206),(157566,77,10239),(157576,77,10241),(157571,77,10240),(157385,108,10202),(157643,108,10252),(157648,108,10253),(157638,108,10251),(157390,108,10203),(157395,108,10204),(157400,108,10205),(157405,108,10206),(157570,108,10239),(157580,108,10241),(157575,108,10240),(157410,105,10207),(157415,105,10208),(157406,51,10207),(157411,51,10208),(157556,95,10237),(157559,64,10237),(157561,118,10238),(157658,64,10255),(157626,64,10249),(157652,64,10254),(157620,64,10248),(157602,64,10245),(157608,64,10246),(157614,64,10247),(157596,64,10244),(157590,64,10243),(157584,64,10242),(157659,94,10255),(157627,94,10249),(157653,94,10254),(157621,94,10248),(157603,94,10245),(157609,94,10246),(157615,94,10247),(157597,94,10244),(157591,94,10243),(157585,94,10242),(157655,121,10255),(157623,121,10249),(157649,121,10254),(157617,121,10248),(157599,121,10245),(157605,121,10246),(157611,121,10247),(157593,121,10244),(157587,121,10243),(157581,121,10242),(157564,64,10238),(158280,45,10391),(158281,57,10391),(158282,61,10391),(158279,43,10391),(158444,164,10420),(158446,45,10420),(158445,43,10420),(158448,164,10421),(158450,45,10421),(158449,43,10421),(158452,164,10422),(158454,45,10422),(158453,43,10422),(158464,45,10424),(158465,57,10424),(158466,62,10424),(158463,43,10424),(158469,45,10425),(158470,57,10425),(158471,62,10425),(158468,43,10425),(158488,45,10436),(158489,57,10436),(158490,62,10436),(158487,43,10436),(158493,45,10437),(158494,57,10437),(158495,62,10437),(158492,43,10437),(158498,45,10452),(158499,57,10452),(158500,61,10452),(158497,43,10452),(158503,45,10453),(158504,57,10453),(158505,61,10453),(158502,43,10453),(158508,45,10454),(158509,57,10454),(158510,61,10454),(158507,43,10454),(158875,43,10234),(158880,43,10250),(158876,44,10234),(158881,44,10250),(158877,102,10234),(158882,102,10250),(158878,108,10234),(158883,108,10250),(158874,74,10234),(158879,74,10250),(158956,43,9525),(159096,43,9893),(159108,43,9895),(159120,43,9899),(158957,44,9525),(159097,44,9893),(159109,44,9895),(158958,102,9525),(159098,102,9893),(159110,102,9895),(159122,102,9899),(158955,155,9525),(158959,106,9525),(159082,83,9889),(159086,106,9889),(159099,105,9893),(159111,105,9895),(159095,51,9893),(159107,51,9895),(159119,81,9899),(159123,105,9899),(159046,79,9884),(159050,105,9884),(159085,102,9889),(159049,102,9884),(159121,44,9899),(159087,157,9889),(159089,156,9889),(159088,103,9889),(159084,44,9889),(159048,44,9884),(159083,43,9889),(159047,43,9884),(159233,43,9549),(159234,44,9549),(159232,96,9549),(159235,103,9549),(159388,43,5370),(159392,43,5376),(159396,43,5382),(159386,134,5370),(159390,134,5376),(159394,134,5382),(159407,43,10434),(159405,165,10434),(159409,165,10435),(159401,165,10433),(159411,43,10435),(159403,43,10433),(159595,43,9390),(159590,43,9389),(159600,43,9391),(159785,43,9438),(159780,43,9437),(159775,43,9436),(159770,43,9435),(159765,43,9434),(159760,43,9433),(159755,43,9432),(159750,43,9431),(159790,43,9440),(159795,43,9441),(159805,43,9444),(159800,43,9443),(159820,43,9448),(159815,43,9447),(159810,43,9446),(159825,43,9450),(159840,43,9454),(159830,43,9452),(159835,43,9453),(159845,43,9456),(159610,43,9394),(159620,43,9396),(159605,43,9393),(159615,43,9395),(159850,43,9458),(159860,43,9463),(159855,43,9462),(159870,43,9470),(159865,43,9469),(159630,43,9400),(159635,43,9401),(159625,43,9399),(159645,43,9403),(159650,43,9404),(159640,43,9402),(159880,43,9478),(159875,43,9477),(159890,43,9481),(159885,43,9480),(159690,43,9414),(159685,43,9413),(159700,43,9416),(159695,43,9415),(159720,43,9421),(159715,43,9420),(159710,43,9419),(159705,43,9418),(159730,43,9423),(159735,43,9424),(159725,43,9422),(159745,43,9427),(159740,43,9426),(159905,43,9768),(159910,43,9769),(159895,43,9766),(159900,43,9767),(159915,43,9771),(159920,43,9772),(159931,43,9775),(159955,43,9779),(159925,43,9774),(159949,43,9778),(159943,43,9777),(159961,43,9780),(159937,43,9776),(159967,43,9781),(159979,43,9784),(159973,43,9783),(159991,43,9787),(159985,43,9786),(160003,43,9791),(160015,43,9793),(159997,43,9790),(160009,43,9792),(160081,43,9806),(160075,43,9805),(160087,43,9807),(160045,43,9800),(160039,43,9799),(160051,43,9801),(160063,43,9803),(160057,43,9802),(160069,43,9804),(160027,43,9797),(160021,43,9796),(160033,43,9798),(160099,43,9810),(160105,43,9811),(160111,43,9812),(160093,43,9809),(160117,43,9814),(159660,43,9407),(159665,43,9408),(159655,43,9406),(159675,43,9410),(159680,43,9411),(159670,43,9409),(159596,44,9390),(159591,44,9389),(159601,44,9391),(159786,44,9438),(159781,44,9437),(159776,44,9436),(159771,44,9435),(159766,44,9434),(159761,44,9433),(159756,44,9432),(159751,44,9431),(159791,44,9440),(159796,44,9441),(159806,44,9444),(159801,44,9443),(159821,44,9448),(159816,44,9447),(159811,44,9446),(159826,44,9450),(159841,44,9454),(159831,44,9452),(159836,44,9453),(159846,44,9456),(159611,44,9394),(159621,44,9396),(159606,44,9393),(159616,44,9395),(159851,44,9458),(159861,44,9463),(159856,44,9462),(159871,44,9470),(159866,44,9469),(159631,44,9400),(159636,44,9401),(159626,44,9399),(159646,44,9403),(159651,44,9404),(159641,44,9402),(159881,44,9478),(159876,44,9477),(159891,44,9481),(159886,44,9480),(159691,44,9414),(159686,44,9413),(159701,44,9416),(159696,44,9415),(159721,44,9421),(159716,44,9420),(159711,44,9419),(159706,44,9418),(159731,44,9423),(159736,44,9424),(159726,44,9422),(159746,44,9427),(159741,44,9426),(159906,44,9768),(159911,44,9769),(159896,44,9766),(159901,44,9767),(159916,44,9771),(159921,44,9772),(159932,44,9775),(159956,44,9779),(159926,44,9774),(159950,44,9778),(159944,44,9777),(159962,44,9780),(159938,44,9776),(159968,44,9781),(159980,44,9784),(159974,44,9783),(159992,44,9787),(159986,44,9786),(160004,44,9791),(160016,44,9793),(159998,44,9790),(160010,44,9792),(160082,44,9806),(160076,44,9805),(160088,44,9807),(160046,44,9800),(160040,44,9799),(160052,44,9801),(160064,44,9803),(160058,44,9802),(160070,44,9804),(160028,44,9797),(160022,44,9796),(160034,44,9798),(160100,44,9810),(160106,44,9811),(160112,44,9812),(160094,44,9809),(160118,44,9814),(159661,44,9407),(159666,44,9408),(159656,44,9406),(159676,44,9410),(159681,44,9411),(159671,44,9409),(159597,102,9390),(159592,102,9389),(159602,102,9391),(159787,102,9438),(159782,102,9437),(159777,102,9436),(159772,102,9435),(159767,102,9434),(159762,102,9433),(159757,102,9432),(159752,102,9431),(159792,102,9440),(159797,102,9441),(159807,102,9444),(159802,102,9443),(159822,102,9448),(159817,102,9447),(159812,102,9446),(159827,102,9450),(159842,102,9454),(159832,102,9452),(159837,102,9453),(159847,102,9456),(159612,102,9394),(159622,102,9396),(159607,102,9393),(159617,102,9395),(159852,102,9458),(159862,102,9463),(159857,102,9462),(159872,102,9470),(159867,102,9469),(159632,102,9400),(159637,102,9401),(159627,102,9399),(159647,102,9403),(159652,102,9404),(159642,102,9402),(159882,102,9478),(159877,102,9477),(159892,102,9481),(159887,102,9480),(159692,102,9414),(159687,102,9413),(159702,102,9416),(159697,102,9415),(159722,102,9421),(159717,102,9420),(159712,102,9419),(159707,102,9418),(159732,102,9423),(159737,102,9424),(159727,102,9422),(159747,102,9427),(159742,102,9426),(159908,102,9768),(159913,102,9769),(159898,102,9766),(159903,102,9767),(159918,102,9771),(159923,102,9772),(159935,102,9775),(159959,102,9779),(159929,102,9774),(159953,102,9778),(159947,102,9777),(159965,102,9780),(159941,102,9776),(159971,102,9781),(159983,102,9784),(159977,102,9783),(159995,102,9787),(159989,102,9786),(160007,102,9791),(160019,102,9793),(160001,102,9790),(160013,102,9792),(160085,102,9806),(160079,102,9805),(160091,102,9807),(160049,102,9800),(160043,102,9799),(160055,102,9801),(160067,102,9803),(160061,102,9802),(160073,102,9804),(160031,102,9797),(160025,102,9796),(160037,102,9798),(160103,102,9810),(160109,102,9811),(160115,102,9812),(160097,102,9809),(160121,102,9814),(159662,102,9407),(159667,102,9408),(159657,102,9406),(159677,102,9410),(159682,102,9411),(159672,102,9409),(159598,106,9390),(159593,106,9389),(159603,106,9391),(159788,106,9438),(159783,106,9437),(159778,106,9436),(159773,106,9435),(159768,106,9434),(159763,106,9433),(159758,106,9432),(159753,106,9431),(159793,106,9440),(159798,106,9441),(159808,106,9444),(159803,106,9443),(159823,106,9448),(159818,106,9447),(159813,106,9446),(159828,106,9450),(159843,106,9454),(159833,106,9452),(159838,106,9453),(159848,106,9456),(159613,106,9394),(159623,106,9396),(159608,106,9393),(159618,106,9395),(159853,106,9458),(159863,106,9463),(159858,106,9462),(159873,106,9470),(159868,106,9469),(159633,106,9400),(159638,106,9401),(159628,106,9399),(159648,106,9403),(159653,106,9404),(159643,106,9402),(159883,106,9478),(159878,106,9477),(159893,106,9481),(159888,106,9480),(159693,106,9414),(159688,106,9413),(159703,106,9416),(159698,106,9415),(159723,106,9421),(159718,106,9420),(159713,106,9419),(159708,106,9418),(159733,106,9423),(159738,106,9424),(159728,106,9422),(159748,106,9427),(159743,106,9426),(159594,76,9390),(159589,76,9389),(159599,76,9391),(159784,76,9438),(159779,76,9437),(159774,76,9436),(159769,76,9435),(159764,76,9434),(159759,76,9433),(159754,76,9432),(159749,76,9431),(159789,76,9440),(159794,76,9441),(159804,76,9444),(159799,76,9443),(159819,76,9448),(159814,76,9447),(159809,76,9446),(159824,76,9450),(159839,76,9454),(159829,76,9452),(159834,76,9453),(159844,76,9456),(159609,76,9394),(159619,76,9396),(159604,76,9393),(159614,76,9395),(159849,76,9458),(159859,76,9463),(159854,76,9462),(159869,76,9470),(159864,76,9469),(159629,76,9400),(159634,76,9401),(159624,76,9399),(159644,76,9403),(159649,76,9404),(159639,76,9402),(159879,76,9478),(159874,76,9477),(159889,76,9481),(159884,76,9480),(159689,76,9414),(159684,76,9413),(159699,76,9416),(159694,76,9415),(159719,76,9421),(159714,76,9420),(159709,76,9419),(159704,76,9418),(159729,76,9423),(159734,76,9424),(159724,76,9422),(159744,76,9427),(159739,76,9426),(159659,76,9407),(159664,76,9408),(159654,76,9406),(159674,76,9410),(159679,76,9411),(159669,76,9409),(159663,106,9407),(159668,106,9408),(159658,106,9406),(159678,106,9410),(159683,106,9411),(159673,106,9409),(159904,95,9768),(159909,95,9769),(159894,95,9766),(159899,95,9767),(159914,95,9771),(159919,95,9772),(159907,64,9768),(159912,64,9769),(159897,64,9766),(159902,64,9767),(159917,64,9771),(159922,64,9772),(159933,64,9775),(159957,64,9779),(159927,64,9774),(159951,64,9778),(159945,64,9777),(159963,64,9780),(159939,64,9776),(159969,64,9781),(159981,64,9784),(159975,64,9783),(159993,64,9787),(159987,64,9786),(160005,64,9791),(160017,64,9793),(159999,64,9790),(160011,64,9792),(160083,64,9806),(160077,64,9805),(160089,64,9807),(160047,64,9800),(160041,64,9799),(160053,64,9801),(160065,64,9803),(160059,64,9802),(160071,64,9804),(160029,64,9797),(160023,64,9796),(160035,64,9798),(160101,64,9810),(160107,64,9811),(160113,64,9812),(160095,64,9809),(160119,64,9814),(159930,115,9775),(159954,115,9779),(159924,115,9774),(159948,115,9778),(159942,115,9777),(159960,115,9780),(159936,115,9776),(159966,115,9781),(159978,115,9784),(159972,115,9783),(159990,115,9787),(159984,115,9786),(160002,115,9791),(160014,115,9793),(159996,115,9790),(160008,115,9792),(160080,115,9806),(160074,115,9805),(160086,115,9807),(160044,115,9800),(160038,115,9799),(160050,115,9801),(160062,115,9803),(160056,115,9802),(160068,115,9804),(160026,115,9797),(160020,115,9796),(160032,115,9798),(160098,115,9810),(160104,115,9811),(160110,115,9812),(160092,115,9809),(160116,115,9814),(159934,94,9775),(159958,94,9779),(159928,94,9774),(159952,94,9778),(159946,94,9777),(159964,94,9780),(159940,94,9776),(159970,94,9781),(159982,94,9784),(159976,94,9783),(159994,94,9787),(159988,94,9786),(160006,94,9791),(160018,94,9793),(160000,94,9790),(160012,94,9792),(160084,94,9806),(160078,94,9805),(160090,94,9807),(160048,94,9800),(160042,94,9799),(160054,94,9801),(160066,94,9803),(160060,94,9802),(160072,94,9804),(160030,94,9797),(160024,94,9796),(160036,94,9798),(160102,94,9810),(160108,94,9811),(160114,94,9812),(160096,94,9809),(160120,94,9814),(160307,43,9915),(160312,43,9916),(160317,43,9917),(160322,43,9918),(160467,43,9956),(160477,43,9958),(160472,43,9957),(160482,43,9959),(160492,43,9961),(160487,43,9960),(160497,43,9962),(160507,43,9964),(160502,43,9963),(160522,43,9968),(160512,43,9966),(160517,43,9967),(160537,43,9971),(160527,43,9969),(160532,43,9970),(160552,43,9974),(160542,43,9972),(160547,43,9973),(160562,43,9977),(160557,43,9976),(160572,43,9979),(160567,43,9978),(160582,43,9982),(160577,43,9981),(160592,43,9984),(160587,43,9983),(160602,43,9986),(160597,43,9985),(160617,43,9990),(160612,43,9989),(160607,43,9988),(160632,43,9993),(160627,43,9992),(160622,43,9991),(160647,43,9996),(160642,43,9995),(160637,43,9994),(160652,43,9998),(160657,43,9999),(160662,43,10000),(160667,43,10001),(160672,43,10003),(160677,43,10004),(160682,43,10005),(160687,43,10006),(160692,43,10007),(160697,43,10008),(160702,43,10010),(160707,43,10011),(160712,43,10012),(160717,43,10013),(160722,43,10014),(160727,43,10015),(160732,43,10017),(160327,43,9920),(160332,43,9921),(160337,43,9922),(160342,43,9923),(160347,43,9925),(160352,43,9926),(160357,43,9927),(160362,43,9928),(160367,43,9930),(160372,43,9931),(160377,43,9932),(160382,43,9933),(160397,43,9938),(160402,43,9939),(160387,43,9936),(160392,43,9937),(160407,43,9940),(160412,43,9941),(160417,43,9942),(160422,43,9943),(160427,43,9945),(160432,43,9946),(160447,43,9950),(160452,43,9951),(160457,43,9952),(160462,43,9953),(160437,43,9948),(160442,43,9949),(160223,43,9815),(160229,43,9817),(160235,43,9818),(160241,43,9819),(160247,43,9821),(160253,43,9822),(160259,43,9823),(160265,43,9824),(160277,43,9828),(160289,43,9830),(160301,43,9832),(160271,43,9827),(160283,43,9829),(160295,43,9831),(160308,44,9915),(160313,44,9916),(160318,44,9917),(160323,44,9918),(160468,44,9956),(160478,44,9958),(160473,44,9957),(160483,44,9959),(160493,44,9961),(160488,44,9960),(160498,44,9962),(160508,44,9964),(160503,44,9963),(160523,44,9968),(160513,44,9966),(160518,44,9967),(160538,44,9971),(160528,44,9969),(160533,44,9970),(160553,44,9974),(160543,44,9972),(160548,44,9973),(160563,44,9977),(160558,44,9976),(160573,44,9979),(160568,44,9978),(160583,44,9982),(160578,44,9981),(160593,44,9984),(160588,44,9983),(160603,44,9986),(160598,44,9985),(160618,44,9990),(160613,44,9989),(160608,44,9988),(160633,44,9993),(160628,44,9992),(160623,44,9991),(160648,44,9996),(160643,44,9995),(160638,44,9994),(160653,44,9998),(160658,44,9999),(160663,44,10000),(160668,44,10001),(160673,44,10003),(160678,44,10004),(160683,44,10005),(160688,44,10006),(160693,44,10007),(160698,44,10008),(160703,44,10010),(160708,44,10011),(160713,44,10012),(160718,44,10013),(160723,44,10014),(160728,44,10015),(160733,44,10017),(160328,44,9920),(160333,44,9921),(160338,44,9922),(160343,44,9923),(160348,44,9925),(160353,44,9926),(160358,44,9927),(160363,44,9928),(160368,44,9930),(160373,44,9931),(160378,44,9932),(160383,44,9933),(160398,44,9938),(160403,44,9939),(160388,44,9936),(160393,44,9937),(160408,44,9940),(160413,44,9941),(160418,44,9942),(160423,44,9943),(160428,44,9945),(160433,44,9946),(160448,44,9950),(160453,44,9951),(160458,44,9952),(160463,44,9953),(160438,44,9948),(160443,44,9949),(160224,44,9815),(160230,44,9817),(160236,44,9818),(160242,44,9819),(160248,44,9821),(160254,44,9822),(160260,44,9823),(160266,44,9824),(160278,44,9828),(160290,44,9830),(160302,44,9832),(160272,44,9827),(160284,44,9829),(160296,44,9831),(160309,102,9915),(160314,102,9916),(160319,102,9917),(160324,102,9918),(160469,102,9956),(160479,102,9958),(160474,102,9957),(160484,102,9959),(160494,102,9961),(160489,102,9960),(160499,102,9962),(160509,102,9964),(160504,102,9963),(160524,102,9968),(160514,102,9966),(160519,102,9967),(160539,102,9971),(160529,102,9969),(160534,102,9970),(160554,102,9974),(160544,102,9972),(160549,102,9973),(160564,102,9977),(160559,102,9976),(160574,102,9979),(160569,102,9978),(160584,102,9982),(160579,102,9981),(160594,102,9984),(160589,102,9983),(160604,102,9986),(160599,102,9985),(160619,102,9990),(160614,102,9989),(160609,102,9988),(160634,102,9993),(160629,102,9992),(160624,102,9991),(160649,102,9996),(160644,102,9995),(160639,102,9994),(160654,102,9998),(160659,102,9999),(160664,102,10000),(160669,102,10001),(160674,102,10003),(160679,102,10004),(160684,102,10005),(160689,102,10006),(160694,102,10007),(160699,102,10008),(160704,102,10010),(160709,102,10011),(160714,102,10012),(160719,102,10013),(160724,102,10014),(160729,102,10015),(160734,102,10017),(160329,102,9920),(160334,102,9921),(160339,102,9922),(160344,102,9923),(160349,102,9925),(160354,102,9926),(160359,102,9927),(160364,102,9928),(160369,102,9930),(160374,102,9931),(160379,102,9932),(160384,102,9933),(160399,102,9938),(160404,102,9939),(160389,102,9936),(160394,102,9937),(160409,102,9940),(160414,102,9941),(160419,102,9942),(160424,102,9943),(160429,102,9945),(160434,102,9946),(160449,102,9950),(160454,102,9951),(160459,102,9952),(160464,102,9953),(160439,102,9948),(160444,102,9949),(160227,102,9815),(160233,102,9817),(160239,102,9818),(160245,102,9819),(160251,102,9821),(160257,102,9822),(160263,102,9823),(160269,102,9824),(160281,102,9828),(160293,102,9830),(160305,102,9832),(160275,102,9827),(160287,102,9829),(160299,102,9831),(160310,108,9915),(160315,108,9916),(160320,108,9917),(160325,108,9918),(160470,108,9956),(160480,108,9958),(160475,108,9957),(160485,108,9959),(160495,108,9961),(160490,108,9960),(160500,108,9962),(160510,108,9964),(160505,108,9963),(160525,108,9968),(160515,108,9966),(160520,108,9967),(160540,108,9971),(160530,108,9969),(160535,108,9970),(160555,108,9974),(160545,108,9972),(160550,108,9973),(160565,108,9977),(160560,108,9976),(160575,108,9979),(160570,108,9978),(160585,108,9982),(160580,108,9981),(160595,108,9984),(160590,108,9983),(160605,108,9986),(160600,108,9985),(160620,108,9990),(160615,108,9989),(160610,108,9988),(160635,108,9993),(160630,108,9992),(160625,108,9991),(160650,108,9996),(160645,108,9995),(160640,108,9994),(160655,108,9998),(160660,108,9999),(160665,108,10000),(160670,108,10001),(160675,108,10003),(160680,108,10004),(160685,108,10005),(160690,108,10006),(160695,108,10007),(160700,108,10008),(160705,108,10010),(160710,108,10011),(160715,108,10012),(160720,108,10013),(160725,108,10014),(160730,108,10015),(160735,108,10017),(160330,108,9920),(160335,108,9921),(160340,108,9922),(160345,108,9923),(160350,108,9925),(160355,108,9926),(160360,108,9927),(160365,108,9928),(160370,108,9930),(160375,108,9931),(160380,108,9932),(160385,108,9933),(160400,108,9938),(160405,108,9939),(160390,108,9936),(160395,108,9937),(160410,108,9940),(160415,108,9941),(160420,108,9942),(160425,108,9943),(160430,108,9945),(160435,108,9946),(160450,108,9950),(160455,108,9951),(160460,108,9952),(160465,108,9953),(160440,108,9948),(160445,108,9949),(160306,74,9915),(160311,74,9916),(160316,74,9917),(160321,74,9918),(160466,74,9956),(160476,74,9958),(160471,74,9957),(160481,74,9959),(160491,74,9961),(160486,74,9960),(160496,74,9962),(160506,74,9964),(160501,74,9963),(160521,74,9968),(160511,74,9966),(160516,74,9967),(160536,74,9971),(160526,74,9969),(160531,74,9970),(160551,74,9974),(160541,74,9972),(160546,74,9973),(160561,74,9977),(160556,74,9976),(160571,74,9979),(160566,74,9978),(160581,74,9982),(160576,74,9981),(160591,74,9984),(160586,74,9983),(160601,74,9986),(160596,74,9985),(160616,74,9990),(160611,74,9989),(160606,74,9988),(160631,74,9993),(160626,74,9992),(160621,74,9991),(160646,74,9996),(160641,74,9995),(160636,74,9994),(160651,74,9998),(160656,74,9999),(160661,74,10000),(160666,74,10001),(160671,74,10003),(160676,74,10004),(160681,74,10005),(160686,74,10006),(160691,74,10007),(160696,74,10008),(160701,74,10010),(160706,74,10011),(160711,74,10012),(160716,74,10013),(160721,74,10014),(160726,74,10015),(160731,74,10017),(160326,74,9920),(160331,74,9921),(160336,74,9922),(160341,74,9923),(160346,74,9925),(160351,74,9926),(160356,74,9927),(160361,74,9928),(160366,74,9930),(160371,74,9931),(160376,74,9932),(160381,74,9933),(160396,74,9938),(160401,74,9939),(160386,74,9936),(160391,74,9937),(160406,74,9940),(160411,74,9941),(160416,74,9942),(160421,74,9943),(160426,74,9945),(160431,74,9946),(160446,74,9950),(160451,74,9951),(160456,74,9952),(160461,74,9953),(160436,74,9948),(160441,74,9949),(160225,64,9815),(160231,64,9817),(160237,64,9818),(160243,64,9819),(160249,64,9821),(160255,64,9822),(160261,64,9823),(160267,64,9824),(160279,64,9828),(160291,64,9830),(160303,64,9832),(160273,64,9827),(160285,64,9829),(160297,64,9831),(160222,115,9815),(160228,115,9817),(160234,115,9818),(160240,115,9819),(160246,115,9821),(160252,115,9822),(160258,115,9823),(160264,115,9824),(160276,115,9828),(160288,115,9830),(160300,115,9832),(160270,115,9827),(160282,115,9829),(160294,115,9831),(160226,94,9815),(160232,94,9817),(160238,94,9818),(160244,94,9819),(160250,94,9821),(160256,94,9822),(160262,94,9823),(160268,94,9824),(160280,94,9828),(160292,94,9830),(160304,94,9832),(160274,94,9827),(160286,94,9829),(160298,94,9831),(160837,43,10018),(160842,43,10019),(160847,43,10020),(160852,43,10021),(160857,43,10022),(160862,43,10024),(160882,43,10028),(160867,43,10025),(160887,43,10029),(160872,43,10026),(160892,43,10030),(160877,43,10027),(160897,43,10031),(160902,43,10034),(160907,43,10035),(160912,43,10036),(160917,43,10037),(160922,43,10038),(160927,43,10039),(160932,43,10041),(160947,43,10044),(160937,43,10042),(160952,43,10045),(160942,43,10043),(160957,43,10046),(160962,43,10048),(160967,43,10049),(160972,43,10050),(160992,43,10055),(160977,43,10052),(160997,43,10056),(160982,43,10053),(161002,43,10057),(160987,43,10054),(161007,43,10059),(161017,43,10061),(161012,43,10060),(161022,43,10062),(161027,43,10064),(161037,43,10066),(161032,43,10065),(161042,43,10067),(161052,43,10070),(161047,43,10069),(161057,43,10071),(161167,43,10100),(161162,43,10099),(161157,43,10098),(161212,43,10111),(161217,43,10112),(161207,43,10110),(161067,43,10074),(161062,43,10073),(161072,43,10075),(161082,43,10078),(161077,43,10077),(161087,43,10079),(161097,43,10082),(161092,43,10081),(161102,43,10083),(161112,43,10086),(161107,43,10085),(161117,43,10087),(161127,43,10090),(161122,43,10089),(161132,43,10091),(161142,43,10094),(161137,43,10093),(161147,43,10095),(161152,43,10096),(161177,43,10103),(161187,43,10105),(161172,43,10102),(161182,43,10104),(161202,43,10108),(161192,43,10106),(161197,43,10107),(161322,43,10140),(161317,43,10139),(161312,43,10138),(161332,43,10143),(161327,43,10142),(161252,43,10121),(161247,43,10120),(161257,43,10122),(161267,43,10125),(161262,43,10124),(161282,43,10129),(161277,43,10128),(161272,43,10127),(161297,43,10133),(161287,43,10131),(161292,43,10132),(161307,43,10136),(161302,43,10135),(161227,43,10115),(161237,43,10117),(161222,43,10114),(161232,43,10116),(161242,43,10118),(160838,44,10018),(160843,44,10019),(160848,44,10020),(160853,44,10021),(160858,44,10022),(160863,44,10024),(160883,44,10028),(160868,44,10025),(160888,44,10029),(160873,44,10026),(160893,44,10030),(160878,44,10027),(160898,44,10031),(160903,44,10034),(160908,44,10035),(160913,44,10036),(160918,44,10037),(160923,44,10038),(160928,44,10039),(160933,44,10041),(160948,44,10044),(160938,44,10042),(160953,44,10045),(160943,44,10043),(160958,44,10046),(160963,44,10048),(160968,44,10049),(160973,44,10050),(160993,44,10055),(160978,44,10052),(160998,44,10056),(160983,44,10053),(161003,44,10057),(160988,44,10054),(161008,44,10059),(161018,44,10061),(161013,44,10060),(161023,44,10062),(161028,44,10064),(161038,44,10066),(161033,44,10065),(161043,44,10067),(161053,44,10070),(161048,44,10069),(161058,44,10071),(161168,44,10100),(161163,44,10099),(161158,44,10098),(161213,44,10111),(161218,44,10112),(161208,44,10110),(161068,44,10074),(161063,44,10073),(161073,44,10075),(161083,44,10078),(161078,44,10077),(161088,44,10079),(161098,44,10082),(161093,44,10081),(161103,44,10083),(161113,44,10086),(161108,44,10085),(161118,44,10087),(161128,44,10090),(161123,44,10089),(161133,44,10091),(161143,44,10094),(161138,44,10093),(161148,44,10095),(161153,44,10096),(161178,44,10103),(161188,44,10105),(161173,44,10102),(161183,44,10104),(161203,44,10108),(161193,44,10106),(161198,44,10107),(161323,44,10140),(161318,44,10139),(161313,44,10138),(161333,44,10143),(161328,44,10142),(161253,44,10121),(161248,44,10120),(161258,44,10122),(161268,44,10125),(161263,44,10124),(161283,44,10129),(161278,44,10128),(161273,44,10127),(161298,44,10133),(161288,44,10131),(161293,44,10132),(161308,44,10136),(161303,44,10135),(161228,44,10115),(161238,44,10117),(161223,44,10114),(161233,44,10116),(161243,44,10118),(160839,102,10018),(160844,102,10019),(160849,102,10020),(160854,102,10021),(160859,102,10022),(160864,102,10024),(160884,102,10028),(160869,102,10025),(160889,102,10029),(160874,102,10026),(160894,102,10030),(160879,102,10027),(160899,102,10031),(160904,102,10034),(160909,102,10035),(160914,102,10036),(160919,102,10037),(160924,102,10038),(160929,102,10039),(160934,102,10041),(160949,102,10044),(160939,102,10042),(160954,102,10045),(160944,102,10043),(160959,102,10046),(160964,102,10048),(160969,102,10049),(160974,102,10050),(160994,102,10055),(160979,102,10052),(160999,102,10056),(160984,102,10053),(161004,102,10057),(160989,102,10054),(161009,102,10059),(161019,102,10061),(161014,102,10060),(161024,102,10062),(161029,102,10064),(161039,102,10066),(161034,102,10065),(161044,102,10067),(161054,102,10070),(161049,102,10069),(161059,102,10071),(161169,102,10100),(161164,102,10099),(161159,102,10098),(161214,102,10111),(161219,102,10112),(161209,102,10110),(161069,102,10074),(161064,102,10073),(161074,102,10075),(161084,102,10078),(161079,102,10077),(161089,102,10079),(161099,102,10082),(161094,102,10081),(161104,102,10083),(161114,102,10086),(161109,102,10085),(161119,102,10087),(161129,102,10090),(161124,102,10089),(161134,102,10091),(161144,102,10094),(161139,102,10093),(161149,102,10095),(161154,102,10096),(161179,102,10103),(161189,102,10105),(161174,102,10102),(161184,102,10104),(161204,102,10108),(161194,102,10106),(161199,102,10107),(161324,102,10140),(161319,102,10139),(161314,102,10138),(161334,102,10143),(161329,102,10142),(161254,102,10121),(161249,102,10120),(161259,102,10122),(161269,102,10125),(161264,102,10124),(161284,102,10129),(161279,102,10128),(161274,102,10127),(161299,102,10133),(161289,102,10131),(161294,102,10132),(161309,102,10136),(161304,102,10135),(161229,102,10115),(161239,102,10117),(161224,102,10114),(161234,102,10116),(161244,102,10118),(160840,108,10018),(160845,108,10019),(160850,108,10020),(160855,108,10021),(160860,108,10022),(160865,108,10024),(160885,108,10028),(160870,108,10025),(160890,108,10029),(160875,108,10026),(160895,108,10030),(160880,108,10027),(160900,108,10031),(160905,108,10034),(160910,108,10035),(160915,108,10036),(160920,108,10037),(160925,108,10038),(160930,108,10039),(160935,108,10041),(160950,108,10044),(160940,108,10042),(160955,108,10045),(160945,108,10043),(160960,108,10046),(160965,108,10048),(160970,108,10049),(160975,108,10050),(160995,108,10055),(160980,108,10052),(161000,108,10056),(160985,108,10053),(161005,108,10057),(160990,108,10054),(161010,108,10059),(161020,108,10061),(161015,108,10060),(161025,108,10062),(161030,108,10064),(161040,108,10066),(161035,108,10065),(161045,108,10067),(160836,74,10018),(160841,74,10019),(160846,74,10020),(160851,74,10021),(160856,74,10022),(160861,74,10024),(160881,74,10028),(160866,74,10025),(160886,74,10029),(160871,74,10026),(160891,74,10030),(160876,74,10027),(160896,74,10031),(160901,74,10034),(160906,74,10035),(160911,74,10036),(160916,74,10037),(160921,74,10038),(160926,74,10039),(160931,74,10041),(160946,74,10044),(160936,74,10042),(160951,74,10045),(160941,74,10043),(160956,74,10046),(160961,74,10048),(160966,74,10049),(160971,74,10050),(160991,74,10055),(160976,74,10052),(160996,74,10056),(160981,74,10053),(161001,74,10057),(160986,74,10054),(161006,74,10059),(161016,74,10061),(161011,74,10060),(161021,74,10062),(161026,74,10064),(161036,74,10066),(161031,74,10065),(161041,74,10067),(161051,77,10070),(161046,77,10069),(161056,77,10071),(161166,77,10100),(161161,77,10099),(161156,77,10098),(161211,77,10111),(161216,77,10112),(161206,77,10110),(161066,77,10074),(161061,77,10073),(161071,77,10075),(161081,77,10078),(161076,77,10077),(161086,77,10079),(161096,77,10082),(161091,77,10081),(161101,77,10083),(161111,77,10086),(161106,77,10085),(161116,77,10087),(161126,77,10090),(161121,77,10089),(161131,77,10091),(161141,77,10094),(161136,77,10093),(161146,77,10095),(161151,77,10096),(161176,77,10103),(161186,77,10105),(161171,77,10102),(161181,77,10104),(161201,77,10108),(161191,77,10106),(161196,77,10107),(161321,77,10140),(161316,77,10139),(161311,77,10138),(161331,77,10143),(161326,77,10142),(161251,77,10121),(161246,77,10120),(161256,77,10122),(161266,77,10125),(161261,77,10124),(161281,77,10129),(161276,77,10128),(161271,77,10127),(161296,77,10133),(161286,77,10131),(161291,77,10132),(161306,77,10136),(161301,77,10135),(161226,77,10115),(161236,77,10117),(161221,77,10114),(161231,77,10116),(161241,77,10118),(161055,108,10070),(161050,108,10069),(161060,108,10071),(161170,108,10100),(161165,108,10099),(161160,108,10098),(161215,108,10111),(161220,108,10112),(161210,108,10110),(161070,108,10074),(161065,108,10073),(161075,108,10075),(161085,108,10078),(161080,108,10077),(161090,108,10079),(161100,108,10082),(161095,108,10081),(161105,108,10083),(161115,108,10086),(161110,108,10085),(161120,108,10087),(161130,108,10090),(161125,108,10089),(161135,108,10091),(161145,108,10094),(161140,108,10093),(161150,108,10095),(161155,108,10096),(161180,108,10103),(161190,108,10105),(161175,108,10102),(161185,108,10104),(161205,108,10108),(161195,108,10106),(161200,108,10107),(161325,108,10140),(161320,108,10139),(161315,108,10138),(161335,108,10143),(161330,108,10142),(161255,108,10121),(161250,108,10120),(161260,108,10122),(161270,108,10125),(161265,108,10124),(161285,108,10129),(161280,108,10128),(161275,108,10127),(161300,108,10133),(161290,108,10131),(161295,108,10132),(161310,108,10136),(161305,108,10135),(161230,108,10115),(161240,108,10117),(161225,108,10114),(161235,108,10116),(161245,108,10118),(161470,43,10169),(161475,43,10170),(161555,43,10193),(161560,43,10194),(161565,43,10196),(161570,43,10197),(161480,43,10172),(161485,43,10173),(161490,43,10174),(161495,43,10176),(161500,43,10177),(161505,43,10179),(161510,43,10180),(161515,43,10181),(161520,43,10182),(161525,43,10184),(161530,43,10185),(161535,43,10187),(161540,43,10188),(161545,43,10190),(161550,43,10191),(161395,43,10144),(161410,43,10148),(161405,43,10147),(161400,43,10146),(161415,43,10153),(161420,43,10154),(161425,43,10156),(161430,43,10157),(161435,43,10158),(161440,43,10160),(161445,43,10161),(161450,43,10163),(161455,43,10164),(161465,43,10167),(161460,43,10166),(161575,43,10393),(161580,43,10394),(161585,43,10396),(161590,43,10397),(161595,43,10399),(161600,43,10400),(161605,43,10402),(161610,43,10403),(161615,43,10405),(161620,43,10406),(161625,43,10408),(161630,43,10409),(161640,43,10412),(161635,43,10411),(161660,43,10418),(161665,43,10419),(161655,43,10417),(161471,44,10169),(161476,44,10170),(161556,44,10193),(161561,44,10194),(161566,44,10196),(161571,44,10197),(161481,44,10172),(161486,44,10173),(161491,44,10174),(161496,44,10176),(161501,44,10177),(161506,44,10179),(161511,44,10180),(161516,44,10181),(161521,44,10182),(161526,44,10184),(161531,44,10185),(161536,44,10187),(161541,44,10188),(161546,44,10190),(161551,44,10191),(161396,44,10144),(161411,44,10148),(161406,44,10147),(161401,44,10146),(161416,44,10153),(161421,44,10154),(161426,44,10156),(161431,44,10157),(161436,44,10158),(161441,44,10160),(161446,44,10161),(161451,44,10163),(161456,44,10164),(161466,44,10167),(161461,44,10166),(161576,44,10393),(161581,44,10394),(161586,44,10396),(161591,44,10397),(161596,44,10399),(161601,44,10400),(161606,44,10402),(161611,44,10403),(161616,44,10405),(161621,44,10406),(161626,44,10408),(161631,44,10409),(161641,44,10412),(161636,44,10411),(161661,44,10418),(161666,44,10419),(161656,44,10417),(161472,102,10169),(161477,102,10170),(161557,102,10193),(161562,102,10194),(161567,102,10196),(161572,102,10197),(161482,102,10172),(161487,102,10173),(161492,102,10174),(161497,102,10176),(161502,102,10177),(161507,102,10179),(161512,102,10180),(161517,102,10181),(161522,102,10182),(161527,102,10184),(161532,102,10185),(161537,102,10187),(161542,102,10188),(161547,102,10190),(161552,102,10191),(161397,102,10144),(161412,102,10148),(161407,102,10147),(161402,102,10146),(161417,102,10153),(161422,102,10154),(161427,102,10156),(161432,102,10157),(161437,102,10158),(161442,102,10160),(161447,102,10161),(161452,102,10163),(161457,102,10164),(161467,102,10167),(161462,102,10166),(161578,102,10393),(161583,102,10394),(161588,102,10396),(161593,102,10397),(161598,102,10399),(161603,102,10400),(161608,102,10402),(161613,102,10403),(161618,102,10405),(161623,102,10406),(161628,102,10408),(161633,102,10409),(161643,102,10412),(161638,102,10411),(161663,102,10418),(161668,102,10419),(161658,102,10417),(161469,77,10169),(161474,77,10170),(161554,77,10193),(161559,77,10194),(161564,77,10196),(161569,77,10197),(161479,77,10172),(161484,77,10173),(161489,77,10174),(161494,77,10176),(161499,77,10177),(161504,77,10179),(161509,77,10180),(161514,77,10181),(161519,77,10182),(161524,77,10184),(161529,77,10185),(161534,77,10187),(161539,77,10188),(161544,77,10190),(161549,77,10191),(161394,77,10144),(161409,77,10148),(161404,77,10147),(161399,77,10146),(161414,77,10153),(161419,77,10154),(161424,77,10156),(161429,77,10157),(161434,77,10158),(161439,77,10160),(161444,77,10161),(161449,77,10163),(161454,77,10164),(161464,77,10167),(161459,77,10166),(161473,108,10169),(161478,108,10170),(161558,108,10193),(161563,108,10194),(161568,108,10196),(161573,108,10197),(161483,108,10172),(161488,108,10173),(161493,108,10174),(161498,108,10176),(161503,108,10177),(161508,108,10179),(161513,108,10180),(161518,108,10181),(161523,108,10182),(161528,108,10184),(161533,108,10185),(161538,108,10187),(161543,108,10188),(161548,108,10190),(161553,108,10191),(161398,108,10144),(161413,108,10148),(161408,108,10147),(161403,108,10146),(161418,108,10153),(161423,108,10154),(161428,108,10156),(161433,108,10157),(161438,108,10158),(161443,108,10160),(161448,108,10161),(161453,108,10163),(161458,108,10164),(161468,108,10167),(161463,108,10166),(161690,106,10466),(161674,106,10464),(161682,106,10465),(161685,113,10466),(161669,113,10464),(161677,113,10465),(161688,56,10466),(161672,56,10464),(161680,56,10465),(161689,102,10466),(161673,102,10464),(161681,102,10465),(161577,64,10393),(161582,64,10394),(161587,64,10396),(161592,64,10397),(161597,64,10399),(161602,64,10400),(161607,64,10402),(161612,64,10403),(161617,64,10405),(161622,64,10406),(161627,64,10408),(161632,64,10409),(161642,64,10412),(161637,64,10411),(161662,64,10418),(161667,64,10419),(161657,64,10417),(161574,92,10393),(161579,92,10394),(161584,92,10396),(161589,92,10397),(161594,92,10399),(161599,92,10400),(161604,92,10402),(161609,92,10403),(161614,92,10405),(161619,92,10406),(161624,92,10408),(161629,92,10409),(161639,92,10412),(161634,92,10411),(161659,92,10418),(161664,92,10419),(161654,92,10417),(161691,173,10466),(161675,173,10464),(161683,173,10465),(161692,166,10466),(161676,166,10464),(161684,166,10465),(161687,44,10466),(161671,44,10464),(161679,44,10465),(161686,43,10466),(161670,43,10464),(161678,43,10465),(162487,102,10478),(162484,77,10478),(162488,108,10478),(162486,44,10478),(162485,43,10478),(162843,43,10306),(162825,43,10303),(162837,43,10305),(162831,43,10304),(162746,43,10289),(162728,43,10286),(162734,43,10287),(162740,43,10288),(162752,43,10290),(162767,43,10293),(162762,43,10292),(162757,43,10291),(162772,43,10294),(163067,43,10348),(163042,43,10343),(163047,43,10344),(163052,43,10345),(163032,43,10341),(163077,43,10350),(163072,43,10349),(163062,43,10347),(163057,43,10346),(163037,43,10342),(163082,43,10354),(162801,43,10299),(162789,43,10297),(162783,43,10296),(162777,43,10295),(162819,43,10302),(162813,43,10301),(162807,43,10300),(162795,43,10298),(162944,43,10325),(162962,43,10328),(162956,43,10327),(162974,43,10330),(162914,43,10320),(162920,43,10321),(162926,43,10322),(162991,43,10333),(162938,43,10324),(162932,43,10323),(162985,43,10332),(162968,43,10329),(162980,43,10331),(162950,43,10326),(162879,43,10313),(162849,43,10307),(162899,43,10317),(162894,43,10316),(162859,43,10309),(162909,43,10319),(162889,43,10315),(162904,43,10318),(162884,43,10314),(162869,43,10311),(162854,43,10308),(162874,43,10312),(162864,43,10310),(163017,43,10338),(163007,43,10336),(163012,43,10337),(162997,43,10334),(163002,43,10335),(163027,43,10340),(163022,43,10339),(162844,44,10306),(162826,44,10303),(162838,44,10305),(162832,44,10304),(162747,44,10289),(162729,44,10286),(162735,44,10287),(162741,44,10288),(162753,44,10290),(162768,44,10293),(162763,44,10292),(162758,44,10291),(162773,44,10294),(163068,44,10348),(163043,44,10343),(163048,44,10344),(163053,44,10345),(163033,44,10341),(163078,44,10350),(163073,44,10349),(163063,44,10347),(163058,44,10346),(163038,44,10342),(163083,44,10354),(162802,44,10299),(162790,44,10297),(162784,44,10296),(162778,44,10295),(162820,44,10302),(162814,44,10301),(162808,44,10300),(162796,44,10298),(162845,102,10306),(162827,102,10303),(162839,102,10305),(162833,102,10304),(162748,102,10289),(162730,102,10286),(162736,102,10287),(162742,102,10288),(162754,102,10290),(162769,102,10293),(162764,102,10292),(162759,102,10291),(162774,102,10294),(163069,102,10348),(163044,102,10343),(163049,102,10344),(163054,102,10345),(163034,102,10341),(163079,102,10350),(163074,102,10349),(163064,102,10347),(163059,102,10346),(163039,102,10342),(163084,102,10354),(162803,102,10299),(162791,102,10297),(162785,102,10296),(162779,102,10295),(162821,102,10302),(162815,102,10301),(162809,102,10300),(162797,102,10298),(162946,102,10325),(162964,102,10328),(162958,102,10327),(162976,102,10330),(162916,102,10320),(162922,102,10321),(162928,102,10322),(162993,102,10333),(162940,102,10324),(162934,102,10323),(162987,102,10332),(162970,102,10329),(162982,102,10331),(162952,102,10326),(162881,102,10313),(162851,102,10307),(162901,102,10317),(162896,102,10316),(162861,102,10309),(162911,102,10319),(162891,102,10315),(162906,102,10318),(162886,102,10314),(162871,102,10311),(162856,102,10308),(162876,102,10312),(162866,102,10310),(163019,102,10338),(163009,102,10336),(163014,102,10337),(162999,102,10334),(163004,102,10335),(163029,102,10340),(163024,102,10339),(162842,145,10306),(162824,145,10303),(162836,145,10305),(162830,145,10304),(162847,144,10306),(162829,144,10303),(162841,144,10305),(162835,144,10304),(162846,108,10306),(162828,108,10303),(162840,108,10305),(162834,108,10304),(163066,153,10348),(163041,153,10343),(163046,153,10344),(163051,153,10345),(163031,153,10341),(163076,153,10350),(163071,153,10349),(163061,153,10347),(163056,153,10346),(163036,153,10342),(163081,153,10354),(163096,153,10366),(163091,153,10362),(163086,153,10358),(163101,153,10370),(163070,108,10348),(163045,108,10343),(163050,108,10344),(163055,108,10345),(163035,108,10341),(163080,108,10350),(163075,108,10349),(163065,108,10347),(163060,108,10346),(163040,108,10342),(163085,108,10354),(162947,108,10325),(162965,108,10328),(162959,108,10327),(162977,108,10330),(162917,108,10320),(162923,108,10321),(162929,108,10322),(162994,108,10333),(162941,108,10324),(162935,108,10323),(162988,108,10332),(162971,108,10329),(162983,108,10331),(162953,108,10326),(162943,150,10325),(162948,147,10325),(162966,147,10328),(162960,147,10327),(162978,147,10330),(162918,147,10320),(162924,147,10321),(162930,147,10322),(162995,147,10333),(162942,147,10324),(162936,147,10323),(162989,147,10332),(162972,147,10329),(162954,147,10326),(162961,148,10328),(162955,148,10327),(162973,148,10330),(162913,148,10320),(162919,148,10321),(162937,148,10324),(162931,148,10323),(162984,148,10332),(162925,149,10322),(162990,149,10333),(162967,149,10329),(162949,149,10326),(162882,108,10313),(162852,108,10307),(162902,108,10317),(162897,108,10316),(162862,108,10309),(162912,108,10319),(162892,108,10315),(162907,108,10318),(162887,108,10314),(162872,108,10311),(162857,108,10308),(162877,108,10312),(162867,108,10310),(162878,146,10313),(162848,146,10307),(162898,146,10317),(162893,146,10316),(162858,146,10309),(162908,146,10319),(162888,146,10315),(162903,146,10318),(162883,146,10314),(162868,146,10311),(162853,146,10308),(162873,146,10312),(162863,146,10310),(163016,152,10338),(163006,152,10336),(163011,152,10337),(162996,152,10334),(163001,152,10335),(163026,152,10340),(163021,152,10339),(163020,108,10338),(163010,108,10336),(163015,108,10337),(163000,108,10334),(163005,108,10335),(163030,108,10340),(163025,108,10339),(162979,151,10331),(163100,108,10366),(163095,108,10362),(163090,108,10358),(163105,108,10370),(162751,142,10290),(162766,142,10293),(162761,142,10292),(162756,142,10291),(162771,142,10294),(162749,135,10289),(162731,135,10286),(162737,135,10287),(162743,135,10288),(162755,135,10290),(162770,135,10293),(162765,135,10292),(162760,135,10291),(162775,135,10294),(162804,135,10299),(162792,135,10297),(162786,135,10296),(162780,135,10295),(162822,135,10302),(162816,135,10301),(162810,135,10300),(162798,135,10298),(162745,141,10289),(162727,141,10286),(162733,141,10287),(162739,141,10288),(162750,139,10289),(162732,139,10286),(162738,139,10287),(162744,139,10288),(162800,143,10299),(162788,143,10297),(162782,143,10296),(162776,143,10295),(162818,143,10302),(162812,143,10301),(162806,143,10300),(162794,143,10298),(162805,139,10299),(162793,139,10297),(162787,139,10296),(162781,139,10295),(162823,139,10302),(162817,139,10301),(162811,139,10300),(162799,139,10298),(162655,140,10272),(162685,140,10279),(162709,140,10283),(162715,140,10284),(162697,140,10281),(162721,140,10285),(162667,140,10276),(162691,140,10280),(162703,140,10282),(162673,140,10277),(162679,140,10278),(162661,140,10275),(162660,139,10272),(162690,139,10279),(162714,139,10283),(162720,139,10284),(162702,139,10281),(162726,139,10285),(162672,139,10276),(162696,139,10280),(162708,139,10282),(162678,139,10277),(162684,139,10278),(162666,139,10275),(162659,135,10272),(162689,135,10279),(162713,135,10283),(162719,135,10284),(162701,135,10281),(162725,135,10285),(162671,135,10276),(162695,135,10280),(162707,135,10282),(162677,135,10277),(162683,135,10278),(162665,135,10275),(163099,102,10366),(163094,102,10362),(163089,102,10358),(163104,102,10370),(162658,102,10272),(162688,102,10279),(162712,102,10283),(162718,102,10284),(162700,102,10281),(162724,102,10285),(162670,102,10276),(162694,102,10280),(162706,102,10282),(162676,102,10277),(162682,102,10278),(162664,102,10275),(162945,44,10325),(162963,44,10328),(162957,44,10327),(162975,44,10330),(162915,44,10320),(162921,44,10321),(162927,44,10322),(162992,44,10333),(162939,44,10324),(162933,44,10323),(162986,44,10332),(162969,44,10329),(162981,44,10331),(162951,44,10326),(162880,44,10313),(162850,44,10307),(162900,44,10317),(162895,44,10316),(162860,44,10309),(162910,44,10319),(162890,44,10315),(162905,44,10318),(162885,44,10314),(162870,44,10311),(162855,44,10308),(162875,44,10312),(162865,44,10310),(163018,44,10338),(163008,44,10336),(163013,44,10337),(162998,44,10334),(163003,44,10335),(163028,44,10340),(163023,44,10339),(163098,44,10366),(163093,44,10362),(163088,44,10358),(163103,44,10370),(162657,44,10272),(162687,44,10279),(162711,44,10283),(162717,44,10284),(162699,44,10281),(162723,44,10285),(162669,44,10276),(162693,44,10280),(162705,44,10282),(162675,44,10277),(162681,44,10278),(162663,44,10275),(163097,43,10366),(163092,43,10362),(163087,43,10358),(163102,43,10370),(162656,43,10272),(162686,43,10279),(162710,43,10283),(162716,43,10284),(162698,43,10281),(162722,43,10285),(162668,43,10276),(162692,43,10280),(162704,43,10282),(162674,43,10277),(162680,43,10278),(162662,43,10275),(163151,43,10380),(163157,43,10381),(163163,43,10382),(163145,43,10379),(163187,43,10390),(163181,43,10389),(163152,44,10380),(163158,44,10381),(163164,44,10382),(163146,44,10379),(163153,102,10380),(163159,102,10381),(163165,102,10382),(163147,102,10379),(163189,102,10390),(163183,102,10389),(163129,153,10376),(163119,153,10374),(163124,153,10375),(163139,153,10378),(163134,153,10377),(163184,108,10389),(163180,148,10389),(163185,147,10389),(163133,108,10376),(163123,108,10374),(163128,108,10375),(163143,108,10378),(163138,108,10377),(163154,135,10380),(163160,135,10381),(163166,135,10382),(163148,135,10379),(163190,135,10390),(163150,154,10380),(163156,154,10381),(163155,139,10380),(163161,139,10381),(163162,143,10382),(163144,143,10379),(163167,139,10382),(163149,139,10379),(163191,139,10390),(163186,140,10390),(163168,140,10383),(163174,140,10384),(163173,139,10383),(163179,139,10384),(163172,135,10383),(163178,135,10384),(163132,102,10376),(163122,102,10374),(163127,102,10375),(163142,102,10378),(163137,102,10377),(163171,102,10383),(163177,102,10384),(163188,44,10390),(163182,44,10389),(163131,44,10376),(163121,44,10374),(163126,44,10375),(163141,44,10378),(163136,44,10377),(163170,44,10383),(163176,44,10384),(163130,43,10376),(163120,43,10374),(163125,43,10375),(163140,43,10378),(163135,43,10377),(163169,43,10383),(163175,43,10384),(163306,43,9442),(163311,43,9445),(163316,43,9449),(163336,43,9459),(163256,43,9397),(163351,43,9464),(163366,43,9467),(163381,43,9472),(163261,43,9398),(163391,43,9474),(163396,43,9475),(163281,43,9425),(163266,43,9405),(163307,44,9442),(163312,44,9445),(163317,44,9449),(163337,44,9459),(163257,44,9397),(163352,44,9464),(163367,44,9467),(163382,44,9472),(163262,44,9398),(163392,44,9474),(163397,44,9475),(163282,44,9425),(163267,44,9405),(163308,102,9442),(163313,102,9445),(163318,102,9449),(163338,102,9459),(163258,102,9397),(163353,102,9464),(163368,102,9467),(163383,102,9472),(163263,102,9398),(163393,102,9474),(163398,102,9475),(163283,102,9425),(163268,102,9405),(163309,106,9442),(163314,106,9445),(163319,106,9449),(163339,106,9459),(163259,106,9397),(163354,106,9464),(163369,106,9467),(163384,106,9472),(163264,106,9398),(163394,106,9474),(163399,106,9475),(163284,106,9425),(163305,76,9442),(163310,76,9445),(163315,76,9449),(163335,76,9459),(163255,76,9397),(163350,76,9464),(163365,76,9467),(163380,76,9472),(163260,76,9398),(163390,76,9474),(163395,76,9475),(163280,76,9425),(163265,76,9405),(163269,106,9405),(163559,43,9929),(163574,43,9944),(163488,43,9808),(163494,43,9813),(163506,43,9820),(163560,44,9929),(163575,44,9944),(163489,44,9808),(163495,44,9813),(163507,44,9820),(163561,102,9929),(163576,102,9944),(163492,102,9808),(163498,102,9813),(163510,102,9820),(163562,108,9929),(163577,108,9944),(163558,74,9929),(163573,74,9944),(163490,64,9808),(163496,64,9813),(163508,64,9820),(163487,115,9808),(163493,115,9813),(163505,115,9820),(163491,94,9808),(163497,94,9813),(163509,94,9820),(163604,43,9955),(163609,43,9965),(163634,43,10002),(163639,43,10009),(163659,43,10033),(163669,43,10047),(163599,43,9954),(163605,44,9955),(163610,44,9965),(163635,44,10002),(163640,44,10009),(163660,44,10033),(163670,44,10047),(163600,44,9954),(163606,102,9955),(163611,102,9965),(163636,102,10002),(163641,102,10009),(163661,102,10033),(163671,102,10047),(163601,102,9954),(163607,108,9955),(163612,108,9965),(163637,108,10002),(163642,108,10009),(163662,108,10033),(163672,108,10047),(163602,108,9954),(163603,74,9955),(163608,74,9965),(163633,74,10002),(163638,74,10009),(163658,74,10033),(163668,74,10047),(163598,74,9954),(163701,43,10058),(163706,43,10063),(163716,43,10072),(163702,44,10058),(163707,44,10063),(163717,44,10072),(163703,102,10058),(163708,102,10063),(163718,102,10072),(163704,108,10058),(163709,108,10063),(163700,74,10058),(163705,74,10063),(163715,77,10072),(163719,108,10072),(164022,43,9388),(164050,43,9428),(164057,43,9429),(164064,43,9430),(164071,43,9439),(164078,43,9451),(164085,43,9455),(164029,43,9392),(164092,43,9457),(164099,43,9460),(164106,43,9461),(164113,43,9465),(164120,43,9466),(164127,43,9468),(164134,43,9471),(164141,43,9473),(164148,43,9476),(164155,43,9479),(164036,43,9412),(164043,43,9417),(164258,43,9765),(164265,43,9770),(164272,43,9773),(164280,43,9782),(164288,43,9785),(164296,43,9788),(164304,43,9789),(164023,44,9388),(164051,44,9428),(164058,44,9429),(164065,44,9430),(164072,44,9439),(164079,44,9451),(164086,44,9455),(164030,44,9392),(164093,44,9457),(164100,44,9460),(164107,44,9461),(164114,44,9465),(164121,44,9466),(164128,44,9468),(164135,44,9471),(164142,44,9473),(164149,44,9476),(164156,44,9479),(164037,44,9412),(164044,44,9417),(164259,44,9765),(164266,44,9770),(164273,44,9773),(164281,44,9782),(164289,44,9785),(164297,44,9788),(164305,44,9789),(164024,102,9388),(164052,102,9428),(164059,102,9429),(164066,102,9430),(164073,102,9439),(164080,102,9451),(164087,102,9455),(164031,102,9392),(164094,102,9457),(164101,102,9460),(164108,102,9461),(164115,102,9465),(164122,102,9466),(164129,102,9468),(164136,102,9471),(164143,102,9473),(164150,102,9476),(164157,102,9479),(164038,102,9412),(164045,102,9417),(164261,102,9765),(164268,102,9770),(164276,102,9773),(164284,102,9782),(164292,102,9785),(164300,102,9788),(164308,102,9789),(164025,106,9388),(164053,106,9428),(164060,106,9429),(164067,106,9430),(164074,106,9439),(164081,106,9451),(164088,106,9455),(164032,106,9392),(164095,106,9457),(164102,106,9460),(164109,106,9461),(164116,106,9465),(164123,106,9466),(164130,106,9468),(164137,106,9471),(164144,106,9473),(164151,106,9476),(164158,106,9479),(164039,106,9412),(164046,106,9417),(164021,76,9388),(164049,76,9428),(164056,76,9429),(164063,76,9430),(164070,76,9439),(164077,76,9451),(164084,76,9455),(164028,76,9392),(164091,76,9457),(164098,76,9460),(164105,76,9461),(164112,76,9465),(164119,76,9466),(164126,76,9468),(164133,76,9471),(164140,76,9473),(164147,76,9476),(164154,76,9479),(164035,76,9412),(164042,76,9417),(164198,106,9486),(164206,106,9487),(164190,106,9485),(164254,106,9493),(164246,106,9492),(164238,106,9491),(164230,106,9490),(164222,106,9489),(164214,106,9488),(164174,106,9483),(164166,106,9482),(164182,106,9484),(164196,56,9486),(164204,56,9487),(164188,56,9485),(164252,56,9493),(164244,56,9492),(164236,56,9491),(164228,56,9490),(164220,56,9489),(164212,56,9488),(164172,56,9483),(164164,56,9482),(164180,56,9484),(164193,110,9486),(164201,110,9487),(164185,110,9485),(164249,110,9493),(164241,110,9492),(164233,110,9491),(164225,110,9490),(164217,110,9489),(164209,110,9488),(164169,110,9483),(164161,110,9482),(164177,110,9484),(164197,102,9486),(164205,102,9487),(164189,102,9485),(164253,102,9493),(164245,102,9492),(164237,102,9491),(164229,102,9490),(164221,102,9489),(164213,102,9488),(164173,102,9483),(164165,102,9482),(164181,102,9484),(164257,95,9765),(164264,95,9770),(164260,64,9765),(164267,64,9770),(164274,64,9773),(164282,64,9782),(164290,64,9785),(164298,64,9788),(164306,64,9789),(164271,115,9773),(164279,115,9782),(164287,115,9785),(164295,115,9788),(164303,115,9789),(164275,94,9773),(164283,94,9782),(164291,94,9785),(164299,94,9788),(164307,94,9789),(164027,166,9388),(164055,166,9428),(164062,166,9429),(164069,166,9430),(164076,166,9439),(164083,166,9451),(164090,166,9455),(164034,166,9392),(164097,166,9457),(164104,166,9460),(164111,166,9461),(164118,166,9465),(164125,166,9466),(164132,166,9468),(164139,166,9471),(164146,166,9473),(164153,166,9476),(164160,166,9479),(164041,166,9412),(164048,166,9417),(164263,166,9765),(164270,166,9770),(164278,166,9773),(164286,166,9782),(164294,166,9785),(164302,166,9788),(164310,166,9789),(164199,172,9486),(164207,172,9487),(164191,172,9485),(164255,172,9493),(164247,172,9492),(164239,172,9491),(164231,172,9490),(164223,172,9489),(164215,172,9488),(164175,172,9483),(164167,172,9482),(164183,172,9484),(164026,173,9388),(164054,173,9428),(164061,173,9429),(164068,173,9430),(164075,173,9439),(164082,173,9451),(164089,173,9455),(164033,173,9392),(164096,173,9457),(164103,173,9460),(164110,173,9461),(164117,173,9465),(164124,173,9466),(164131,173,9468),(164138,173,9471),(164145,173,9473),(164152,173,9476),(164159,173,9479),(164040,173,9412),(164047,173,9417),(164262,173,9765),(164269,173,9770),(164277,171,9773),(164285,171,9782),(164293,171,9785),(164301,171,9788),(164309,171,9789),(164200,166,9486),(164208,166,9487),(164192,166,9485),(164256,166,9493),(164248,166,9492),(164240,166,9491),(164232,166,9490),(164224,166,9489),(164216,166,9488),(164176,166,9483),(164168,166,9482),(164184,166,9484),(164195,44,9486),(164203,44,9487),(164187,44,9485),(164251,44,9493),(164243,44,9492),(164235,44,9491),(164227,44,9490),(164219,44,9489),(164211,44,9488),(164171,44,9483),(164163,44,9482),(164179,44,9484),(164194,43,9486),(164202,43,9487),(164186,43,9485),(164250,43,9493),(164242,43,9492),(164234,43,9491),(164226,43,9490),(164218,43,9489),(164210,43,9488),(164170,43,9483),(164162,43,9482),(164178,43,9484),(164428,43,9869),(164435,43,9872),(164657,43,9914),(164664,43,9919),(164671,43,9924),(164678,43,9934),(164685,43,9935),(164692,43,9947),(164442,43,9873),(164448,43,9874),(164454,43,9875),(164460,43,9876),(164466,43,9877),(164472,43,9878),(164479,43,9879),(164486,43,9880),(164650,43,9913),(164360,43,9794),(164368,43,9795),(164376,43,9816),(164384,43,9825),(164392,43,9826),(164493,43,9881),(164500,43,9882),(164538,43,9892),(164545,43,9894),(164552,43,9896),(164559,43,9900),(164566,43,9901),(164573,43,9902),(164580,43,9903),(164587,43,9904),(164429,44,9869),(164436,44,9872),(164658,44,9914),(164665,44,9919),(164672,44,9924),(164679,44,9934),(164686,44,9935),(164693,44,9947),(164443,44,9873),(164449,44,9874),(164455,44,9875),(164461,44,9876),(164467,44,9877),(164473,44,9878),(164480,44,9879),(164487,44,9880),(164651,44,9913),(164361,44,9794),(164369,44,9795),(164377,44,9816),(164385,44,9825),(164393,44,9826),(164494,44,9881),(164501,44,9882),(164539,44,9892),(164546,44,9894),(164553,44,9896),(164430,102,9869),(164437,102,9872),(164659,102,9914),(164666,102,9919),(164673,102,9924),(164680,102,9934),(164687,102,9935),(164694,102,9947),(164474,102,9878),(164481,102,9879),(164488,102,9880),(164652,102,9913),(164364,102,9794),(164372,102,9795),(164380,102,9816),(164388,102,9825),(164396,102,9826),(164495,102,9881),(164502,102,9882),(164540,102,9892),(164547,102,9894),(164554,102,9896),(164561,102,9900),(164568,102,9901),(164575,102,9902),(164582,102,9903),(164589,102,9904),(164431,108,9869),(164438,108,9872),(164660,108,9914),(164667,108,9919),(164674,108,9924),(164681,108,9934),(164688,108,9935),(164695,108,9947),(164427,74,9869),(164434,74,9872),(164656,74,9914),(164663,74,9919),(164670,74,9924),(164677,74,9934),(164684,74,9935),(164691,74,9947),(164492,77,9881),(164499,77,9882),(164537,77,9892),(164496,108,9881),(164503,108,9882),(164541,108,9892),(164475,106,9878),(164482,106,9879),(164489,106,9880),(164653,106,9913),(164471,76,9878),(164478,76,9879),(164485,76,9880),(164649,76,9913),(164558,82,9900),(164565,82,9901),(164572,82,9902),(164579,82,9903),(164586,82,9904),(164562,106,9900),(164569,106,9901),(164576,106,9902),(164583,106,9903),(164590,106,9904),(164511,106,9885),(164519,106,9886),(164527,106,9887),(164509,56,9885),(164517,56,9886),(164525,56,9887),(164506,112,9885),(164514,110,9886),(164522,110,9887),(164593,83,9905),(164600,83,9906),(164607,83,9907),(164614,84,9908),(164597,106,9905),(164604,106,9906),(164611,106,9907),(164618,106,9908),(164548,105,9894),(164555,105,9896),(164544,51,9894),(164551,51,9896),(164621,79,9909),(164628,79,9910),(164625,105,9909),(164632,105,9910),(164510,102,9885),(164518,102,9886),(164526,102,9887),(164534,102,9888),(164403,102,9833),(164410,102,9834),(164417,102,9835),(164424,102,9836),(164362,64,9794),(164370,64,9795),(164378,64,9816),(164386,64,9825),(164394,64,9826),(164359,115,9794),(164367,115,9795),(164375,115,9816),(164383,115,9825),(164391,115,9826),(164363,94,9794),(164371,94,9795),(164379,94,9816),(164387,94,9825),(164395,94,9826),(164533,64,9888),(164530,114,9888),(164399,93,9833),(164406,93,9834),(164413,93,9835),(164420,93,9836),(164402,64,9833),(164409,64,9834),(164416,64,9835),(164423,64,9836),(164596,102,9905),(164603,102,9906),(164610,102,9907),(164617,102,9908),(164624,102,9909),(164631,102,9910),(164560,44,9900),(164567,44,9901),(164574,44,9902),(164581,44,9903),(164588,44,9904),(164441,75,9873),(164447,75,9874),(164453,75,9875),(164459,75,9876),(164465,75,9877),(164444,103,9873),(164450,103,9874),(164456,103,9875),(164462,103,9876),(164468,103,9877),(164635,85,9911),(164642,85,9912),(164639,156,9911),(164646,156,9912),(164638,103,9911),(164645,103,9912),(164433,166,9869),(164440,166,9872),(164662,166,9914),(164669,166,9919),(164676,166,9924),(164683,166,9934),(164690,166,9935),(164697,166,9947),(164446,166,9873),(164452,166,9874),(164458,166,9875),(164464,166,9876),(164470,166,9877),(164477,166,9878),(164484,166,9879),(164491,166,9880),(164655,166,9913),(164366,166,9794),(164374,166,9795),(164382,166,9816),(164390,166,9825),(164398,166,9826),(164498,166,9881),(164505,166,9882),(164543,166,9892),(164550,166,9894),(164557,166,9896),(164564,166,9900),(164571,166,9901),(164578,166,9902),(164585,166,9903),(164592,166,9904),(164439,167,9872),(164483,167,9879),(164490,167,9880),(164549,167,9894),(164556,167,9896),(164570,167,9901),(164577,167,9902),(164584,167,9903),(164591,167,9904),(164529,167,9887),(164612,167,9907),(164626,167,9909),(164633,167,9910),(164647,167,9912),(164654,168,9913),(164563,168,9900),(164512,168,9885),(164520,168,9886),(164535,168,9888),(164598,168,9905),(164605,168,9906),(164619,168,9908),(164640,168,9911),(164504,169,9882),(164445,170,9873),(164451,170,9874),(164457,170,9875),(164463,170,9876),(164469,170,9877),(164476,170,9878),(164497,170,9881),(164542,170,9892),(164661,173,9914),(164668,173,9919),(164675,173,9924),(164682,173,9934),(164689,173,9935),(164696,173,9947),(164373,173,9795),(164381,173,9816),(164389,173,9825),(164397,173,9826),(164432,171,9869),(164365,171,9794),(164404,171,9833),(164411,171,9834),(164418,171,9835),(164425,171,9836),(164513,166,9885),(164521,166,9886),(164528,166,9887),(164536,166,9888),(164405,166,9833),(164412,166,9834),(164419,166,9835),(164426,166,9836),(164599,166,9905),(164606,166,9906),(164613,166,9907),(164620,166,9908),(164627,166,9909),(164634,166,9910),(164641,166,9911),(164648,166,9912),(164508,44,9885),(164516,44,9886),(164524,44,9887),(164532,44,9888),(164401,44,9833),(164408,44,9834),(164415,44,9835),(164422,44,9836),(164595,44,9905),(164602,44,9906),(164609,44,9907),(164616,44,9908),(164623,44,9909),(164630,44,9910),(164637,44,9911),(164644,44,9912),(164507,43,9885),(164515,43,9886),(164523,43,9887),(164531,43,9888),(164400,43,9833),(164407,43,9834),(164414,43,9835),(164421,43,9836),(164594,43,9905),(164601,43,9906),(164608,43,9907),(164615,43,9908),(164622,43,9909),(164629,43,9910),(164636,43,9911),(164643,43,9912),(164717,43,9975),(164724,43,9980),(164731,43,9987),(164738,43,9997),(164745,43,10016),(164752,43,10023),(164759,43,10032),(164766,43,10040),(164773,43,10051),(164780,43,10068),(164822,43,10097),(164836,43,10109),(164787,43,10076),(164794,43,10080),(164801,43,10084),(164808,43,10088),(164815,43,10092),(164829,43,10101),(164718,44,9975),(164725,44,9980),(164732,44,9987),(164739,44,9997),(164746,44,10016),(164753,44,10023),(164760,44,10032),(164767,44,10040),(164774,44,10051),(164781,44,10068),(164823,44,10097),(164837,44,10109),(164788,44,10076),(164795,44,10080),(164802,44,10084),(164809,44,10088),(164816,44,10092),(164830,44,10101),(164719,102,9975),(164726,102,9980),(164733,102,9987),(164740,102,9997),(164747,102,10016),(164754,102,10023),(164761,102,10032),(164768,102,10040),(164775,102,10051),(164782,102,10068),(164824,102,10097),(164838,102,10109),(164789,102,10076),(164796,102,10080),(164803,102,10084),(164810,102,10088),(164817,102,10092),(164831,102,10101),(164720,108,9975),(164727,108,9980),(164734,108,9987),(164741,108,9997),(164748,108,10016),(164755,108,10023),(164762,108,10032),(164769,108,10040),(164776,108,10051),(164716,74,9975),(164723,74,9980),(164730,74,9987),(164737,74,9997),(164744,74,10016),(164751,74,10023),(164758,74,10032),(164765,74,10040),(164772,74,10051),(164779,77,10068),(164821,77,10097),(164835,77,10109),(164786,77,10076),(164793,77,10080),(164800,77,10084),(164807,77,10088),(164814,77,10092),(164828,77,10101),(164783,108,10068),(164825,108,10097),(164839,108,10109),(164790,108,10076),(164797,108,10080),(164804,108,10084),(164811,108,10088),(164818,108,10092),(164832,108,10101),(164722,166,9975),(164729,166,9980),(164736,166,9987),(164743,166,9997),(164750,166,10016),(164757,166,10023),(164764,166,10032),(164771,166,10040),(164778,166,10051),(164785,166,10068),(164827,166,10097),(164841,166,10109),(164792,166,10076),(164799,166,10080),(164806,166,10084),(164813,166,10088),(164820,166,10092),(164834,166,10101),(164721,173,9975),(164728,173,9980),(164735,173,9987),(164742,173,9997),(164749,173,10016),(164756,173,10023),(164763,173,10032),(164770,173,10040),(164777,173,10051),(164805,173,10084),(164812,173,10088),(164833,173,10101),(164784,171,10068),(164826,171,10097),(164840,171,10109),(164791,171,10076),(164798,171,10080),(164819,171,10092),(164979,43,10137),(164984,43,10141),(164989,43,10145),(164969,43,10119),(164870,43,10123),(164877,43,10126),(164974,43,10130),(164884,43,10134),(164863,43,10113),(164954,43,10264),(164947,43,10256),(164980,44,10137),(164985,44,10141),(164990,44,10145),(164970,44,10119),(164871,44,10123),(164878,44,10126),(164975,44,10130),(164885,44,10134),(164864,44,10113),(164981,102,10137),(164986,102,10141),(164991,102,10145),(164971,102,10119),(164872,102,10123),(164879,102,10126),(164976,102,10130),(164886,102,10134),(164865,102,10113),(164956,102,10264),(164949,102,10256),(164978,77,10137),(164983,77,10141),(164988,77,10145),(164968,77,10119),(164869,77,10123),(164876,77,10126),(164973,77,10130),(164883,77,10134),(164862,77,10113),(164982,108,10137),(164987,108,10141),(164992,108,10145),(164972,108,10119),(164873,108,10123),(164880,108,10126),(164977,108,10130),(164887,108,10134),(164866,108,10113),(164953,138,10264),(164946,138,10256),(164957,105,10264),(164950,105,10256),(164955,44,10264),(164948,44,10256),(164875,166,10123),(164882,166,10126),(164889,166,10134),(164868,166,10113),(164959,166,10264),(164952,166,10256),(164958,172,10264),(164951,172,10256),(164874,173,10123),(164881,173,10126),(164888,173,10134),(164867,173,10113),(165063,43,10168),(165098,43,10192),(165103,43,10195),(165068,43,10171),(165073,43,10175),(165078,43,10178),(165083,43,10183),(165088,43,10186),(165093,43,10189),(165023,43,10149),(165028,43,10150),(165033,43,10151),(165038,43,10152),(165043,43,10155),(165048,43,10159),(165053,43,10162),(165058,43,10165),(165108,43,10392),(165113,43,10395),(165118,43,10398),(165123,43,10401),(165128,43,10404),(165133,43,10407),(165138,43,10410),(165153,43,10415),(165148,43,10414),(165143,43,10413),(165158,43,10416),(165064,44,10168),(165099,44,10192),(165104,44,10195),(165069,44,10171),(165074,44,10175),(165079,44,10178),(165084,44,10183),(165089,44,10186),(165094,44,10189),(165024,44,10149),(165029,44,10150),(165034,44,10151),(165039,44,10152),(165044,44,10155),(165049,44,10159),(165054,44,10162),(165059,44,10165),(165109,44,10392),(165114,44,10395),(165119,44,10398),(165124,44,10401),(165129,44,10404),(165134,44,10407),(165139,44,10410),(165154,44,10415),(165149,44,10414),(165144,44,10413),(165159,44,10416),(165065,102,10168),(165100,102,10192),(165105,102,10195),(165070,102,10171),(165075,102,10175),(165080,102,10178),(165085,102,10183),(165090,102,10186),(165095,102,10189),(165025,102,10149),(165030,102,10150),(165035,102,10151),(165040,102,10152),(165045,102,10155),(165050,102,10159),(165055,102,10162),(165060,102,10165),(165111,102,10392),(165116,102,10395),(165121,102,10398),(165126,102,10401),(165131,102,10404),(165136,102,10407),(165141,102,10410),(165156,102,10415),(165151,102,10414),(165146,102,10413),(165161,102,10416),(165062,77,10168),(165097,77,10192),(165102,77,10195),(165067,77,10171),(165072,77,10175),(165077,77,10178),(165082,77,10183),(165087,77,10186),(165092,77,10189),(165022,77,10149),(165027,77,10150),(165032,77,10151),(165037,77,10152),(165042,77,10155),(165047,77,10159),(165052,77,10162),(165057,77,10165),(165066,108,10168),(165101,108,10192),(165106,108,10195),(165071,108,10171),(165076,108,10175),(165081,108,10178),(165086,108,10183),(165091,108,10186),(165096,108,10189),(165026,108,10149),(165031,108,10150),(165036,108,10151),(165041,108,10152),(165046,108,10155),(165051,108,10159),(165056,108,10162),(165061,108,10165),(165167,106,10463),(165162,113,10463),(165165,56,10463),(165166,102,10463),(165110,64,10392),(165115,64,10395),(165120,64,10398),(165125,64,10401),(165130,64,10404),(165135,64,10407),(165140,64,10410),(165155,64,10415),(165150,64,10414),(165145,64,10413),(165160,64,10416),(165107,92,10392),(165112,92,10395),(165117,92,10398),(165122,92,10401),(165127,92,10404),(165132,92,10407),(165137,92,10410),(165152,92,10415),(165147,92,10414),(165142,92,10413),(165157,92,10416),(165168,173,10463),(165169,166,10463),(165164,44,10463),(165163,43,10463);

--
-- Table structure for table `cataloginventory_stock`
--

CREATE TABLE `cataloginventory_stock` (
  `stock_id` smallint(5) unsigned NOT NULL AUTO_INCREMENT COMMENT 'Stock ID',
  `website_id` smallint(5) unsigned NOT NULL COMMENT 'Website ID',
  `stock_name` varchar(255) DEFAULT NULL COMMENT 'Stock Name',
  PRIMARY KEY (`stock_id`),
  KEY `CATALOGINVENTORY_STOCK_WEBSITE_ID` (`website_id`)
) ENGINE=InnoDB AUTO_INCREMENT=2 DEFAULT CHARSET=utf8 COMMENT='Cataloginventory Stock';

--
-- Dumping data for table `cataloginventory_stock`
--

INSERT INTO `cataloginventory_stock` VALUES (1,0,'Default');

--
-- Table structure for table `cataloginventory_stock_item`
--

CREATE TABLE `cataloginventory_stock_item` (
  `item_id` int(10) unsigned NOT NULL AUTO_INCREMENT COMMENT 'Item ID',
  `product_id` int(10) unsigned NOT NULL DEFAULT 0 COMMENT 'Product ID',
  `stock_id` smallint(5) unsigned NOT NULL DEFAULT 0 COMMENT 'Stock ID',
  `qty` decimal(12,4) DEFAULT NULL COMMENT 'Qty',
  `min_qty` decimal(12,4) NOT NULL DEFAULT 0.0000 COMMENT 'Min Qty',
  `use_config_min_qty` smallint(5) unsigned NOT NULL DEFAULT 1 COMMENT 'Use Config Min Qty',
  `is_qty_decimal` smallint(5) unsigned NOT NULL DEFAULT 0 COMMENT 'Is Qty Decimal',
  `backorders` smallint(5) unsigned NOT NULL DEFAULT 0 COMMENT 'Backorders',
  `use_config_backorders` smallint(5) unsigned NOT NULL DEFAULT 1 COMMENT 'Use Config Backorders',
  `min_sale_qty` decimal(12,4) NOT NULL DEFAULT 1.0000 COMMENT 'Min Sale Qty',
  `use_config_min_sale_qty` smallint(5) unsigned NOT NULL DEFAULT 1 COMMENT 'Use Config Min Sale Qty',
  `max_sale_qty` decimal(12,4) NOT NULL DEFAULT 0.0000 COMMENT 'Max Sale Qty',
  `use_config_max_sale_qty` smallint(5) unsigned NOT NULL DEFAULT 1 COMMENT 'Use Config Max Sale Qty',
  `is_in_stock` smallint(5) unsigned NOT NULL DEFAULT 0 COMMENT 'Is In Stock',
  `low_stock_date` timestamp NULL DEFAULT NULL COMMENT 'Low Stock Date',
  `notify_stock_qty` decimal(12,4) DEFAULT NULL COMMENT 'Notify Stock Qty',
  `use_config_notify_stock_qty` smallint(5) unsigned NOT NULL DEFAULT 1 COMMENT 'Use Config Notify Stock Qty',
  `manage_stock` smallint(5) unsigned NOT NULL DEFAULT 0 COMMENT 'Manage Stock',
  `use_config_manage_stock` smallint(5) unsigned NOT NULL DEFAULT 1 COMMENT 'Use Config Manage Stock',
  `stock_status_changed_auto` smallint(5) unsigned NOT NULL DEFAULT 0 COMMENT 'Stock Status Changed Automatically',
  `use_config_qty_increments` smallint(5) unsigned NOT NULL DEFAULT 1 COMMENT 'Use Config Qty Increments',
  `qty_increments` decimal(12,4) NOT NULL DEFAULT 0.0000 COMMENT 'Qty Increments',
  `use_config_enable_qty_inc` smallint(5) unsigned NOT NULL DEFAULT 1 COMMENT 'Use Config Enable Qty Increments',
  `enable_qty_increments` smallint(5) unsigned NOT NULL DEFAULT 0 COMMENT 'Enable Qty Increments',
  `is_decimal_divided` smallint(5) unsigned NOT NULL DEFAULT 0 COMMENT 'Is Divided into Multiple Boxes for Shipping',
  `website_id` smallint(5) unsigned NOT NULL DEFAULT 0 COMMENT 'Website ID',
  PRIMARY KEY (`item_id`),
  UNIQUE KEY `CATALOGINVENTORY_STOCK_ITEM_PRODUCT_ID_STOCK_ID` (`product_id`,`stock_id`),
  KEY `CATALOGINVENTORY_STOCK_ITEM_WEBSITE_ID` (`website_id`),
  KEY `CATALOGINVENTORY_STOCK_ITEM_WEBSITE_ID_PRODUCT_ID` (`website_id`,`product_id`),
  KEY `CATALOGINVENTORY_STOCK_ITEM_STOCK_ID` (`stock_id`),
  CONSTRAINT `CATINV_STOCK_ITEM_PRD_ID_CAT_PRD_ENTT_ENTT_ID` FOREIGN KEY (`product_id`) REFERENCES `catalog_product_entity` (`entity_id`) ON DELETE CASCADE,
  CONSTRAINT `CATINV_STOCK_ITEM_STOCK_ID_CATINV_STOCK_STOCK_ID` FOREIGN KEY (`stock_id`) REFERENCES `cataloginventory_stock` (`stock_id`) ON DELETE CASCADE
) ENGINE=InnoDB AUTO_INCREMENT=37686 DEFAULT CHARSET=utf8 COMMENT='Cataloginventory Stock Item';

--
