-- Table structure for table `quote_address_item`
--

CREATE TABLE `quote_address_item` (
  `address_item_id` int(10) unsigned NOT NULL AUTO_INCREMENT COMMENT 'Address Item ID',
  `parent_item_id` int(10) unsigned DEFAULT NULL COMMENT 'Parent Item ID',
  `quote_address_id` int(10) unsigned NOT NULL DEFAULT 0 COMMENT 'Quote Address ID',
  `quote_item_id` int(10) unsigned NOT NULL DEFAULT 0 COMMENT 'Quote Item ID',
  `created_at` timestamp NOT NULL DEFAULT current_timestamp() COMMENT 'Created At',
  `updated_at` timestamp NOT NULL DEFAULT current_timestamp() ON UPDATE current_timestamp() COMMENT 'Updated At',
  `applied_rule_ids` text DEFAULT NULL COMMENT 'Applied Rule Ids',
  `additional_data` text DEFAULT NULL COMMENT 'Additional Data',
  `weight` decimal(12,4) DEFAULT 0.0000 COMMENT 'Weight',
  `qty` decimal(12,4) NOT NULL DEFAULT 0.0000 COMMENT 'Qty',
  `discount_amount` decimal(20,4) DEFAULT 0.0000 COMMENT 'Discount Amount',
  `tax_amount` decimal(20,4) DEFAULT 0.0000 COMMENT 'Tax Amount',
  `row_total` decimal(20,4) NOT NULL DEFAULT 0.0000 COMMENT 'Row Total',
  `base_row_total` decimal(20,4) NOT NULL DEFAULT 0.0000 COMMENT 'Base Row Total',
  `row_total_with_discount` decimal(20,4) DEFAULT 0.0000 COMMENT 'Row Total With Discount',
  `base_discount_amount` decimal(20,4) DEFAULT 0.0000 COMMENT 'Base Discount Amount',
  `base_tax_amount` decimal(20,4) DEFAULT 0.0000 COMMENT 'Base Tax Amount',
  `row_weight` decimal(12,4) DEFAULT 0.0000 COMMENT 'Row Weight',
  `product_id` int(10) unsigned DEFAULT NULL COMMENT 'Product ID',
  `super_product_id` int(10) unsigned DEFAULT NULL COMMENT 'Super Product ID',
  `parent_product_id` int(10) unsigned DEFAULT NULL COMMENT 'Parent Product ID',
  `store_id` smallint(5) unsigned DEFAULT NULL COMMENT 'Store ID',
  `sku` varchar(255) DEFAULT NULL COMMENT 'Sku',
  `image` varchar(255) DEFAULT NULL COMMENT 'Image',
  `name` varchar(255) DEFAULT NULL COMMENT 'Name',
  `description` text DEFAULT NULL COMMENT 'Description',
  `is_qty_decimal` int(10) unsigned DEFAULT NULL COMMENT 'Is Qty Decimal',
  `price` decimal(12,4) DEFAULT NULL COMMENT 'Price',
  `discount_percent` decimal(12,4) DEFAULT NULL COMMENT 'Discount Percent',
  `no_discount` int(10) unsigned DEFAULT NULL COMMENT 'No Discount',
  `tax_percent` decimal(12,4) DEFAULT NULL COMMENT 'Tax Percent',
  `base_price` decimal(12,4) DEFAULT NULL COMMENT 'Base Price',
  `base_cost` decimal(12,4) DEFAULT NULL COMMENT 'Base Cost',
  `price_incl_tax` decimal(20,4) DEFAULT NULL COMMENT 'Price Incl Tax',
  `base_price_incl_tax` decimal(20,4) DEFAULT NULL COMMENT 'Base Price Incl Tax',
  `row_total_incl_tax` decimal(20,4) DEFAULT NULL COMMENT 'Row Total Incl Tax',
  `base_row_total_incl_tax` decimal(20,4) DEFAULT NULL COMMENT 'Base Row Total Incl Tax',
  `discount_tax_compensation_amount` decimal(20,4) DEFAULT NULL COMMENT 'Discount Tax Compensation Amount',
  `base_discount_tax_compensation_amount` decimal(20,4) DEFAULT NULL COMMENT 'Base Discount Tax Compensation Amount',
  `gift_message_id` int(11) DEFAULT NULL COMMENT 'Gift Message ID',
  `free_shipping` int(10) unsigned DEFAULT NULL COMMENT 'Free Shipping',
  PRIMARY KEY (`address_item_id`),
  KEY `QUOTE_ADDRESS_ITEM_QUOTE_ADDRESS_ID` (`quote_address_id`),
  KEY `QUOTE_ADDRESS_ITEM_PARENT_ITEM_ID` (`parent_item_id`),
  KEY `QUOTE_ADDRESS_ITEM_QUOTE_ITEM_ID` (`quote_item_id`),
  KEY `QUOTE_ADDRESS_ITEM_STORE_ID` (`store_id`),
  CONSTRAINT `QUOTE_ADDRESS_ITEM_QUOTE_ADDRESS_ID_QUOTE_ADDRESS_ADDRESS_ID` FOREIGN KEY (`quote_address_id`) REFERENCES `quote_address` (`address_id`) ON DELETE CASCADE,
  CONSTRAINT `QUOTE_ADDRESS_ITEM_QUOTE_ITEM_ID_QUOTE_ITEM_ITEM_ID` FOREIGN KEY (`quote_item_id`) REFERENCES `quote_item` (`item_id`) ON DELETE CASCADE,
  CONSTRAINT `QUOTE_ADDR_ITEM_PARENT_ITEM_ID_QUOTE_ADDR_ITEM_ADDR_ITEM_ID` FOREIGN KEY (`parent_item_id`) REFERENCES `quote_address_item` (`address_item_id`) ON DELETE CASCADE
) ENGINE=InnoDB DEFAULT CHARSET=utf8 COMMENT='Sales Flat Quote Address Item';

--
-- Dumping data for table `quote_address_item`
--


--
-- Table structure for table `quote_id_mask`
--

CREATE TABLE `quote_id_mask` (
  `entity_id` int(10) unsigned NOT NULL AUTO_INCREMENT COMMENT 'Entity ID',
  `quote_id` int(10) unsigned NOT NULL COMMENT 'Quote ID',
  `masked_id` varchar(32) DEFAULT NULL COMMENT 'Masked ID',
  PRIMARY KEY (`entity_id`,`quote_id`),
  KEY `QUOTE_ID_MASK_QUOTE_ID` (`quote_id`),
  KEY `QUOTE_ID_MASK_MASKED_ID` (`masked_id`),
  CONSTRAINT `QUOTE_ID_MASK_QUOTE_ID_QUOTE_ENTITY_ID` FOREIGN KEY (`quote_id`) REFERENCES `quote` (`entity_id`) ON DELETE CASCADE
) ENGINE=InnoDB AUTO_INCREMENT=385 DEFAULT CHARSET=utf8 COMMENT='Quote ID and masked ID mapping';

--
-- Dumping data for table `quote_id_mask`
--

INSERT INTO `quote_id_mask` VALUES (297,783,'03jPQV5iu6ODqCx1TxOizRFNW5UXExVO'),(374,875,'1f00ti164wIO2hMZowmq4azJbP1EEkIj'),(335,833,'1gMPfB5T4mXypg3UGnU1tBw2cnNDOuYJ'),(344,842,'1LCokEfh3O5Nq934Ixns0KpUeuN8juN0'),(286,451,'1ZWZSVr4sVBmTPsf6BZ2rLEDiGmVhD6x'),(351,849,'2uDqHSgH7zu03vUYbWxCxiwCM2SUK5xV'),(302,792,'2ziUTI8Dfjo7orw9qWDVn5dxKtF13hkX'),(355,854,'3MmmkntZuzGBKOoAvIBSAAgvi1aUUCZC'),(311,808,'3yKhMHC9IPqrkhibwOlf88vHUYvNZvhV'),(310,801,'4eFnRdmQFKTZW8vNMJ3Qg01cCd5J4Dfd'),(328,826,'5aatUYB7zQCQIZN0q5S3PSXAP2HlRpcz'),(315,813,'6rwQvlg1USldihKYEXxe9Pt741ssfMfz'),(305,795,'7QGUpFC8VfhV3B5si4AMa4kdl1wbRJmR'),(378,879,'7wi6C47Bf5itzaDMQxY8TnfiSk51qrah'),(282,446,'8xITdo90lflM0As4l4dEReefOWkUA0Si'),(340,838,'a9Ntb1FA634YDUWaJdkQo9cXy5yC3qmr'),(326,824,'aMtQKqKrH5L2YsZDy6jjZPPplqBCNKRB'),(377,878,'aPNvWbUEuk60Ywc2BCr8NPjlBR7IUyoo'),(373,873,'ARDrMiZBe2z4EYbJMBtjvGJltY18RVl1'),(359,858,'ATXoYdXT1Ka4Px3WbRB7VfaZKsjtcUjW'),(338,836,'aZL45g0QxNFMXcVFDoDMhAQnRjzXBwCu'),(291,591,'bFhPEriBTJd7hUWBHsNp46xlS7PhFxss'),(372,872,'BKwoaNCPdjjhWPaANyMPt7pA4IPGzWTx'),(350,848,'C84v2H1mQwkTVd1Z98oJKszxm8o4tcJW'),(285,450,'cBP1JSLhdSE8Ur8FZgsNAhwfMrgmXatl'),(365,864,'cNH12VTt8oSO6jxFOrZWlSy3SKqZJuFr'),(320,818,'DPywzQ7KUBXn23R6snhxf1cEAzI9RrpD'),(383,885,'DquXVf2clGU1wnYWGYBMyfydpWwGAD4c'),(294,611,'ELfwhy3FBQlKNHk9JCwSLkugpJryp5Pq'),(337,835,'eUkw474R9BybiTdSr0si0PZITevHeKXl'),(356,855,'fcbMkkrMXaLOp4rsAzJmQJgDIalA0bSK'),(346,844,'gfFVFCiVdc4NJQcdQ2I5GNZsS81KAw0F'),(376,877,'gMX1ETkrLm4QO288OskF2DTijTAUXDtg'),(368,868,'GS7IH87QBTogkopmV7q5mq6TPUBN6aFU'),(289,583,'h5TAiOBk1YGn7X2uSF6ODORWNOygygcR'),(379,880,'HCcLw5xaCMIl0Mz2Tsb7I06ILpz1mYAU'),(382,884,'HSpxlyHvOtichK3rYbMBwqMNKHKtwKNb'),(341,839,'iAQAVUuWvNXgxdONDPlucOl9p81aOcOc'),(323,821,'igTg7jfCFAV6lqNY7SjTuTRyDbfxOt4r'),(293,603,'Iia9iPDQqknPKw0aL1ExBzNB7KJChcRa'),(298,784,'IjAdhswEZFEO9a7YMOZGmD0MMrHGL0Sq'),(301,791,'IYrcaBNclHOtoYA0p9xrAHGPyTO8L2N9'),(325,823,'j1ychUD56Nxqcns9VHcorV6LPI3iGYqp'),(354,853,'jCbMvWm4NJC9chHGVv0oRLa7ntChnVkh'),(330,828,'JVchl3IB6ijtIy8snKdGM8wuKOQPCuOW'),(348,846,'JyzaP03onyy245NMA7m3siDNeviipGtH'),(370,870,'kXnk2bnbaC3uXCLimTmxOaDgSHLAvRzm'),(287,455,'kzqanDwya14dDICnMb9bFkowCgdgQ1FK'),(295,774,'l0rvjz4N1wc2ClPQzbwgEiC6lSqpVcTR'),(284,449,'lJslDYdQO9KzmmzbunbjOxvNjRCpYVCm'),(312,809,'LYhYqHNJPdJhPB47EK3c00KqPBxbVZeo'),(307,797,'LYkYqWYW7K6INAfZBS6dp7BLWm7MD6Vi'),(299,785,'mboFMkq8o4YNlV7ejlMnnpyRFcq3jxtZ'),(324,822,'MlWNzHNJuanpfhdbFsaBrz2QPEfkhYXt'),(333,831,'mLYKFcH7m4MJEHnzAweabhqrK3egraQl'),(317,815,'MNHoxKieMA1hNS1YzE7vU9eICKmnP8JJ'),(342,840,'NdIM6qTcZBHcHMNbURrBiiwegu5bAJ65'),(366,865,'nZa4mMWZOAEElGn7J18eTpqfva1a5zdC'),(358,857,'ob2k8MypDKrZC882YV9c0Orc2UTsoHez'),(322,820,'OeALLn9hrdWehgq1j6Jb4LNd7ov4xDAQ'),(343,841,'oNqGXTAsVJtEWL9VN3ZTHOvD2ZqfSSzM'),(363,862,'oNzeiD1yKLOraP9exY1NsjweQqgFdQbA'),(364,863,'PECgJEBmor7J5u1DHseEcGWDWr7Uf3zC'),(292,594,'PQ14JKDDjTSmdJOzGggxcDcQea70SmmY'),(300,790,'qakkUlDONlGbYeqISyHWMJOX0naPE4hq'),(345,843,'Qjkdr6ui07C7cuUgtk9khXe4PLZY1GvC'),(304,794,'R1ilOzFchajMhzashUl8sDfK1dszhMsj'),(288,581,'RlpVhy3FG5aF4izXKlAk2OEHLIgCEdSS'),(352,850,'S6724QOOcooRxSByYKzZamBYaXpgJFNd'),(290,588,'skcULaGeMv69REiokZ2MXLAJnuVY2URO'),(381,883,'T3eJ7xg8OYC0TO5fDXzvc9KDtMkksyCk'),(380,882,'t9hAY0bhNws0ZdEI457oRlOtlSKnfzKB'),(313,811,'TeAEuRi70FV0DyQvAAbVH319rGo1n7tY'),(329,827,'TOkh70x3Sh4Ab11lFp90FbgfZCK7hrb5'),(334,832,'tQCtlHsHzSus8DwW4aaWJkOySltUPymA'),(369,869,'TyONF9kKTnuL3YuoGaz8Bsb82RD8QNqG'),(303,793,'Ua73bIG8yQSgg3zcRR8l7bSjxSEsCyDf'),(360,859,'UD1unmF14hqMspnGzItAJjI7Cb8cyrDH'),(367,867,'ueAMgHsVPw0dYH2HpZXxqWhnCec890Ao'),(283,447,'UfqzeSy4dAewojXw1kTXbdBWiSha3SiX'),(353,851,'Usf3v2A900TvhsM2jbPQ9Gfp8xXm70Ga'),(314,812,'uxS6zbikYzNvxRYNi9U874oWTgwE9DB2'),(280,444,'uYYZH2hbZiAalpPPwDNBuDaZ9NiebHzv'),(279,443,'vpSKQAiWriXSbdXLPO6r8Q7lPLps0EAJ'),(319,817,'vufHNgGSk4P6fNgCDvO7u7VUQcjwVCV2'),(336,834,'WPBkjaifGL5ApBgoPEUhDTqIxxfDT6qp'),(331,829,'xj0cP8iKg0J61AAHCKN6IQVFRxPodutO'),(349,847,'xJkmIYz1Hbq9cpdSRYF32k0yn3aspEiS'),(316,814,'xSHWccsScNaYuGTa17J1hiT6NDdcnqWD'),(309,800,'xWvW6Yeod5mFC9VmMPLUpTfOLtsy37CU'),(327,825,'XYfY36kW1Sx73fB9Q9wvlWd5gK2yfWQI'),(332,830,'Ye4C7zl1ba9vduiaa1nJWPPE9FDplaKS'),(339,837,'yNND9Lp9ARQjecHtwJ2TUbUX6QfVBVhJ'),(318,816,'YntgtKHx9MWZB7Y7gokWQBTvBP7P3nIC'),(321,819,'YOtCCfJXfSGLWaQexANizpjx1go2JUVz'),(347,845,'YvH68T89IVQCAew51YAKtS7gp2uO1wQ6'),(371,871,'z7BSeqssl3NJ8G8y2QZ2aEXR5b9t0aXk'),(296,782,'zAhaVP5S8tn6ANJgnaBbS2BiKc6fICU6'),(362,861,'zJ7pOje6kZ61PXSX3b9B2EZbVSpcSN7G'),(375,876,'zjpVLYXuNNzL8Y5hAWnJAyGdwIAmjeEC'),(308,798,'zK6AmbUPjA1gMH1s2W90r23JpagML9ra'),(306,796,'zrBs1kRO9Z0F4JpQDt7S1imP1Cl8wiDo'),(384,886,'ZS8tMYBUpUxPckirXl5U7sl5CfKlsnGQ');

--
-- Table structure for table `quote_item`
--

CREATE TABLE `quote_item` (
  `item_id` int(10) unsigned NOT NULL AUTO_INCREMENT COMMENT 'Item ID',
  `quote_id` int(10) unsigned NOT NULL DEFAULT 0 COMMENT 'Quote ID',
  `created_at` timestamp NOT NULL DEFAULT current_timestamp() COMMENT 'Created At',
  `updated_at` timestamp NOT NULL DEFAULT current_timestamp() ON UPDATE current_timestamp() COMMENT 'Updated At',
  `product_id` int(10) unsigned DEFAULT NULL COMMENT 'Product ID',
  `store_id` smallint(5) unsigned DEFAULT NULL COMMENT 'Store ID',
  `parent_item_id` int(10) unsigned DEFAULT NULL COMMENT 'Parent Item ID',
  `is_virtual` smallint(5) unsigned DEFAULT NULL COMMENT 'Is Virtual',
  `sku` varchar(255) DEFAULT NULL COMMENT 'Sku',
  `name` varchar(255) DEFAULT NULL COMMENT 'Name',
  `description` text DEFAULT NULL COMMENT 'Description',
  `applied_rule_ids` text DEFAULT NULL COMMENT 'Applied Rule Ids',
  `additional_data` text DEFAULT NULL COMMENT 'Additional Data',
  `is_qty_decimal` smallint(5) unsigned DEFAULT NULL COMMENT 'Is Qty Decimal',
  `no_discount` smallint(5) unsigned DEFAULT 0 COMMENT 'No Discount',
  `weight` decimal(12,4) DEFAULT 0.0000 COMMENT 'Weight',
  `qty` decimal(12,4) NOT NULL DEFAULT 0.0000 COMMENT 'Qty',
  `price` decimal(12,4) NOT NULL DEFAULT 0.0000 COMMENT 'Price',
  `base_price` decimal(12,4) NOT NULL DEFAULT 0.0000 COMMENT 'Base Price',
  `custom_price` decimal(12,4) DEFAULT NULL COMMENT 'Custom Price',
  `discount_percent` decimal(12,4) DEFAULT 0.0000 COMMENT 'Discount Percent',
  `discount_amount` decimal(20,4) DEFAULT 0.0000 COMMENT 'Discount Amount',
  `base_discount_amount` decimal(20,4) DEFAULT 0.0000 COMMENT 'Base Discount Amount',
  `tax_percent` decimal(12,4) DEFAULT 0.0000 COMMENT 'Tax Percent',
  `tax_amount` decimal(20,4) DEFAULT 0.0000 COMMENT 'Tax Amount',
  `base_tax_amount` decimal(20,4) DEFAULT 0.0000 COMMENT 'Base Tax Amount',
  `row_total` decimal(20,4) NOT NULL DEFAULT 0.0000 COMMENT 'Row Total',
  `base_row_total` decimal(20,4) NOT NULL DEFAULT 0.0000 COMMENT 'Base Row Total',
  `row_total_with_discount` decimal(20,4) DEFAULT 0.0000 COMMENT 'Row Total With Discount',
  `row_weight` decimal(12,4) DEFAULT 0.0000 COMMENT 'Row Weight',
  `product_type` varchar(255) DEFAULT NULL COMMENT 'Product Type',
  `base_tax_before_discount` decimal(20,4) DEFAULT NULL COMMENT 'Base Tax Before Discount',
  `tax_before_discount` decimal(20,4) DEFAULT NULL COMMENT 'Tax Before Discount',
  `original_custom_price` decimal(12,4) DEFAULT NULL COMMENT 'Original Custom Price',
  `redirect_url` varchar(255) DEFAULT NULL COMMENT 'Redirect Url',
  `base_cost` decimal(12,4) DEFAULT NULL COMMENT 'Base Cost',
  `price_incl_tax` decimal(20,4) DEFAULT NULL COMMENT 'Price Incl Tax',
  `base_price_incl_tax` decimal(20,4) DEFAULT NULL COMMENT 'Base Price Incl Tax',
  `row_total_incl_tax` decimal(20,4) DEFAULT NULL COMMENT 'Row Total Incl Tax',
  `base_row_total_incl_tax` decimal(20,4) DEFAULT NULL COMMENT 'Base Row Total Incl Tax',
  `discount_tax_compensation_amount` decimal(20,4) DEFAULT NULL COMMENT 'Discount Tax Compensation Amount',
  `base_discount_tax_compensation_amount` decimal(20,4) DEFAULT NULL COMMENT 'Base Discount Tax Compensation Amount',
  `gift_message_id` int(11) DEFAULT NULL COMMENT 'Gift Message ID',
  `free_shipping` smallint(5) unsigned NOT NULL DEFAULT 0 COMMENT 'Free Shipping',
  `weee_tax_applied` text DEFAULT NULL COMMENT 'Weee Tax Applied',
  `weee_tax_applied_amount` decimal(12,4) DEFAULT NULL COMMENT 'Weee Tax Applied Amount',
  `weee_tax_applied_row_amount` decimal(12,4) DEFAULT NULL COMMENT 'Weee Tax Applied Row Amount',
  `weee_tax_disposition` decimal(12,4) DEFAULT NULL COMMENT 'Weee Tax Disposition',
  `weee_tax_row_disposition` decimal(12,4) DEFAULT NULL COMMENT 'Weee Tax Row Disposition',
  `base_weee_tax_applied_amount` decimal(12,4) DEFAULT NULL COMMENT 'Base Weee Tax Applied Amount',
  `base_weee_tax_applied_row_amnt` decimal(12,4) DEFAULT NULL COMMENT 'Base Weee Tax Applied Row Amnt',
  `base_weee_tax_disposition` decimal(12,4) DEFAULT NULL COMMENT 'Base Weee Tax Disposition',
  `base_weee_tax_row_disposition` decimal(12,4) DEFAULT NULL COMMENT 'Base Weee Tax Row Disposition',
  PRIMARY KEY (`item_id`),
  KEY `QUOTE_ITEM_PARENT_ITEM_ID` (`parent_item_id`),
  KEY `QUOTE_ITEM_PRODUCT_ID` (`product_id`),
  KEY `QUOTE_ITEM_QUOTE_ID` (`quote_id`),
  KEY `QUOTE_ITEM_STORE_ID` (`store_id`),
  CONSTRAINT `QUOTE_ITEM_PARENT_ITEM_ID_QUOTE_ITEM_ITEM_ID` FOREIGN KEY (`parent_item_id`) REFERENCES `quote_item` (`item_id`) ON DELETE CASCADE,
  CONSTRAINT `QUOTE_ITEM_QUOTE_ID_QUOTE_ENTITY_ID` FOREIGN KEY (`quote_id`) REFERENCES `quote` (`entity_id`) ON DELETE CASCADE,
  CONSTRAINT `QUOTE_ITEM_STORE_ID_STORE_STORE_ID` FOREIGN KEY (`store_id`) REFERENCES `store` (`store_id`) ON DELETE SET NULL
) ENGINE=InnoDB AUTO_INCREMENT=1013 DEFAULT CHARSET=utf8 COMMENT='Sales Flat Quote Item';

--
-- Dumping data for table `quote_item`
--

INSERT INTO `quote_item` VALUES (823,443,'2021-12-10 09:37:48','2021-12-10 09:37:48',9929,9,NULL,1,'FORESTHOME_BA4-L80-T','Bàn Ăn Vuông Eames Ba4',NULL,NULL,NULL,0,0,NULL,1.0000,1749000.0000,1749000.0000,NULL,0.0000,0.0000,0.0000,0.0000,0.0000,0.0000,1749000.0000,1749000.0000,0.0000,0.0000,'configurable',NULL,NULL,NULL,NULL,NULL,1749000.0000,1749000.0000,1749000.0000,1749000.0000,0.0000,0.0000,NULL,0,NULL,NULL,NULL,NULL,NULL,NULL,NULL,NULL,NULL),(824,443,'2021-12-10 09:37:48','2021-12-10 09:37:48',9933,9,823,1,'FORESTHOME_BA4-L80-T','Bàn Ăn Vuông Eames Ba4',NULL,NULL,NULL,0,0,NULL,1.0000,0.0000,0.0000,NULL,0.0000,0.0000,0.0000,0.0000,0.0000,0.0000,0.0000,0.0000,0.0000,0.0000,'virtual',NULL,NULL,NULL,NULL,NULL,NULL,NULL,NULL,NULL,NULL,NULL,NULL,0,NULL,NULL,NULL,NULL,NULL,NULL,NULL,NULL,NULL),(825,444,'2021-12-10 13:33:49','2021-12-10 13:33:49',9869,9,NULL,1,'FF-SP01-SD','Bàn Ăn Marble',NULL,NULL,NULL,0,0,NULL,1.0000,4230600.0000,4230600.0000,NULL,0.0000,0.0000,0.0000,0.0000,0.0000,0.0000,4230600.0000,4230600.0000,0.0000,0.0000,'configurable',NULL,NULL,NULL,NULL,NULL,4230600.0000,4230600.0000,4230600.0000,4230600.0000,0.0000,0.0000,NULL,0,NULL,NULL,NULL,NULL,NULL,NULL,NULL,NULL,NULL),(826,444,'2021-12-10 13:33:49','2021-12-10 13:33:49',9870,9,825,1,'FF-SP01-SD','Bàn Ăn Marble',NULL,NULL,NULL,0,0,NULL,1.0000,0.0000,0.0000,NULL,0.0000,0.0000,0.0000,0.0000,0.0000,0.0000,0.0000,0.0000,0.0000,0.0000,'virtual',NULL,NULL,NULL,NULL,NULL,NULL,NULL,NULL,NULL,NULL,NULL,NULL,0,NULL,NULL,NULL,NULL,NULL,NULL,NULL,NULL,NULL),(832,449,'2021-12-12 07:06:08','2021-12-12 07:06:08',9893,9,NULL,0,'FF-SP22','Giường Lightbox',NULL,NULL,NULL,0,0,0.0000,1.0000,8028900.0000,8028900.0000,NULL,0.0000,0.0000,0.0000,0.0000,0.0000,0.0000,8028900.0000,8028900.0000,0.0000,0.0000,'simple',NULL,NULL,NULL,NULL,NULL,8028900.0000,8028900.0000,8028900.0000,8028900.0000,0.0000,0.0000,NULL,0,NULL,NULL,NULL,NULL,NULL,NULL,NULL,NULL,NULL),(833,450,'2021-12-13 07:09:32','2021-12-13 07:09:32',9944,9,NULL,1,'FORESTHOME_BA7-D60','Bàn Tròn Wire',NULL,NULL,NULL,0,0,NULL,1.0000,1292500.0000,1292500.0000,NULL,0.0000,0.0000,0.0000,0.0000,0.0000,0.0000,1292500.0000,1292500.0000,0.0000,0.0000,'configurable',NULL,NULL,NULL,NULL,NULL,1292500.0000,1292500.0000,1292500.0000,1292500.0000,0.0000,0.0000,NULL,0,NULL,NULL,NULL,NULL,NULL,NULL,NULL,NULL,NULL),(834,450,'2021-12-13 07:09:32','2021-12-13 07:09:32',9945,9,833,1,'FORESTHOME_BA7-D60','Bàn Tròn Wire',NULL,NULL,NULL,0,0,NULL,1.0000,0.0000,0.0000,NULL,0.0000,0.0000,0.0000,0.0000,0.0000,0.0000,0.0000,0.0000,0.0000,0.0000,'virtual',NULL,NULL,NULL,NULL,NULL,NULL,NULL,NULL,NULL,NULL,NULL,NULL,0,NULL,NULL,NULL,NULL,NULL,NULL,NULL,NULL,NULL),(835,451,'2021-12-13 17:03:29','2021-12-13 17:03:29',10392,9,NULL,1,'FORESTHOME_GT001-D50','GƯƠNG TREO DÂY DA',NULL,NULL,NULL,0,0,NULL,1.0000,550000.0000,550000.0000,NULL,0.0000,0.0000,0.0000,0.0000,0.0000,0.0000,550000.0000,550000.0000,0.0000,0.0000,'configurable',NULL,NULL,NULL,NULL,NULL,550000.0000,550000.0000,550000.0000,550000.0000,0.0000,0.0000,NULL,0,NULL,NULL,NULL,NULL,NULL,NULL,NULL,NULL,NULL),(836,451,'2021-12-13 17:03:29','2021-12-13 17:03:29',10393,9,835,1,'FORESTHOME_GT001-D50','GƯƠNG TREO DÂY DA',NULL,NULL,NULL,0,0,NULL,1.0000,0.0000,0.0000,NULL,0.0000,0.0000,0.0000,0.0000,0.0000,0.0000,0.0000,0.0000,0.0000,0.0000,'virtual',NULL,NULL,NULL,NULL,NULL,NULL,NULL,NULL,NULL,NULL,NULL,NULL,0,NULL,NULL,NULL,NULL,NULL,NULL,NULL,NULL,NULL),(837,451,'2021-12-13 17:03:41','2021-12-13 17:03:41',10241,9,NULL,0,'SMA_GHE-BAR-TOLIX','Ghế Bar Tolix',NULL,NULL,NULL,0,0,0.0000,1.0000,1320000.0000,1320000.0000,NULL,0.0000,0.0000,0.0000,0.0000,0.0000,0.0000,1320000.0000,1320000.0000,0.0000,0.0000,'simple',NULL,NULL,NULL,NULL,NULL,1320000.0000,1320000.0000,1320000.0000,1320000.0000,0.0000,0.0000,NULL,0,NULL,NULL,NULL,NULL,NULL,NULL,NULL,NULL,NULL),(838,451,'2021-12-13 17:03:57','2021-12-13 17:03:57',10378,9,NULL,0,'HAFELE_577.55.200','Vòi bếp Häfele HT21-CH1P254',NULL,NULL,NULL,0,0,0.0000,1.0000,3399000.0000,3399000.0000,NULL,0.0000,0.0000,0.0000,0.0000,0.0000,0.0000,3399000.0000,3399000.0000,0.0000,0.0000,'simple',NULL,NULL,NULL,NULL,NULL,3399000.0000,3399000.0000,3399000.0000,3399000.0000,0.0000,0.0000,NULL,0,NULL,NULL,NULL,NULL,NULL,NULL,NULL,NULL,NULL),(839,451,'2021-12-13 17:04:08','2021-12-13 17:04:08',10358,9,NULL,1,'HAFELE_570.51.380','Vòi bếp Häfele HT19-GH1P278\r',NULL,NULL,NULL,0,0,NULL,1.0000,4169000.0000,4169000.0000,NULL,0.0000,0.0000,0.0000,0.0000,0.0000,0.0000,4169000.0000,4169000.0000,0.0000,0.0000,'configurable',NULL,NULL,NULL,NULL,NULL,4169000.0000,4169000.0000,4169000.0000,4169000.0000,0.0000,0.0000,NULL,0,NULL,NULL,NULL,NULL,NULL,NULL,NULL,NULL,NULL),(840,451,'2021-12-13 17:04:08','2021-12-13 17:04:08',10361,9,839,1,'HAFELE_570.51.380','Vòi bếp Häfele HT19-GH1P278\r',NULL,NULL,NULL,0,0,NULL,1.0000,0.0000,0.0000,NULL,0.0000,0.0000,0.0000,0.0000,0.0000,0.0000,0.0000,0.0000,0.0000,0.0000,'virtual',NULL,NULL,NULL,NULL,NULL,NULL,NULL,NULL,NULL,NULL,NULL,NULL,0,NULL,NULL,NULL,NULL,NULL,NULL,NULL,NULL,NULL),(841,455,'2021-12-15 03:26:38','2021-12-15 03:26:38',9914,9,NULL,1,'FORESTHOME_BA1-D60-T','Bàn Ăn Tròn Eames Ba1',NULL,NULL,NULL,0,0,NULL,1.0000,1364000.0000,1364000.0000,NULL,0.0000,0.0000,0.0000,0.0000,0.0000,0.0000,1364000.0000,1364000.0000,0.0000,0.0000,'configurable',NULL,NULL,NULL,NULL,NULL,1364000.0000,1364000.0000,1364000.0000,1364000.0000,0.0000,0.0000,NULL,0,NULL,NULL,NULL,NULL,NULL,NULL,NULL,NULL,NULL),(842,455,'2021-12-15 03:26:38','2021-12-15 03:26:38',9916,9,841,1,'FORESTHOME_BA1-D60-T','Bàn Ăn Tròn Eames Ba1',NULL,NULL,NULL,0,0,NULL,1.0000,0.0000,0.0000,NULL,0.0000,0.0000,0.0000,0.0000,0.0000,0.0000,0.0000,0.0000,0.0000,0.0000,'virtual',NULL,NULL,NULL,NULL,NULL,NULL,NULL,NULL,NULL,NULL,NULL,NULL,0,NULL,NULL,NULL,NULL,NULL,NULL,NULL,NULL,NULL),(843,581,'2021-12-16 06:45:53','2021-12-16 06:45:53',9914,9,NULL,1,'FORESTHOME_BA1-D60-T','Bàn Ăn Tròn Eames Ba1',NULL,NULL,NULL,0,0,NULL,1.0000,1364000.0000,1364000.0000,NULL,0.0000,0.0000,0.0000,0.0000,0.0000,0.0000,1364000.0000,1364000.0000,0.0000,0.0000,'configurable',NULL,NULL,NULL,NULL,NULL,1364000.0000,1364000.0000,1364000.0000,1364000.0000,0.0000,0.0000,NULL,0,NULL,NULL,NULL,NULL,NULL,NULL,NULL,NULL,NULL),(844,581,'2021-12-16 06:45:53','2021-12-16 06:45:53',9916,9,843,1,'FORESTHOME_BA1-D60-T','Bàn Ăn Tròn Eames Ba1',NULL,NULL,NULL,0,0,NULL,1.0000,0.0000,0.0000,NULL,0.0000,0.0000,0.0000,0.0000,0.0000,0.0000,0.0000,0.0000,0.0000,0.0000,'virtual',NULL,NULL,NULL,NULL,NULL,NULL,NULL,NULL,NULL,NULL,NULL,NULL,0,NULL,NULL,NULL,NULL,NULL,NULL,NULL,NULL,NULL),(845,583,'2021-12-16 06:50:40','2021-12-16 06:50:40',9944,9,NULL,1,'FORESTHOME_BA7-D60','Bàn Tròn Wire',NULL,NULL,NULL,0,0,NULL,1.0000,1292500.0000,1292500.0000,NULL,0.0000,0.0000,0.0000,0.0000,0.0000,0.0000,1292500.0000,1292500.0000,0.0000,0.0000,'configurable',NULL,NULL,NULL,NULL,NULL,1292500.0000,1292500.0000,1292500.0000,1292500.0000,0.0000,0.0000,NULL,0,NULL,NULL,NULL,NULL,NULL,NULL,NULL,NULL,NULL),(846,583,'2021-12-16 06:50:40','2021-12-16 06:50:40',9945,9,845,1,'FORESTHOME_BA7-D60','Bàn Tròn Wire',NULL,NULL,NULL,0,0,NULL,1.0000,0.0000,0.0000,NULL,0.0000,0.0000,0.0000,0.0000,0.0000,0.0000,0.0000,0.0000,0.0000,0.0000,'virtual',NULL,NULL,NULL,NULL,NULL,NULL,NULL,NULL,NULL,NULL,NULL,NULL,0,NULL,NULL,NULL,NULL,NULL,NULL,NULL,NULL,NULL),(847,588,'2021-12-16 07:38:07','2021-12-16 07:53:07',9888,9,NULL,0,'FF-SP19','Tab Trang Trí Morelia',NULL,'2',NULL,0,0,0.0000,1.0000,1496000.0000,1496000.0000,NULL,0.0000,500000.0000,500000.0000,0.0000,0.0000,0.0000,1496000.0000,1496000.0000,0.0000,0.0000,'simple',NULL,NULL,NULL,NULL,NULL,1496000.0000,1496000.0000,1496000.0000,1496000.0000,0.0000,0.0000,NULL,0,NULL,NULL,NULL,NULL,NULL,NULL,NULL,NULL,NULL),(852,591,'2021-12-16 08:11:01','2021-12-16 08:11:01',9816,9,NULL,1,'FORESTHOME_DTH081-30L','Đèn Thả Hera Chùm Lá Nhựa',NULL,'2',NULL,0,0,NULL,1.0000,2970000.0000,2970000.0000,NULL,0.0000,500000.0000,500000.0000,0.0000,0.0000,0.0000,2970000.0000,2970000.0000,0.0000,0.0000,'configurable',NULL,NULL,NULL,NULL,NULL,2970000.0000,2970000.0000,2970000.0000,2970000.0000,0.0000,0.0000,NULL,0,NULL,NULL,NULL,NULL,NULL,NULL,NULL,NULL,NULL),(853,591,'2021-12-16 08:11:01','2021-12-16 08:11:01',9817,9,852,1,'FORESTHOME_DTH081-30L','Đèn Thả Hera Chùm Lá Nhựa',NULL,NULL,NULL,0,0,NULL,1.0000,0.0000,0.0000,NULL,0.0000,0.0000,0.0000,0.0000,0.0000,0.0000,0.0000,0.0000,0.0000,0.0000,'virtual',NULL,NULL,NULL,NULL,NULL,NULL,NULL,NULL,NULL,NULL,NULL,NULL,0,NULL,NULL,NULL,NULL,NULL,NULL,NULL,NULL,NULL),(854,594,'2021-12-16 08:12:14','2021-12-16 08:12:14',10435,9,NULL,0,'FF-RENTAL-1PN0B-12','Gói cho thuê 1 phòng ngủ không bếp',NULL,NULL,NULL,0,0,2.0000,1.0000,2398000.0000,2398000.0000,NULL,0.0000,0.0000,0.0000,0.0000,0.0000,0.0000,2398000.0000,2398000.0000,0.0000,2.0000,'configurable',NULL,NULL,NULL,NULL,NULL,2398000.0000,2398000.0000,2398000.0000,2398000.0000,0.0000,0.0000,NULL,0,NULL,NULL,NULL,NULL,NULL,NULL,NULL,NULL,NULL),(855,594,'2021-12-16 08:12:14','2021-12-16 08:12:14',10441,9,854,0,'FF-RENTAL-1PN0B-12','Gói cho thuê 1 phòng ngủ không bếp-12',NULL,NULL,NULL,0,0,2.0000,1.0000,0.0000,0.0000,NULL,0.0000,0.0000,0.0000,0.0000,0.0000,0.0000,0.0000,0.0000,0.0000,0.0000,'simple',NULL,NULL,NULL,NULL,NULL,NULL,NULL,NULL,NULL,NULL,NULL,NULL,0,NULL,NULL,NULL,NULL,NULL,NULL,NULL,NULL,NULL),(858,603,'2021-12-16 09:37:57','2021-12-16 09:38:11',9816,9,NULL,1,'FORESTHOME_DTH081-30L','Đèn Thả Hera Chùm Lá Nhựa',NULL,'2',NULL,0,0,NULL,1.0000,2970000.0000,2970000.0000,NULL,0.0000,500000.0000,500000.0000,0.0000,0.0000,0.0000,2970000.0000,2970000.0000,0.0000,0.0000,'configurable',NULL,NULL,NULL,NULL,NULL,2970000.0000,2970000.0000,2970000.0000,2970000.0000,0.0000,0.0000,NULL,0,NULL,NULL,NULL,NULL,NULL,NULL,NULL,NULL,NULL),(859,603,'2021-12-16 09:37:57','2021-12-16 09:37:57',9817,9,858,1,'FORESTHOME_DTH081-30L','Đèn Thả Hera Chùm Lá Nhựa',NULL,NULL,NULL,0,0,NULL,1.0000,0.0000,0.0000,NULL,0.0000,0.0000,0.0000,0.0000,0.0000,0.0000,0.0000,0.0000,0.0000,0.0000,'virtual',NULL,NULL,NULL,NULL,NULL,NULL,NULL,NULL,NULL,NULL,NULL,NULL,0,NULL,NULL,NULL,NULL,NULL,NULL,NULL,NULL,NULL),(860,774,'2021-12-17 11:24:59','2021-12-17 11:24:59',10199,9,NULL,0,'KENLI_CONCORDE','Bàn Concorde',NULL,NULL,NULL,0,0,0.0000,1.0000,16500000.0000,16500000.0000,NULL,0.0000,0.0000,0.0000,0.0000,0.0000,0.0000,16500000.0000,16500000.0000,0.0000,0.0000,'simple',NULL,NULL,NULL,NULL,NULL,16500000.0000,16500000.0000,16500000.0000,16500000.0000,0.0000,0.0000,NULL,0,NULL,NULL,NULL,NULL,NULL,NULL,NULL,NULL,NULL),(861,783,'2021-12-18 06:42:59','2021-12-18 06:42:59',9494,9,NULL,0,'SMA_NORDIC-End-Side-Table','NORDIC End Side Table',NULL,NULL,NULL,0,0,NULL,1.0000,5720000.0000,5720000.0000,NULL,0.0000,0.0000,0.0000,0.0000,0.0000,0.0000,5720000.0000,5720000.0000,0.0000,0.0000,'simple',NULL,NULL,NULL,NULL,NULL,5720000.0000,5720000.0000,5720000.0000,5720000.0000,0.0000,0.0000,NULL,0,NULL,NULL,NULL,NULL,NULL,NULL,NULL,NULL,NULL),(862,784,'2021-12-18 17:49:07','2021-12-18 17:49:07',9914,9,NULL,1,'FORESTHOME_BA1-D60-D','Bàn Ăn Tròn Eames Ba1',NULL,NULL,NULL,0,0,NULL,1.0000,1364000.0000,1364000.0000,NULL,0.0000,0.0000,0.0000,0.0000,0.0000,0.0000,1364000.0000,1364000.0000,0.0000,0.0000,'configurable',NULL,NULL,NULL,NULL,NULL,1364000.0000,1364000.0000,1364000.0000,1364000.0000,0.0000,0.0000,NULL,0,NULL,NULL,NULL,NULL,NULL,NULL,NULL,NULL,NULL),(863,784,'2021-12-18 17:49:07','2021-12-18 17:49:07',9915,9,862,1,'FORESTHOME_BA1-D60-D','Bàn Ăn Tròn Eames Ba1',NULL,NULL,NULL,0,0,NULL,1.0000,0.0000,0.0000,NULL,0.0000,0.0000,0.0000,0.0000,0.0000,0.0000,0.0000,0.0000,0.0000,0.0000,'virtual',NULL,NULL,NULL,NULL,NULL,NULL,NULL,NULL,NULL,NULL,NULL,NULL,0,NULL,NULL,NULL,NULL,NULL,NULL,NULL,NULL,NULL),(864,785,'2021-12-18 21:12:57','2021-12-18 21:12:57',5382,9,NULL,1,'FF-CBEASY-3-PN1','COMBO EASY 3',NULL,NULL,NULL,0,0,NULL,1.0000,20999000.0000,20999000.0000,NULL,0.0000,0.0000,0.0000,0.0000,0.0000,0.0000,20999000.0000,20999000.0000,0.0000,0.0000,'configurable',NULL,NULL,NULL,NULL,NULL,20999000.0000,20999000.0000,20999000.0000,20999000.0000,0.0000,0.0000,NULL,0,NULL,NULL,NULL,NULL,NULL,NULL,NULL,NULL,NULL),(865,785,'2021-12-18 21:12:57','2021-12-18 21:12:57',5377,9,864,1,'FF-CBEASY-3-PN1','FF-CBEASY-3-PN1',NULL,NULL,NULL,0,0,NULL,1.0000,0.0000,0.0000,NULL,0.0000,0.0000,0.0000,0.0000,0.0000,0.0000,0.0000,0.0000,0.0000,0.0000,'virtual',NULL,NULL,NULL,NULL,NULL,NULL,NULL,NULL,NULL,NULL,NULL,NULL,0,NULL,NULL,NULL,NULL,NULL,NULL,NULL,NULL,NULL),(866,790,'2021-12-20 10:10:23','2021-12-20 10:10:26',9872,9,NULL,0,'FF-SP03','Bàn Durango',NULL,NULL,NULL,0,0,0.0000,3.0000,8755000.0000,8755000.0000,NULL,0.0000,0.0000,0.0000,0.0000,0.0000,0.0000,26265000.0000,26265000.0000,0.0000,0.0000,'simple',NULL,NULL,NULL,NULL,NULL,8755000.0000,8755000.0000,26265000.0000,26265000.0000,0.0000,0.0000,NULL,0,NULL,NULL,NULL,NULL,NULL,NULL,NULL,NULL,NULL),(867,790,'2021-12-20 10:10:35','2021-12-20 10:10:35',9894,9,NULL,0,'FF-SP23','Giường Ngủ Koco',NULL,NULL,NULL,0,0,0.0000,1.0000,6834000.0000,6834000.0000,NULL,0.0000,0.0000,0.0000,0.0000,0.0000,0.0000,6834000.0000,6834000.0000,0.0000,0.0000,'simple',NULL,NULL,NULL,NULL,NULL,6834000.0000,6834000.0000,6834000.0000,6834000.0000,0.0000,0.0000,NULL,0,NULL,NULL,NULL,NULL,NULL,NULL,NULL,NULL,NULL),(868,790,'2021-12-20 10:10:41','2021-12-20 10:10:41',9895,9,NULL,0,'FF-SP24','Giường Tầng Gelato',NULL,NULL,NULL,0,0,0.0000,2.0000,18808900.0000,18808900.0000,NULL,0.0000,0.0000,0.0000,0.0000,0.0000,0.0000,37617800.0000,37617800.0000,0.0000,0.0000,'simple',NULL,NULL,NULL,NULL,NULL,18808900.0000,18808900.0000,37617800.0000,37617800.0000,0.0000,0.0000,NULL,0,NULL,NULL,NULL,NULL,NULL,NULL,NULL,NULL,NULL),(870,792,'2021-12-21 02:49:54','2021-12-21 02:52:25',10404,9,NULL,1,'FORESTHOME_GT005-D50','GƯƠNG TRÒN VIỀN SẮT VÀNG',NULL,'2',NULL,0,0,NULL,1.0000,1040000.0000,1040000.0000,NULL,0.0000,500000.0000,500000.0000,0.0000,0.0000,0.0000,1040000.0000,1040000.0000,0.0000,0.0000,'configurable',NULL,NULL,NULL,NULL,NULL,1040000.0000,1040000.0000,1040000.0000,1040000.0000,0.0000,0.0000,NULL,0,NULL,NULL,NULL,NULL,NULL,NULL,NULL,NULL,NULL),(871,792,'2021-12-21 02:49:54','2021-12-21 02:49:54',10405,9,870,1,'FORESTHOME_GT005-D50','GƯƠNG TRÒN VIỀN SẮT VÀNG',NULL,NULL,NULL,0,0,NULL,1.0000,0.0000,0.0000,NULL,0.0000,0.0000,0.0000,0.0000,0.0000,0.0000,0.0000,0.0000,0.0000,0.0000,'virtual',NULL,NULL,NULL,NULL,NULL,NULL,NULL,NULL,NULL,NULL,NULL,NULL,0,NULL,NULL,NULL,NULL,NULL,NULL,NULL,NULL,NULL),(872,792,'2021-12-21 02:52:16','2021-12-21 02:52:16',9872,9,NULL,0,'FF-SP03','Bàn Durango',NULL,NULL,NULL,0,0,0.0000,1.0000,8755000.0000,8755000.0000,NULL,0.0000,0.0000,0.0000,0.0000,0.0000,0.0000,8755000.0000,8755000.0000,0.0000,0.0000,'simple',NULL,NULL,NULL,NULL,NULL,8755000.0000,8755000.0000,8755000.0000,8755000.0000,0.0000,0.0000,NULL,0,NULL,NULL,NULL,NULL,NULL,NULL,NULL,NULL,NULL),(873,793,'2021-12-21 07:06:09','2021-12-21 07:06:09',9887,9,NULL,0,'FF-SP18','Sofa 3 Chỗ Leon',NULL,NULL,NULL,0,0,0.0000,1.0000,19890000.0000,19890000.0000,NULL,0.0000,0.0000,0.0000,0.0000,0.0000,0.0000,19890000.0000,19890000.0000,0.0000,0.0000,'simple',NULL,NULL,NULL,NULL,NULL,19890000.0000,19890000.0000,19890000.0000,19890000.0000,0.0000,0.0000,NULL,0,NULL,NULL,NULL,NULL,NULL,NULL,NULL,NULL,NULL),(874,794,'2021-12-21 09:33:36','2021-12-21 09:33:36',9875,9,NULL,1,'FF-5078','Bàn Làm Việc Basic 3',NULL,NULL,NULL,0,0,NULL,1.0000,1603000.0000,1603000.0000,NULL,0.0000,0.0000,0.0000,0.0000,0.0000,0.0000,1603000.0000,1603000.0000,0.0000,0.0000,'configurable',NULL,NULL,NULL,NULL,NULL,1603000.0000,1603000.0000,1603000.0000,1603000.0000,0.0000,0.0000,NULL,0,NULL,NULL,NULL,NULL,NULL,NULL,NULL,NULL,NULL),(875,794,'2021-12-21 09:33:36','2021-12-21 09:33:36',10461,9,874,1,'FF-5078','Bàn Làm Việc Basic 3-G',NULL,NULL,NULL,0,0,NULL,1.0000,0.0000,0.0000,NULL,0.0000,0.0000,0.0000,0.0000,0.0000,0.0000,0.0000,0.0000,0.0000,0.0000,'virtual',NULL,NULL,NULL,NULL,NULL,NULL,NULL,NULL,NULL,NULL,NULL,NULL,0,NULL,NULL,NULL,NULL,NULL,NULL,NULL,NULL,NULL),(876,795,'2021-12-21 10:24:25','2021-12-21 10:24:25',9887,9,NULL,0,'FF-SP18','Sofa 3 Chỗ Leon',NULL,NULL,NULL,0,0,0.0000,1.0000,19890000.0000,19890000.0000,NULL,0.0000,0.0000,0.0000,0.0000,0.0000,0.0000,19890000.0000,19890000.0000,0.0000,0.0000,'simple',NULL,NULL,NULL,NULL,NULL,19890000.0000,19890000.0000,19890000.0000,19890000.0000,0.0000,0.0000,NULL,0,NULL,NULL,NULL,NULL,NULL,NULL,NULL,NULL,NULL),(877,798,'2021-12-22 07:53:45','2021-12-22 07:53:45',9888,9,NULL,0,'FF-SP19','Tab Trang Trí Morelia',NULL,NULL,NULL,0,0,0.0000,1.0000,1200000.0000,1200000.0000,NULL,0.0000,0.0000,0.0000,0.0000,0.0000,0.0000,1200000.0000,1200000.0000,0.0000,0.0000,'simple',NULL,NULL,NULL,NULL,NULL,1200000.0000,1200000.0000,1200000.0000,1200000.0000,0.0000,0.0000,NULL,0,NULL,NULL,NULL,NULL,NULL,NULL,NULL,NULL,NULL),(878,800,'2021-12-23 00:11:53','2021-12-23 00:11:53',9903,9,NULL,0,'FF-SP32','Kệ Tivi Livant',NULL,NULL,NULL,0,0,0.0000,1.0000,6358000.0000,6358000.0000,NULL,0.0000,0.0000,0.0000,0.0000,0.0000,0.0000,6358000.0000,6358000.0000,0.0000,0.0000,'simple',NULL,NULL,NULL,NULL,NULL,6358000.0000,6358000.0000,6358000.0000,6358000.0000,0.0000,0.0000,NULL,0,NULL,NULL,NULL,NULL,NULL,NULL,NULL,NULL,NULL),(880,801,'2021-12-23 08:47:33','2021-12-23 08:47:45',4587,9,NULL,0,'OFURNI_FURTHER22W-2MV','Ofurni_Further22w-2mv',NULL,'2',NULL,0,0,NULL,1.0000,3500000.0000,3500000.0000,NULL,0.0000,500000.0000,500000.0000,0.0000,0.0000,0.0000,3500000.0000,3500000.0000,0.0000,0.0000,'simple',NULL,NULL,NULL,NULL,NULL,3500000.0000,3500000.0000,3500000.0000,3500000.0000,0.0000,0.0000,NULL,0,NULL,NULL,NULL,NULL,NULL,NULL,NULL,NULL,NULL),(881,803,'2021-12-24 02:57:16','2021-12-24 02:57:16',9873,9,NULL,1,'FF-5075-T','Bàn Làm Việc Basic 1',NULL,NULL,NULL,0,0,NULL,1.0000,2009000.0000,2009000.0000,NULL,0.0000,0.0000,0.0000,0.0000,0.0000,0.0000,2009000.0000,2009000.0000,0.0000,0.0000,'configurable',NULL,NULL,NULL,NULL,NULL,2009000.0000,2009000.0000,2009000.0000,2009000.0000,0.0000,0.0000,NULL,0,NULL,NULL,NULL,NULL,NULL,NULL,NULL,NULL,NULL),(882,803,'2021-12-24 02:57:16','2021-12-24 02:57:16',10456,9,881,1,'FF-5075-T','Bàn Làm Việc Basic 1-T',NULL,NULL,NULL,0,0,NULL,1.0000,0.0000,0.0000,NULL,0.0000,0.0000,0.0000,0.0000,0.0000,0.0000,0.0000,0.0000,0.0000,0.0000,'virtual',NULL,NULL,NULL,NULL,NULL,NULL,NULL,NULL,NULL,NULL,NULL,NULL,0,NULL,NULL,NULL,NULL,NULL,NULL,NULL,NULL,NULL),(883,803,'2021-12-24 02:58:50','2021-12-24 02:58:50',9874,9,NULL,0,'FF-5077','Bàn Làm Việc Basic 2',NULL,NULL,NULL,0,0,0.0000,1.0000,1442000.0000,1442000.0000,NULL,0.0000,0.0000,0.0000,0.0000,0.0000,0.0000,1442000.0000,1442000.0000,0.0000,0.0000,'simple',NULL,NULL,NULL,NULL,NULL,1442000.0000,1442000.0000,1442000.0000,1442000.0000,0.0000,0.0000,NULL,0,NULL,NULL,NULL,NULL,NULL,NULL,NULL,NULL,NULL),(888,809,'2021-12-24 09:44:56','2021-12-24 10:34:24',4469,9,NULL,0,'OFURNI_FURTHER-74-HR','Ofurni_Further-74-Hr',NULL,'3',NULL,0,0,NULL,2.0000,3100000.0000,3100000.0000,NULL,0.0000,149758.0000,149758.0000,0.0000,0.0000,0.0000,6200000.0000,6200000.0000,0.0000,0.0000,'simple',NULL,NULL,NULL,NULL,NULL,3100000.0000,3100000.0000,6200000.0000,6200000.0000,0.0000,0.0000,NULL,0,NULL,NULL,NULL,NULL,NULL,NULL,NULL,NULL,NULL),(890,809,'2021-12-24 10:29:30','2021-12-24 10:34:24',4465,9,NULL,0,'OFURNI_FURTHER-46W-2MR','Ofurni_Further-46w-2mr',NULL,'3',NULL,0,0,NULL,2.0000,3110000.0000,3110000.0000,NULL,0.0000,150242.0000,150242.0000,0.0000,0.0000,0.0000,6220000.0000,6220000.0000,0.0000,0.0000,'simple',NULL,NULL,NULL,NULL,NULL,3110000.0000,3110000.0000,6220000.0000,6220000.0000,0.0000,0.0000,NULL,0,NULL,NULL,NULL,NULL,NULL,NULL,NULL,NULL,NULL),(891,811,'2021-12-25 17:30:03','2021-12-25 17:30:03',9493,9,NULL,0,'TOPSOFA_TS311','Sofa Văng Da Hiện Đại',NULL,NULL,NULL,0,0,NULL,1.0000,9350000.0000,9350000.0000,NULL,0.0000,0.0000,0.0000,0.0000,0.0000,0.0000,9350000.0000,9350000.0000,0.0000,0.0000,'simple',NULL,NULL,NULL,NULL,NULL,9350000.0000,9350000.0000,9350000.0000,9350000.0000,0.0000,0.0000,NULL,0,NULL,NULL,NULL,NULL,NULL,NULL,NULL,NULL,NULL),(893,811,'2021-12-25 17:30:44','2021-12-25 17:30:44',9894,9,NULL,0,'FF-SP23','Giường Ngủ Koco',NULL,NULL,NULL,0,0,0.0000,1.0000,6834000.0000,6834000.0000,NULL,0.0000,0.0000,0.0000,0.0000,0.0000,0.0000,6834000.0000,6834000.0000,0.0000,0.0000,'simple',NULL,NULL,NULL,NULL,NULL,6834000.0000,6834000.0000,6834000.0000,6834000.0000,0.0000,0.0000,NULL,0,NULL,NULL,NULL,NULL,NULL,NULL,NULL,NULL,NULL),(894,811,'2021-12-25 17:31:03','2021-12-25 17:31:03',9884,9,NULL,0,'FF-SP15','Lily Wardrobe',NULL,NULL,NULL,0,0,0.0000,1.0000,8553600.0000,8553600.0000,NULL,0.0000,0.0000,0.0000,0.0000,0.0000,0.0000,8553600.0000,8553600.0000,0.0000,0.0000,'simple',NULL,NULL,NULL,NULL,NULL,8553600.0000,8553600.0000,8553600.0000,8553600.0000,0.0000,0.0000,NULL,0,NULL,NULL,NULL,NULL,NULL,NULL,NULL,NULL,NULL),(897,811,'2021-12-25 17:32:33','2021-12-25 17:32:33',9499,9,NULL,0,'SMA_MENUTURNING','Bàn Menu Turning',NULL,NULL,NULL,0,0,NULL,1.0000,9790000.0000,9790000.0000,NULL,0.0000,0.0000,0.0000,0.0000,0.0000,0.0000,9790000.0000,9790000.0000,0.0000,0.0000,'simple',NULL,NULL,NULL,NULL,NULL,9790000.0000,9790000.0000,9790000.0000,9790000.0000,0.0000,0.0000,NULL,0,NULL,NULL,NULL,NULL,NULL,NULL,NULL,NULL,NULL),(898,811,'2021-12-25 17:34:08','2021-12-25 17:34:08',9882,9,NULL,0,'FF-SP13','Ghế Ăn Prima',NULL,NULL,NULL,0,0,0.0000,1.0000,1425000.0000,1425000.0000,NULL,0.0000,0.0000,0.0000,0.0000,0.0000,0.0000,1425000.0000,1425000.0000,0.0000,0.0000,'simple',NULL,NULL,NULL,NULL,NULL,1425000.0000,1425000.0000,1425000.0000,1425000.0000,0.0000,0.0000,NULL,0,NULL,NULL,NULL,NULL,NULL,NULL,NULL,NULL,NULL),(899,811,'2021-12-25 17:34:50','2021-12-25 17:34:50',9869,9,NULL,1,'FF-SP01-SD','Bàn Ăn Marble',NULL,NULL,NULL,0,0,NULL,1.0000,3840000.0000,3840000.0000,NULL,0.0000,0.0000,0.0000,0.0000,0.0000,0.0000,3840000.0000,3840000.0000,0.0000,0.0000,'configurable',NULL,NULL,NULL,NULL,NULL,3840000.0000,3840000.0000,3840000.0000,3840000.0000,0.0000,0.0000,NULL,0,NULL,NULL,NULL,NULL,NULL,NULL,NULL,NULL,NULL),(900,811,'2021-12-25 17:34:50','2021-12-25 17:34:50',9870,9,899,1,'FF-SP01-SD','Bàn Ăn Marble',NULL,NULL,NULL,0,0,NULL,1.0000,0.0000,0.0000,NULL,0.0000,0.0000,0.0000,0.0000,0.0000,0.0000,0.0000,0.0000,0.0000,0.0000,'virtual',NULL,NULL,NULL,NULL,NULL,NULL,NULL,NULL,NULL,NULL,NULL,NULL,0,NULL,NULL,NULL,NULL,NULL,NULL,NULL,NULL,NULL),(901,812,'2021-12-26 05:56:35','2021-12-26 05:56:35',9880,9,NULL,0,'FF-SP11','Bàn Trà Reynosa',NULL,NULL,NULL,0,0,0.0000,1.0000,7990000.0000,7990000.0000,NULL,0.0000,0.0000,0.0000,0.0000,0.0000,0.0000,7990000.0000,7990000.0000,0.0000,0.0000,'simple',NULL,NULL,NULL,NULL,NULL,7990000.0000,7990000.0000,7990000.0000,7990000.0000,0.0000,0.0000,NULL,0,NULL,NULL,NULL,NULL,NULL,NULL,NULL,NULL,NULL),(902,813,'2021-12-26 12:36:31','2021-12-26 12:36:31',9872,9,NULL,0,'FF-SP03','Bàn Durango',NULL,NULL,NULL,0,0,0.0000,1.0000,8755000.0000,8755000.0000,NULL,0.0000,0.0000,0.0000,0.0000,0.0000,0.0000,8755000.0000,8755000.0000,0.0000,0.0000,'simple',NULL,NULL,NULL,NULL,NULL,8755000.0000,8755000.0000,8755000.0000,8755000.0000,0.0000,0.0000,NULL,0,NULL,NULL,NULL,NULL,NULL,NULL,NULL,NULL,NULL),(903,815,'2021-12-27 03:21:46','2021-12-27 03:21:46',10347,9,NULL,0,'HAFELE_567.94.029','Trọn bộ chậu inox Häfele HS21-SSN1S90 và phụ kiện\r',NULL,NULL,NULL,0,0,0.0000,1.0000,8789000.0000,8789000.0000,NULL,0.0000,0.0000,0.0000,0.0000,0.0000,0.0000,8789000.0000,8789000.0000,0.0000,0.0000,'simple',NULL,NULL,NULL,NULL,NULL,8789000.0000,8789000.0000,8789000.0000,8789000.0000,0.0000,0.0000,NULL,0,NULL,NULL,NULL,NULL,NULL,NULL,NULL,NULL,NULL),(904,815,'2021-12-27 03:22:12','2021-12-27 03:22:12',10358,9,NULL,1,'HAFELE_570.51.380','Vòi bếp Häfele HT19-GH1P278\r',NULL,NULL,NULL,0,0,NULL,1.0000,4169000.0000,4169000.0000,NULL,0.0000,0.0000,0.0000,0.0000,0.0000,0.0000,4169000.0000,4169000.0000,0.0000,0.0000,'configurable',NULL,NULL,NULL,NULL,NULL,4169000.0000,4169000.0000,4169000.0000,4169000.0000,0.0000,0.0000,NULL,0,NULL,NULL,NULL,NULL,NULL,NULL,NULL,NULL,NULL),(905,815,'2021-12-27 03:22:12','2021-12-27 03:22:12',10361,9,904,1,'HAFELE_570.51.380','Vòi bếp Häfele HT19-GH1P278\n',NULL,NULL,NULL,0,0,NULL,1.0000,0.0000,0.0000,NULL,0.0000,0.0000,0.0000,0.0000,0.0000,0.0000,0.0000,0.0000,0.0000,0.0000,'virtual',NULL,NULL,NULL,NULL,NULL,NULL,NULL,NULL,NULL,NULL,NULL,NULL,0,NULL,NULL,NULL,NULL,NULL,NULL,NULL,NULL,NULL),(906,818,'2021-12-27 07:57:58','2021-12-27 07:57:58',10435,9,NULL,0,'FF-RENTAL-1PN0B-3','Gói cho thuê 1 phòng ngủ không bếp',NULL,NULL,NULL,0,0,2.0000,1.0000,4398000.0000,4398000.0000,NULL,0.0000,0.0000,0.0000,0.0000,0.0000,0.0000,4398000.0000,4398000.0000,0.0000,2.0000,'configurable',NULL,NULL,NULL,NULL,NULL,4398000.0000,4398000.0000,4398000.0000,4398000.0000,0.0000,0.0000,NULL,0,NULL,NULL,NULL,NULL,NULL,NULL,NULL,NULL,NULL),(907,818,'2021-12-27 07:57:58','2021-12-27 07:57:58',10438,9,906,0,'FF-RENTAL-1PN0B-3','Gói cho thuê 1 phòng ngủ không bếp-3',NULL,NULL,NULL,0,0,2.0000,1.0000,0.0000,0.0000,NULL,0.0000,0.0000,0.0000,0.0000,0.0000,0.0000,0.0000,0.0000,0.0000,0.0000,'simple',NULL,NULL,NULL,NULL,NULL,NULL,NULL,NULL,NULL,NULL,NULL,NULL,0,NULL,NULL,NULL,NULL,NULL,NULL,NULL,NULL,NULL),(909,819,'2021-12-27 08:57:06','2021-12-27 08:57:06',10435,9,NULL,0,'FF-RENTAL-1PN0B-3','Gói cho thuê 1 phòng ngủ không bếp',NULL,NULL,NULL,0,0,2.0000,1.0000,4398000.0000,4398000.0000,NULL,0.0000,0.0000,0.0000,0.0000,0.0000,0.0000,4398000.0000,4398000.0000,0.0000,2.0000,'configurable',NULL,NULL,NULL,NULL,NULL,4398000.0000,4398000.0000,4398000.0000,4398000.0000,0.0000,0.0000,NULL,0,NULL,NULL,NULL,NULL,NULL,NULL,NULL,NULL,NULL),(910,819,'2021-12-27 08:57:06','2021-12-27 08:57:06',10438,9,909,0,'FF-RENTAL-1PN0B-3','Gói cho thuê 1 phòng ngủ không bếp-3',NULL,NULL,NULL,0,0,2.0000,1.0000,0.0000,0.0000,NULL,0.0000,0.0000,0.0000,0.0000,0.0000,0.0000,0.0000,0.0000,0.0000,0.0000,'simple',NULL,NULL,NULL,NULL,NULL,NULL,NULL,NULL,NULL,NULL,NULL,NULL,0,NULL,NULL,NULL,NULL,NULL,NULL,NULL,NULL,NULL),(913,822,'2021-12-28 01:49:37','2021-12-28 01:49:45',9872,9,NULL,0,'FF-SP03','Bàn Durango',NULL,'4',NULL,0,0,0.0000,1.0000,8755000.0000,8755000.0000,NULL,0.0000,1751000.0000,1751000.0000,0.0000,0.0000,0.0000,8755000.0000,8755000.0000,0.0000,0.0000,'simple',NULL,NULL,NULL,NULL,NULL,8755000.0000,8755000.0000,8755000.0000,8755000.0000,0.0000,0.0000,NULL,0,NULL,NULL,NULL,NULL,NULL,NULL,NULL,NULL,NULL),(914,822,'2021-12-28 01:50:20','2021-12-28 01:50:20',9887,9,NULL,0,'FF-SP18','Sofa 3 Chỗ Leon',NULL,'4',NULL,0,0,0.0000,1.0000,19890000.0000,19890000.0000,NULL,0.0000,3978000.0000,3978000.0000,0.0000,0.0000,0.0000,19890000.0000,19890000.0000,0.0000,0.0000,'simple',NULL,NULL,NULL,NULL,NULL,19890000.0000,19890000.0000,19890000.0000,19890000.0000,0.0000,0.0000,NULL,0,NULL,NULL,NULL,NULL,NULL,NULL,NULL,NULL,NULL),(915,822,'2021-12-28 01:56:27','2021-12-28 01:56:27',4465,9,NULL,0,'OFURNI_FURTHER-46W-2MR','Ofurni_Further-46w-2mr',NULL,'4',NULL,0,0,NULL,1.0000,3110000.0000,3110000.0000,NULL,0.0000,622000.0000,622000.0000,0.0000,0.0000,0.0000,3110000.0000,3110000.0000,0.0000,0.0000,'simple',NULL,NULL,NULL,NULL,NULL,3110000.0000,3110000.0000,3110000.0000,3110000.0000,0.0000,0.0000,NULL,0,NULL,NULL,NULL,NULL,NULL,NULL,NULL,NULL,NULL),(916,825,'2021-12-28 10:37:14','2021-12-28 10:37:14',9888,9,NULL,0,'FF-SP19','Tab Trang Trí Morelia',NULL,NULL,NULL,0,0,0.0000,1.0000,1280000.0000,1280000.0000,NULL,0.0000,0.0000,0.0000,0.0000,0.0000,0.0000,1280000.0000,1280000.0000,0.0000,0.0000,'simple',NULL,NULL,NULL,NULL,NULL,1280000.0000,1280000.0000,1280000.0000,1280000.0000,0.0000,0.0000,NULL,0,NULL,NULL,NULL,NULL,NULL,NULL,NULL,NULL,NULL),(917,826,'2021-12-28 14:38:02','2021-12-28 14:38:02',9881,9,NULL,0,'FF-SP12','Ghế Ăn Esso',NULL,NULL,NULL,0,0,0.0000,6.0000,1330000.0000,1330000.0000,NULL,0.0000,0.0000,0.0000,0.0000,0.0000,0.0000,7980000.0000,7980000.0000,0.0000,0.0000,'simple',NULL,NULL,NULL,NULL,NULL,1330000.0000,1330000.0000,7980000.0000,7980000.0000,0.0000,0.0000,NULL,0,NULL,NULL,NULL,NULL,NULL,NULL,NULL,NULL,NULL),(918,827,'2021-12-29 01:00:50','2021-12-29 01:00:50',9837,9,NULL,0,'DREAMLIGHT_TK1-4','Đèn Thả Khung Sắt Hình Học - Chiếc',NULL,NULL,NULL,0,0,NULL,1.0000,121000.0000,121000.0000,NULL,0.0000,0.0000,0.0000,0.0000,0.0000,0.0000,121000.0000,121000.0000,0.0000,0.0000,'simple',NULL,NULL,NULL,NULL,NULL,121000.0000,121000.0000,121000.0000,121000.0000,0.0000,0.0000,NULL,0,NULL,NULL,NULL,NULL,NULL,NULL,NULL,NULL,NULL),(919,829,'2021-12-29 15:15:38','2021-12-29 15:15:38',9896,9,NULL,1,'FF-SP25-G','Giường The Bag',NULL,NULL,NULL,0,0,NULL,1.0000,8364000.0000,8364000.0000,NULL,0.0000,0.0000,0.0000,0.0000,0.0000,0.0000,8364000.0000,8364000.0000,0.0000,0.0000,'configurable',NULL,NULL,NULL,NULL,NULL,8364000.0000,8364000.0000,8364000.0000,8364000.0000,0.0000,0.0000,NULL,0,NULL,NULL,NULL,NULL,NULL,NULL,NULL,NULL,NULL),(920,829,'2021-12-29 15:15:38','2021-12-29 15:15:38',9898,9,919,1,'FF-SP25-G','Giường The Bag',NULL,NULL,NULL,0,0,NULL,1.0000,0.0000,0.0000,NULL,0.0000,0.0000,0.0000,0.0000,0.0000,0.0000,0.0000,0.0000,0.0000,0.0000,'virtual',NULL,NULL,NULL,NULL,NULL,NULL,NULL,NULL,NULL,NULL,NULL,NULL,0,NULL,NULL,NULL,NULL,NULL,NULL,NULL,NULL,NULL),(921,830,'2021-12-29 16:30:58','2021-12-29 16:30:58',10168,9,NULL,1,'FORESTHOME_G1-G','Ghế Neva',NULL,NULL,NULL,0,0,NULL,4.0000,2216500.0000,2216500.0000,NULL,0.0000,0.0000,0.0000,0.0000,0.0000,0.0000,8866000.0000,8866000.0000,0.0000,0.0000,'configurable',NULL,NULL,NULL,NULL,NULL,2216500.0000,2216500.0000,8866000.0000,8866000.0000,0.0000,0.0000,NULL,0,NULL,NULL,NULL,NULL,NULL,NULL,NULL,NULL,NULL),(922,830,'2021-12-29 16:30:58','2021-12-29 16:30:58',10169,9,921,1,'FORESTHOME_G1-G','Ghế Neva',NULL,NULL,NULL,0,0,NULL,1.0000,0.0000,0.0000,NULL,0.0000,0.0000,0.0000,0.0000,0.0000,0.0000,0.0000,0.0000,0.0000,0.0000,'virtual',NULL,NULL,NULL,NULL,NULL,NULL,NULL,NULL,NULL,NULL,NULL,NULL,0,NULL,NULL,NULL,NULL,NULL,NULL,NULL,NULL,NULL),(923,831,'2021-12-30 02:17:51','2021-12-30 02:17:51',5382,9,NULL,1,'FF-CBEASY-3-PN1','COMBO EASY 3 - Màu Trắng',NULL,NULL,NULL,0,0,NULL,1.0000,20999000.0000,20999000.0000,NULL,0.0000,0.0000,0.0000,0.0000,0.0000,0.0000,20999000.0000,20999000.0000,0.0000,0.0000,'configurable',NULL,NULL,NULL,NULL,NULL,20999000.0000,20999000.0000,20999000.0000,20999000.0000,0.0000,0.0000,NULL,0,NULL,NULL,NULL,NULL,NULL,NULL,NULL,NULL,NULL),(924,831,'2021-12-30 02:17:51','2021-12-30 02:17:51',5377,9,923,1,'FF-CBEASY-3-PN1','FF-CBEASY-3-PN1',NULL,NULL,NULL,0,0,NULL,1.0000,0.0000,0.0000,NULL,0.0000,0.0000,0.0000,0.0000,0.0000,0.0000,0.0000,0.0000,0.0000,0.0000,'virtual',NULL,NULL,NULL,NULL,NULL,NULL,NULL,NULL,NULL,NULL,NULL,NULL,0,NULL,NULL,NULL,NULL,NULL,NULL,NULL,NULL,NULL),(925,831,'2021-12-30 02:17:56','2021-12-30 02:17:56',5382,9,NULL,1,'FF-CBEASY-3-PN2','COMBO EASY 3 - Màu Trắng',NULL,NULL,NULL,0,0,NULL,1.0000,15499000.0000,15499000.0000,NULL,0.0000,0.0000,0.0000,0.0000,0.0000,0.0000,15499000.0000,15499000.0000,0.0000,0.0000,'configurable',NULL,NULL,NULL,NULL,NULL,15499000.0000,15499000.0000,15499000.0000,15499000.0000,0.0000,0.0000,NULL,0,NULL,NULL,NULL,NULL,NULL,NULL,NULL,NULL,NULL),(926,831,'2021-12-30 02:17:56','2021-12-30 02:17:56',5378,9,925,1,'FF-CBEASY-3-PN2','FF-CBEASY-3-PN2',NULL,NULL,NULL,0,0,NULL,1.0000,0.0000,0.0000,NULL,0.0000,0.0000,0.0000,0.0000,0.0000,0.0000,0.0000,0.0000,0.0000,0.0000,'virtual',NULL,NULL,NULL,NULL,NULL,NULL,NULL,NULL,NULL,NULL,NULL,NULL,0,NULL,NULL,NULL,NULL,NULL,NULL,NULL,NULL,NULL),(927,831,'2021-12-30 02:18:01','2021-12-30 02:18:01',5382,9,NULL,1,'FF-CBEASY-3-PK','COMBO EASY 3 - Màu Trắng',NULL,NULL,NULL,0,0,NULL,1.0000,11999000.0000,11999000.0000,NULL,0.0000,0.0000,0.0000,0.0000,0.0000,0.0000,11999000.0000,11999000.0000,0.0000,0.0000,'configurable',NULL,NULL,NULL,NULL,NULL,11999000.0000,11999000.0000,11999000.0000,11999000.0000,0.0000,0.0000,NULL,0,NULL,NULL,NULL,NULL,NULL,NULL,NULL,NULL,NULL),(928,831,'2021-12-30 02:18:01','2021-12-30 02:18:01',5380,9,927,1,'FF-CBEASY-3-PK','FF-CBEASY-3-PK',NULL,NULL,NULL,0,0,NULL,1.0000,0.0000,0.0000,NULL,0.0000,0.0000,0.0000,0.0000,0.0000,0.0000,0.0000,0.0000,0.0000,0.0000,'virtual',NULL,NULL,NULL,NULL,NULL,NULL,NULL,NULL,NULL,NULL,NULL,NULL,0,NULL,NULL,NULL,NULL,NULL,NULL,NULL,NULL,NULL),(929,834,'2021-12-30 10:24:46','2021-12-30 10:25:03',5376,9,NULL,1,'FF-CBEASY-2-PN1','COMBO EASY 2 - Màu Vân Gỗ Nhạt',NULL,NULL,NULL,0,0,NULL,2.0000,20999000.0000,20999000.0000,NULL,0.0000,0.0000,0.0000,0.0000,0.0000,0.0000,41998000.0000,41998000.0000,0.0000,0.0000,'configurable',NULL,NULL,NULL,NULL,NULL,20999000.0000,20999000.0000,41998000.0000,41998000.0000,0.0000,0.0000,NULL,0,NULL,NULL,NULL,NULL,NULL,NULL,NULL,NULL,NULL),(930,834,'2021-12-30 10:24:46','2021-12-30 10:24:46',5371,9,929,1,'FF-CBEASY-2-PN1','FF-CBEASY-2-PN1',NULL,NULL,NULL,0,0,NULL,1.0000,0.0000,0.0000,NULL,0.0000,0.0000,0.0000,0.0000,0.0000,0.0000,0.0000,0.0000,0.0000,0.0000,'virtual',NULL,NULL,NULL,NULL,NULL,NULL,NULL,NULL,NULL,NULL,NULL,NULL,0,NULL,NULL,NULL,NULL,NULL,NULL,NULL,NULL,NULL),(931,834,'2021-12-30 10:25:08','2021-12-30 10:25:08',5376,9,NULL,1,'FF-CBEASY-2-PN2','COMBO EASY 2 - Màu Vân Gỗ Nhạt',NULL,NULL,NULL,0,0,NULL,1.0000,15499000.0000,15499000.0000,NULL,0.0000,0.0000,0.0000,0.0000,0.0000,0.0000,15499000.0000,15499000.0000,0.0000,0.0000,'configurable',NULL,NULL,NULL,NULL,NULL,15499000.0000,15499000.0000,15499000.0000,15499000.0000,0.0000,0.0000,NULL,0,NULL,NULL,NULL,NULL,NULL,NULL,NULL,NULL,NULL),(932,834,'2021-12-30 10:25:08','2021-12-30 10:25:08',5372,9,931,1,'FF-CBEASY-2-PN2','FF-CBEASY-2-PN2',NULL,NULL,NULL,0,0,NULL,1.0000,0.0000,0.0000,NULL,0.0000,0.0000,0.0000,0.0000,0.0000,0.0000,0.0000,0.0000,0.0000,0.0000,'virtual',NULL,NULL,NULL,NULL,NULL,NULL,NULL,NULL,NULL,NULL,NULL,NULL,0,NULL,NULL,NULL,NULL,NULL,NULL,NULL,NULL,NULL),(933,839,'2022-01-01 12:44:13','2022-01-01 12:44:13',10433,9,NULL,1,'FF-RENTAL-2PN-36','Full House (2 Phòng Ngủ, Có Tủ Bếp)',NULL,NULL,NULL,0,0,NULL,1.0000,2199000.0000,2199000.0000,NULL,0.0000,0.0000,0.0000,0.0000,0.0000,0.0000,2199000.0000,2199000.0000,0.0000,0.0000,'configurable',NULL,NULL,NULL,NULL,NULL,2199000.0000,2199000.0000,2199000.0000,2199000.0000,0.0000,0.0000,NULL,0,NULL,NULL,NULL,NULL,NULL,NULL,NULL,NULL,NULL),(934,839,'2022-01-01 12:44:13','2022-01-01 12:44:13',10431,9,933,1,'FF-RENTAL-2PN-36','Gói cho thuê 2 phòng ngủ có bếp-36',NULL,NULL,NULL,0,0,NULL,1.0000,0.0000,0.0000,NULL,0.0000,0.0000,0.0000,0.0000,0.0000,0.0000,0.0000,0.0000,0.0000,0.0000,'virtual',NULL,NULL,NULL,NULL,NULL,NULL,NULL,NULL,NULL,NULL,NULL,NULL,0,NULL,NULL,NULL,NULL,NULL,NULL,NULL,NULL,NULL),(935,842,'2022-01-02 10:09:12','2022-01-02 10:09:12',10009,9,NULL,1,'FORESTHOME_BA17-L160-T','Bàn Ăn Chân Sắt',NULL,NULL,NULL,0,0,NULL,1.0000,8497500.0000,8497500.0000,NULL,0.0000,0.0000,0.0000,0.0000,0.0000,0.0000,8497500.0000,8497500.0000,0.0000,0.0000,'configurable',NULL,NULL,NULL,NULL,NULL,8497500.0000,8497500.0000,8497500.0000,8497500.0000,0.0000,0.0000,NULL,0,NULL,NULL,NULL,NULL,NULL,NULL,NULL,NULL,NULL),(936,842,'2022-01-02 10:09:12','2022-01-02 10:09:12',10013,9,935,1,'FORESTHOME_BA17-L160-T','Bàn Ăn Chân Sắt',NULL,NULL,NULL,0,0,NULL,1.0000,0.0000,0.0000,NULL,0.0000,0.0000,0.0000,0.0000,0.0000,0.0000,0.0000,0.0000,0.0000,0.0000,'virtual',NULL,NULL,NULL,NULL,NULL,NULL,NULL,NULL,NULL,NULL,NULL,NULL,0,NULL,NULL,NULL,NULL,NULL,NULL,NULL,NULL,NULL),(937,844,'2022-01-03 05:07:35','2022-01-03 05:07:35',10435,9,NULL,0,'FF-RENTAL-1PN0B-12','Fresh House (1 Phòng Ngủ)',NULL,NULL,NULL,0,0,2.0000,1.0000,1299000.0000,1299000.0000,NULL,0.0000,0.0000,0.0000,0.0000,0.0000,0.0000,1299000.0000,1299000.0000,0.0000,2.0000,'configurable',NULL,NULL,NULL,NULL,NULL,1299000.0000,1299000.0000,1299000.0000,1299000.0000,0.0000,0.0000,NULL,0,NULL,NULL,NULL,NULL,NULL,NULL,NULL,NULL,NULL),(938,844,'2022-01-03 05:07:35','2022-01-03 05:07:35',10441,9,937,0,'FF-RENTAL-1PN0B-12','Gói cho thuê 1 phòng ngủ không bếp-12',NULL,NULL,NULL,0,0,2.0000,1.0000,0.0000,0.0000,NULL,0.0000,0.0000,0.0000,0.0000,0.0000,0.0000,0.0000,0.0000,0.0000,0.0000,'simple',NULL,NULL,NULL,NULL,NULL,NULL,NULL,NULL,NULL,NULL,NULL,NULL,0,NULL,NULL,NULL,NULL,NULL,NULL,NULL,NULL,NULL),(939,845,'2022-01-03 06:47:45','2022-01-03 06:47:45',9888,9,NULL,0,'FF-SP19','Tab Trang Trí Morelia',NULL,NULL,NULL,0,0,0.0000,1.0000,1280000.0000,1280000.0000,NULL,0.0000,0.0000,0.0000,0.0000,0.0000,0.0000,1280000.0000,1280000.0000,0.0000,0.0000,'simple',NULL,NULL,NULL,NULL,NULL,1280000.0000,1280000.0000,1280000.0000,1280000.0000,0.0000,0.0000,NULL,0,NULL,NULL,NULL,NULL,NULL,NULL,NULL,NULL,NULL),(940,846,'2022-01-03 15:54:01','2022-01-03 15:54:01',10433,9,NULL,1,'FF-RENTAL-2PN-12','Full House (2 Phòng Ngủ, Có Tủ Bếp)',NULL,NULL,NULL,0,0,NULL,1.0000,2799000.0000,2799000.0000,NULL,0.0000,0.0000,0.0000,0.0000,0.0000,0.0000,2799000.0000,2799000.0000,0.0000,0.0000,'configurable',NULL,NULL,NULL,NULL,NULL,2799000.0000,2799000.0000,2799000.0000,2799000.0000,0.0000,0.0000,NULL,0,NULL,NULL,NULL,NULL,NULL,NULL,NULL,NULL,NULL),(941,846,'2022-01-03 15:54:01','2022-01-03 15:54:01',10429,9,940,1,'FF-RENTAL-2PN-12','Gói cho thuê 2 phòng ngủ có bếp-12',NULL,NULL,NULL,0,0,NULL,1.0000,0.0000,0.0000,NULL,0.0000,0.0000,0.0000,0.0000,0.0000,0.0000,0.0000,0.0000,0.0000,0.0000,'virtual',NULL,NULL,NULL,NULL,NULL,NULL,NULL,NULL,NULL,NULL,NULL,NULL,0,NULL,NULL,NULL,NULL,NULL,NULL,NULL,NULL,NULL),(942,847,'2022-01-04 00:07:41','2022-01-04 00:07:41',10433,9,NULL,1,'FF-RENTAL-2PN-60','Full House (2 Phòng Ngủ, Có Tủ Bếp)',NULL,NULL,NULL,0,0,NULL,1.0000,1999000.0000,1999000.0000,NULL,0.0000,0.0000,0.0000,0.0000,0.0000,0.0000,1999000.0000,1999000.0000,0.0000,0.0000,'configurable',NULL,NULL,NULL,NULL,NULL,1999000.0000,1999000.0000,1999000.0000,1999000.0000,0.0000,0.0000,NULL,0,NULL,NULL,NULL,NULL,NULL,NULL,NULL,NULL,NULL),(943,847,'2022-01-04 00:07:41','2022-01-04 00:07:41',10432,9,942,1,'FF-RENTAL-2PN-60','Gói cho thuê 2 phòng ngủ có bếp-60',NULL,NULL,NULL,0,0,NULL,1.0000,0.0000,0.0000,NULL,0.0000,0.0000,0.0000,0.0000,0.0000,0.0000,0.0000,0.0000,0.0000,0.0000,'virtual',NULL,NULL,NULL,NULL,NULL,NULL,NULL,NULL,NULL,NULL,NULL,NULL,0,NULL,NULL,NULL,NULL,NULL,NULL,NULL,NULL,NULL),(944,851,'2022-01-04 09:29:13','2022-01-04 09:29:13',9896,9,NULL,1,'FF-SP25-T','Giường The Bag',NULL,NULL,NULL,0,0,NULL,1.0000,9840000.0000,9840000.0000,NULL,0.0000,0.0000,0.0000,0.0000,0.0000,0.0000,9840000.0000,9840000.0000,0.0000,0.0000,'configurable',NULL,NULL,NULL,NULL,NULL,9840000.0000,9840000.0000,9840000.0000,9840000.0000,0.0000,0.0000,NULL,0,NULL,NULL,NULL,NULL,NULL,NULL,NULL,NULL,NULL),(945,851,'2022-01-04 09:29:13','2022-01-04 09:29:13',9897,9,944,1,'FF-SP25-T','Giường The Bag',NULL,NULL,NULL,0,0,NULL,1.0000,0.0000,0.0000,NULL,0.0000,0.0000,0.0000,0.0000,0.0000,0.0000,0.0000,0.0000,0.0000,0.0000,'virtual',NULL,NULL,NULL,NULL,NULL,NULL,NULL,NULL,NULL,NULL,NULL,NULL,0,NULL,NULL,NULL,NULL,NULL,NULL,NULL,NULL,NULL),(946,853,'2022-01-05 02:26:00','2022-01-05 02:26:00',9887,9,NULL,0,'FF-SP18','Sofa 3 Chỗ Leon',NULL,NULL,NULL,0,0,0.0000,1.0000,23400000.0000,23400000.0000,NULL,0.0000,0.0000,0.0000,0.0000,0.0000,0.0000,23400000.0000,23400000.0000,0.0000,0.0000,'simple',NULL,NULL,NULL,NULL,NULL,23400000.0000,23400000.0000,23400000.0000,23400000.0000,0.0000,0.0000,NULL,0,NULL,NULL,NULL,NULL,NULL,NULL,NULL,NULL,NULL),(947,854,'2022-01-05 02:53:26','2022-01-05 02:53:26',10256,9,NULL,1,'RU9_ORIGINAL-KING','Nệm Ru9 Original',NULL,NULL,NULL,0,0,NULL,1.0000,14990000.0000,14990000.0000,NULL,0.0000,0.0000,0.0000,0.0000,0.0000,0.0000,14990000.0000,14990000.0000,0.0000,0.0000,'configurable',NULL,NULL,NULL,NULL,NULL,14990000.0000,14990000.0000,14990000.0000,14990000.0000,0.0000,0.0000,NULL,0,NULL,NULL,NULL,NULL,NULL,NULL,NULL,NULL,NULL),(948,854,'2022-01-05 02:53:26','2022-01-05 02:53:26',10261,9,947,1,'RU9_ORIGINAL-KING','Nệm Ru9 Original',NULL,NULL,NULL,0,0,NULL,1.0000,0.0000,0.0000,NULL,0.0000,0.0000,0.0000,0.0000,0.0000,0.0000,0.0000,0.0000,0.0000,0.0000,'virtual',NULL,NULL,NULL,NULL,NULL,NULL,NULL,NULL,NULL,NULL,NULL,NULL,0,NULL,NULL,NULL,NULL,NULL,NULL,NULL,NULL,NULL),(949,855,'2022-01-05 03:46:12','2022-01-05 03:46:22',10435,9,NULL,0,'FF-RENTAL-1PN0B-3','Fresh House (1 Phòng Ngủ)',NULL,NULL,NULL,0,0,2.0000,6.0000,2399000.0000,2399000.0000,NULL,0.0000,0.0000,0.0000,0.0000,0.0000,0.0000,14394000.0000,14394000.0000,0.0000,12.0000,'configurable',NULL,NULL,NULL,NULL,NULL,2399000.0000,2399000.0000,14394000.0000,14394000.0000,0.0000,0.0000,NULL,0,NULL,NULL,NULL,NULL,NULL,NULL,NULL,NULL,NULL),(950,855,'2022-01-05 03:46:12','2022-01-05 03:46:12',10438,9,949,0,'FF-RENTAL-1PN0B-3','Gói cho thuê 1 phòng ngủ không bếp-3',NULL,NULL,NULL,0,0,2.0000,1.0000,0.0000,0.0000,NULL,0.0000,0.0000,0.0000,0.0000,0.0000,0.0000,0.0000,0.0000,0.0000,0.0000,'simple',NULL,NULL,NULL,NULL,NULL,NULL,NULL,NULL,NULL,NULL,NULL,NULL,0,NULL,NULL,NULL,NULL,NULL,NULL,NULL,NULL,NULL),(952,442,'2022-01-05 04:45:32','2022-01-05 04:45:32',3284,9,NULL,0,'Payment Test','Payment Test',NULL,NULL,NULL,0,0,NULL,1.0000,2000.0000,2000.0000,NULL,0.0000,0.0000,0.0000,0.0000,0.0000,0.0000,2000.0000,2000.0000,0.0000,0.0000,'simple',NULL,NULL,NULL,NULL,NULL,2000.0000,2000.0000,2000.0000,2000.0000,0.0000,0.0000,NULL,0,NULL,NULL,NULL,NULL,NULL,NULL,NULL,NULL,NULL),(953,857,'2022-01-05 04:57:17','2022-01-05 04:57:17',9893,9,NULL,0,'FF-SP22','Giường Lightbox',NULL,NULL,NULL,0,0,0.0000,1.0000,8028900.0000,8028900.0000,NULL,0.0000,0.0000,0.0000,0.0000,0.0000,0.0000,8028900.0000,8028900.0000,0.0000,0.0000,'simple',NULL,NULL,NULL,NULL,NULL,8028900.0000,8028900.0000,8028900.0000,8028900.0000,0.0000,0.0000,NULL,0,NULL,NULL,NULL,NULL,NULL,NULL,NULL,NULL,NULL),(954,858,'2022-01-05 09:09:20','2022-01-05 09:09:20',10435,9,NULL,0,'FF-RENTAL-1PN0B-12','Fresh House (1 Phòng Ngủ)',NULL,NULL,NULL,0,0,2.0000,1.0000,1299000.0000,1299000.0000,NULL,0.0000,0.0000,0.0000,0.0000,0.0000,0.0000,1299000.0000,1299000.0000,0.0000,2.0000,'configurable',NULL,NULL,NULL,NULL,NULL,1299000.0000,1299000.0000,1299000.0000,1299000.0000,0.0000,0.0000,NULL,0,NULL,NULL,NULL,NULL,NULL,NULL,NULL,NULL,NULL),(955,858,'2022-01-05 09:09:20','2022-01-05 09:09:20',10441,9,954,0,'FF-RENTAL-1PN0B-12','Gói cho thuê 1 phòng ngủ không bếp-12',NULL,NULL,NULL,0,0,2.0000,1.0000,0.0000,0.0000,NULL,0.0000,0.0000,0.0000,0.0000,0.0000,0.0000,0.0000,0.0000,0.0000,0.0000,'simple',NULL,NULL,NULL,NULL,NULL,NULL,NULL,NULL,NULL,NULL,NULL,NULL,0,NULL,NULL,NULL,NULL,NULL,NULL,NULL,NULL,NULL),(958,786,'2022-01-06 02:23:06','2022-01-06 02:23:41',10435,9,NULL,0,'FF-RENTAL-1PN0B-12','Fresh House (1 Phòng Ngủ)',NULL,NULL,NULL,0,0,2.0000,11.0000,1299000.0000,1299000.0000,NULL,0.0000,0.0000,0.0000,0.0000,0.0000,0.0000,14289000.0000,14289000.0000,0.0000,22.0000,'configurable',NULL,NULL,NULL,NULL,NULL,1299000.0000,1299000.0000,14289000.0000,14289000.0000,0.0000,0.0000,NULL,0,NULL,NULL,NULL,NULL,NULL,NULL,NULL,NULL,NULL),(959,786,'2022-01-06 02:23:06','2022-01-06 02:23:06',10441,9,958,0,'FF-RENTAL-1PN0B-12','Gói cho thuê 1 phòng ngủ không bếp-12',NULL,NULL,NULL,0,0,2.0000,1.0000,0.0000,0.0000,NULL,0.0000,0.0000,0.0000,0.0000,0.0000,0.0000,0.0000,0.0000,0.0000,0.0000,'simple',NULL,NULL,NULL,NULL,NULL,NULL,NULL,NULL,NULL,NULL,NULL,NULL,0,NULL,NULL,NULL,NULL,NULL,NULL,NULL,NULL,NULL),(960,861,'2022-01-06 13:03:16','2022-01-06 13:03:16',9903,9,NULL,0,'FF-SP32','Kệ Tivi Livant',NULL,NULL,NULL,0,0,0.0000,1.0000,7480000.0000,7480000.0000,NULL,0.0000,0.0000,0.0000,0.0000,0.0000,0.0000,7480000.0000,7480000.0000,0.0000,0.0000,'simple',NULL,NULL,NULL,NULL,NULL,7480000.0000,7480000.0000,7480000.0000,7480000.0000,0.0000,0.0000,NULL,0,NULL,NULL,NULL,NULL,NULL,NULL,NULL,NULL,NULL),(961,862,'2022-01-06 14:16:41','2022-01-06 14:16:41',10435,9,NULL,0,'FF-RENTAL-1PN0B-60','Fresh House (1 Phòng Ngủ)',NULL,NULL,NULL,0,0,2.0000,1.0000,929000.0000,929000.0000,NULL,0.0000,0.0000,0.0000,0.0000,0.0000,0.0000,929000.0000,929000.0000,0.0000,2.0000,'configurable',NULL,NULL,NULL,NULL,NULL,929000.0000,929000.0000,929000.0000,929000.0000,0.0000,0.0000,NULL,0,NULL,NULL,NULL,NULL,NULL,NULL,NULL,NULL,NULL),(962,862,'2022-01-06 14:16:41','2022-01-06 14:16:41',10444,9,961,0,'FF-RENTAL-1PN0B-60','Gói cho thuê 1 phòng ngủ không bếp-60',NULL,NULL,NULL,0,0,2.0000,1.0000,0.0000,0.0000,NULL,0.0000,0.0000,0.0000,0.0000,0.0000,0.0000,0.0000,0.0000,0.0000,0.0000,'simple',NULL,NULL,NULL,NULL,NULL,NULL,NULL,NULL,NULL,NULL,NULL,NULL,0,NULL,NULL,NULL,NULL,NULL,NULL,NULL,NULL,NULL),(963,865,'2022-01-06 17:20:58','2022-01-06 17:21:06',10435,9,NULL,0,'FF-RENTAL-1PN0B-3','Fresh House (1 Phòng Ngủ)',NULL,NULL,NULL,0,0,2.0000,2.0000,2399000.0000,2399000.0000,NULL,0.0000,0.0000,0.0000,0.0000,0.0000,0.0000,4798000.0000,4798000.0000,0.0000,4.0000,'configurable',NULL,NULL,NULL,NULL,NULL,2399000.0000,2399000.0000,4798000.0000,4798000.0000,0.0000,0.0000,NULL,0,NULL,NULL,NULL,NULL,NULL,NULL,NULL,NULL,NULL),(964,865,'2022-01-06 17:20:58','2022-01-06 17:20:58',10438,9,963,0,'FF-RENTAL-1PN0B-3','Gói cho thuê 1 phòng ngủ không bếp-3',NULL,NULL,NULL,0,0,2.0000,1.0000,0.0000,0.0000,NULL,0.0000,0.0000,0.0000,0.0000,0.0000,0.0000,0.0000,0.0000,0.0000,0.0000,'simple',NULL,NULL,NULL,NULL,NULL,NULL,NULL,NULL,NULL,NULL,NULL,NULL,0,NULL,NULL,NULL,NULL,NULL,NULL,NULL,NULL,NULL),(965,867,'2022-01-07 00:38:06','2022-01-07 00:38:06',9894,9,NULL,0,'FF-SP23','Giường Ngủ Koco',NULL,NULL,NULL,0,0,0.0000,1.0000,8040000.0000,8040000.0000,NULL,0.0000,0.0000,0.0000,0.0000,0.0000,0.0000,8040000.0000,8040000.0000,0.0000,0.0000,'simple',NULL,NULL,NULL,NULL,NULL,8040000.0000,8040000.0000,8040000.0000,8040000.0000,0.0000,0.0000,NULL,0,NULL,NULL,NULL,NULL,NULL,NULL,NULL,NULL,NULL),(966,867,'2022-01-07 00:38:09','2022-01-07 00:38:09',9893,9,NULL,0,'FF-SP22','Giường Lightbox',NULL,NULL,NULL,0,0,0.0000,1.0000,8028900.0000,8028900.0000,NULL,0.0000,0.0000,0.0000,0.0000,0.0000,0.0000,8028900.0000,8028900.0000,0.0000,0.0000,'simple',NULL,NULL,NULL,NULL,NULL,8028900.0000,8028900.0000,8028900.0000,8028900.0000,0.0000,0.0000,NULL,0,NULL,NULL,NULL,NULL,NULL,NULL,NULL,NULL,NULL),(967,868,'2022-01-07 02:58:20','2022-01-07 02:58:20',5382,9,NULL,1,'FF-CBEASY-3-PN1','COMBO EASY 3 - Màu Trắng',NULL,NULL,NULL,0,0,NULL,1.0000,20999000.0000,20999000.0000,NULL,0.0000,0.0000,0.0000,0.0000,0.0000,0.0000,20999000.0000,20999000.0000,0.0000,0.0000,'configurable',NULL,NULL,NULL,NULL,NULL,20999000.0000,20999000.0000,20999000.0000,20999000.0000,0.0000,0.0000,NULL,0,NULL,NULL,NULL,NULL,NULL,NULL,NULL,NULL,NULL),(968,868,'2022-01-07 02:58:20','2022-01-07 02:58:20',5377,9,967,1,'FF-CBEASY-3-PN1','FF-CBEASY-3-PN1',NULL,NULL,NULL,0,0,NULL,1.0000,0.0000,0.0000,NULL,0.0000,0.0000,0.0000,0.0000,0.0000,0.0000,0.0000,0.0000,0.0000,0.0000,'virtual',NULL,NULL,NULL,NULL,NULL,NULL,NULL,NULL,NULL,NULL,NULL,NULL,0,NULL,NULL,NULL,NULL,NULL,NULL,NULL,NULL,NULL),(971,871,'2022-01-07 05:16:12','2022-01-07 05:16:12',10434,9,NULL,0,'FF-RENTAL-2PN0B-6','Cosy House (2 Phòng Ngủ)',NULL,NULL,NULL,0,0,2.0000,1.0000,2699000.0000,2699000.0000,NULL,0.0000,0.0000,0.0000,0.0000,0.0000,0.0000,2699000.0000,2699000.0000,0.0000,2.0000,'configurable',NULL,NULL,NULL,NULL,NULL,2699000.0000,2699000.0000,2699000.0000,2699000.0000,0.0000,0.0000,NULL,0,NULL,NULL,NULL,NULL,NULL,NULL,NULL,NULL,NULL),(972,871,'2022-01-07 05:16:12','2022-01-07 05:16:12',10446,9,971,0,'FF-RENTAL-2PN0B-6','Gói cho thuê 2 phòng ngủ không bếp-6',NULL,NULL,NULL,0,0,2.0000,1.0000,0.0000,0.0000,NULL,0.0000,0.0000,0.0000,0.0000,0.0000,0.0000,0.0000,0.0000,0.0000,0.0000,'simple',NULL,NULL,NULL,NULL,NULL,NULL,NULL,NULL,NULL,NULL,NULL,NULL,0,NULL,NULL,NULL,NULL,NULL,NULL,NULL,NULL,NULL),(973,871,'2022-01-07 05:16:21','2022-01-07 05:16:21',10434,9,NULL,0,'FF-RENTAL-2PN0B-12','Cosy House (2 Phòng Ngủ)',NULL,NULL,NULL,0,0,2.0000,1.0000,1899000.0000,1899000.0000,NULL,0.0000,0.0000,0.0000,0.0000,0.0000,0.0000,1899000.0000,1899000.0000,0.0000,2.0000,'configurable',NULL,NULL,NULL,NULL,NULL,1899000.0000,1899000.0000,1899000.0000,1899000.0000,0.0000,0.0000,NULL,0,NULL,NULL,NULL,NULL,NULL,NULL,NULL,NULL,NULL),(974,871,'2022-01-07 05:16:21','2022-01-07 05:16:21',10448,9,973,0,'FF-RENTAL-2PN0B-12','Gói cho thuê 2 phòng ngủ không bếp-12',NULL,NULL,NULL,0,0,2.0000,1.0000,0.0000,0.0000,NULL,0.0000,0.0000,0.0000,0.0000,0.0000,0.0000,0.0000,0.0000,0.0000,0.0000,'simple',NULL,NULL,NULL,NULL,NULL,NULL,NULL,NULL,NULL,NULL,NULL,NULL,0,NULL,NULL,NULL,NULL,NULL,NULL,NULL,NULL,NULL),(975,871,'2022-01-07 05:16:37','2022-01-07 05:16:37',10435,9,NULL,0,'FF-RENTAL-1PN0B-6','Fresh House (1 Phòng Ngủ)',NULL,NULL,NULL,0,0,2.0000,1.0000,1799000.0000,1799000.0000,NULL,0.0000,0.0000,0.0000,0.0000,0.0000,0.0000,1799000.0000,1799000.0000,0.0000,2.0000,'configurable',NULL,NULL,NULL,NULL,NULL,1799000.0000,1799000.0000,1799000.0000,1799000.0000,0.0000,0.0000,NULL,0,NULL,NULL,NULL,NULL,NULL,NULL,NULL,NULL,NULL),(976,871,'2022-01-07 05:16:37','2022-01-07 05:16:37',10439,9,975,0,'FF-RENTAL-1PN0B-6','Gói cho thuê 1 phòng ngủ không bếp-6',NULL,NULL,NULL,0,0,2.0000,1.0000,0.0000,0.0000,NULL,0.0000,0.0000,0.0000,0.0000,0.0000,0.0000,0.0000,0.0000,0.0000,0.0000,'simple',NULL,NULL,NULL,NULL,NULL,NULL,NULL,NULL,NULL,NULL,NULL,NULL,0,NULL,NULL,NULL,NULL,NULL,NULL,NULL,NULL,NULL),(977,871,'2022-01-07 05:16:49','2022-01-07 05:16:49',10435,9,NULL,0,'FF-RENTAL-1PN0B-12','Fresh House (1 Phòng Ngủ)',NULL,NULL,NULL,0,0,2.0000,1.0000,1299000.0000,1299000.0000,NULL,0.0000,0.0000,0.0000,0.0000,0.0000,0.0000,1299000.0000,1299000.0000,0.0000,2.0000,'configurable',NULL,NULL,NULL,NULL,NULL,1299000.0000,1299000.0000,1299000.0000,1299000.0000,0.0000,0.0000,NULL,0,NULL,NULL,NULL,NULL,NULL,NULL,NULL,NULL,NULL),(978,871,'2022-01-07 05:16:49','2022-01-07 05:16:49',10441,9,977,0,'FF-RENTAL-1PN0B-12','Gói cho thuê 1 phòng ngủ không bếp-12',NULL,NULL,NULL,0,0,2.0000,1.0000,0.0000,0.0000,NULL,0.0000,0.0000,0.0000,0.0000,0.0000,0.0000,0.0000,0.0000,0.0000,0.0000,'simple',NULL,NULL,NULL,NULL,NULL,NULL,NULL,NULL,NULL,NULL,NULL,NULL,0,NULL,NULL,NULL,NULL,NULL,NULL,NULL,NULL,NULL),(979,872,'2022-01-07 06:43:27','2022-01-07 06:43:27',10435,9,NULL,0,'FF-RENTAL-1PN0B-6','Fresh House (1 Phòng Ngủ)',NULL,NULL,NULL,0,0,2.0000,1.0000,1799000.0000,1799000.0000,NULL,0.0000,0.0000,0.0000,0.0000,0.0000,0.0000,1799000.0000,1799000.0000,0.0000,2.0000,'configurable',NULL,NULL,NULL,NULL,NULL,1799000.0000,1799000.0000,1799000.0000,1799000.0000,0.0000,0.0000,NULL,0,NULL,NULL,NULL,NULL,NULL,NULL,NULL,NULL,NULL),(980,872,'2022-01-07 06:43:27','2022-01-07 06:43:27',10439,9,979,0,'FF-RENTAL-1PN0B-6','Gói cho thuê 1 phòng ngủ không bếp-6',NULL,NULL,NULL,0,0,2.0000,1.0000,0.0000,0.0000,NULL,0.0000,0.0000,0.0000,0.0000,0.0000,0.0000,0.0000,0.0000,0.0000,0.0000,'simple',NULL,NULL,NULL,NULL,NULL,NULL,NULL,NULL,NULL,NULL,NULL,NULL,0,NULL,NULL,NULL,NULL,NULL,NULL,NULL,NULL,NULL),(981,872,'2022-01-07 06:43:55','2022-01-07 06:43:55',10435,9,NULL,0,'FF-RENTAL-1PN0B-12','Fresh House (1 Phòng Ngủ)',NULL,NULL,NULL,0,0,2.0000,1.0000,1299000.0000,1299000.0000,NULL,0.0000,0.0000,0.0000,0.0000,0.0000,0.0000,1299000.0000,1299000.0000,0.0000,2.0000,'configurable',NULL,NULL,NULL,NULL,NULL,1299000.0000,1299000.0000,1299000.0000,1299000.0000,0.0000,0.0000,NULL,0,NULL,NULL,NULL,NULL,NULL,NULL,NULL,NULL,NULL),(982,872,'2022-01-07 06:43:55','2022-01-07 06:43:55',10441,9,981,0,'FF-RENTAL-1PN0B-12','Gói cho thuê 1 phòng ngủ không bếp-12',NULL,NULL,NULL,0,0,2.0000,1.0000,0.0000,0.0000,NULL,0.0000,0.0000,0.0000,0.0000,0.0000,0.0000,0.0000,0.0000,0.0000,0.0000,'simple',NULL,NULL,NULL,NULL,NULL,NULL,NULL,NULL,NULL,NULL,NULL,NULL,0,NULL,NULL,NULL,NULL,NULL,NULL,NULL,NULL,NULL),(983,872,'2022-01-07 06:44:21','2022-01-07 06:44:21',10433,9,NULL,1,'FF-RENTAL-2PN-6','Full House (2 Phòng Ngủ, Có Tủ Bếp)',NULL,NULL,NULL,0,0,NULL,1.0000,3899000.0000,3899000.0000,NULL,0.0000,0.0000,0.0000,0.0000,0.0000,0.0000,3899000.0000,3899000.0000,0.0000,0.0000,'configurable',NULL,NULL,NULL,NULL,NULL,3899000.0000,3899000.0000,3899000.0000,3899000.0000,0.0000,0.0000,NULL,0,NULL,NULL,NULL,NULL,NULL,NULL,NULL,NULL,NULL),(984,872,'2022-01-07 06:44:21','2022-01-07 06:44:21',10427,9,983,1,'FF-RENTAL-2PN-6','Gói cho thuê 2 phòng ngủ có bếp-6',NULL,NULL,NULL,0,0,NULL,1.0000,0.0000,0.0000,NULL,0.0000,0.0000,0.0000,0.0000,0.0000,0.0000,0.0000,0.0000,0.0000,0.0000,'virtual',NULL,NULL,NULL,NULL,NULL,NULL,NULL,NULL,NULL,NULL,NULL,NULL,0,NULL,NULL,NULL,NULL,NULL,NULL,NULL,NULL,NULL),(985,872,'2022-01-07 06:44:37','2022-01-07 06:44:37',10433,9,NULL,1,'FF-RENTAL-2PN-12','Full House (2 Phòng Ngủ, Có Tủ Bếp)',NULL,NULL,NULL,0,0,NULL,1.0000,2799000.0000,2799000.0000,NULL,0.0000,0.0000,0.0000,0.0000,0.0000,0.0000,2799000.0000,2799000.0000,0.0000,0.0000,'configurable',NULL,NULL,NULL,NULL,NULL,2799000.0000,2799000.0000,2799000.0000,2799000.0000,0.0000,0.0000,NULL,0,NULL,NULL,NULL,NULL,NULL,NULL,NULL,NULL,NULL),(986,872,'2022-01-07 06:44:37','2022-01-07 06:44:37',10429,9,985,1,'FF-RENTAL-2PN-12','Gói cho thuê 2 phòng ngủ có bếp-12',NULL,NULL,NULL,0,0,NULL,1.0000,0.0000,0.0000,NULL,0.0000,0.0000,0.0000,0.0000,0.0000,0.0000,0.0000,0.0000,0.0000,0.0000,'virtual',NULL,NULL,NULL,NULL,NULL,NULL,NULL,NULL,NULL,NULL,NULL,NULL,0,NULL,NULL,NULL,NULL,NULL,NULL,NULL,NULL,NULL),(987,872,'2022-01-07 06:44:50','2022-01-07 06:50:13',10434,9,NULL,0,'FF-RENTAL-2PN0B-6','Cosy House (2 Phòng Ngủ)',NULL,NULL,NULL,0,0,2.0000,2.0000,2699000.0000,2699000.0000,NULL,0.0000,0.0000,0.0000,0.0000,0.0000,0.0000,5398000.0000,5398000.0000,0.0000,4.0000,'configurable',NULL,NULL,NULL,NULL,NULL,2699000.0000,2699000.0000,5398000.0000,5398000.0000,0.0000,0.0000,NULL,0,NULL,NULL,NULL,NULL,NULL,NULL,NULL,NULL,NULL),(988,872,'2022-01-07 06:44:50','2022-01-07 06:44:50',10446,9,987,0,'FF-RENTAL-2PN0B-6','Gói cho thuê 2 phòng ngủ không bếp-6',NULL,NULL,NULL,0,0,2.0000,1.0000,0.0000,0.0000,NULL,0.0000,0.0000,0.0000,0.0000,0.0000,0.0000,0.0000,0.0000,0.0000,0.0000,'simple',NULL,NULL,NULL,NULL,NULL,NULL,NULL,NULL,NULL,NULL,NULL,NULL,0,NULL,NULL,NULL,NULL,NULL,NULL,NULL,NULL,NULL),(989,872,'2022-01-07 06:45:03','2022-01-07 06:45:03',10434,9,NULL,0,'FF-RENTAL-2PN0B-12','Cosy House (2 Phòng Ngủ)',NULL,NULL,NULL,0,0,2.0000,1.0000,1899000.0000,1899000.0000,NULL,0.0000,0.0000,0.0000,0.0000,0.0000,0.0000,1899000.0000,1899000.0000,0.0000,2.0000,'configurable',NULL,NULL,NULL,NULL,NULL,1899000.0000,1899000.0000,1899000.0000,1899000.0000,0.0000,0.0000,NULL,0,NULL,NULL,NULL,NULL,NULL,NULL,NULL,NULL,NULL),(990,872,'2022-01-07 06:45:03','2022-01-07 06:45:03',10448,9,989,0,'FF-RENTAL-2PN0B-12','Gói cho thuê 2 phòng ngủ không bếp-12',NULL,NULL,NULL,0,0,2.0000,1.0000,0.0000,0.0000,NULL,0.0000,0.0000,0.0000,0.0000,0.0000,0.0000,0.0000,0.0000,0.0000,0.0000,'simple',NULL,NULL,NULL,NULL,NULL,NULL,NULL,NULL,NULL,NULL,NULL,NULL,0,NULL,NULL,NULL,NULL,NULL,NULL,NULL,NULL,NULL),(991,873,'2022-01-07 08:24:42','2022-01-07 08:24:42',10435,9,NULL,0,'FF-RENTAL-1PN0B-12','Fresh House (1 Phòng Ngủ)',NULL,NULL,NULL,0,0,2.0000,1.0000,1299000.0000,1299000.0000,NULL,0.0000,0.0000,0.0000,0.0000,0.0000,0.0000,1299000.0000,1299000.0000,0.0000,2.0000,'configurable',NULL,NULL,NULL,NULL,NULL,1299000.0000,1299000.0000,1299000.0000,1299000.0000,0.0000,0.0000,NULL,0,NULL,NULL,NULL,NULL,NULL,NULL,NULL,NULL,NULL),(992,873,'2022-01-07 08:24:42','2022-01-07 08:24:42',10441,9,991,0,'FF-RENTAL-1PN0B-12','Gói cho thuê 1 phòng ngủ không bếp-12',NULL,NULL,NULL,0,0,2.0000,1.0000,0.0000,0.0000,NULL,0.0000,0.0000,0.0000,0.0000,0.0000,0.0000,0.0000,0.0000,0.0000,0.0000,'simple',NULL,NULL,NULL,NULL,NULL,NULL,NULL,NULL,NULL,NULL,NULL,NULL,0,NULL,NULL,NULL,NULL,NULL,NULL,NULL,NULL,NULL),(993,874,'2022-01-07 10:08:17','2022-01-07 10:08:17',10006,9,NULL,1,'FORESTHOME_BA16-L160-T','Bàn Ăn Chân Sắt',NULL,NULL,NULL,0,0,NULL,1.0000,9350000.0000,9350000.0000,NULL,0.0000,0.0000,0.0000,0.0000,0.0000,0.0000,9350000.0000,9350000.0000,0.0000,0.0000,'virtual',NULL,NULL,NULL,NULL,NULL,9350000.0000,9350000.0000,9350000.0000,9350000.0000,0.0000,0.0000,NULL,0,NULL,NULL,NULL,NULL,NULL,NULL,NULL,NULL,NULL),(994,875,'2022-01-07 13:47:47','2022-01-07 13:47:47',10435,9,NULL,0,'FF-RENTAL-1PN0B-12','Fresh House (1 Phòng Ngủ)',NULL,NULL,NULL,0,0,2.0000,1.0000,1299000.0000,1299000.0000,NULL,0.0000,0.0000,0.0000,0.0000,0.0000,0.0000,1299000.0000,1299000.0000,0.0000,2.0000,'configurable',NULL,NULL,NULL,NULL,NULL,1299000.0000,1299000.0000,1299000.0000,1299000.0000,0.0000,0.0000,NULL,0,NULL,NULL,NULL,NULL,NULL,NULL,NULL,NULL,NULL),(995,875,'2022-01-07 13:47:47','2022-01-07 13:47:47',10441,9,994,0,'FF-RENTAL-1PN0B-12','Gói cho thuê 1 phòng ngủ không bếp-12',NULL,NULL,NULL,0,0,2.0000,1.0000,0.0000,0.0000,NULL,0.0000,0.0000,0.0000,0.0000,0.0000,0.0000,0.0000,0.0000,0.0000,0.0000,'simple',NULL,NULL,NULL,NULL,NULL,NULL,NULL,NULL,NULL,NULL,NULL,NULL,0,NULL,NULL,NULL,NULL,NULL,NULL,NULL,NULL,NULL),(998,876,'2022-01-07 17:16:25','2022-01-07 17:16:25',10435,9,NULL,0,'FF-RENTAL-1PN0B-3','Fresh House (1 Phòng Ngủ)',NULL,NULL,NULL,0,0,2.0000,1.0000,2399000.0000,2399000.0000,NULL,0.0000,0.0000,0.0000,0.0000,0.0000,0.0000,2399000.0000,2399000.0000,0.0000,2.0000,'configurable',NULL,NULL,NULL,NULL,NULL,2399000.0000,2399000.0000,2399000.0000,2399000.0000,0.0000,0.0000,NULL,0,NULL,NULL,NULL,NULL,NULL,NULL,NULL,NULL,NULL),(999,876,'2022-01-07 17:16:25','2022-01-07 17:16:25',10438,9,998,0,'FF-RENTAL-1PN0B-3','Gói cho thuê 1 phòng ngủ không bếp-3',NULL,NULL,NULL,0,0,2.0000,1.0000,0.0000,0.0000,NULL,0.0000,0.0000,0.0000,0.0000,0.0000,0.0000,0.0000,0.0000,0.0000,0.0000,'simple',NULL,NULL,NULL,NULL,NULL,NULL,NULL,NULL,NULL,NULL,NULL,NULL,0,NULL,NULL,NULL,NULL,NULL,NULL,NULL,NULL,NULL),(1000,877,'2022-01-08 08:56:04','2022-01-08 08:56:04',10433,9,NULL,1,'FF-RENTAL-2PN-12','Full House (2 Phòng Ngủ, Có Tủ Bếp)',NULL,NULL,NULL,0,0,NULL,1.0000,2799000.0000,2799000.0000,NULL,0.0000,0.0000,0.0000,0.0000,0.0000,0.0000,2799000.0000,2799000.0000,0.0000,0.0000,'configurable',NULL,NULL,NULL,NULL,NULL,2799000.0000,2799000.0000,2799000.0000,2799000.0000,0.0000,0.0000,NULL,0,NULL,NULL,NULL,NULL,NULL,NULL,NULL,NULL,NULL),(1001,877,'2022-01-08 08:56:04','2022-01-08 08:56:04',10429,9,1000,1,'FF-RENTAL-2PN-12','Gói cho thuê 2 phòng ngủ có bếp-12',NULL,NULL,NULL,0,0,NULL,1.0000,0.0000,0.0000,NULL,0.0000,0.0000,0.0000,0.0000,0.0000,0.0000,0.0000,0.0000,0.0000,0.0000,'virtual',NULL,NULL,NULL,NULL,NULL,NULL,NULL,NULL,NULL,NULL,NULL,NULL,0,NULL,NULL,NULL,NULL,NULL,NULL,NULL,NULL,NULL),(1002,878,'2022-01-08 08:58:14','2022-01-08 08:58:14',10433,9,NULL,1,'FF-RENTAL-2PN-12','Full House (2 Phòng Ngủ, Có Tủ Bếp)',NULL,NULL,NULL,0,0,NULL,1.0000,2799000.0000,2799000.0000,NULL,0.0000,0.0000,0.0000,0.0000,0.0000,0.0000,2799000.0000,2799000.0000,0.0000,0.0000,'configurable',NULL,NULL,NULL,NULL,NULL,2799000.0000,2799000.0000,2799000.0000,2799000.0000,0.0000,0.0000,NULL,0,NULL,NULL,NULL,NULL,NULL,NULL,NULL,NULL,NULL),(1003,878,'2022-01-08 08:58:14','2022-01-08 08:58:14',10429,9,1002,1,'FF-RENTAL-2PN-12','Gói cho thuê 2 phòng ngủ có bếp-12',NULL,NULL,NULL,0,0,NULL,1.0000,0.0000,0.0000,NULL,0.0000,0.0000,0.0000,0.0000,0.0000,0.0000,0.0000,0.0000,0.0000,0.0000,'virtual',NULL,NULL,NULL,NULL,NULL,NULL,NULL,NULL,NULL,NULL,NULL,NULL,0,NULL,NULL,NULL,NULL,NULL,NULL,NULL,NULL,NULL),(1004,879,'2022-01-08 09:17:53','2022-01-08 09:17:53',10434,9,NULL,0,'FF-RENTAL-2PN0B-6','Cosy House (2 Phòng Ngủ)',NULL,NULL,NULL,0,0,2.0000,1.0000,2699000.0000,2699000.0000,NULL,0.0000,0.0000,0.0000,0.0000,0.0000,0.0000,2699000.0000,2699000.0000,0.0000,2.0000,'configurable',NULL,NULL,NULL,NULL,NULL,2699000.0000,2699000.0000,2699000.0000,2699000.0000,0.0000,0.0000,NULL,0,NULL,NULL,NULL,NULL,NULL,NULL,NULL,NULL,NULL),(1005,879,'2022-01-08 09:17:53','2022-01-08 09:17:53',10446,9,1004,0,'FF-RENTAL-2PN0B-6','Gói cho thuê 2 phòng ngủ không bếp-6',NULL,NULL,NULL,0,0,2.0000,1.0000,0.0000,0.0000,NULL,0.0000,0.0000,0.0000,0.0000,0.0000,0.0000,0.0000,0.0000,0.0000,0.0000,'simple',NULL,NULL,NULL,NULL,NULL,NULL,NULL,NULL,NULL,NULL,NULL,NULL,0,NULL,NULL,NULL,NULL,NULL,NULL,NULL,NULL,NULL),(1006,880,'2022-01-08 12:24:11','2022-01-08 12:24:11',10433,9,NULL,1,'FF-RENTAL-2PN-60','Full House (2 Phòng Ngủ, Có Tủ Bếp)',NULL,NULL,NULL,0,0,NULL,1.0000,1999000.0000,1999000.0000,NULL,0.0000,0.0000,0.0000,0.0000,0.0000,0.0000,1999000.0000,1999000.0000,0.0000,0.0000,'configurable',NULL,NULL,NULL,NULL,NULL,1999000.0000,1999000.0000,1999000.0000,1999000.0000,0.0000,0.0000,NULL,0,NULL,NULL,NULL,NULL,NULL,NULL,NULL,NULL,NULL),(1007,880,'2022-01-08 12:24:11','2022-01-08 12:24:11',10432,9,1006,1,'FF-RENTAL-2PN-60','Gói cho thuê 2 phòng ngủ có bếp-60',NULL,NULL,NULL,0,0,NULL,1.0000,0.0000,0.0000,NULL,0.0000,0.0000,0.0000,0.0000,0.0000,0.0000,0.0000,0.0000,0.0000,0.0000,'virtual',NULL,NULL,NULL,NULL,NULL,NULL,NULL,NULL,NULL,NULL,NULL,NULL,0,NULL,NULL,NULL,NULL,NULL,NULL,NULL,NULL,NULL),(1010,883,'2022-01-08 15:48:28','2022-01-08 15:48:28',9910,9,NULL,0,'FF-SP39','Tủ Type D',NULL,NULL,NULL,0,0,0.0000,1.0000,10640000.0000,10640000.0000,NULL,0.0000,0.0000,0.0000,0.0000,0.0000,0.0000,10640000.0000,10640000.0000,0.0000,0.0000,'simple',NULL,NULL,NULL,NULL,NULL,10640000.0000,10640000.0000,10640000.0000,10640000.0000,0.0000,0.0000,NULL,0,NULL,NULL,NULL,NULL,NULL,NULL,NULL,NULL,NULL),(1011,882,'2022-01-08 15:51:22','2022-01-08 15:51:22',10434,9,NULL,0,'FF-RENTAL-2PN0B-12','Cosy House (2 Phòng Ngủ)',NULL,NULL,NULL,0,0,2.0000,1.0000,1899000.0000,1899000.0000,NULL,0.0000,0.0000,0.0000,0.0000,0.0000,0.0000,1899000.0000,1899000.0000,0.0000,2.0000,'configurable',NULL,NULL,NULL,NULL,NULL,1899000.0000,1899000.0000,1899000.0000,1899000.0000,0.0000,0.0000,NULL,0,NULL,NULL,NULL,NULL,NULL,NULL,NULL,NULL,NULL),(1012,882,'2022-01-08 15:51:22','2022-01-08 15:51:22',10448,9,1011,0,'FF-RENTAL-2PN0B-12','Gói cho thuê 2 phòng ngủ không bếp-12',NULL,NULL,NULL,0,0,2.0000,1.0000,0.0000,0.0000,NULL,0.0000,0.0000,0.0000,0.0000,0.0000,0.0000,0.0000,0.0000,0.0000,0.0000,'simple',NULL,NULL,NULL,NULL,NULL,NULL,NULL,NULL,NULL,NULL,NULL,NULL,0,NULL,NULL,NULL,NULL,NULL,NULL,NULL,NULL,NULL);

--
-- Table structure for table `quote_item_option`
--

CREATE TABLE `quote_item_option` (
  `option_id` int(10) unsigned NOT NULL AUTO_INCREMENT COMMENT 'Option ID',
  `item_id` int(10) unsigned NOT NULL COMMENT 'Item ID',
  `product_id` int(10) unsigned NOT NULL COMMENT 'Product ID',
  `code` varchar(255) NOT NULL COMMENT 'Code',
  `value` text DEFAULT NULL COMMENT 'Value',
  PRIMARY KEY (`option_id`),
  KEY `QUOTE_ITEM_OPTION_ITEM_ID` (`item_id`),
  CONSTRAINT `QUOTE_ITEM_OPTION_ITEM_ID_QUOTE_ITEM_ITEM_ID` FOREIGN KEY (`item_id`) REFERENCES `quote_item` (`item_id`) ON DELETE CASCADE
) ENGINE=InnoDB AUTO_INCREMENT=1737 DEFAULT CHARSET=utf8 COMMENT='Sales Flat Quote Item Option';

--
-- Dumping data for table `quote_item_option`
--

INSERT INTO `quote_item_option` VALUES (1267,823,9929,'info_buyRequest','{\"uenc\":\"aHR0cHM6Ly9zdG9yZS5mbGV4Zml0LnZuL2Jhbi1hbi1mb3Jlc3Rob21lLWJhNC5odG1s\",\"product\":\"9929\",\"selected_configurable_option\":\"\",\"related_product\":\"\",\"item\":\"9929\",\"super_attribute\":{\"93\":\"8\",\"178\":\"117\"},\"qty\":\"1\"}'),(1268,823,9929,'attributes','{\"93\":\"8\",\"178\":\"117\"}'),(1269,823,9933,'product_qty_9933','1'),(1270,823,9933,'simple_product','9933'),(1271,824,9933,'info_buyRequest','{\"uenc\":\"aHR0cHM6Ly9zdG9yZS5mbGV4Zml0LnZuL2Jhbi1hbi1mb3Jlc3Rob21lLWJhNC5odG1s\",\"product\":\"9929\",\"selected_configurable_option\":\"\",\"related_product\":\"\",\"item\":\"9929\",\"super_attribute\":{\"93\":\"8\",\"178\":\"117\"},\"qty\":\"1\"}'),(1272,824,9933,'parent_product_id','9929'),(1273,825,9869,'info_buyRequest','{\"uenc\":\"aHR0cHM6Ly9zdG9yZS5mbGV4Zml0LnZuL2Jhbi1hbi1mZi1zcDAxLmh0bWw,\",\"product\":\"9869\",\"selected_configurable_option\":\"\",\"related_product\":\"\",\"item\":\"9869\",\"super_attribute\":{\"178\":\"95\"},\"qty\":\"1\"}'),(1274,825,9869,'attributes','{\"178\":\"95\"}'),(1275,825,9870,'product_qty_9870','1'),(1276,825,9870,'simple_product','9870'),(1277,826,9870,'info_buyRequest','{\"uenc\":\"aHR0cHM6Ly9zdG9yZS5mbGV4Zml0LnZuL2Jhbi1hbi1mZi1zcDAxLmh0bWw,\",\"product\":\"9869\",\"selected_configurable_option\":\"\",\"related_product\":\"\",\"item\":\"9869\",\"super_attribute\":{\"178\":\"95\"},\"qty\":\"1\"}'),(1278,826,9870,'parent_product_id','9869'),(1292,832,9893,'info_buyRequest','{\"uenc\":\"aHR0cHM6Ly9zdG9yZS5mbGV4Zml0LnZuL3Nhbi1waGFtL25vaS10aGF0LWRvLXJvaS9ob21lL3Bob25nLW5nLmh0bWw,\",\"product\":\"9893\",\"qty\":1}'),(1293,833,9944,'info_buyRequest','{\"uenc\":\"aHR0cHM6Ly9zdG9yZS5mbGV4Zml0LnZuL2Jhbi1hbi1mb3Jlc3Rob21lLWJhNy5odG1s\",\"product\":\"9944\",\"selected_configurable_option\":\"\",\"related_product\":\"\",\"item\":\"9944\",\"super_attribute\":{\"178\":\"33\"},\"qty\":\"1\"}'),(1294,833,9944,'attributes','{\"178\":\"33\"}'),(1295,833,9945,'product_qty_9945','1'),(1296,833,9945,'simple_product','9945'),(1297,834,9945,'info_buyRequest','{\"uenc\":\"aHR0cHM6Ly9zdG9yZS5mbGV4Zml0LnZuL2Jhbi1hbi1mb3Jlc3Rob21lLWJhNy5odG1s\",\"product\":\"9944\",\"selected_configurable_option\":\"\",\"related_product\":\"\",\"item\":\"9944\",\"super_attribute\":{\"178\":\"33\"},\"qty\":\"1\"}'),(1298,834,9945,'parent_product_id','9944'),(1299,835,10392,'info_buyRequest','{\"uenc\":\"aHR0cHM6Ly9zdG9yZS5mbGV4Zml0LnZuL2d1b25nLWZvcmVzdGhvbWUtZ3QwMDEuaHRtbA,,\",\"product\":\"10392\",\"selected_configurable_option\":\"\",\"related_product\":\"\",\"item\":\"10392\",\"super_attribute\":{\"178\":\"36\"},\"qty\":\"1\"}'),(1300,835,10392,'attributes','{\"178\":\"36\"}'),(1301,835,10393,'product_qty_10393','1'),(1302,835,10393,'simple_product','10393'),(1303,836,10393,'info_buyRequest','{\"uenc\":\"aHR0cHM6Ly9zdG9yZS5mbGV4Zml0LnZuL2d1b25nLWZvcmVzdGhvbWUtZ3QwMDEuaHRtbA,,\",\"product\":\"10392\",\"selected_configurable_option\":\"\",\"related_product\":\"\",\"item\":\"10392\",\"super_attribute\":{\"178\":\"36\"},\"qty\":\"1\"}'),(1304,836,10393,'parent_product_id','10392'),(1305,837,10241,'info_buyRequest','{\"uenc\":\"aHR0cHM6Ly9zdG9yZS5mbGV4Zml0LnZuL2doZS1hbi1zbWEtZ2hlLWJhci10b2xpeC5odG1s\",\"product\":\"10241\",\"selected_configurable_option\":\"\",\"related_product\":\"\",\"item\":\"10241\",\"qty\":\"1\"}'),(1306,838,10378,'info_buyRequest','{\"uenc\":\"aHR0cHM6Ly9zdG9yZS5mbGV4Zml0LnZuL3Nhbi1waGFtLmh0bWw_cD0yMw,,\",\"product\":\"10378\",\"qty\":1}'),(1307,839,10358,'info_buyRequest','{\"uenc\":\"aHR0cHM6Ly9zdG9yZS5mbGV4Zml0LnZuL3ZvaS1iZXAtaGFmZWxlLTU3MC01MS00OC5odG1s\",\"product\":\"10358\",\"selected_configurable_option\":\"\",\"related_product\":\"\",\"item\":\"10358\",\"super_attribute\":{\"93\":\"6\"},\"qty\":\"1\"}'),(1308,839,10358,'attributes','{\"93\":\"6\"}'),(1309,839,10361,'product_qty_10361','1'),(1310,839,10361,'simple_product','10361'),(1311,840,10361,'info_buyRequest','{\"uenc\":\"aHR0cHM6Ly9zdG9yZS5mbGV4Zml0LnZuL3ZvaS1iZXAtaGFmZWxlLTU3MC01MS00OC5odG1s\",\"product\":\"10358\",\"selected_configurable_option\":\"\",\"related_product\":\"\",\"item\":\"10358\",\"super_attribute\":{\"93\":\"6\"},\"qty\":\"1\"}'),(1312,840,10361,'parent_product_id','10358'),(1313,841,9914,'info_buyRequest','{\"uenc\":\"aHR0cHM6Ly9zdG9yZS5mbGV4Zml0LnZuL2Jhbi1hbi1mb3Jlc3Rob21lLWJhMS5odG1s\",\"product\":\"9914\",\"selected_configurable_option\":\"\",\"related_product\":\"\",\"item\":\"9914\",\"super_attribute\":{\"93\":\"8\",\"178\":\"33\"},\"qty\":\"1\"}'),(1314,841,9914,'attributes','{\"93\":\"8\",\"178\":\"33\"}'),(1315,841,9916,'product_qty_9916','1'),(1316,841,9916,'simple_product','9916'),(1317,842,9916,'info_buyRequest','{\"uenc\":\"aHR0cHM6Ly9zdG9yZS5mbGV4Zml0LnZuL2Jhbi1hbi1mb3Jlc3Rob21lLWJhMS5odG1s\",\"product\":\"9914\",\"selected_configurable_option\":\"\",\"related_product\":\"\",\"item\":\"9914\",\"super_attribute\":{\"93\":\"8\",\"178\":\"33\"},\"qty\":\"1\"}'),(1318,842,9916,'parent_product_id','9914'),(1319,843,9914,'info_buyRequest','{\"uenc\":\"aHR0cHM6Ly9zdG9yZS5mbGV4Zml0LnZuL2Jhbi1hbi1mb3Jlc3Rob21lLWJhMS5odG1s\",\"product\":\"9914\",\"selected_configurable_option\":\"\",\"related_product\":\"\",\"item\":\"9914\",\"super_attribute\":{\"93\":\"8\",\"178\":\"33\"},\"qty\":\"1\"}'),(1320,843,9914,'attributes','{\"93\":\"8\",\"178\":\"33\"}'),(1321,843,9916,'product_qty_9916','1'),(1322,843,9916,'simple_product','9916'),(1323,844,9916,'info_buyRequest','{\"uenc\":\"aHR0cHM6Ly9zdG9yZS5mbGV4Zml0LnZuL2Jhbi1hbi1mb3Jlc3Rob21lLWJhMS5odG1s\",\"product\":\"9914\",\"selected_configurable_option\":\"\",\"related_product\":\"\",\"item\":\"9914\",\"super_attribute\":{\"93\":\"8\",\"178\":\"33\"},\"qty\":\"1\"}'),(1324,844,9916,'parent_product_id','9914'),(1325,845,9944,'info_buyRequest','{\"uenc\":\"aHR0cHM6Ly9zdG9yZS5mbGV4Zml0LnZuL2Jhbi1hbi1mb3Jlc3Rob21lLWJhNy5odG1s\",\"product\":\"9944\",\"selected_configurable_option\":\"\",\"related_product\":\"\",\"item\":\"9944\",\"super_attribute\":{\"178\":\"33\"},\"qty\":\"1\"}'),(1326,845,9944,'attributes','{\"178\":\"33\"}'),(1327,845,9945,'product_qty_9945','1'),(1328,845,9945,'simple_product','9945'),(1329,846,9945,'info_buyRequest','{\"uenc\":\"aHR0cHM6Ly9zdG9yZS5mbGV4Zml0LnZuL2Jhbi1hbi1mb3Jlc3Rob21lLWJhNy5odG1s\",\"product\":\"9944\",\"selected_configurable_option\":\"\",\"related_product\":\"\",\"item\":\"9944\",\"super_attribute\":{\"178\":\"33\"},\"qty\":\"1\"}'),(1330,846,9945,'parent_product_id','9944'),(1331,847,9888,'info_buyRequest','{\"uenc\":\"aHR0cHM6Ly9zdG9yZS5mbGV4Zml0LnZuL3RhYi1mZi1zcDE5Lmh0bWw,\",\"product\":\"9888\",\"selected_configurable_option\":\"\",\"related_product\":\"\",\"item\":\"9888\",\"qty\":\"1\"}'),(1344,852,9816,'info_buyRequest','{\"uenc\":\"aHR0cHM6Ly9zdG9yZS5mbGV4Zml0LnZuL2Rlbi10aGEtZm9yZXN0aG9tZS1kdGgwODEuaHRtbA,,\",\"product\":\"9816\",\"selected_configurable_option\":\"\",\"related_product\":\"\",\"item\":\"9816\",\"super_attribute\":{\"178\":\"74\"},\"qty\":\"1\"}'),(1345,852,9816,'attributes','{\"178\":\"74\"}'),(1346,852,9817,'product_qty_9817','1'),(1347,852,9817,'simple_product','9817'),(1348,853,9817,'info_buyRequest','{\"uenc\":\"aHR0cHM6Ly9zdG9yZS5mbGV4Zml0LnZuL2Rlbi10aGEtZm9yZXN0aG9tZS1kdGgwODEuaHRtbA,,\",\"product\":\"9816\",\"selected_configurable_option\":\"\",\"related_product\":\"\",\"item\":\"9816\",\"super_attribute\":{\"178\":\"74\"},\"qty\":\"1\"}'),(1349,853,9817,'parent_product_id','9816'),(1350,854,10435,'info_buyRequest','{\"uenc\":\"aHR0cHM6Ly9zdG9yZS5mbGV4Zml0LnZuL2dvaS1jaG8tdGh1ZS0xLXBob25nLW5nLWtob25nLWItcC5odG1s\",\"product\":\"10435\",\"selected_configurable_option\":\"\",\"related_product\":\"\",\"item\":\"10435\",\"super_attribute\":{\"181\":\"148\"},\"qty\":\"1\"}'),(1351,854,10435,'attributes','{\"181\":\"148\"}'),(1352,854,10441,'product_qty_10441','1'),(1353,854,10441,'simple_product','10441'),(1354,855,10441,'info_buyRequest','{\"uenc\":\"aHR0cHM6Ly9zdG9yZS5mbGV4Zml0LnZuL2dvaS1jaG8tdGh1ZS0xLXBob25nLW5nLWtob25nLWItcC5odG1s\",\"product\":\"10435\",\"selected_configurable_option\":\"\",\"related_product\":\"\",\"item\":\"10435\",\"super_attribute\":{\"181\":\"148\"},\"qty\":\"1\"}'),(1355,855,10441,'parent_product_id','10435'),(1362,858,9816,'info_buyRequest','{\"uenc\":\"aHR0cHM6Ly9zdG9yZS5mbGV4Zml0LnZuL2Rlbi10aGEtZm9yZXN0aG9tZS1kdGgwODEuaHRtbA,,\",\"product\":\"9816\",\"selected_configurable_option\":\"\",\"related_product\":\"\",\"item\":\"9816\",\"super_attribute\":{\"178\":\"74\"},\"qty\":\"1\"}'),(1363,858,9816,'attributes','{\"178\":\"74\"}'),(1364,858,9817,'product_qty_9817','1'),(1365,858,9817,'simple_product','9817'),(1366,859,9817,'info_buyRequest','{\"uenc\":\"aHR0cHM6Ly9zdG9yZS5mbGV4Zml0LnZuL2Rlbi10aGEtZm9yZXN0aG9tZS1kdGgwODEuaHRtbA,,\",\"product\":\"9816\",\"selected_configurable_option\":\"\",\"related_product\":\"\",\"item\":\"9816\",\"super_attribute\":{\"178\":\"74\"},\"qty\":\"1\"}'),(1367,859,9817,'parent_product_id','9816'),(1368,860,10199,'info_buyRequest','{\"uenc\":\"aHR0cHM6Ly9zdG9yZS5mbGV4Zml0LnZuL2Jhbi1hbi1rZW5saS1jb25jb3JkZS5odG1s\",\"product\":\"10199\",\"selected_configurable_option\":\"\",\"related_product\":\"\",\"item\":\"10199\",\"qty\":\"1\"}'),(1369,861,9494,'info_buyRequest','{\"uenc\":\"aHR0cHM6Ly9zdG9yZS5mbGV4Zml0LnZuL3RhYi1zbWEtbm9yZGljLWVuZC1zaWRlLXRhYmxlLmh0bWw,\",\"product\":\"9494\",\"selected_configurable_option\":\"\",\"related_product\":\"\",\"item\":\"9494\",\"qty\":\"1\"}'),(1370,862,9914,'info_buyRequest','{\"uenc\":\"aHR0cHM6Ly9zdG9yZS5mbGV4Zml0LnZuL2Jhbi1hbi1mb3Jlc3Rob21lLWJhMS5odG1s\",\"product\":\"9914\",\"selected_configurable_option\":\"\",\"related_product\":\"\",\"item\":\"9914\",\"super_attribute\":{\"93\":\"6\",\"178\":\"33\"},\"qty\":\"1\"}'),(1371,862,9914,'attributes','{\"93\":\"6\",\"178\":\"33\"}'),(1372,862,9915,'product_qty_9915','1'),(1373,862,9915,'simple_product','9915'),(1374,863,9915,'info_buyRequest','{\"uenc\":\"aHR0cHM6Ly9zdG9yZS5mbGV4Zml0LnZuL2Jhbi1hbi1mb3Jlc3Rob21lLWJhMS5odG1s\",\"product\":\"9914\",\"selected_configurable_option\":\"\",\"related_product\":\"\",\"item\":\"9914\",\"super_attribute\":{\"93\":\"6\",\"178\":\"33\"},\"qty\":\"1\"}'),(1375,863,9915,'parent_product_id','9914'),(1376,864,5382,'info_buyRequest','{\"uenc\":\"aHR0cHM6Ly9zdG9yZS5mbGV4Zml0LnZuL2ZmLWNiZWFzeS0zLmh0bWw,\",\"product\":\"5382\",\"selected_configurable_option\":\"\",\"related_product\":\"\",\"item\":\"5382\",\"super_attribute\":{\"182\":\"128\"},\"qty\":\"1\"}'),(1377,864,5382,'attributes','{\"182\":\"128\"}'),(1378,864,5377,'product_qty_5377','1'),(1379,864,5377,'simple_product','5377'),(1380,865,5377,'info_buyRequest','{\"uenc\":\"aHR0cHM6Ly9zdG9yZS5mbGV4Zml0LnZuL2ZmLWNiZWFzeS0zLmh0bWw,\",\"product\":\"5382\",\"selected_configurable_option\":\"\",\"related_product\":\"\",\"item\":\"5382\",\"super_attribute\":{\"182\":\"128\"},\"qty\":\"1\"}'),(1381,865,5377,'parent_product_id','5382'),(1382,866,9872,'info_buyRequest','{\"uenc\":\"aHR0cHM6Ly9zdG9yZS5mbGV4Zml0LnZuL2Jhbi1hbi1mZi1zcDAzLmh0bWw,\",\"product\":\"9872\",\"selected_configurable_option\":\"\",\"related_product\":\"\",\"item\":\"9872\",\"qty\":\"1\"}'),(1383,867,9894,'info_buyRequest','{\"uenc\":\"aHR0cHM6Ly9zdG9yZS5mbGV4Zml0LnZuL3Nhbi1waGFtL25vaS10aGF0LWRvLXJvaS9ob21lL3Bob25nLW5nL2dpdW9uZy5odG1s\",\"product\":\"9894\",\"qty\":1}'),(1384,868,9895,'info_buyRequest','{\"uenc\":\"aHR0cHM6Ly9zdG9yZS5mbGV4Zml0LnZuL2dpdW9uZy1mZi1zcDI0Lmh0bWw,\",\"product\":\"9895\",\"selected_configurable_option\":\"\",\"related_product\":\"\",\"item\":\"9895\",\"qty\":\"1\"}'),(1386,870,10404,'info_buyRequest','{\"uenc\":\"aHR0cHM6Ly9zdG9yZS5mbGV4Zml0LnZuL2d1b25nLWZvcmVzdGhvbWUtZ3QwMDUuaHRtbA,,\",\"product\":\"10404\",\"selected_configurable_option\":\"\",\"related_product\":\"\",\"item\":\"10404\",\"super_attribute\":{\"178\":\"36\"},\"qty\":\"1\"}'),(1387,870,10404,'attributes','{\"178\":\"36\"}'),(1388,870,10405,'product_qty_10405','1'),(1389,870,10405,'simple_product','10405'),(1390,871,10405,'info_buyRequest','{\"uenc\":\"aHR0cHM6Ly9zdG9yZS5mbGV4Zml0LnZuL2d1b25nLWZvcmVzdGhvbWUtZ3QwMDUuaHRtbA,,\",\"product\":\"10404\",\"selected_configurable_option\":\"\",\"related_product\":\"\",\"item\":\"10404\",\"super_attribute\":{\"178\":\"36\"},\"qty\":\"1\"}'),(1391,871,10405,'parent_product_id','10404'),(1392,872,9872,'info_buyRequest','{\"uenc\":\"aHR0cHM6Ly9zdG9yZS5mbGV4Zml0LnZuL3Nhbi1waGFtL25vaS10aGF0LWRvLXJvaS9zYWxlLmh0bWw,\",\"product\":\"9872\",\"qty\":1}'),(1393,873,9887,'info_buyRequest','{\"uenc\":\"aHR0cHM6Ly9zdG9yZS5mbGV4Zml0LnZuL3NvZmEtZmYtc3AxOC5odG1s\",\"product\":\"9887\",\"selected_configurable_option\":\"\",\"related_product\":\"\",\"item\":\"9887\",\"qty\":\"1\"}'),(1394,874,9875,'info_buyRequest','{\"uenc\":\"aHR0cHM6Ly9zdG9yZS5mbGV4Zml0LnZuL2Jhbi1sYW0tdmllYy1mZi1zcDA2Lmh0bWw,\",\"product\":\"9875\",\"selected_configurable_option\":\"\",\"related_product\":\"\",\"item\":\"9875\",\"super_attribute\":{\"93\":\"41\"},\"qty\":\"1\"}'),(1395,874,9875,'attributes','{\"93\":\"41\"}'),(1396,874,10461,'product_qty_10461','1'),(1397,874,10461,'simple_product','10461'),(1398,875,10461,'info_buyRequest','{\"uenc\":\"aHR0cHM6Ly9zdG9yZS5mbGV4Zml0LnZuL2Jhbi1sYW0tdmllYy1mZi1zcDA2Lmh0bWw,\",\"product\":\"9875\",\"selected_configurable_option\":\"\",\"related_product\":\"\",\"item\":\"9875\",\"super_attribute\":{\"93\":\"41\"},\"qty\":\"1\"}'),(1399,875,10461,'parent_product_id','9875'),(1400,876,9887,'info_buyRequest','{\"uenc\":\"aHR0cHM6Ly9zdG9yZS5mbGV4Zml0LnZuL3NvZmEtZmYtc3AxOC5odG1s\",\"product\":\"9887\",\"selected_configurable_option\":\"\",\"related_product\":\"\",\"item\":\"9887\",\"qty\":\"1\"}'),(1401,877,9888,'info_buyRequest','{\"uenc\":\"aHR0cHM6Ly9zdG9yZS5mbGV4Zml0LnZuL3RhYi1mZi1zcDE5Lmh0bWw,\",\"product\":\"9888\",\"selected_configurable_option\":\"\",\"related_product\":\"\",\"item\":\"9888\",\"qty\":\"1\"}'),(1402,878,9903,'info_buyRequest','{\"uenc\":\"aHR0cHM6Ly9zdG9yZS5mbGV4Zml0LnZuL3Nhbi1waGFtL25vaS10aGF0LWRvLXJvaS9zYWxlLmh0bWw_ZmJjbGlkPUl3QVIyUFJZOC1nN01XMGs2c1k5Vk9TZ1VRWGlQemVFaEEtM3NiNTNjRnNDOWFESXVCLWtoQzZnR0s5TUUmcD0y\",\"product\":\"9903\",\"qty\":1}'),(1404,880,4587,'info_buyRequest','{\"uenc\":\"aHR0cHM6Ly9zdG9yZS5mbGV4Zml0LnZuL3Nhbi1waGFtL25vaS10aGF0LWRvLXJvaS5odG1s\",\"product\":\"4587\",\"qty\":1}'),(1405,881,9873,'info_buyRequest','{\"uenc\":\"aHR0cHM6Ly9zdG9yZS5mbGV4Zml0LnZuL2Jhbi1sYW0tdmllYy1mZi1zcDA0Lmh0bWw,\",\"product\":\"9873\",\"selected_configurable_option\":\"\",\"related_product\":\"\",\"item\":\"9873\",\"super_attribute\":{\"93\":\"8\"},\"qty\":\"1\"}'),(1406,881,9873,'attributes','{\"93\":\"8\"}'),(1407,881,10456,'product_qty_10456','1'),(1408,881,10456,'simple_product','10456'),(1409,882,10456,'info_buyRequest','{\"uenc\":\"aHR0cHM6Ly9zdG9yZS5mbGV4Zml0LnZuL2Jhbi1sYW0tdmllYy1mZi1zcDA0Lmh0bWw,\",\"product\":\"9873\",\"selected_configurable_option\":\"\",\"related_product\":\"\",\"item\":\"9873\",\"super_attribute\":{\"93\":\"8\"},\"qty\":\"1\"}'),(1410,882,10456,'parent_product_id','9873'),(1411,883,9874,'info_buyRequest','{\"uenc\":\"aHR0cHM6Ly9zdG9yZS5mbGV4Zml0LnZuL2Jhbi1sYW0tdmllYy1mZi1zcDA1Lmh0bWw,\",\"product\":\"9874\",\"selected_configurable_option\":\"\",\"related_product\":\"\",\"item\":\"9874\",\"qty\":\"1\"}'),(1420,888,4469,'info_buyRequest','{\"uenc\":\"aHR0cHM6Ly9zdG9yZS5mbGV4Zml0LnZuL3Nhbi1waGFtL25vaS10aGF0LWRvLXJvaS5odG1s\",\"product\":\"4469\",\"qty\":1}'),(1422,890,4465,'info_buyRequest','{\"uenc\":\"aHR0cHM6Ly9zdG9yZS5mbGV4Zml0LnZuL3Nhbi1waGFtL25vaS10aGF0LWRvLXJvaS5odG1s\",\"product\":\"4465\",\"qty\":1}'),(1423,891,9493,'info_buyRequest','{\"uenc\":\"aHR0cHM6Ly9zdG9yZS5mbGV4Zml0LnZuL3NvZmEtdG9wc29mYS10czMxMS5odG1s\",\"product\":\"9493\",\"selected_configurable_option\":\"\",\"related_product\":\"\",\"item\":\"9493\",\"qty\":\"1\"}'),(1425,893,9894,'info_buyRequest','{\"uenc\":\"aHR0cHM6Ly9zdG9yZS5mbGV4Zml0LnZuL3Nhbi1waGFtL25vaS10aGF0LWRvLXJvaS9ob21lL3Bob25nLW5nL2dpdW9uZy5odG1s\",\"product\":\"9894\",\"qty\":1}'),(1426,894,9884,'info_buyRequest','{\"uenc\":\"aHR0cHM6Ly9zdG9yZS5mbGV4Zml0LnZuL3R1LXF1YW4tYW8tZmYtc3AxNS5odG1s\",\"product\":\"9884\",\"selected_configurable_option\":\"\",\"related_product\":\"\",\"item\":\"9884\",\"qty\":\"1\"}'),(1433,897,9499,'info_buyRequest','{\"uenc\":\"aHR0cHM6Ly9zdG9yZS5mbGV4Zml0LnZuL2Jhbi10cmEtc21hLW1lbnV0dXJuaW5nLmh0bWw,\",\"product\":\"9499\",\"selected_configurable_option\":\"\",\"related_product\":\"\",\"item\":\"9499\",\"qty\":\"1\"}'),(1434,898,9882,'info_buyRequest','{\"uenc\":\"aHR0cHM6Ly9zdG9yZS5mbGV4Zml0LnZuL3Nhbi1waGFtL25vaS10aGF0LWRvLXJvaS9ob21lL3Bob25nLWItcC9naC1hbi5odG1s\",\"product\":\"9882\",\"qty\":1}'),(1435,899,9869,'info_buyRequest','{\"uenc\":\"aHR0cHM6Ly9zdG9yZS5mbGV4Zml0LnZuL2Jhbi1hbi1mZi1zcDAxLmh0bWw,\",\"product\":\"9869\",\"selected_configurable_option\":\"\",\"related_product\":\"\",\"item\":\"9869\",\"super_attribute\":{\"178\":\"95\"},\"qty\":\"1\"}'),(1436,899,9869,'attributes','{\"178\":\"95\"}'),(1437,899,9870,'product_qty_9870','1'),(1438,899,9870,'simple_product','9870'),(1439,900,9870,'info_buyRequest','{\"uenc\":\"aHR0cHM6Ly9zdG9yZS5mbGV4Zml0LnZuL2Jhbi1hbi1mZi1zcDAxLmh0bWw,\",\"product\":\"9869\",\"selected_configurable_option\":\"\",\"related_product\":\"\",\"item\":\"9869\",\"super_attribute\":{\"178\":\"95\"},\"qty\":\"1\"}'),(1440,900,9870,'parent_product_id','9869'),(1441,901,9880,'info_buyRequest','{\"uenc\":\"aHR0cHM6Ly9zdG9yZS5mbGV4Zml0LnZuL2NhdGVnb3J5dGFiL2NhdGVnb3J5L3ZpZXcvaWQvMTY2L2xpbWl0LzIwL2ltZ1QvdGh1bWJuYWlsL2ltZ1cvMzMzL2ltZ0gvMjM5L2ltZ0hvdmVyL3RodW1ibmFpbC9wcm9kdWN0X2xpc3RfbW9kZS9ncmlkL251bWJlcl9yb3cvMS9wcm9kdWN0X2xpc3Rfb3JkZXIvbmFtZS8,\",\"product\":\"9880\",\"qty\":1}'),(1442,902,9872,'info_buyRequest','{\"uenc\":\"aHR0cHM6Ly9zdG9yZS5mbGV4Zml0LnZuL2Jhbi1hbi1mZi1zcDAzLmh0bWw,\",\"product\":\"9872\",\"selected_configurable_option\":\"\",\"related_product\":\"\",\"item\":\"9872\",\"qty\":\"1\"}'),(1443,903,10347,'info_buyRequest','{\"uenc\":\"aHR0cHM6Ly9zdG9yZS5mbGV4Zml0LnZuL2NoYXUtYmVwLWhhZmVsZS01NjctOTQtMDI5Lmh0bWw,\",\"product\":\"10347\",\"selected_configurable_option\":\"\",\"related_product\":\"\",\"item\":\"10347\",\"qty\":\"1\"}'),(1444,904,10358,'info_buyRequest','{\"uenc\":\"aHR0cHM6Ly9zdG9yZS5mbGV4Zml0LnZuL3ZvaS1iZXAtaGFmZWxlLTU3MC01MS00OC5odG1s\",\"product\":\"10358\",\"selected_configurable_option\":\"\",\"related_product\":\"\",\"item\":\"10358\",\"super_attribute\":{\"93\":\"6\"},\"qty\":\"1\"}'),(1445,904,10358,'attributes','{\"93\":\"6\"}'),(1446,904,10361,'product_qty_10361','1'),(1447,904,10361,'simple_product','10361'),(1448,905,10361,'info_buyRequest','{\"uenc\":\"aHR0cHM6Ly9zdG9yZS5mbGV4Zml0LnZuL3ZvaS1iZXAtaGFmZWxlLTU3MC01MS00OC5odG1s\",\"product\":\"10358\",\"selected_configurable_option\":\"\",\"related_product\":\"\",\"item\":\"10358\",\"super_attribute\":{\"93\":\"6\"},\"qty\":\"1\"}'),(1449,905,10361,'parent_product_id','10358'),(1450,906,10435,'info_buyRequest','{\"uenc\":\"aHR0cHM6Ly9zdG9yZS5mbGV4Zml0LnZuL2dvaS1jaG8tdGh1ZS0xLXBob25nLW5nLWtob25nLWItcC5odG1s\",\"product\":\"10435\",\"selected_configurable_option\":\"\",\"related_product\":\"\",\"item\":\"10435\",\"super_attribute\":{\"181\":\"125\"},\"qty\":\"1\"}'),(1451,906,10435,'attributes','{\"181\":\"125\"}'),(1452,906,10438,'product_qty_10438','1'),(1453,906,10438,'simple_product','10438'),(1454,907,10438,'info_buyRequest','{\"uenc\":\"aHR0cHM6Ly9zdG9yZS5mbGV4Zml0LnZuL2dvaS1jaG8tdGh1ZS0xLXBob25nLW5nLWtob25nLWItcC5odG1s\",\"product\":\"10435\",\"selected_configurable_option\":\"\",\"related_product\":\"\",\"item\":\"10435\",\"super_attribute\":{\"181\":\"125\"},\"qty\":\"1\"}'),(1455,907,10438,'parent_product_id','10435'),(1457,909,10435,'info_buyRequest','{\"uenc\":\"aHR0cHM6Ly9zdG9yZS5mbGV4Zml0LnZuL2dvaS1jaG8tdGh1ZS0xLXBob25nLW5nLWtob25nLWItcC5odG1s\",\"product\":\"10435\",\"selected_configurable_option\":\"\",\"related_product\":\"\",\"item\":\"10435\",\"super_attribute\":{\"181\":\"125\"},\"qty\":\"1\"}'),(1458,909,10435,'attributes','{\"181\":\"125\"}'),(1459,909,10438,'product_qty_10438','1'),(1460,909,10438,'simple_product','10438'),(1461,910,10438,'info_buyRequest','{\"uenc\":\"aHR0cHM6Ly9zdG9yZS5mbGV4Zml0LnZuL2dvaS1jaG8tdGh1ZS0xLXBob25nLW5nLWtob25nLWItcC5odG1s\",\"product\":\"10435\",\"selected_configurable_option\":\"\",\"related_product\":\"\",\"item\":\"10435\",\"super_attribute\":{\"181\":\"125\"},\"qty\":\"1\"}'),(1462,910,10438,'parent_product_id','10435'),(1469,913,9872,'info_buyRequest','{\"uenc\":\"aHR0cHM6Ly9zdG9yZS5mbGV4Zml0LnZuL3Nhbi1waGFtL25vaS10aGF0LWRvLXJvaS9zYWxlLmh0bWw,\",\"product\":\"9872\",\"qty\":1}'),(1470,914,9887,'info_buyRequest','{\"uenc\":\"aHR0cHM6Ly9zdG9yZS5mbGV4Zml0LnZuL3Nhbi1waGFtL25vaS10aGF0LWRvLXJvaS9zYWxlLmh0bWw,\",\"product\":\"9887\",\"qty\":1}'),(1471,915,4465,'info_buyRequest','{\"uenc\":\"aHR0cHM6Ly9zdG9yZS5mbGV4Zml0LnZuL3Nhbi1waGFtL25vaS10aGF0LWRvLXJvaS5odG1s\",\"product\":\"4465\",\"qty\":1}'),(1472,916,9888,'info_buyRequest','{\"uenc\":\"aHR0cHM6Ly9zdG9yZS5mbGV4Zml0LnZuL3RhYi1mZi1zcDE5Lmh0bWw,\",\"product\":\"9888\",\"selected_configurable_option\":\"\",\"related_product\":\"\",\"item\":\"9888\",\"qty\":\"1\"}'),(1473,917,9881,'info_buyRequest','{\"uenc\":\"aHR0cHM6Ly9zdG9yZS5mbGV4Zml0LnZuL2doZS1hbi1mZi1zcDEyLmh0bWw,\",\"product\":\"9881\",\"selected_configurable_option\":\"\",\"related_product\":\"\",\"item\":\"9881\",\"qty\":\"6\"}'),(1474,918,9837,'info_buyRequest','{\"uenc\":\"aHR0cHM6Ly9zdG9yZS5mbGV4Zml0LnZuL2Rlbi10aGEtZHJlYW1saWdodC10azEtNC5odG1s\",\"product\":\"9837\",\"selected_configurable_option\":\"\",\"related_product\":\"\",\"item\":\"9837\",\"qty\":\"1\"}'),(1475,919,9896,'info_buyRequest','{\"uenc\":\"aHR0cHM6Ly9zdG9yZS5mbGV4Zml0LnZuL2dpdW9uZy1mZi1zcDI1Lmh0bWw,\",\"product\":\"9896\",\"selected_configurable_option\":\"\",\"related_product\":\"\",\"item\":\"9896\",\"super_attribute\":{\"93\":\"41\"},\"qty\":\"1\"}'),(1476,919,9896,'attributes','{\"93\":\"41\"}'),(1477,919,9898,'product_qty_9898','1'),(1478,919,9898,'simple_product','9898'),(1479,920,9898,'info_buyRequest','{\"uenc\":\"aHR0cHM6Ly9zdG9yZS5mbGV4Zml0LnZuL2dpdW9uZy1mZi1zcDI1Lmh0bWw,\",\"product\":\"9896\",\"selected_configurable_option\":\"\",\"related_product\":\"\",\"item\":\"9896\",\"super_attribute\":{\"93\":\"41\"},\"qty\":\"1\"}'),(1480,920,9898,'parent_product_id','9896'),(1481,921,10168,'info_buyRequest','{\"uenc\":\"aHR0cHM6Ly9zdG9yZS5mbGV4Zml0LnZuL2doZS1hbi1mb3Jlc3Rob21lLWcxLmh0bWw_ZmJjbGlkPUl3QVIzZ0stR1NOQVBWMU9SNWhMMXUyMFlHVkYzOFc4eWlUQkxoRHg3VjRlMk45djRQZVRKN0t6bk1FUmc,\",\"product\":\"10168\",\"selected_configurable_option\":\"\",\"related_product\":\"\",\"item\":\"10168\",\"super_attribute\":{\"93\":\"41\"},\"qty\":\"4\"}'),(1482,921,10168,'attributes','{\"93\":\"41\"}'),(1483,921,10169,'product_qty_10169','1'),(1484,921,10169,'simple_product','10169'),(1485,922,10169,'info_buyRequest','{\"uenc\":\"aHR0cHM6Ly9zdG9yZS5mbGV4Zml0LnZuL2doZS1hbi1mb3Jlc3Rob21lLWcxLmh0bWw_ZmJjbGlkPUl3QVIzZ0stR1NOQVBWMU9SNWhMMXUyMFlHVkYzOFc4eWlUQkxoRHg3VjRlMk45djRQZVRKN0t6bk1FUmc,\",\"product\":\"10168\",\"selected_configurable_option\":\"\",\"related_product\":\"\",\"item\":\"10168\",\"super_attribute\":{\"93\":\"41\"},\"qty\":\"4\"}'),(1486,922,10169,'parent_product_id','10168'),(1487,923,5382,'info_buyRequest','{\"uenc\":\"aHR0cHM6Ly9zdG9yZS5mbGV4Zml0LnZuL2ZmLWNiZWFzeS0zLmh0bWw,\",\"product\":\"5382\",\"selected_configurable_option\":\"\",\"related_product\":\"\",\"item\":\"5382\",\"super_attribute\":{\"182\":\"128\"},\"qty\":\"1\"}'),(1488,923,5382,'attributes','{\"182\":\"128\"}'),(1489,923,5377,'product_qty_5377','1'),(1490,923,5377,'simple_product','5377'),(1491,924,5377,'info_buyRequest','{\"uenc\":\"aHR0cHM6Ly9zdG9yZS5mbGV4Zml0LnZuL2ZmLWNiZWFzeS0zLmh0bWw,\",\"product\":\"5382\",\"selected_configurable_option\":\"\",\"related_product\":\"\",\"item\":\"5382\",\"super_attribute\":{\"182\":\"128\"},\"qty\":\"1\"}'),(1492,924,5377,'parent_product_id','5382'),(1493,925,5382,'info_buyRequest','{\"uenc\":\"aHR0cHM6Ly9zdG9yZS5mbGV4Zml0LnZuL2ZmLWNiZWFzeS0zLmh0bWw,\",\"product\":\"5382\",\"selected_configurable_option\":\"\",\"related_product\":\"\",\"item\":\"5382\",\"super_attribute\":{\"182\":\"146\"},\"qty\":\"1\"}'),(1494,925,5382,'attributes','{\"182\":\"146\"}'),(1495,925,5378,'product_qty_5378','1'),(1496,925,5378,'simple_product','5378'),(1497,926,5378,'info_buyRequest','{\"uenc\":\"aHR0cHM6Ly9zdG9yZS5mbGV4Zml0LnZuL2ZmLWNiZWFzeS0zLmh0bWw,\",\"product\":\"5382\",\"selected_configurable_option\":\"\",\"related_product\":\"\",\"item\":\"5382\",\"super_attribute\":{\"182\":\"146\"},\"qty\":\"1\"}'),(1498,926,5378,'parent_product_id','5382'),(1499,927,5382,'info_buyRequest','{\"uenc\":\"aHR0cHM6Ly9zdG9yZS5mbGV4Zml0LnZuL2ZmLWNiZWFzeS0zLmh0bWw,\",\"product\":\"5382\",\"selected_configurable_option\":\"\",\"related_product\":\"\",\"item\":\"5382\",\"super_attribute\":{\"182\":\"130\"},\"qty\":\"1\"}'),(1500,927,5382,'attributes','{\"182\":\"130\"}'),(1501,927,5380,'product_qty_5380','1'),(1502,927,5380,'simple_product','5380'),(1503,928,5380,'info_buyRequest','{\"uenc\":\"aHR0cHM6Ly9zdG9yZS5mbGV4Zml0LnZuL2ZmLWNiZWFzeS0zLmh0bWw,\",\"product\":\"5382\",\"selected_configurable_option\":\"\",\"related_product\":\"\",\"item\":\"5382\",\"super_attribute\":{\"182\":\"130\"},\"qty\":\"1\"}'),(1504,928,5380,'parent_product_id','5382'),(1505,929,5376,'info_buyRequest','{\"uenc\":\"aHR0cHM6Ly9zdG9yZS5mbGV4Zml0LnZuL2ZmLWNiZWFzeS0yLmh0bWw,\",\"product\":\"5376\",\"selected_configurable_option\":\"\",\"related_product\":\"\",\"item\":\"5376\",\"super_attribute\":{\"182\":\"128\"},\"qty\":\"1\"}'),(1506,929,5376,'attributes','{\"182\":\"128\"}'),(1507,929,5371,'product_qty_5371','1'),(1508,929,5371,'simple_product','5371'),(1509,930,5371,'info_buyRequest','{\"uenc\":\"aHR0cHM6Ly9zdG9yZS5mbGV4Zml0LnZuL2ZmLWNiZWFzeS0yLmh0bWw,\",\"product\":\"5376\",\"selected_configurable_option\":\"\",\"related_product\":\"\",\"item\":\"5376\",\"super_attribute\":{\"182\":\"128\"},\"qty\":\"1\"}'),(1510,930,5371,'parent_product_id','5376'),(1511,931,5376,'info_buyRequest','{\"uenc\":\"aHR0cHM6Ly9zdG9yZS5mbGV4Zml0LnZuL2ZmLWNiZWFzeS0yLmh0bWw,\",\"product\":\"5376\",\"selected_configurable_option\":\"\",\"related_product\":\"\",\"item\":\"5376\",\"super_attribute\":{\"182\":\"146\"},\"qty\":\"1\"}'),(1512,931,5376,'attributes','{\"182\":\"146\"}'),(1513,931,5372,'product_qty_5372','1'),(1514,931,5372,'simple_product','5372'),(1515,932,5372,'info_buyRequest','{\"uenc\":\"aHR0cHM6Ly9zdG9yZS5mbGV4Zml0LnZuL2ZmLWNiZWFzeS0yLmh0bWw,\",\"product\":\"5376\",\"selected_configurable_option\":\"\",\"related_product\":\"\",\"item\":\"5376\",\"super_attribute\":{\"182\":\"146\"},\"qty\":\"1\"}'),(1516,932,5372,'parent_product_id','5376'),(1517,933,10433,'info_buyRequest','{\"uenc\":\"aHR0cHM6Ly9zdG9yZS5mbGV4Zml0LnZuL2Z1bGwtaG91c2UtcmVudGFsLmh0bWw,\",\"product\":\"10433\",\"selected_configurable_option\":\"\",\"related_product\":\"\",\"item\":\"10433\",\"super_attribute\":{\"181\":\"150\"},\"qty\":\"1\"}'),(1518,933,10433,'attributes','{\"181\":\"150\"}'),(1519,933,10431,'product_qty_10431','1'),(1520,933,10431,'simple_product','10431'),(1521,934,10431,'info_buyRequest','{\"uenc\":\"aHR0cHM6Ly9zdG9yZS5mbGV4Zml0LnZuL2Z1bGwtaG91c2UtcmVudGFsLmh0bWw,\",\"product\":\"10433\",\"selected_configurable_option\":\"\",\"related_product\":\"\",\"item\":\"10433\",\"super_attribute\":{\"181\":\"150\"},\"qty\":\"1\"}'),(1522,934,10431,'parent_product_id','10433'),(1523,935,10009,'info_buyRequest','{\"uenc\":\"aHR0cHM6Ly9zdG9yZS5mbGV4Zml0LnZuL2Jhbi1hbi1mb3Jlc3Rob21lLWJhMTcuaHRtbA,,\",\"product\":\"10009\",\"selected_configurable_option\":\"\",\"related_product\":\"\",\"item\":\"10009\",\"super_attribute\":{\"93\":\"8\",\"178\":\"110\"},\"qty\":\"1\"}'),(1524,935,10009,'attributes','{\"93\":\"8\",\"178\":\"110\"}'),(1525,935,10013,'product_qty_10013','1'),(1526,935,10013,'simple_product','10013'),(1527,936,10013,'info_buyRequest','{\"uenc\":\"aHR0cHM6Ly9zdG9yZS5mbGV4Zml0LnZuL2Jhbi1hbi1mb3Jlc3Rob21lLWJhMTcuaHRtbA,,\",\"product\":\"10009\",\"selected_configurable_option\":\"\",\"related_product\":\"\",\"item\":\"10009\",\"super_attribute\":{\"93\":\"8\",\"178\":\"110\"},\"qty\":\"1\"}'),(1528,936,10013,'parent_product_id','10009'),(1529,937,10435,'info_buyRequest','{\"uenc\":\"aHR0cHM6Ly9zdG9yZS5mbGV4Zml0LnZuL2ZyZXNoLWhvdXNlLXJlbnRhbC5odG1s\",\"product\":\"10435\",\"selected_configurable_option\":\"\",\"related_product\":\"\",\"item\":\"10435\",\"super_attribute\":{\"181\":\"148\"},\"qty\":\"1\"}'),(1530,937,10435,'attributes','{\"181\":\"148\"}'),(1531,937,10441,'product_qty_10441','1'),(1532,937,10441,'simple_product','10441'),(1533,938,10441,'info_buyRequest','{\"uenc\":\"aHR0cHM6Ly9zdG9yZS5mbGV4Zml0LnZuL2ZyZXNoLWhvdXNlLXJlbnRhbC5odG1s\",\"product\":\"10435\",\"selected_configurable_option\":\"\",\"related_product\":\"\",\"item\":\"10435\",\"super_attribute\":{\"181\":\"148\"},\"qty\":\"1\"}'),(1534,938,10441,'parent_product_id','10435'),(1535,939,9888,'info_buyRequest','{\"uenc\":\"aHR0cHM6Ly9zdG9yZS5mbGV4Zml0LnZuL3RhYi1mZi1zcDE5Lmh0bWw,\",\"product\":\"9888\",\"selected_configurable_option\":\"\",\"related_product\":\"\",\"item\":\"9888\",\"qty\":\"1\"}'),(1536,940,10433,'info_buyRequest','{\"uenc\":\"aHR0cHM6Ly9zdG9yZS5mbGV4Zml0LnZuL2Z1bGwtaG91c2UtcmVudGFsLmh0bWw,\",\"product\":\"10433\",\"selected_configurable_option\":\"\",\"related_product\":\"\",\"item\":\"10433\",\"super_attribute\":{\"181\":\"148\"},\"qty\":\"1\"}'),(1537,940,10433,'attributes','{\"181\":\"148\"}'),(1538,940,10429,'product_qty_10429','1'),(1539,940,10429,'simple_product','10429'),(1540,941,10429,'info_buyRequest','{\"uenc\":\"aHR0cHM6Ly9zdG9yZS5mbGV4Zml0LnZuL2Z1bGwtaG91c2UtcmVudGFsLmh0bWw,\",\"product\":\"10433\",\"selected_configurable_option\":\"\",\"related_product\":\"\",\"item\":\"10433\",\"super_attribute\":{\"181\":\"148\"},\"qty\":\"1\"}'),(1541,941,10429,'parent_product_id','10433'),(1542,942,10433,'info_buyRequest','{\"uenc\":\"aHR0cHM6Ly9zdG9yZS5mbGV4Zml0LnZuL2Z1bGwtaG91c2UtcmVudGFsLmh0bWw,\",\"product\":\"10433\",\"selected_configurable_option\":\"\",\"related_product\":\"\",\"item\":\"10433\",\"super_attribute\":{\"181\":\"151\"},\"qty\":\"1\"}'),(1543,942,10433,'attributes','{\"181\":\"151\"}'),(1544,942,10432,'product_qty_10432','1'),(1545,942,10432,'simple_product','10432'),(1546,943,10432,'info_buyRequest','{\"uenc\":\"aHR0cHM6Ly9zdG9yZS5mbGV4Zml0LnZuL2Z1bGwtaG91c2UtcmVudGFsLmh0bWw,\",\"product\":\"10433\",\"selected_configurable_option\":\"\",\"related_product\":\"\",\"item\":\"10433\",\"super_attribute\":{\"181\":\"151\"},\"qty\":\"1\"}'),(1547,943,10432,'parent_product_id','10433'),(1548,944,9896,'info_buyRequest','{\"uenc\":\"aHR0cHM6Ly9zdG9yZS5mbGV4Zml0LnZuL2dpdW9uZy1mZi1zcDI1Lmh0bWw,\",\"product\":\"9896\",\"selected_configurable_option\":\"\",\"related_product\":\"\",\"item\":\"9896\",\"super_attribute\":{\"93\":\"8\"},\"qty\":\"1\"}'),(1549,944,9896,'attributes','{\"93\":\"8\"}'),(1550,944,9897,'product_qty_9897','1'),(1551,944,9897,'simple_product','9897'),(1552,945,9897,'info_buyRequest','{\"uenc\":\"aHR0cHM6Ly9zdG9yZS5mbGV4Zml0LnZuL2dpdW9uZy1mZi1zcDI1Lmh0bWw,\",\"product\":\"9896\",\"selected_configurable_option\":\"\",\"related_product\":\"\",\"item\":\"9896\",\"super_attribute\":{\"93\":\"8\"},\"qty\":\"1\"}'),(1553,945,9897,'parent_product_id','9896'),(1554,946,9887,'info_buyRequest','{\"uenc\":\"aHR0cHM6Ly9zdG9yZS5mbGV4Zml0LnZuL3NvZmEtZmYtc3AxOC5odG1s\",\"product\":\"9887\",\"selected_configurable_option\":\"\",\"related_product\":\"\",\"item\":\"9887\",\"qty\":\"1\"}'),(1555,947,10256,'info_buyRequest','{\"uenc\":\"aHR0cHM6Ly9zdG9yZS5mbGV4Zml0LnZuL25lbS1ydTktb3JpZ2luYWwuaHRtbA,,\",\"product\":\"10256\",\"selected_configurable_option\":\"\",\"related_product\":\"\",\"item\":\"10256\",\"super_attribute\":{\"178\":\"140\"},\"qty\":\"1\"}'),(1556,947,10256,'attributes','{\"178\":\"140\"}'),(1557,947,10261,'product_qty_10261','1'),(1558,947,10261,'simple_product','10261'),(1559,948,10261,'info_buyRequest','{\"uenc\":\"aHR0cHM6Ly9zdG9yZS5mbGV4Zml0LnZuL25lbS1ydTktb3JpZ2luYWwuaHRtbA,,\",\"product\":\"10256\",\"selected_configurable_option\":\"\",\"related_product\":\"\",\"item\":\"10256\",\"super_attribute\":{\"178\":\"140\"},\"qty\":\"1\"}'),(1560,948,10261,'parent_product_id','10256'),(1561,949,10435,'info_buyRequest','{\"uenc\":\"aHR0cHM6Ly9zdG9yZS5mbGV4Zml0LnZuL2ZyZXNoLWhvdXNlLXJlbnRhbC5odG1s\",\"product\":\"10435\",\"selected_configurable_option\":\"\",\"related_product\":\"\",\"item\":\"10435\",\"super_attribute\":{\"181\":\"125\"},\"qty\":\"3\"}'),(1562,949,10435,'attributes','{\"181\":\"125\"}'),(1563,949,10438,'product_qty_10438','1'),(1564,949,10438,'simple_product','10438'),(1565,950,10438,'info_buyRequest','{\"uenc\":\"aHR0cHM6Ly9zdG9yZS5mbGV4Zml0LnZuL2ZyZXNoLWhvdXNlLXJlbnRhbC5odG1s\",\"product\":\"10435\",\"selected_configurable_option\":\"\",\"related_product\":\"\",\"item\":\"10435\",\"super_attribute\":{\"181\":\"125\"},\"qty\":\"3\"}'),(1566,950,10438,'parent_product_id','10435'),(1568,952,3284,'info_buyRequest','{\"uenc\":\"aHR0cHM6Ly9zdG9yZS5mbGV4Zml0LnZuL3BheW1lbnQtdGVzdC5odG1s\",\"product\":\"3284\",\"selected_configurable_option\":\"\",\"related_product\":\"\",\"item\":\"3284\",\"qty\":\"1\"}'),(1569,953,9893,'info_buyRequest','{\"uenc\":\"aHR0cHM6Ly9zdG9yZS5mbGV4Zml0LnZuL2NhdGVnb3J5dGFiL2NhdGVnb3J5L3ZpZXcvaWQvNTEvbGltaXQvMjAvaW1nVC90aHVtYm5haWwvaW1nVy8zMzMvaW1nSC8yMzkvaW1nSG92ZXIvdGh1bWJuYWlsL3Byb2R1Y3RfbGlzdF9tb2RlL2dyaWQvbnVtYmVyX3Jvdy8xL3Byb2R1Y3RfbGlzdF9vcmRlci9uYW1lLw,,\",\"product\":\"9893\",\"qty\":1}'),(1570,954,10435,'info_buyRequest','{\"uenc\":\"aHR0cHM6Ly9zdG9yZS5mbGV4Zml0LnZuL2ZyZXNoLWhvdXNlLXJlbnRhbC5odG1s\",\"product\":\"10435\",\"selected_configurable_option\":\"\",\"related_product\":\"\",\"item\":\"10435\",\"super_attribute\":{\"181\":\"148\"},\"qty\":\"1\"}'),(1571,954,10435,'attributes','{\"181\":\"148\"}'),(1572,954,10441,'product_qty_10441','1'),(1573,954,10441,'simple_product','10441'),(1574,955,10441,'info_buyRequest','{\"uenc\":\"aHR0cHM6Ly9zdG9yZS5mbGV4Zml0LnZuL2ZyZXNoLWhvdXNlLXJlbnRhbC5odG1s\",\"product\":\"10435\",\"selected_configurable_option\":\"\",\"related_product\":\"\",\"item\":\"10435\",\"super_attribute\":{\"181\":\"148\"},\"qty\":\"1\"}'),(1575,955,10441,'parent_product_id','10435'),(1582,958,10435,'info_buyRequest','{\"uenc\":\"aHR0cHM6Ly9zdG9yZS5mbGV4Zml0LnZuL2ZyZXNoLWhvdXNlLXJlbnRhbC5odG1s\",\"product\":\"10435\",\"selected_configurable_option\":\"\",\"related_product\":\"\",\"item\":\"10435\",\"super_attribute\":{\"181\":\"148\"},\"qty\":\"1\"}'),(1583,958,10435,'attributes','{\"181\":\"148\"}'),(1584,958,10441,'product_qty_10441','1'),(1585,958,10441,'simple_product','10441'),(1586,959,10441,'info_buyRequest','{\"uenc\":\"aHR0cHM6Ly9zdG9yZS5mbGV4Zml0LnZuL2ZyZXNoLWhvdXNlLXJlbnRhbC5odG1s\",\"product\":\"10435\",\"selected_configurable_option\":\"\",\"related_product\":\"\",\"item\":\"10435\",\"super_attribute\":{\"181\":\"148\"},\"qty\":\"1\"}'),(1587,959,10441,'parent_product_id','10435'),(1588,960,9903,'info_buyRequest','{\"uenc\":\"aHR0cHM6Ly9zdG9yZS5mbGV4Zml0LnZuL3Nhbi1waGFtL25vaS10aGF0LWRvLXJvaS9ob21lL3Bob25nLWtoYWNoL2stdGl2aS5odG1sP2ZiY2xpZD1Jd0FSMGF2bHE0TVMtT3JzdTk4TFRpaWZBZGNsTFJHYS1MQ0lPOGxGbFpweURrcnpsU3JodGRvQi1qTFhJ\",\"product\":\"9903\",\"qty\":1}'),(1589,961,10435,'info_buyRequest','{\"uenc\":\"aHR0cHM6Ly9zdG9yZS5mbGV4Zml0LnZuL2ZyZXNoLWhvdXNlLXJlbnRhbC5odG1s\",\"product\":\"10435\",\"selected_configurable_option\":\"\",\"related_product\":\"\",\"item\":\"10435\",\"super_attribute\":{\"181\":\"151\"},\"qty\":\"1\"}'),(1590,961,10435,'attributes','{\"181\":\"151\"}'),(1591,961,10444,'product_qty_10444','1'),(1592,961,10444,'simple_product','10444'),(1593,962,10444,'info_buyRequest','{\"uenc\":\"aHR0cHM6Ly9zdG9yZS5mbGV4Zml0LnZuL2ZyZXNoLWhvdXNlLXJlbnRhbC5odG1s\",\"product\":\"10435\",\"selected_configurable_option\":\"\",\"related_product\":\"\",\"item\":\"10435\",\"super_attribute\":{\"181\":\"151\"},\"qty\":\"1\"}'),(1594,962,10444,'parent_product_id','10435'),(1595,963,10435,'info_buyRequest','{\"uenc\":\"aHR0cHM6Ly9zdG9yZS5mbGV4Zml0LnZuL2ZyZXNoLWhvdXNlLXJlbnRhbC5odG1s\",\"product\":\"10435\",\"selected_configurable_option\":\"\",\"related_product\":\"\",\"item\":\"10435\",\"super_attribute\":{\"181\":\"125\"},\"qty\":\"1\"}'),(1596,963,10435,'attributes','{\"181\":\"125\"}'),(1597,963,10438,'product_qty_10438','1'),(1598,963,10438,'simple_product','10438'),(1599,964,10438,'info_buyRequest','{\"uenc\":\"aHR0cHM6Ly9zdG9yZS5mbGV4Zml0LnZuL2ZyZXNoLWhvdXNlLXJlbnRhbC5odG1s\",\"product\":\"10435\",\"selected_configurable_option\":\"\",\"related_product\":\"\",\"item\":\"10435\",\"super_attribute\":{\"181\":\"125\"},\"qty\":\"1\"}'),(1600,964,10438,'parent_product_id','10435'),(1601,965,9894,'info_buyRequest','{\"uenc\":\"aHR0cHM6Ly9zdG9yZS5mbGV4Zml0LnZuL2NhdGVnb3J5dGFiL2NhdGVnb3J5L3ZpZXcvaWQvNTEvbGltaXQvMjAvaW1nVC90aHVtYm5haWwvaW1nVy8zMzMvaW1nSC8yMzkvaW1nSG92ZXIvdGh1bWJuYWlsL3Byb2R1Y3RfbGlzdF9tb2RlL2dyaWQvbnVtYmVyX3Jvdy8xL3Byb2R1Y3RfbGlzdF9vcmRlci9uYW1lLw,,\",\"product\":\"9894\",\"qty\":1}'),(1602,966,9893,'info_buyRequest','{\"uenc\":\"aHR0cHM6Ly9zdG9yZS5mbGV4Zml0LnZuL2NhdGVnb3J5dGFiL2NhdGVnb3J5L3ZpZXcvaWQvNTEvbGltaXQvMjAvaW1nVC90aHVtYm5haWwvaW1nVy8zMzMvaW1nSC8yMzkvaW1nSG92ZXIvdGh1bWJuYWlsL3Byb2R1Y3RfbGlzdF9tb2RlL2dyaWQvbnVtYmVyX3Jvdy8xL3Byb2R1Y3RfbGlzdF9vcmRlci9uYW1lLw,,\",\"product\":\"9893\",\"qty\":1}'),(1603,967,5382,'info_buyRequest','{\"uenc\":\"aHR0cHM6Ly9zdG9yZS5mbGV4Zml0LnZuL2ZmLWNiZWFzeS0zLmh0bWw,\",\"product\":\"5382\",\"selected_configurable_option\":\"\",\"related_product\":\"\",\"item\":\"5382\",\"super_attribute\":{\"182\":\"128\"},\"qty\":\"1\"}'),(1604,967,5382,'attributes','{\"182\":\"128\"}'),(1605,967,5377,'product_qty_5377','1'),(1606,967,5377,'simple_product','5377'),(1607,968,5377,'info_buyRequest','{\"uenc\":\"aHR0cHM6Ly9zdG9yZS5mbGV4Zml0LnZuL2ZmLWNiZWFzeS0zLmh0bWw,\",\"product\":\"5382\",\"selected_configurable_option\":\"\",\"related_product\":\"\",\"item\":\"5382\",\"super_attribute\":{\"182\":\"128\"},\"qty\":\"1\"}'),(1608,968,5377,'parent_product_id','5382'),(1615,971,10434,'info_buyRequest','{\"uenc\":\"aHR0cHM6Ly9zdG9yZS5mbGV4Zml0LnZuL2Nvc3ktaG91c2UtcmVudGFsLmh0bWw,\",\"product\":\"10434\",\"selected_configurable_option\":\"\",\"related_product\":\"\",\"item\":\"10434\",\"super_attribute\":{\"181\":\"126\"},\"qty\":\"1\"}'),(1616,971,10434,'attributes','{\"181\":\"126\"}'),(1617,971,10446,'product_qty_10446','1'),(1618,971,10446,'simple_product','10446'),(1619,972,10446,'info_buyRequest','{\"uenc\":\"aHR0cHM6Ly9zdG9yZS5mbGV4Zml0LnZuL2Nvc3ktaG91c2UtcmVudGFsLmh0bWw,\",\"product\":\"10434\",\"selected_configurable_option\":\"\",\"related_product\":\"\",\"item\":\"10434\",\"super_attribute\":{\"181\":\"126\"},\"qty\":\"1\"}'),(1620,972,10446,'parent_product_id','10434'),(1621,973,10434,'info_buyRequest','{\"uenc\":\"aHR0cHM6Ly9zdG9yZS5mbGV4Zml0LnZuL2Nvc3ktaG91c2UtcmVudGFsLmh0bWw,\",\"product\":\"10434\",\"selected_configurable_option\":\"\",\"related_product\":\"\",\"item\":\"10434\",\"super_attribute\":{\"181\":\"148\"},\"qty\":\"1\"}'),(1622,973,10434,'attributes','{\"181\":\"148\"}'),(1623,973,10448,'product_qty_10448','1'),(1624,973,10448,'simple_product','10448'),(1625,974,10448,'info_buyRequest','{\"uenc\":\"aHR0cHM6Ly9zdG9yZS5mbGV4Zml0LnZuL2Nvc3ktaG91c2UtcmVudGFsLmh0bWw,\",\"product\":\"10434\",\"selected_configurable_option\":\"\",\"related_product\":\"\",\"item\":\"10434\",\"super_attribute\":{\"181\":\"148\"},\"qty\":\"1\"}'),(1626,974,10448,'parent_product_id','10434'),(1627,975,10435,'info_buyRequest','{\"uenc\":\"aHR0cHM6Ly9zdG9yZS5mbGV4Zml0LnZuL2ZyZXNoLWhvdXNlLXJlbnRhbC5odG1s\",\"product\":\"10435\",\"selected_configurable_option\":\"\",\"related_product\":\"\",\"item\":\"10435\",\"super_attribute\":{\"181\":\"126\"},\"qty\":\"1\"}'),(1628,975,10435,'attributes','{\"181\":\"126\"}'),(1629,975,10439,'product_qty_10439','1'),(1630,975,10439,'simple_product','10439'),(1631,976,10439,'info_buyRequest','{\"uenc\":\"aHR0cHM6Ly9zdG9yZS5mbGV4Zml0LnZuL2ZyZXNoLWhvdXNlLXJlbnRhbC5odG1s\",\"product\":\"10435\",\"selected_configurable_option\":\"\",\"related_product\":\"\",\"item\":\"10435\",\"super_attribute\":{\"181\":\"126\"},\"qty\":\"1\"}'),(1632,976,10439,'parent_product_id','10435'),(1633,977,10435,'info_buyRequest','{\"uenc\":\"aHR0cHM6Ly9zdG9yZS5mbGV4Zml0LnZuL2ZyZXNoLWhvdXNlLXJlbnRhbC5odG1s\",\"product\":\"10435\",\"selected_configurable_option\":\"\",\"related_product\":\"\",\"item\":\"10435\",\"super_attribute\":{\"181\":\"148\"},\"qty\":\"1\"}'),(1634,977,10435,'attributes','{\"181\":\"148\"}'),(1635,977,10441,'product_qty_10441','1'),(1636,977,10441,'simple_product','10441'),(1637,978,10441,'info_buyRequest','{\"uenc\":\"aHR0cHM6Ly9zdG9yZS5mbGV4Zml0LnZuL2ZyZXNoLWhvdXNlLXJlbnRhbC5odG1s\",\"product\":\"10435\",\"selected_configurable_option\":\"\",\"related_product\":\"\",\"item\":\"10435\",\"super_attribute\":{\"181\":\"148\"},\"qty\":\"1\"}'),(1638,978,10441,'parent_product_id','10435'),(1639,979,10435,'info_buyRequest','{\"uenc\":\"aHR0cHM6Ly9zdG9yZS5mbGV4Zml0LnZuL2ZyZXNoLWhvdXNlLXJlbnRhbC5odG1s\",\"product\":\"10435\",\"selected_configurable_option\":\"\",\"related_product\":\"\",\"item\":\"10435\",\"super_attribute\":{\"181\":\"126\"},\"qty\":\"1\"}'),(1640,979,10435,'attributes','{\"181\":\"126\"}'),(1641,979,10439,'product_qty_10439','1'),(1642,979,10439,'simple_product','10439'),(1643,980,10439,'info_buyRequest','{\"uenc\":\"aHR0cHM6Ly9zdG9yZS5mbGV4Zml0LnZuL2ZyZXNoLWhvdXNlLXJlbnRhbC5odG1s\",\"product\":\"10435\",\"selected_configurable_option\":\"\",\"related_product\":\"\",\"item\":\"10435\",\"super_attribute\":{\"181\":\"126\"},\"qty\":\"1\"}'),(1644,980,10439,'parent_product_id','10435'),(1645,981,10435,'info_buyRequest','{\"uenc\":\"aHR0cHM6Ly9zdG9yZS5mbGV4Zml0LnZuL2ZyZXNoLWhvdXNlLXJlbnRhbC5odG1s\",\"product\":\"10435\",\"selected_configurable_option\":\"\",\"related_product\":\"\",\"item\":\"10435\",\"super_attribute\":{\"181\":\"148\"},\"qty\":\"1\"}'),(1646,981,10435,'attributes','{\"181\":\"148\"}'),(1647,981,10441,'product_qty_10441','1'),(1648,981,10441,'simple_product','10441'),(1649,982,10441,'info_buyRequest','{\"uenc\":\"aHR0cHM6Ly9zdG9yZS5mbGV4Zml0LnZuL2ZyZXNoLWhvdXNlLXJlbnRhbC5odG1s\",\"product\":\"10435\",\"selected_configurable_option\":\"\",\"related_product\":\"\",\"item\":\"10435\",\"super_attribute\":{\"181\":\"148\"},\"qty\":\"1\"}'),(1650,982,10441,'parent_product_id','10435'),(1651,983,10433,'info_buyRequest','{\"uenc\":\"aHR0cHM6Ly9zdG9yZS5mbGV4Zml0LnZuL2Z1bGwtaG91c2UtcmVudGFsLmh0bWw,\",\"product\":\"10433\",\"selected_configurable_option\":\"\",\"related_product\":\"\",\"item\":\"10433\",\"super_attribute\":{\"181\":\"126\"},\"qty\":\"1\"}'),(1652,983,10433,'attributes','{\"181\":\"126\"}'),(1653,983,10427,'product_qty_10427','1'),(1654,983,10427,'simple_product','10427'),(1655,984,10427,'info_buyRequest','{\"uenc\":\"aHR0cHM6Ly9zdG9yZS5mbGV4Zml0LnZuL2Z1bGwtaG91c2UtcmVudGFsLmh0bWw,\",\"product\":\"10433\",\"selected_configurable_option\":\"\",\"related_product\":\"\",\"item\":\"10433\",\"super_attribute\":{\"181\":\"126\"},\"qty\":\"1\"}'),(1656,984,10427,'parent_product_id','10433'),(1657,985,10433,'info_buyRequest','{\"uenc\":\"aHR0cHM6Ly9zdG9yZS5mbGV4Zml0LnZuL2Z1bGwtaG91c2UtcmVudGFsLmh0bWw,\",\"product\":\"10433\",\"selected_configurable_option\":\"\",\"related_product\":\"\",\"item\":\"10433\",\"super_attribute\":{\"181\":\"148\"},\"qty\":\"1\"}'),(1658,985,10433,'attributes','{\"181\":\"148\"}'),(1659,985,10429,'product_qty_10429','1'),(1660,985,10429,'simple_product','10429'),(1661,986,10429,'info_buyRequest','{\"uenc\":\"aHR0cHM6Ly9zdG9yZS5mbGV4Zml0LnZuL2Z1bGwtaG91c2UtcmVudGFsLmh0bWw,\",\"product\":\"10433\",\"selected_configurable_option\":\"\",\"related_product\":\"\",\"item\":\"10433\",\"super_attribute\":{\"181\":\"148\"},\"qty\":\"1\"}'),(1662,986,10429,'parent_product_id','10433'),(1663,987,10434,'info_buyRequest','{\"uenc\":\"aHR0cHM6Ly9zdG9yZS5mbGV4Zml0LnZuL2Nvc3ktaG91c2UtcmVudGFsLmh0bWw,\",\"product\":\"10434\",\"selected_configurable_option\":\"\",\"related_product\":\"\",\"item\":\"10434\",\"super_attribute\":{\"181\":\"126\"},\"qty\":\"1\"}'),(1664,987,10434,'attributes','{\"181\":\"126\"}'),(1665,987,10446,'product_qty_10446','1'),(1666,987,10446,'simple_product','10446'),(1667,988,10446,'info_buyRequest','{\"uenc\":\"aHR0cHM6Ly9zdG9yZS5mbGV4Zml0LnZuL2Nvc3ktaG91c2UtcmVudGFsLmh0bWw,\",\"product\":\"10434\",\"selected_configurable_option\":\"\",\"related_product\":\"\",\"item\":\"10434\",\"super_attribute\":{\"181\":\"126\"},\"qty\":\"1\"}'),(1668,988,10446,'parent_product_id','10434'),(1669,989,10434,'info_buyRequest','{\"uenc\":\"aHR0cHM6Ly9zdG9yZS5mbGV4Zml0LnZuL2Nvc3ktaG91c2UtcmVudGFsLmh0bWw,\",\"product\":\"10434\",\"selected_configurable_option\":\"\",\"related_product\":\"\",\"item\":\"10434\",\"super_attribute\":{\"181\":\"148\"},\"qty\":\"1\"}'),(1670,989,10434,'attributes','{\"181\":\"148\"}'),(1671,989,10448,'product_qty_10448','1'),(1672,989,10448,'simple_product','10448'),(1673,990,10448,'info_buyRequest','{\"uenc\":\"aHR0cHM6Ly9zdG9yZS5mbGV4Zml0LnZuL2Nvc3ktaG91c2UtcmVudGFsLmh0bWw,\",\"product\":\"10434\",\"selected_configurable_option\":\"\",\"related_product\":\"\",\"item\":\"10434\",\"super_attribute\":{\"181\":\"148\"},\"qty\":\"1\"}'),(1674,990,10448,'parent_product_id','10434'),(1675,991,10435,'info_buyRequest','{\"uenc\":\"aHR0cHM6Ly9zdG9yZS5mbGV4Zml0LnZuL2ZyZXNoLWhvdXNlLXJlbnRhbC5odG1s\",\"product\":\"10435\",\"selected_configurable_option\":\"\",\"related_product\":\"\",\"item\":\"10435\",\"super_attribute\":{\"181\":\"148\"},\"qty\":\"1\"}'),(1676,991,10435,'attributes','{\"181\":\"148\"}'),(1677,991,10441,'product_qty_10441','1'),(1678,991,10441,'simple_product','10441'),(1679,992,10441,'info_buyRequest','{\"uenc\":\"aHR0cHM6Ly9zdG9yZS5mbGV4Zml0LnZuL2ZyZXNoLWhvdXNlLXJlbnRhbC5odG1s\",\"product\":\"10435\",\"selected_configurable_option\":\"\",\"related_product\":\"\",\"item\":\"10435\",\"super_attribute\":{\"181\":\"148\"},\"qty\":\"1\"}'),(1680,992,10441,'parent_product_id','10435'),(1681,993,10006,'info_buyRequest','{\"qty\":1}'),(1682,994,10435,'info_buyRequest','{\"uenc\":\"aHR0cHM6Ly9zdG9yZS5mbGV4Zml0LnZuL2ZyZXNoLWhvdXNlLXJlbnRhbC5odG1s\",\"product\":\"10435\",\"selected_configurable_option\":\"\",\"related_product\":\"\",\"item\":\"10435\",\"super_attribute\":{\"181\":\"148\"},\"qty\":\"1\"}'),(1683,994,10435,'attributes','{\"181\":\"148\"}'),(1684,994,10441,'product_qty_10441','1'),(1685,994,10441,'simple_product','10441'),(1686,995,10441,'info_buyRequest','{\"uenc\":\"aHR0cHM6Ly9zdG9yZS5mbGV4Zml0LnZuL2ZyZXNoLWhvdXNlLXJlbnRhbC5odG1s\",\"product\":\"10435\",\"selected_configurable_option\":\"\",\"related_product\":\"\",\"item\":\"10435\",\"super_attribute\":{\"181\":\"148\"},\"qty\":\"1\"}'),(1687,995,10441,'parent_product_id','10435'),(1694,998,10435,'info_buyRequest','{\"uenc\":\"aHR0cHM6Ly9zdG9yZS5mbGV4Zml0LnZuL2ZyZXNoLWhvdXNlLXJlbnRhbC5odG1s\",\"product\":\"10435\",\"selected_configurable_option\":\"\",\"related_product\":\"\",\"item\":\"10435\",\"super_attribute\":{\"181\":\"125\"},\"qty\":\"1\"}'),(1695,998,10435,'attributes','{\"181\":\"125\"}'),(1696,998,10438,'product_qty_10438','1'),(1697,998,10438,'simple_product','10438'),(1698,999,10438,'info_buyRequest','{\"uenc\":\"aHR0cHM6Ly9zdG9yZS5mbGV4Zml0LnZuL2ZyZXNoLWhvdXNlLXJlbnRhbC5odG1s\",\"product\":\"10435\",\"selected_configurable_option\":\"\",\"related_product\":\"\",\"item\":\"10435\",\"super_attribute\":{\"181\":\"125\"},\"qty\":\"1\"}'),(1699,999,10438,'parent_product_id','10435'),(1700,1000,10433,'info_buyRequest','{\"uenc\":\"aHR0cHM6Ly9zdG9yZS5mbGV4Zml0LnZuL2Z1bGwtaG91c2UtcmVudGFsLmh0bWw,\",\"product\":\"10433\",\"selected_configurable_option\":\"\",\"related_product\":\"\",\"item\":\"10433\",\"super_attribute\":{\"181\":\"148\"},\"qty\":\"1\"}'),(1701,1000,10433,'attributes','{\"181\":\"148\"}'),(1702,1000,10429,'product_qty_10429','1'),(1703,1000,10429,'simple_product','10429'),(1704,1001,10429,'info_buyRequest','{\"uenc\":\"aHR0cHM6Ly9zdG9yZS5mbGV4Zml0LnZuL2Z1bGwtaG91c2UtcmVudGFsLmh0bWw,\",\"product\":\"10433\",\"selected_configurable_option\":\"\",\"related_product\":\"\",\"item\":\"10433\",\"super_attribute\":{\"181\":\"148\"},\"qty\":\"1\"}'),(1705,1001,10429,'parent_product_id','10433'),(1706,1002,10433,'info_buyRequest','{\"uenc\":\"aHR0cHM6Ly9zdG9yZS5mbGV4Zml0LnZuL2Z1bGwtaG91c2UtcmVudGFsLmh0bWw,\",\"product\":\"10433\",\"selected_configurable_option\":\"\",\"related_product\":\"\",\"item\":\"10433\",\"super_attribute\":{\"181\":\"148\"},\"qty\":\"1\"}'),(1707,1002,10433,'attributes','{\"181\":\"148\"}'),(1708,1002,10429,'product_qty_10429','1'),(1709,1002,10429,'simple_product','10429'),(1710,1003,10429,'info_buyRequest','{\"uenc\":\"aHR0cHM6Ly9zdG9yZS5mbGV4Zml0LnZuL2Z1bGwtaG91c2UtcmVudGFsLmh0bWw,\",\"product\":\"10433\",\"selected_configurable_option\":\"\",\"related_product\":\"\",\"item\":\"10433\",\"super_attribute\":{\"181\":\"148\"},\"qty\":\"1\"}'),(1711,1003,10429,'parent_product_id','10433'),(1712,1004,10434,'info_buyRequest','{\"uenc\":\"aHR0cHM6Ly9zdG9yZS5mbGV4Zml0LnZuL2Nvc3ktaG91c2UtcmVudGFsLmh0bWw,\",\"product\":\"10434\",\"selected_configurable_option\":\"\",\"related_product\":\"\",\"item\":\"10434\",\"super_attribute\":{\"181\":\"126\"},\"qty\":\"1\"}'),(1713,1004,10434,'attributes','{\"181\":\"126\"}'),(1714,1004,10446,'product_qty_10446','1'),(1715,1004,10446,'simple_product','10446'),(1716,1005,10446,'info_buyRequest','{\"uenc\":\"aHR0cHM6Ly9zdG9yZS5mbGV4Zml0LnZuL2Nvc3ktaG91c2UtcmVudGFsLmh0bWw,\",\"product\":\"10434\",\"selected_configurable_option\":\"\",\"related_product\":\"\",\"item\":\"10434\",\"super_attribute\":{\"181\":\"126\"},\"qty\":\"1\"}'),(1717,1005,10446,'parent_product_id','10434'),(1718,1006,10433,'info_buyRequest','{\"uenc\":\"aHR0cHM6Ly9zdG9yZS5mbGV4Zml0LnZuL2Z1bGwtaG91c2UtcmVudGFsLmh0bWw,\",\"product\":\"10433\",\"selected_configurable_option\":\"\",\"related_product\":\"\",\"item\":\"10433\",\"super_attribute\":{\"181\":\"151\"},\"qty\":\"1\"}'),(1719,1006,10433,'attributes','{\"181\":\"151\"}'),(1720,1006,10432,'product_qty_10432','1'),(1721,1006,10432,'simple_product','10432'),(1722,1007,10432,'info_buyRequest','{\"uenc\":\"aHR0cHM6Ly9zdG9yZS5mbGV4Zml0LnZuL2Z1bGwtaG91c2UtcmVudGFsLmh0bWw,\",\"product\":\"10433\",\"selected_configurable_option\":\"\",\"related_product\":\"\",\"item\":\"10433\",\"super_attribute\":{\"181\":\"151\"},\"qty\":\"1\"}'),(1723,1007,10432,'parent_product_id','10433'),(1730,1010,9910,'info_buyRequest','{\"uenc\":\"aHR0cHM6Ly9zdG9yZS5mbGV4Zml0LnZuL3Nhbi1waGFtL25vaS10aGF0LWRvLXJvaS9ob21lL3Bob25nLW5nL3QtcXUtbi1hby5odG1s\",\"product\":\"9910\",\"qty\":1}'),(1731,1011,10434,'info_buyRequest','{\"uenc\":\"aHR0cHM6Ly9zdG9yZS5mbGV4Zml0LnZuL2Nvc3ktaG91c2UtcmVudGFsLmh0bWw,\",\"product\":\"10434\",\"selected_configurable_option\":\"\",\"related_product\":\"\",\"item\":\"10434\",\"super_attribute\":{\"181\":\"148\"},\"qty\":\"1\"}'),(1732,1011,10434,'attributes','{\"181\":\"148\"}'),(1733,1011,10448,'product_qty_10448','1'),(1734,1011,10448,'simple_product','10448'),(1735,1012,10448,'info_buyRequest','{\"uenc\":\"aHR0cHM6Ly9zdG9yZS5mbGV4Zml0LnZuL2Nvc3ktaG91c2UtcmVudGFsLmh0bWw,\",\"product\":\"10434\",\"selected_configurable_option\":\"\",\"related_product\":\"\",\"item\":\"10434\",\"super_attribute\":{\"181\":\"148\"},\"qty\":\"1\"}'),(1736,1012,10448,'parent_product_id','10434');

--
-- Table structure for table `quote_payment`
--

CREATE TABLE `quote_payment` (
  `payment_id` int(10) unsigned NOT NULL AUTO_INCREMENT COMMENT 'Payment ID',
  `quote_id` int(10) unsigned NOT NULL DEFAULT 0 COMMENT 'Quote ID',
  `created_at` timestamp NOT NULL DEFAULT current_timestamp() COMMENT 'Created At',
  `updated_at` timestamp NOT NULL DEFAULT current_timestamp() ON UPDATE current_timestamp() COMMENT 'Updated At',
  `method` varchar(255) DEFAULT NULL COMMENT 'Method',
  `cc_type` varchar(255) DEFAULT NULL COMMENT 'Cc Type',
  `cc_number_enc` varchar(255) DEFAULT NULL COMMENT 'Cc Number Enc',
  `cc_last_4` varchar(255) DEFAULT NULL COMMENT 'Cc Last 4',
  `cc_cid_enc` varchar(255) DEFAULT NULL COMMENT 'Cc Cid Enc',
  `cc_owner` varchar(255) DEFAULT NULL COMMENT 'Cc Owner',
  `cc_exp_month` varchar(255) DEFAULT NULL COMMENT 'Cc Exp Month',
  `cc_exp_year` smallint(5) unsigned DEFAULT 0 COMMENT 'Cc Exp Year',
  `cc_ss_owner` varchar(255) DEFAULT NULL COMMENT 'Cc Ss Owner',
  `cc_ss_start_month` smallint(5) unsigned DEFAULT 0 COMMENT 'Cc Ss Start Month',
  `cc_ss_start_year` smallint(5) unsigned DEFAULT 0 COMMENT 'Cc Ss Start Year',
  `po_number` varchar(255) DEFAULT NULL COMMENT 'Po Number',
  `additional_data` text DEFAULT NULL COMMENT 'Additional Data',
  `cc_ss_issue` varchar(255) DEFAULT NULL COMMENT 'Cc Ss Issue',
  `additional_information` text DEFAULT NULL COMMENT 'Additional Information',
  `paypal_payer_id` varchar(255) DEFAULT NULL COMMENT 'Paypal Payer ID',
  `paypal_payer_status` varchar(255) DEFAULT NULL COMMENT 'Paypal Payer Status',
  `paypal_correlation_id` varchar(255) DEFAULT NULL COMMENT 'Paypal Correlation ID',
  PRIMARY KEY (`payment_id`),
  KEY `QUOTE_PAYMENT_QUOTE_ID` (`quote_id`),
  CONSTRAINT `QUOTE_PAYMENT_QUOTE_ID_QUOTE_ENTITY_ID` FOREIGN KEY (`quote_id`) REFERENCES `quote` (`entity_id`) ON DELETE CASCADE
) ENGINE=InnoDB AUTO_INCREMENT=233 DEFAULT CHARSET=utf8 COMMENT='Sales Flat Quote Payment';

--
-- Dumping data for table `quote_payment`
--

INSERT INTO `quote_payment` VALUES (226,443,'2021-12-10 09:38:25','2021-12-10 09:38:25','lof_zalopayment',NULL,NULL,NULL,NULL,NULL,NULL,0,NULL,0,0,NULL,NULL,NULL,'null',NULL,NULL,NULL),(227,588,'2021-12-16 07:55:30','2021-12-16 07:55:30','cashondelivery',NULL,NULL,NULL,NULL,NULL,NULL,0,NULL,0,0,NULL,NULL,NULL,'null',NULL,NULL,NULL),(228,591,'2021-12-16 08:05:36','2021-12-16 08:05:36','cashondelivery',NULL,NULL,NULL,NULL,NULL,NULL,0,NULL,0,0,NULL,NULL,NULL,'null',NULL,NULL,NULL),(229,603,'2021-12-16 09:39:11','2021-12-16 09:39:11','cashondelivery',NULL,NULL,NULL,NULL,NULL,NULL,0,NULL,0,0,NULL,NULL,NULL,'null',NULL,NULL,NULL),(230,442,'2022-01-05 04:46:31','2022-01-05 04:46:31','vnpay',NULL,NULL,NULL,NULL,NULL,NULL,0,NULL,0,0,NULL,NULL,NULL,'null',NULL,NULL,NULL),(231,786,'2022-01-06 02:26:58','2022-01-06 02:26:58','vnpay',NULL,NULL,NULL,NULL,NULL,NULL,0,NULL,0,0,NULL,NULL,NULL,'null',NULL,NULL,NULL),(232,874,'2022-01-07 10:05:16','2022-01-07 10:05:16','banktransfer',NULL,NULL,NULL,NULL,NULL,NULL,0,NULL,0,0,NULL,NULL,NULL,'null',NULL,NULL,NULL);

--
-- Table structure for table `quote_shipping_rate`
--

CREATE TABLE `quote_shipping_rate` (
  `rate_id` int(10) unsigned NOT NULL AUTO_INCREMENT COMMENT 'Rate ID',
  `address_id` int(10) unsigned NOT NULL DEFAULT 0 COMMENT 'Address ID',
  `created_at` timestamp NOT NULL DEFAULT current_timestamp() COMMENT 'Created At',
  `updated_at` timestamp NOT NULL DEFAULT current_timestamp() ON UPDATE current_timestamp() COMMENT 'Updated At',
  `carrier` varchar(255) DEFAULT NULL COMMENT 'Carrier',
  `carrier_title` varchar(255) DEFAULT NULL COMMENT 'Carrier Title',
  `code` varchar(255) DEFAULT NULL COMMENT 'Code',
  `method` varchar(255) DEFAULT NULL COMMENT 'Method',
  `method_description` text DEFAULT NULL COMMENT 'Method Description',
  `price` decimal(20,4) NOT NULL DEFAULT 0.0000 COMMENT 'Price',
  `error_message` text DEFAULT NULL COMMENT 'Error Message',
  `method_title` text DEFAULT NULL COMMENT 'Method Title',
  PRIMARY KEY (`rate_id`),
  KEY `QUOTE_SHIPPING_RATE_ADDRESS_ID` (`address_id`),
  CONSTRAINT `QUOTE_SHIPPING_RATE_ADDRESS_ID_QUOTE_ADDRESS_ADDRESS_ID` FOREIGN KEY (`address_id`) REFERENCES `quote_address` (`address_id`) ON DELETE CASCADE
) ENGINE=InnoDB AUTO_INCREMENT=1339 DEFAULT CHARSET=utf8 COMMENT='Sales Flat Quote Shipping Rate';

--
-- Dumping data for table `quote_shipping_rate`
--

INSERT INTO `quote_shipping_rate` VALUES (1325,1576,'2021-12-16 07:55:30','2021-12-16 07:55:30','freeshipping','Miễn phí giao hàng','freeshipping_freeshipping','freeshipping',NULL,0.0000,NULL,'Miễn phí'),(1327,2053,'2021-12-28 10:37:51','2021-12-28 10:37:51','freeshipping','Miễn phí giao hàng','freeshipping_freeshipping','freeshipping',NULL,0.0000,NULL,'Miễn phí'),(1330,2055,'2021-12-28 14:38:59','2021-12-28 14:38:59','freeshipping','Miễn phí giao hàng','freeshipping_freeshipping','freeshipping',NULL,0.0000,NULL,'Miễn phí'),(1333,1282,'2022-01-05 04:46:31','2022-01-05 04:46:31','freeshipping','Miễn phí giao hàng','freeshipping_freeshipping','freeshipping',NULL,0.0000,NULL,'Miễn phí'),(1338,1973,'2022-01-06 02:26:58','2022-01-06 02:26:58','freeshipping','Miễn phí giao hàng','freeshipping_freeshipping','freeshipping',NULL,0.0000,NULL,'Miễn phí');

--
-- Table structure for table `rating`
--

CREATE TABLE `rating` (
  `rating_id` smallint(5) unsigned NOT NULL AUTO_INCREMENT COMMENT 'Rating ID',
  `entity_id` smallint(5) unsigned NOT NULL DEFAULT 0 COMMENT 'Entity ID',
  `rating_code` varchar(64) NOT NULL COMMENT 'Rating Code',
  `position` smallint(5) unsigned NOT NULL DEFAULT 0 COMMENT 'Rating Position On Storefront',
  `is_active` smallint(6) NOT NULL DEFAULT 1 COMMENT 'Rating is active.',
  PRIMARY KEY (`rating_id`),
  UNIQUE KEY `RATING_RATING_CODE` (`rating_code`),
  KEY `RATING_ENTITY_ID` (`entity_id`),
  CONSTRAINT `RATING_ENTITY_ID_RATING_ENTITY_ENTITY_ID` FOREIGN KEY (`entity_id`) REFERENCES `rating_entity` (`entity_id`) ON DELETE CASCADE
) ENGINE=InnoDB AUTO_INCREMENT=4 DEFAULT CHARSET=utf8 COMMENT='Ratings';

--
-- Dumping data for table `rating`
--

INSERT INTO `rating` VALUES (1,1,'Quality',0,1),(2,1,'Value',0,1),(3,1,'Price',0,1);

--
-- Table structure for table `rating_entity`
--

CREATE TABLE `rating_entity` (
  `entity_id` smallint(5) unsigned NOT NULL AUTO_INCREMENT COMMENT 'Entity ID',
  `entity_code` varchar(64) NOT NULL COMMENT 'Entity Code',
  PRIMARY KEY (`entity_id`),
  UNIQUE KEY `RATING_ENTITY_ENTITY_CODE` (`entity_code`)
) ENGINE=InnoDB AUTO_INCREMENT=4 DEFAULT CHARSET=utf8 COMMENT='Rating entities';

--
-- Dumping data for table `rating_entity`
--

INSERT INTO `rating_entity` VALUES (1,'product'),(2,'product_review'),(3,'review');

--
-- Table structure for table `rating_option`
--

CREATE TABLE `rating_option` (
  `option_id` int(10) unsigned NOT NULL AUTO_INCREMENT COMMENT 'Rating Option ID',
  `rating_id` smallint(5) unsigned NOT NULL DEFAULT 0 COMMENT 'Rating ID',
  `code` varchar(32) NOT NULL COMMENT 'Rating Option Code',
  `value` smallint(5) unsigned NOT NULL DEFAULT 0 COMMENT 'Rating Option Value',
  `position` smallint(5) unsigned NOT NULL DEFAULT 0 COMMENT 'Ration option position on Storefront',
  PRIMARY KEY (`option_id`),
  KEY `RATING_OPTION_RATING_ID` (`rating_id`),
  CONSTRAINT `RATING_OPTION_RATING_ID_RATING_RATING_ID` FOREIGN KEY (`rating_id`) REFERENCES `rating` (`rating_id`) ON DELETE CASCADE
) ENGINE=InnoDB AUTO_INCREMENT=16 DEFAULT CHARSET=utf8 COMMENT='Rating options';

--
-- Dumping data for table `rating_option`
--

INSERT INTO `rating_option` VALUES (1,1,'1',1,1),(2,1,'2',2,2),(3,1,'3',3,3),(4,1,'4',4,4),(5,1,'5',5,5),(6,2,'1',1,1),(7,2,'2',2,2),(8,2,'3',3,3),(9,2,'4',4,4),(10,2,'5',5,5),(11,3,'1',1,1),(12,3,'2',2,2),(13,3,'3',3,3),(14,3,'4',4,4),(15,3,'5',5,5);

--
-- Table structure for table `rating_option_vote`
--

CREATE TABLE `rating_option_vote` (
  `vote_id` bigint(20) unsigned NOT NULL AUTO_INCREMENT COMMENT 'Vote ID',
  `option_id` int(10) unsigned NOT NULL DEFAULT 0 COMMENT 'Vote option ID',
  `remote_ip` varchar(16) NOT NULL COMMENT 'Customer IP',
  `remote_ip_long` bigint(20) NOT NULL DEFAULT 0 COMMENT 'Customer IP converted to long integer format',
  `customer_id` int(10) unsigned DEFAULT 0 COMMENT 'Customer ID',
  `entity_pk_value` bigint(20) unsigned NOT NULL DEFAULT 0 COMMENT 'Product ID',
  `rating_id` smallint(5) unsigned NOT NULL DEFAULT 0 COMMENT 'Rating ID',
  `review_id` bigint(20) unsigned DEFAULT NULL COMMENT 'Review ID',
  `percent` smallint(6) NOT NULL DEFAULT 0 COMMENT 'Percent amount',
  `value` smallint(6) NOT NULL DEFAULT 0 COMMENT 'Vote option value',
  PRIMARY KEY (`vote_id`),
  KEY `RATING_OPTION_VOTE_REVIEW_ID_REVIEW_REVIEW_ID` (`review_id`),
  KEY `RATING_OPTION_VOTE_OPTION_ID` (`option_id`),
  CONSTRAINT `RATING_OPTION_VOTE_OPTION_ID_RATING_OPTION_OPTION_ID` FOREIGN KEY (`option_id`) REFERENCES `rating_option` (`option_id`) ON DELETE CASCADE,
  CONSTRAINT `RATING_OPTION_VOTE_REVIEW_ID_REVIEW_REVIEW_ID` FOREIGN KEY (`review_id`) REFERENCES `review` (`review_id`) ON DELETE CASCADE
) ENGINE=InnoDB AUTO_INCREMENT=64 DEFAULT CHARSET=utf8 COMMENT='Rating option values';

--
-- Dumping data for table `rating_option_vote`
--

INSERT INTO `rating_option_vote` VALUES (58,8,'118.70.81.72',1984319816,NULL,39,2,20,60,3),(59,3,'118.70.81.72',1984319816,NULL,39,1,20,60,3),(60,13,'118.70.81.72',1984319816,NULL,39,3,20,60,3),(61,5,'14.177.144.133',246517893,NULL,4469,1,21,100,5),(62,15,'14.177.144.133',246517893,NULL,4469,3,21,100,5),(63,10,'14.177.144.133',246517893,NULL,4469,2,21,100,5);

--
-- Table structure for table `rating_option_vote_aggregated`
--

CREATE TABLE `rating_option_vote_aggregated` (
  `primary_id` int(11) NOT NULL AUTO_INCREMENT COMMENT 'Vote aggregation ID',
  `rating_id` smallint(5) unsigned NOT NULL DEFAULT 0 COMMENT 'Rating ID',
  `entity_pk_value` bigint(20) unsigned NOT NULL DEFAULT 0 COMMENT 'Product ID',
  `vote_count` int(10) unsigned NOT NULL DEFAULT 0 COMMENT 'Vote dty',
  `vote_value_sum` int(10) unsigned NOT NULL DEFAULT 0 COMMENT 'General vote sum',
  `percent` smallint(6) NOT NULL DEFAULT 0 COMMENT 'Vote percent',
  `percent_approved` smallint(6) DEFAULT 0 COMMENT 'Vote percent approved by admin',
  `store_id` smallint(5) unsigned NOT NULL DEFAULT 0 COMMENT 'Store ID',
  PRIMARY KEY (`primary_id`),
  KEY `RATING_OPTION_VOTE_AGGREGATED_RATING_ID` (`rating_id`),
  KEY `RATING_OPTION_VOTE_AGGREGATED_STORE_ID` (`store_id`),
  CONSTRAINT `RATING_OPTION_VOTE_AGGREGATED_RATING_ID_RATING_RATING_ID` FOREIGN KEY (`rating_id`) REFERENCES `rating` (`rating_id`) ON DELETE CASCADE,
  CONSTRAINT `RATING_OPTION_VOTE_AGGREGATED_STORE_ID_STORE_STORE_ID` FOREIGN KEY (`store_id`) REFERENCES `store` (`store_id`) ON DELETE CASCADE
) ENGINE=InnoDB AUTO_INCREMENT=637 DEFAULT CHARSET=utf8 COMMENT='Rating vote aggregated';

--
-- Dumping data for table `rating_option_vote_aggregated`
--

INSERT INTO `rating_option_vote_aggregated` VALUES (625,2,39,1,3,60,0,0),(626,2,39,1,3,60,0,9),(627,1,39,1,3,60,0,0),(628,1,39,1,3,60,0,9),(629,3,39,1,3,60,0,0),(630,3,39,1,3,60,0,9),(631,1,4469,1,5,100,100,0),(632,1,4469,1,5,100,100,9),(633,3,4469,1,5,100,100,0),(634,3,4469,1,5,100,100,9),(635,2,4469,1,5,100,100,0),(636,2,4469,1,5,100,100,9);

--
-- Table structure for table `rating_store`
--

CREATE TABLE `rating_store` (
  `rating_id` smallint(5) unsigned NOT NULL DEFAULT 0 COMMENT 'Rating ID',
  `store_id` smallint(5) unsigned NOT NULL DEFAULT 0 COMMENT 'Store ID',
  PRIMARY KEY (`rating_id`,`store_id`),
  KEY `RATING_STORE_STORE_ID` (`store_id`),
  CONSTRAINT `RATING_STORE_RATING_ID_RATING_RATING_ID` FOREIGN KEY (`rating_id`) REFERENCES `rating` (`rating_id`) ON DELETE CASCADE,
  CONSTRAINT `RATING_STORE_STORE_ID_STORE_STORE_ID` FOREIGN KEY (`store_id`) REFERENCES `store` (`store_id`) ON DELETE CASCADE
) ENGINE=InnoDB DEFAULT CHARSET=utf8 COMMENT='Rating Store';

--
-- Dumping data for table `rating_store`
--

INSERT INTO `rating_store` VALUES (1,0),(1,9),(2,0),(2,9),(3,0),(3,9);

--
-- Table structure for table `rating_title`
--

CREATE TABLE `rating_title` (
  `rating_id` smallint(5) unsigned NOT NULL DEFAULT 0 COMMENT 'Rating ID',
  `store_id` smallint(5) unsigned NOT NULL DEFAULT 0 COMMENT 'Store ID',
  `value` varchar(255) NOT NULL COMMENT 'Rating Label',
  PRIMARY KEY (`rating_id`,`store_id`),
  KEY `RATING_TITLE_STORE_ID` (`store_id`),
  CONSTRAINT `RATING_TITLE_RATING_ID_RATING_RATING_ID` FOREIGN KEY (`rating_id`) REFERENCES `rating` (`rating_id`) ON DELETE CASCADE,
  CONSTRAINT `RATING_TITLE_STORE_ID_STORE_STORE_ID` FOREIGN KEY (`store_id`) REFERENCES `store` (`store_id`) ON DELETE CASCADE
) ENGINE=InnoDB DEFAULT CHARSET=utf8 COMMENT='Rating Title';

--
-- Dumping data for table `rating_title`
--


--
-- Table structure for table `release_notification_viewer_log`
--

CREATE TABLE `release_notification_viewer_log` (
  `id` int(10) unsigned NOT NULL AUTO_INCREMENT COMMENT 'Log ID',
  `viewer_id` int(10) unsigned NOT NULL COMMENT 'Viewer admin user ID',
  `last_view_version` varchar(16) NOT NULL COMMENT 'Viewer last view on product version',
  PRIMARY KEY (`id`),
  UNIQUE KEY `RELEASE_NOTIFICATION_VIEWER_LOG_VIEWER_ID` (`viewer_id`),
  CONSTRAINT `RELEASE_NOTIFICATION_VIEWER_LOG_VIEWER_ID_ADMIN_USER_USER_ID` FOREIGN KEY (`viewer_id`) REFERENCES `admin_user` (`user_id`) ON DELETE CASCADE
) ENGINE=InnoDB DEFAULT CHARSET=utf8 COMMENT='Release Notification Viewer Log Table';

--
-- Dumping data for table `release_notification_viewer_log`
--


--
-- Table structure for table `report_compared_product_index`
--

CREATE TABLE `report_compared_product_index` (
  `index_id` bigint(20) unsigned NOT NULL AUTO_INCREMENT COMMENT 'Index ID',
  `visitor_id` int(10) unsigned DEFAULT NULL COMMENT 'Visitor ID',
  `customer_id` int(10) unsigned DEFAULT NULL COMMENT 'Customer ID',
  `product_id` int(10) unsigned NOT NULL COMMENT 'Product ID',
  `store_id` smallint(5) unsigned DEFAULT NULL COMMENT 'Store ID',
  `added_at` timestamp NOT NULL DEFAULT current_timestamp() COMMENT 'Added At',
  PRIMARY KEY (`index_id`),
  UNIQUE KEY `REPORT_COMPARED_PRODUCT_INDEX_VISITOR_ID_PRODUCT_ID` (`visitor_id`,`product_id`),
  UNIQUE KEY `REPORT_COMPARED_PRODUCT_INDEX_CUSTOMER_ID_PRODUCT_ID` (`customer_id`,`product_id`),
  KEY `REPORT_COMPARED_PRODUCT_INDEX_STORE_ID` (`store_id`),
  KEY `REPORT_COMPARED_PRODUCT_INDEX_ADDED_AT` (`added_at`),
  KEY `REPORT_COMPARED_PRODUCT_INDEX_PRODUCT_ID` (`product_id`),
  CONSTRAINT `REPORT_CMPD_PRD_IDX_CSTR_ID_CSTR_ENTT_ENTT_ID` FOREIGN KEY (`customer_id`) REFERENCES `customer_entity` (`entity_id`) ON DELETE CASCADE,
  CONSTRAINT `REPORT_CMPD_PRD_IDX_PRD_ID_CAT_PRD_ENTT_ENTT_ID` FOREIGN KEY (`product_id`) REFERENCES `catalog_product_entity` (`entity_id`) ON DELETE CASCADE,
  CONSTRAINT `REPORT_COMPARED_PRODUCT_INDEX_STORE_ID_STORE_STORE_ID` FOREIGN KEY (`store_id`) REFERENCES `store` (`store_id`) ON DELETE SET NULL
) ENGINE=InnoDB DEFAULT CHARSET=utf8 COMMENT='Reports Compared Product Index Table';

--
-- Dumping data for table `report_compared_product_index`
--


--
-- Table structure for table `report_event`
--

CREATE TABLE `report_event` (
  `event_id` bigint(20) unsigned NOT NULL AUTO_INCREMENT COMMENT 'Event ID',
  `logged_at` timestamp NOT NULL DEFAULT current_timestamp() COMMENT 'Logged At',
  `event_type_id` smallint(5) unsigned NOT NULL DEFAULT 0 COMMENT 'Event Type ID',
  `object_id` int(10) unsigned NOT NULL DEFAULT 0 COMMENT 'Object ID',
  `subject_id` int(10) unsigned NOT NULL DEFAULT 0 COMMENT 'Subject ID',
  `subtype` smallint(5) unsigned NOT NULL DEFAULT 0 COMMENT 'Subtype',
  `store_id` smallint(5) unsigned NOT NULL COMMENT 'Store ID',
  PRIMARY KEY (`event_id`),
  KEY `REPORT_EVENT_EVENT_TYPE_ID` (`event_type_id`),
  KEY `REPORT_EVENT_SUBJECT_ID` (`subject_id`),
  KEY `REPORT_EVENT_OBJECT_ID` (`object_id`),
  KEY `REPORT_EVENT_SUBTYPE` (`subtype`),
  KEY `REPORT_EVENT_STORE_ID` (`store_id`),
  CONSTRAINT `REPORT_EVENT_EVENT_TYPE_ID_REPORT_EVENT_TYPES_EVENT_TYPE_ID` FOREIGN KEY (`event_type_id`) REFERENCES `report_event_types` (`event_type_id`) ON DELETE CASCADE,
  CONSTRAINT `REPORT_EVENT_STORE_ID_STORE_STORE_ID` FOREIGN KEY (`store_id`) REFERENCES `store` (`store_id`) ON DELETE CASCADE
) ENGINE=InnoDB DEFAULT CHARSET=utf8 COMMENT='Reports Event Table';

--
-- Dumping data for table `report_event`
--


--
-- Table structure for table `report_event_types`
--

CREATE TABLE `report_event_types` (
  `event_type_id` smallint(5) unsigned NOT NULL AUTO_INCREMENT COMMENT 'Event Type ID',
  `event_name` varchar(64) NOT NULL COMMENT 'Event Name',
  `customer_login` smallint(5) unsigned NOT NULL DEFAULT 0 COMMENT 'Customer Login',
  PRIMARY KEY (`event_type_id`)
) ENGINE=InnoDB AUTO_INCREMENT=7 DEFAULT CHARSET=utf8 COMMENT='Reports Event Type Table';

--
-- Dumping data for table `report_event_types`
--

INSERT INTO `report_event_types` VALUES (1,'catalog_product_view',0),(2,'sendfriend_product',0),(3,'catalog_product_compare_add_product',0),(4,'checkout_cart_add_product',0),(5,'wishlist_add_product',0),(6,'wishlist_share',0);

--
-- Table structure for table `report_viewed_product_aggregated_daily`
--

CREATE TABLE `report_viewed_product_aggregated_daily` (
  `id` int(10) unsigned NOT NULL AUTO_INCREMENT COMMENT 'ID',
  `period` date DEFAULT NULL COMMENT 'Period',
  `store_id` smallint(5) unsigned DEFAULT NULL COMMENT 'Store ID',
  `product_id` int(10) unsigned DEFAULT NULL COMMENT 'Product ID',
  `product_name` varchar(255) DEFAULT NULL COMMENT 'Product Name',
  `product_price` decimal(12,4) NOT NULL DEFAULT 0.0000 COMMENT 'Product Price',
  `views_num` int(11) NOT NULL DEFAULT 0 COMMENT 'Number of Views',
  `rating_pos` smallint(5) unsigned NOT NULL DEFAULT 0 COMMENT 'Rating Pos',
  PRIMARY KEY (`id`),
  UNIQUE KEY `REPORT_VIEWED_PRD_AGGRED_DAILY_PERIOD_STORE_ID_PRD_ID` (`period`,`store_id`,`product_id`),
  KEY `REPORT_VIEWED_PRODUCT_AGGREGATED_DAILY_STORE_ID` (`store_id`),
  KEY `REPORT_VIEWED_PRODUCT_AGGREGATED_DAILY_PRODUCT_ID` (`product_id`),
  CONSTRAINT `REPORT_VIEWED_PRD_AGGRED_DAILY_PRD_ID_CAT_PRD_ENTT_ENTT_ID` FOREIGN KEY (`product_id`) REFERENCES `catalog_product_entity` (`entity_id`) ON DELETE CASCADE,
  CONSTRAINT `REPORT_VIEWED_PRODUCT_AGGREGATED_DAILY_STORE_ID_STORE_STORE_ID` FOREIGN KEY (`store_id`) REFERENCES `store` (`store_id`) ON DELETE CASCADE
) ENGINE=InnoDB DEFAULT CHARSET=utf8 COMMENT='Most Viewed Products Aggregated Daily';

--
-- Dumping data for table `report_viewed_product_aggregated_daily`
--


--
-- Table structure for table `report_viewed_product_aggregated_monthly`
--

CREATE TABLE `report_viewed_product_aggregated_monthly` (
  `id` int(10) unsigned NOT NULL AUTO_INCREMENT COMMENT 'ID',
  `period` date DEFAULT NULL COMMENT 'Period',
  `store_id` smallint(5) unsigned DEFAULT NULL COMMENT 'Store ID',
  `product_id` int(10) unsigned DEFAULT NULL COMMENT 'Product ID',
  `product_name` varchar(255) DEFAULT NULL COMMENT 'Product Name',
  `product_price` decimal(12,4) NOT NULL DEFAULT 0.0000 COMMENT 'Product Price',
  `views_num` int(11) NOT NULL DEFAULT 0 COMMENT 'Number of Views',
  `rating_pos` smallint(5) unsigned NOT NULL DEFAULT 0 COMMENT 'Rating Pos',
  PRIMARY KEY (`id`),
  UNIQUE KEY `REPORT_VIEWED_PRD_AGGRED_MONTHLY_PERIOD_STORE_ID_PRD_ID` (`period`,`store_id`,`product_id`),
  KEY `REPORT_VIEWED_PRODUCT_AGGREGATED_MONTHLY_STORE_ID` (`store_id`),
  KEY `REPORT_VIEWED_PRODUCT_AGGREGATED_MONTHLY_PRODUCT_ID` (`product_id`),
  CONSTRAINT `REPORT_VIEWED_PRD_AGGRED_MONTHLY_PRD_ID_CAT_PRD_ENTT_ENTT_ID` FOREIGN KEY (`product_id`) REFERENCES `catalog_product_entity` (`entity_id`) ON DELETE CASCADE,
  CONSTRAINT `REPORT_VIEWED_PRODUCT_AGGREGATED_MONTHLY_STORE_ID_STORE_STORE_ID` FOREIGN KEY (`store_id`) REFERENCES `store` (`store_id`) ON DELETE CASCADE
) ENGINE=InnoDB DEFAULT CHARSET=utf8 COMMENT='Most Viewed Products Aggregated Monthly';

--
-- Dumping data for table `report_viewed_product_aggregated_monthly`
--


--
-- Table structure for table `report_viewed_product_aggregated_yearly`
--

CREATE TABLE `report_viewed_product_aggregated_yearly` (
  `id` int(10) unsigned NOT NULL AUTO_INCREMENT COMMENT 'ID',
  `period` date DEFAULT NULL COMMENT 'Period',
  `store_id` smallint(5) unsigned DEFAULT NULL COMMENT 'Store ID',
  `product_id` int(10) unsigned DEFAULT NULL COMMENT 'Product ID',
  `product_name` varchar(255) DEFAULT NULL COMMENT 'Product Name',
  `product_price` decimal(12,4) NOT NULL DEFAULT 0.0000 COMMENT 'Product Price',
  `views_num` int(11) NOT NULL DEFAULT 0 COMMENT 'Number of Views',
  `rating_pos` smallint(5) unsigned NOT NULL DEFAULT 0 COMMENT 'Rating Pos',
  PRIMARY KEY (`id`),
  UNIQUE KEY `REPORT_VIEWED_PRD_AGGRED_YEARLY_PERIOD_STORE_ID_PRD_ID` (`period`,`store_id`,`product_id`),
  KEY `REPORT_VIEWED_PRODUCT_AGGREGATED_YEARLY_STORE_ID` (`store_id`),
  KEY `REPORT_VIEWED_PRODUCT_AGGREGATED_YEARLY_PRODUCT_ID` (`product_id`),
  CONSTRAINT `REPORT_VIEWED_PRD_AGGRED_YEARLY_PRD_ID_CAT_PRD_ENTT_ENTT_ID` FOREIGN KEY (`product_id`) REFERENCES `catalog_product_entity` (`entity_id`) ON DELETE CASCADE,
  CONSTRAINT `REPORT_VIEWED_PRODUCT_AGGREGATED_YEARLY_STORE_ID_STORE_STORE_ID` FOREIGN KEY (`store_id`) REFERENCES `store` (`store_id`) ON DELETE CASCADE
) ENGINE=InnoDB DEFAULT CHARSET=utf8 COMMENT='Most Viewed Products Aggregated Yearly';

--
-- Dumping data for table `report_viewed_product_aggregated_yearly`
--


--
-- Table structure for table `report_viewed_product_index`
--

CREATE TABLE `report_viewed_product_index` (
  `index_id` bigint(20) unsigned NOT NULL AUTO_INCREMENT COMMENT 'Index ID',
  `visitor_id` int(10) unsigned DEFAULT NULL COMMENT 'Visitor ID',
  `customer_id` int(10) unsigned DEFAULT NULL COMMENT 'Customer ID',
  `product_id` int(10) unsigned NOT NULL COMMENT 'Product ID',
  `store_id` smallint(5) unsigned DEFAULT NULL COMMENT 'Store ID',
  `added_at` timestamp NOT NULL DEFAULT current_timestamp() COMMENT 'Added At',
  PRIMARY KEY (`index_id`),
  UNIQUE KEY `REPORT_VIEWED_PRODUCT_INDEX_VISITOR_ID_PRODUCT_ID` (`visitor_id`,`product_id`),
  UNIQUE KEY `REPORT_VIEWED_PRODUCT_INDEX_CUSTOMER_ID_PRODUCT_ID` (`customer_id`,`product_id`),
  KEY `REPORT_VIEWED_PRODUCT_INDEX_STORE_ID` (`store_id`),
  KEY `REPORT_VIEWED_PRODUCT_INDEX_ADDED_AT` (`added_at`),
  KEY `REPORT_VIEWED_PRODUCT_INDEX_PRODUCT_ID` (`product_id`),
  CONSTRAINT `REPORT_VIEWED_PRD_IDX_CSTR_ID_CSTR_ENTT_ENTT_ID` FOREIGN KEY (`customer_id`) REFERENCES `customer_entity` (`entity_id`) ON DELETE CASCADE,
  CONSTRAINT `REPORT_VIEWED_PRD_IDX_PRD_ID_CAT_PRD_ENTT_ENTT_ID` FOREIGN KEY (`product_id`) REFERENCES `catalog_product_entity` (`entity_id`) ON DELETE CASCADE,
  CONSTRAINT `REPORT_VIEWED_PRODUCT_INDEX_STORE_ID_STORE_STORE_ID` FOREIGN KEY (`store_id`) REFERENCES `store` (`store_id`) ON DELETE SET NULL
) ENGINE=InnoDB DEFAULT CHARSET=utf8 COMMENT='Reports Viewed Product Index Table';

--
-- Dumping data for table `report_viewed_product_index`
--


--
-- Table structure for table `reporting_counts`
--

CREATE TABLE `reporting_counts` (
  `entity_id` int(10) unsigned NOT NULL AUTO_INCREMENT COMMENT 'Entity ID',
  `type` varchar(255) DEFAULT NULL COMMENT 'Item Reported',
  `count` int(10) unsigned DEFAULT NULL COMMENT 'Count Value',
  `updated_at` timestamp NOT NULL DEFAULT current_timestamp() ON UPDATE current_timestamp() COMMENT 'Updated At',
  PRIMARY KEY (`entity_id`)
) ENGINE=InnoDB DEFAULT CHARSET=utf8 COMMENT='Reporting for all count related events generated via the cron job';

--
-- Dumping data for table `reporting_counts`
--


--
-- Table structure for table `reporting_module_status`
--

CREATE TABLE `reporting_module_status` (
  `entity_id` int(10) unsigned NOT NULL AUTO_INCREMENT COMMENT 'Module ID',
  `name` varchar(255) DEFAULT NULL COMMENT 'Module Name',
  `active` varchar(255) DEFAULT NULL COMMENT 'Module Active Status',
  `setup_version` varchar(255) DEFAULT NULL COMMENT 'Module Version',
  `state` varchar(255) DEFAULT NULL COMMENT 'Module State',
  `updated_at` timestamp NOT NULL DEFAULT current_timestamp() ON UPDATE current_timestamp() COMMENT 'Updated At',
  PRIMARY KEY (`entity_id`)
) ENGINE=InnoDB DEFAULT CHARSET=utf8 COMMENT='Module Status Table';

--
-- Dumping data for table `reporting_module_status`
--


--
-- Table structure for table `reporting_orders`
--

CREATE TABLE `reporting_orders` (
  `entity_id` int(10) unsigned NOT NULL AUTO_INCREMENT COMMENT 'Entity ID',
  `customer_id` int(10) unsigned DEFAULT NULL COMMENT 'Customer ID',
  `total` decimal(20,4) unsigned DEFAULT NULL,
  `total_base` decimal(20,4) unsigned DEFAULT NULL,
  `item_count` int(10) unsigned NOT NULL COMMENT 'Line Item Count',
  `updated_at` timestamp NOT NULL DEFAULT current_timestamp() COMMENT 'Updated At',
  PRIMARY KEY (`entity_id`)
) ENGINE=InnoDB DEFAULT CHARSET=utf8 COMMENT='Reporting for all orders';

--
-- Dumping data for table `reporting_orders`
--


--
-- Table structure for table `reporting_system_updates`
--

CREATE TABLE `reporting_system_updates` (
  `entity_id` int(10) unsigned NOT NULL AUTO_INCREMENT COMMENT 'Entity ID',
  `type` varchar(255) DEFAULT NULL COMMENT 'Update Type',
  `action` varchar(255) DEFAULT NULL COMMENT 'Action Performed',
  `updated_at` timestamp NOT NULL DEFAULT current_timestamp() COMMENT 'Updated At',
  PRIMARY KEY (`entity_id`)
) ENGINE=InnoDB DEFAULT CHARSET=utf8 COMMENT='Reporting for system updates';

--
-- Dumping data for table `reporting_system_updates`
--


--
-- Table structure for table `reporting_users`
--

CREATE TABLE `reporting_users` (
  `entity_id` int(10) unsigned NOT NULL AUTO_INCREMENT COMMENT 'Entity ID',
  `type` varchar(255) DEFAULT NULL COMMENT 'User Type',
  `action` varchar(255) DEFAULT NULL COMMENT 'Action Performed',
  `updated_at` timestamp NOT NULL DEFAULT current_timestamp() COMMENT 'Updated At',
  PRIMARY KEY (`entity_id`)
) ENGINE=InnoDB DEFAULT CHARSET=utf8 COMMENT='Reporting for user actions';

--
-- Dumping data for table `reporting_users`
--


--
-- Table structure for table `review`
--

CREATE TABLE `review` (
  `review_id` bigint(20) unsigned NOT NULL AUTO_INCREMENT COMMENT 'Review ID',
  `created_at` timestamp NOT NULL DEFAULT current_timestamp() COMMENT 'Review create date',
  `entity_id` smallint(5) unsigned NOT NULL DEFAULT 0 COMMENT 'Entity ID',
  `entity_pk_value` int(10) unsigned NOT NULL DEFAULT 0 COMMENT 'Product ID',
  `status_id` smallint(5) unsigned NOT NULL DEFAULT 0 COMMENT 'Status code',
  PRIMARY KEY (`review_id`),
  KEY `REVIEW_ENTITY_ID` (`entity_id`),
  KEY `REVIEW_STATUS_ID` (`status_id`),
  KEY `REVIEW_ENTITY_PK_VALUE` (`entity_pk_value`),
  CONSTRAINT `REVIEW_ENTITY_ID_REVIEW_ENTITY_ENTITY_ID` FOREIGN KEY (`entity_id`) REFERENCES `review_entity` (`entity_id`) ON DELETE CASCADE,
  CONSTRAINT `REVIEW_STATUS_ID_REVIEW_STATUS_STATUS_ID` FOREIGN KEY (`status_id`) REFERENCES `review_status` (`status_id`) ON DELETE NO ACTION
) ENGINE=InnoDB AUTO_INCREMENT=22 DEFAULT CHARSET=utf8 COMMENT='Review base information';

--
-- Dumping data for table `review`
--

INSERT INTO `review` VALUES (20,'2021-11-10 08:00:49',1,39,2),(21,'2021-12-27 09:14:34',1,4469,1);

--
-- Table structure for table `review_detail`
--

CREATE TABLE `review_detail` (
  `detail_id` bigint(20) unsigned NOT NULL AUTO_INCREMENT COMMENT 'Review detail ID',
  `review_id` bigint(20) unsigned NOT NULL DEFAULT 0 COMMENT 'Review ID',
  `store_id` smallint(5) unsigned DEFAULT 0 COMMENT 'Store ID',
  `title` varchar(255) NOT NULL COMMENT 'Title',
  `detail` text NOT NULL COMMENT 'Detail description',
  `nickname` varchar(128) NOT NULL COMMENT 'User nickname',
  `customer_id` int(10) unsigned DEFAULT NULL COMMENT 'Customer ID',
  PRIMARY KEY (`detail_id`),
  KEY `REVIEW_DETAIL_REVIEW_ID` (`review_id`),
  KEY `REVIEW_DETAIL_STORE_ID` (`store_id`),
  KEY `REVIEW_DETAIL_CUSTOMER_ID` (`customer_id`),
  CONSTRAINT `REVIEW_DETAIL_CUSTOMER_ID_CUSTOMER_ENTITY_ENTITY_ID` FOREIGN KEY (`customer_id`) REFERENCES `customer_entity` (`entity_id`) ON DELETE SET NULL,
  CONSTRAINT `REVIEW_DETAIL_REVIEW_ID_REVIEW_REVIEW_ID` FOREIGN KEY (`review_id`) REFERENCES `review` (`review_id`) ON DELETE CASCADE,
  CONSTRAINT `REVIEW_DETAIL_STORE_ID_STORE_STORE_ID` FOREIGN KEY (`store_id`) REFERENCES `store` (`store_id`) ON DELETE SET NULL
) ENGINE=InnoDB AUTO_INCREMENT=22 DEFAULT CHARSET=utf8 COMMENT='Review detail information';

--
-- Dumping data for table `review_detail`
--

INSERT INTO `review_detail` VALUES (20,20,9,'các chi tiết chức năng cơ bản','dễ dangft hao tác tuy nhiên hạn chế về mẫu mã và chất liệu','anh',NULL),(21,21,9,'rất chất lượng','Tôi vừa mua sản phẩm và thấy rất ổn về giá thành và chất lượng','Thanh',NULL);

--
-- Table structure for table `review_entity`
--

CREATE TABLE `review_entity` (
  `entity_id` smallint(5) unsigned NOT NULL AUTO_INCREMENT COMMENT 'Review entity ID',
  `entity_code` varchar(32) NOT NULL COMMENT 'Review entity code',
  PRIMARY KEY (`entity_id`)
) ENGINE=InnoDB AUTO_INCREMENT=4 DEFAULT CHARSET=utf8 COMMENT='Review entities';

--
-- Dumping data for table `review_entity`
--

INSERT INTO `review_entity` VALUES (1,'product'),(2,'customer'),(3,'category');

--
-- Table structure for table `review_entity_summary`
--

CREATE TABLE `review_entity_summary` (
  `primary_id` bigint(20) NOT NULL AUTO_INCREMENT COMMENT 'Summary review entity ID',
  `entity_pk_value` bigint(20) NOT NULL DEFAULT 0 COMMENT 'Product ID',
  `entity_type` smallint(6) NOT NULL DEFAULT 0 COMMENT 'Entity type ID',
  `reviews_count` smallint(6) NOT NULL DEFAULT 0 COMMENT 'Qty of reviews',
  `rating_summary` smallint(6) NOT NULL DEFAULT 0 COMMENT 'Summarized rating',
  `store_id` smallint(5) unsigned NOT NULL DEFAULT 0 COMMENT 'Store ID',
  PRIMARY KEY (`primary_id`),
  UNIQUE KEY `REVIEW_ENTITY_SUMMARY_ENTITY_PK_VALUE_STORE_ID_ENTITY_TYPE` (`entity_pk_value`,`store_id`,`entity_type`),
  KEY `REVIEW_ENTITY_SUMMARY_STORE_ID` (`store_id`),
  CONSTRAINT `REVIEW_ENTITY_SUMMARY_STORE_ID_STORE_STORE_ID` FOREIGN KEY (`store_id`) REFERENCES `store` (`store_id`) ON DELETE CASCADE
) ENGINE=InnoDB AUTO_INCREMENT=212 DEFAULT CHARSET=utf8 COMMENT='Review aggregates';

--
-- Dumping data for table `review_entity_summary`
--

INSERT INTO `review_entity_summary` VALUES (209,39,1,0,0,9),(210,4469,1,1,100,9),(211,4469,1,1,100,0);

--
-- Table structure for table `review_status`
--

CREATE TABLE `review_status` (
  `status_id` smallint(5) unsigned NOT NULL AUTO_INCREMENT COMMENT 'Status ID',
  `status_code` varchar(32) NOT NULL COMMENT 'Status code',
  PRIMARY KEY (`status_id`)
) ENGINE=InnoDB AUTO_INCREMENT=4 DEFAULT CHARSET=utf8 COMMENT='Review statuses';

--
-- Dumping data for table `review_status`
--

INSERT INTO `review_status` VALUES (1,'Approved'),(2,'Pending'),(3,'Not Approved');

--
-- Table structure for table `review_store`
--

CREATE TABLE `review_store` (
  `review_id` bigint(20) unsigned NOT NULL COMMENT 'Review ID',
  `store_id` smallint(5) unsigned NOT NULL COMMENT 'Store ID',
  PRIMARY KEY (`review_id`,`store_id`),
  KEY `REVIEW_STORE_STORE_ID` (`store_id`),
  CONSTRAINT `REVIEW_STORE_REVIEW_ID_REVIEW_REVIEW_ID` FOREIGN KEY (`review_id`) REFERENCES `review` (`review_id`) ON DELETE CASCADE,
  CONSTRAINT `REVIEW_STORE_STORE_ID_STORE_STORE_ID` FOREIGN KEY (`store_id`) REFERENCES `store` (`store_id`) ON DELETE CASCADE
) ENGINE=InnoDB DEFAULT CHARSET=utf8 COMMENT='Review Store';

--
-- Dumping data for table `review_store`
--

INSERT INTO `review_store` VALUES (20,0),(20,9),(21,0),(21,9);

--
-- Table structure for table `rokan_faq`
--

CREATE TABLE `rokan_faq` (
  `entity_id` int(10) unsigned NOT NULL AUTO_INCREMENT COMMENT 'Entity ID',
  `status` varchar(255) DEFAULT NULL COMMENT 'Status',
  `parent_id` int(11) NOT NULL COMMENT 'Parent_id',
  `question` text NOT NULL COMMENT 'Question',
  `answer` text DEFAULT NULL COMMENT 'Answer',
  `created_time` timestamp NOT NULL DEFAULT current_timestamp() COMMENT 'Creation Time',
  `updated_time` timestamp NOT NULL DEFAULT current_timestamp() ON UPDATE current_timestamp() COMMENT 'Updated Time',
  PRIMARY KEY (`entity_id`)
) ENGINE=InnoDB AUTO_INCREMENT=9 DEFAULT CHARSET=utf8 COMMENT='rokan_faq';

--
-- Dumping data for table `rokan_faq`
--

INSERT INTO `rokan_faq` VALUES (1,'1',0,'At vero eos et accusamus et iusto odio dignissimos ducimus qui blanditiis?','<p>Similique sunt in culpa qui officia deserunt mollitia animi, id est laborum et dolorum fuga. Et harum quidem rerum facilis est et expedita distinctio. Nam libero tempore, cum soluta nobis est eligendi optio cumque nihil impedit quo minus id quod maxime placeat facere possimus, omnis voluptas assumenda est, omnis dolor repellendus. Temporibus autem quibusdam et aut officiis debitis aut rerum necessitatibus saepe eveniet ut et voluptates repudiandae sint et molestiae non recusandae. Itaque earum rerum hic tenetur a sapiente delectus, ut aut reiciendis voluptatibus maiores alias consequatur aut perferendis doloribus asperiores repellat.</p>','2021-05-22 09:08:34','2021-05-22 09:08:34'),(2,'1',0,'What is Lorem Ipsum?','<p><strong>Lorem Ipsum</strong>&nbsp;is simply dummy text of the printing and typesetting industry. Lorem Ipsum has been the industry\'s standard dummy text ever since the 1500s, when an unknown printer took a galley of type and scrambled it to make a type specimen book.&nbsp;</p>','2021-05-22 09:09:02','2021-05-22 09:09:02'),(3,'1',0,'The standard Lorem Ipsum passage, used since the 1500s?','<p>Lorem ipsum dolor sit amet, consectetur adipiscing elit, sed do eiusmod tempor incididunt ut labore et dolore magna aliqua. Ut enim ad minim veniam, quis nostrud exercitation ullamco laboris nisi ut aliquip ex ea commodo consequat. Duis aute irure dolor in reprehenderit in voluptate velit esse cillum dolore eu fugiat nulla pariatur.</p>','2021-05-22 09:09:21','2021-05-22 09:09:21'),(4,'1',0,'Why don\'t you ship to my country?','<p>Sed ut perspiciatis unde omnis iste natus error sit voluptatem accusantium doloremque laudantium, totam rem aperiam, eaque ipsa quae ab illo inventore veritatis et quasi architecto beatae vitae dicta sunt explicabo. Nemo enim ipsam voluptatem quia voluptas sit aspernatur aut odit aut fugit, sed quia consequuntur magni dolores eos qui ratione voluptatem sequi nesciunt. Neque porro quisquam est, qui dolorem ipsum quia dolor sit amet, consectetur, adipisci velit, sed quia non numquam eius modi tempora incidunt ut labore et dolore magnam aliquam quaerat voluptatem.</p>','2021-05-22 09:09:41','2021-05-22 09:09:41'),(5,'1',0,'Ut labore et dolore magna aliqua. Ut enim ad?','<p>\"Lorem ipsum dolor sit amet, consectetur adipiscing elit, sed do eiusmod tempor incididunt ut labore et dolore magna aliqua. Ut enim ad minim veniam, quis nostrud exercitation ullamco laboris nisi&nbsp;</p>','2021-05-22 09:10:00','2021-05-22 09:10:00'),(6,'1',0,'I have forgotten my username, now what?','<p>Cras neque nulla, convallis non commodo et, euismod nonsese. At vero eos et accusamus et iusto odio dignissimos ducimus qui blanditiis praesentium voluptatum deleniti atque corrupti</p>','2021-05-22 09:10:29','2021-05-22 09:10:29'),(7,'1',0,'What methods of payment are accepted?','<p>Cras neque nulla, convallis non commodo et, euismod nonsese. At vero eos et accusamus et iusto odio dignissimos ducimus qui blanditiis praesentium voluptatum deleniti atque corrupti</p>','2021-05-22 09:10:50','2021-05-22 09:10:50'),(8,'1',0,'How long will it take for my items to arrive?','<p>Lorem ipsum dolor sit amet isse potenti. Vesquam ante aliquet lacusemper elit. Cras neque nulla, convallis non commodo et, euismod nonsese. At vero eos et accusamus et iusto odio dignissimos ducimus qui blanditiis praesentium voluptatum deleniti atque corrupti quos dolores et quas molestias excepturi sint occaecati cupiditate non provident, similique sunt in culpa qui officia deserunt mollitia animi, id est laborum et dolorum fuga.</p>\r\n<p>Cras neque nulla, convallis non commodo et, euismod nonsese. At vero eos et accusamus et iusto odio dignissimos ducimus qui blanditiis praesentium voluptatum deleniti atque corrupti</p>','2021-05-22 09:11:12','2021-05-22 09:11:12');

--
-- Table structure for table `rokanthemes_blog_category`
--

CREATE TABLE `rokanthemes_blog_category` (
  `category_id` int(11) NOT NULL AUTO_INCREMENT COMMENT 'Category ID',
  `title` varchar(255) DEFAULT NULL COMMENT 'Category Title',
  `meta_keywords` text DEFAULT NULL COMMENT 'Category Meta Keywords',
  `meta_description` text DEFAULT NULL COMMENT 'Category Meta Description',
  `identifier` varchar(100) DEFAULT NULL COMMENT 'Category String Identifier',
  `content_heading` varchar(255) DEFAULT NULL COMMENT 'Category Content Heading',
  `content` mediumtext DEFAULT NULL COMMENT 'Category Content',
  `path` varchar(255) DEFAULT NULL COMMENT 'Category Path',
  `position` smallint(6) NOT NULL COMMENT 'Category Position',
  `is_active` smallint(6) NOT NULL DEFAULT 1 COMMENT 'Is Category Active',
  PRIMARY KEY (`category_id`),
  KEY `ROKANTHEMES_BLOG_CATEGORY_IDENTIFIER` (`identifier`),
  FULLTEXT KEY `FTI_6A0F670BEBE7070477E431D11DAE7DD2` (`title`,`meta_keywords`,`meta_description`,`identifier`,`content`)
) ENGINE=InnoDB DEFAULT CHARSET=utf8 COMMENT='Rokanthemes Blog Category Table';

--
-- Dumping data for table `rokanthemes_blog_category`
--


--
-- Table structure for table `rokanthemes_blog_category_store`
--

CREATE TABLE `rokanthemes_blog_category_store` (
  `category_id` int(11) NOT NULL COMMENT 'Category ID',
  `store_id` smallint(5) unsigned NOT NULL COMMENT 'Store ID',
  PRIMARY KEY (`category_id`,`store_id`),
  KEY `ROKANTHEMES_BLOG_CATEGORY_STORE_STORE_ID` (`store_id`),
  CONSTRAINT `FK_B2E5A21E93DC38155A194FCC30551BFB` FOREIGN KEY (`category_id`) REFERENCES `rokanthemes_blog_category` (`category_id`) ON DELETE CASCADE,
  CONSTRAINT `ROKANTHEMES_BLOG_CATEGORY_STORE_STORE_ID_STORE_STORE_ID` FOREIGN KEY (`store_id`) REFERENCES `store` (`store_id`) ON DELETE CASCADE
) ENGINE=InnoDB DEFAULT CHARSET=utf8 COMMENT='Rokanthemes Blog Category To Store Linkage Table';

--
-- Dumping data for table `rokanthemes_blog_category_store`
--


--
-- Table structure for table `rokanthemes_blog_post`
--

CREATE TABLE `rokanthemes_blog_post` (
  `post_id` int(11) NOT NULL AUTO_INCREMENT COMMENT 'Post ID',
  `title` varchar(255) DEFAULT NULL COMMENT 'Post Title',
  `thumbnailimage` varchar(255) DEFAULT NULL COMMENT 'Thumbnail Image',
  `meta_keywords` text DEFAULT NULL COMMENT 'Post Meta Keywords',
  `meta_description` text DEFAULT NULL COMMENT 'Post Meta Description',
  `identifier` varchar(100) DEFAULT NULL COMMENT 'Post String Identifier',
  `content_heading` varchar(255) DEFAULT NULL COMMENT 'Post Content Heading',
  `short_content` text DEFAULT NULL COMMENT 'Short Content',
  `content` mediumtext DEFAULT NULL COMMENT 'Post Content',
  `creation_time` timestamp NULL DEFAULT NULL COMMENT 'Post Creation Time',
  `update_time` timestamp NULL DEFAULT NULL COMMENT 'Post Modification Time',
  `publish_time` timestamp NULL DEFAULT NULL COMMENT 'Post Publish Time',
  `is_active` smallint(6) NOT NULL DEFAULT 1 COMMENT 'Is Post Active',
  `detailimage` text NOT NULL COMMENT 'Detail Image',
  PRIMARY KEY (`post_id`),
  KEY `ROKANTHEMES_BLOG_POST_IDENTIFIER` (`identifier`),
  FULLTEXT KEY `FTI_06831C0BC8889A99722C611BB316CDA2` (`title`,`meta_keywords`,`meta_description`,`identifier`,`content`)
) ENGINE=InnoDB DEFAULT CHARSET=utf8 COMMENT='Rokanthemes Blog Post Table';

--
-- Dumping data for table `rokanthemes_blog_post`
--


--
-- Table structure for table `rokanthemes_blog_post_category`
--

CREATE TABLE `rokanthemes_blog_post_category` (
  `post_id` int(11) NOT NULL COMMENT 'Post ID',
  `category_id` int(11) NOT NULL COMMENT 'Category ID',
  PRIMARY KEY (`post_id`,`category_id`),
  KEY `ROKANTHEMES_BLOG_POST_CATEGORY_CATEGORY_ID` (`category_id`),
  CONSTRAINT `ROKANTHEMES_BLOG_POST_CTGR_CTGR_ID_ROKANTHEMES_BLOG_CTGR_CTGR_ID` FOREIGN KEY (`category_id`) REFERENCES `rokanthemes_blog_category` (`category_id`) ON DELETE CASCADE,
  CONSTRAINT `ROKANTHEMES_BLOG_POST_CTGR_POST_ID_ROKANTHEMES_BLOG_POST_POST_ID` FOREIGN KEY (`post_id`) REFERENCES `rokanthemes_blog_post` (`post_id`) ON DELETE CASCADE
) ENGINE=InnoDB DEFAULT CHARSET=utf8 COMMENT='Rokanthemes Blog Post To Category Linkage Table';

--
-- Dumping data for table `rokanthemes_blog_post_category`
--


--
-- Table structure for table `rokanthemes_blog_post_relatedpost`
--

CREATE TABLE `rokanthemes_blog_post_relatedpost` (
  `post_id` int(11) NOT NULL COMMENT 'Post ID',
  `related_id` int(11) NOT NULL COMMENT 'Related Post ID',
  PRIMARY KEY (`post_id`,`related_id`),
  KEY `ROKANTHEMES_BLOG_POST_RELATEDPRODUCT_RELATED_ID` (`related_id`),
  CONSTRAINT `FK_2C6615E88C0955F9C321C9DBDFFA7912` FOREIGN KEY (`post_id`) REFERENCES `rokanthemes_blog_post` (`post_id`) ON DELETE CASCADE,
  CONSTRAINT `FK_611071D67D630FB9854BFE889C8B3EC6` FOREIGN KEY (`post_id`) REFERENCES `rokanthemes_blog_post` (`post_id`) ON DELETE CASCADE
) ENGINE=InnoDB DEFAULT CHARSET=utf8 COMMENT='Rokanthemes Blog Post To Post Linkage Table';

--
-- Dumping data for table `rokanthemes_blog_post_relatedpost`
--


--
-- Table structure for table `rokanthemes_blog_post_relatedproduct`
--

CREATE TABLE `rokanthemes_blog_post_relatedproduct` (
  `post_id` int(11) NOT NULL COMMENT 'Post ID',
  `related_id` int(10) unsigned NOT NULL COMMENT 'Related Product ID',
  PRIMARY KEY (`post_id`,`related_id`),
  KEY `ROKANTHEMES_BLOG_POST_RELATEDPRODUCT_RELATED_ID` (`related_id`),
  CONSTRAINT `FK_76FB9A5C6ED2E2F36D954A0950982927` FOREIGN KEY (`post_id`) REFERENCES `rokanthemes_blog_post` (`post_id`) ON DELETE CASCADE,
  CONSTRAINT `ROKANTHEMES_BLOG_POST_RELATEDPRD_RELATED_ID_CAT_PRD_ENTT_ENTT_ID` FOREIGN KEY (`related_id`) REFERENCES `catalog_product_entity` (`entity_id`) ON DELETE CASCADE
) ENGINE=InnoDB DEFAULT CHARSET=utf8 COMMENT='Rokanthemes Blog Post To Product Linkage Table';

--
-- Dumping data for table `rokanthemes_blog_post_relatedproduct`
--


--
-- Table structure for table `rokanthemes_blog_post_store`
--

CREATE TABLE `rokanthemes_blog_post_store` (
  `post_id` int(11) NOT NULL COMMENT 'Post ID',
  `store_id` smallint(5) unsigned NOT NULL COMMENT 'Store ID',
  PRIMARY KEY (`post_id`,`store_id`),
  KEY `ROKANTHEMES_BLOG_POST_STORE_STORE_ID` (`store_id`),
  CONSTRAINT `FK_CE578BDC8F57A050007913DB7FDB5E61` FOREIGN KEY (`post_id`) REFERENCES `rokanthemes_blog_post` (`post_id`) ON DELETE CASCADE,
  CONSTRAINT `ROKANTHEMES_BLOG_POST_STORE_STORE_ID_STORE_STORE_ID` FOREIGN KEY (`store_id`) REFERENCES `store` (`store_id`) ON DELETE CASCADE
) ENGINE=InnoDB DEFAULT CHARSET=utf8 COMMENT='Rokanthemes Blog Post To Store Linkage Table';

--
-- Dumping data for table `rokanthemes_blog_post_store`
--


--
-- Table structure for table `rokanthemes_brand`
--

CREATE TABLE `rokanthemes_brand` (
  `brand_id` int(10) unsigned NOT NULL AUTO_INCREMENT COMMENT 'Brand ID',
  `name` varchar(255) NOT NULL COMMENT 'Brand Name',
  `url_key` varchar(255) NOT NULL COMMENT 'Brand Url Key',
  `description` text NOT NULL COMMENT 'Brand Description',
  `group_id` int(10) unsigned NOT NULL COMMENT 'Group ID',
  `image` varchar(255) NOT NULL COMMENT 'Brand Image',
  `thumbnail` varchar(255) NOT NULL COMMENT 'Brand Thumbnail',
  `page_title` varchar(255) NOT NULL COMMENT 'Brand Page Title',
  `meta_keywords` text NOT NULL COMMENT 'Meta Keywords',
  `meta_description` text NOT NULL COMMENT 'Meta Description',
  `creation_time` timestamp NULL DEFAULT NULL COMMENT 'Brand Creation Time',
  `update_time` timestamp NULL DEFAULT NULL COMMENT 'Brand Modification Time',
  `page_layout` varchar(255) DEFAULT NULL COMMENT 'Page Layout',
  `layout_update_xml` text DEFAULT NULL COMMENT 'Page Layout Update Content',
  `status` smallint(6) NOT NULL DEFAULT 1 COMMENT 'Status',
  `position` int(11) NOT NULL DEFAULT 0 COMMENT 'Position',
  PRIMARY KEY (`brand_id`),
  KEY `ROKANTHEMES_BRAND_GROUP_ID` (`group_id`),
  CONSTRAINT `ROKANTHEMES_BRAND_GROUP_ID_ROKANTHEMES_BRAND_GROUP_ID` FOREIGN KEY (`group_id`) REFERENCES `rokanthemes_brand_group` (`group_id`) ON DELETE CASCADE
) ENGINE=InnoDB AUTO_INCREMENT=8 DEFAULT CHARSET=utf8 COMMENT='Brand Information';

--
-- Dumping data for table `rokanthemes_brand`
--

INSERT INTO `rokanthemes_brand` VALUES (1,'BLUM','blum','<p>Lorem Ipsum is simply dummy text of the printing and typesetting industry. Lorem Ipsum has been the industry\'s standard dummy text ever since the 1500s, when an unknown printer took a galley of type and scrambled it to make a type specimen book. It has survived not only five centuries, but also the leap into electronic typesetting, remaining essentially unchanged. It was popularised in the 1960s with the release of Letraset sheets containing Lorem Ipsum passages, and more recently with desktop publishing software like Aldus PageMaker including versions of Lorem Ipsum.</p>',1,'rokanthemes/brand/blum.png','rokanthemes/brand/blum.png','','','','2021-02-26 02:56:52','2021-08-07 08:02:52',NULL,NULL,1,0),(2,'HAFELE','hafele','<p>Lorem Ipsum is simply dummy text of the printing and typesetting industry. Lorem Ipsum has been the industry\'s standard dummy text ever since the 1500s, when an unknown printer took a galley of type and scrambled it to make a type specimen book. It has survived not only five centuries, but also the leap into electronic typesetting, remaining essentially unchanged. It was popularised in the 1960s with the release of Letraset sheets containing Lorem Ipsum passages, and more recently with desktop publishing software like Aldus PageMaker including versions of Lorem Ipsum.</p>',1,'rokanthemes/brand/hafele.png','rokanthemes/brand/hafele.png','','','','2021-02-26 02:57:39','2021-08-07 08:02:36',NULL,NULL,1,0),(3,'REHAU','rehau','<p>Lorem Ipsum is simply dummy text of the printing and typesetting industry. Lorem Ipsum has been the industry\'s standard dummy text ever since the 1500s, when an unknown printer took a galley of type and scrambled it to make a type specimen book. It has survived not only five centuries, but also the leap into electronic typesetting, remaining essentially unchanged. It was popularised in the 1960s with the release of Letraset sheets containing Lorem Ipsum passages, and more recently with desktop publishing software like Aldus PageMaker including versions of Lorem Ipsum.</p>',3,'rokanthemes/brand/rehau-1.jpg','rokanthemes/brand/rehau-1.jpg','','','','2021-02-26 02:58:24','2021-08-07 07:58:12',NULL,NULL,1,0),(4,'VICOSTONE','vicostone','Lorem Ipsum is simply dummy text of the printing and typesetting industry. Lorem Ipsum has been the industry\'s standard dummy text ever since the 1500s, when an unknown printer took a galley of type and scrambled it to make a type specimen book. It has survived not only five centuries, but also the leap into electronic typesetting, remaining essentially unchanged. It was popularised in the 1960s with the release of Letraset sheets containing Lorem Ipsum passages, and more recently with desktop publishing software like Aldus PageMaker including versions of Lorem Ipsum.',2,'rokanthemes/brand/vicostone-e1594723573481.png','rokanthemes/brand/vicostone-e1594723573481.png','','','','2021-02-26 02:59:22','2021-08-07 07:58:43',NULL,NULL,1,0),(5,'BAYA','baya','<p>Lorem Ipsum is simply dummy text of the printing and typesetting industry. Lorem Ipsum has been the industry\'s standard dummy text ever since the 1500s, when an unknown printer took a galley of type and scrambled it to make a type specimen book. It has survived not only five centuries, but also the leap into electronic typesetting, remaining essentially unchanged. It was popularised in the 1960s with the release of Letraset sheets containing Lorem Ipsum passages, and more recently with desktop publishing software like Aldus PageMaker including versions of Lorem Ipsum.</p>',4,'rokanthemes/brand/Baya.jpg','rokanthemes/brand/Baya.jpg','','','','2021-02-26 03:00:08','2021-08-07 07:59:54',NULL,NULL,1,0),(6,'FITIN','fitin','<p>Lorem Ipsum is simply dummy text of the printing and typesetting industry. Lorem Ipsum has been the industry\'s standard dummy text ever since the 1500s, when an unknown printer took a galley of type and scrambled it to make a type specimen book. It has survived not only five centuries, but also the leap into electronic typesetting, remaining essentially unchanged. It was popularised in the 1960s with the release of Letraset sheets containing Lorem Ipsum passages, and more recently with desktop publishing software like Aldus PageMaker including versions of Lorem Ipsum.</p>',5,'rokanthemes/brand/Fitin-logo.png','rokanthemes/brand/Fitin-logo.png','','','','2021-02-26 03:00:52','2021-08-07 08:00:30',NULL,NULL,1,0),(7,'FLEXFIT','flexfit','',2,'rokanthemes/brand/download.png','rokanthemes/brand/logo-FF-xanh.png','','','','2021-10-04 10:31:11','2021-10-04 10:54:45',NULL,NULL,1,0);

--
-- Table structure for table `rokanthemes_brand_group`
--

CREATE TABLE `rokanthemes_brand_group` (
  `group_id` int(10) unsigned NOT NULL AUTO_INCREMENT COMMENT 'Group ID',
  `name` varchar(255) NOT NULL COMMENT 'Group Name',
  `url_key` varchar(255) NOT NULL COMMENT 'Group Url Key',
  `position` int(11) NOT NULL DEFAULT 0 COMMENT 'Position',
  `status` smallint(6) NOT NULL DEFAULT 1 COMMENT 'Status',
  `shown_in_sidebar` smallint(6) NOT NULL DEFAULT 1 COMMENT 'Show In Sidebar',
  PRIMARY KEY (`group_id`)
) ENGINE=InnoDB AUTO_INCREMENT=6 DEFAULT CHARSET=utf8 COMMENT='Brand Group';

--
-- Dumping data for table `rokanthemes_brand_group`
--

INSERT INTO `rokanthemes_brand_group` VALUES (1,'Phòng Khách','living-room',0,1,1),(2,'Phòng ngủ','phong-ngu',0,1,1),(3,'Nhà bếp & Phòng ăn','nha-bep-phong-an',0,1,1),(4,'Nhà vệ sinh','nha-ve-sinh',0,1,1),(5,'Văn phòng','van-phong',0,1,1);

--
-- Table structure for table `rokanthemes_brand_product`
--

CREATE TABLE `rokanthemes_brand_product` (
  `brand_id` int(11) NOT NULL COMMENT 'Brand ID',
  `product_id` smallint(5) unsigned NOT NULL COMMENT 'Product ID',
  `position` int(11) DEFAULT NULL COMMENT 'Position',
  PRIMARY KEY (`brand_id`,`product_id`)
) ENGINE=InnoDB DEFAULT CHARSET=utf8 COMMENT='Rokanthemes Brand To Product Linkage Table';

--
-- Dumping data for table `rokanthemes_brand_product`
--

INSERT INTO `rokanthemes_brand_product` VALUES (1,1,0),(1,6,0),(1,9,0),(1,18,0),(1,19,0),(1,22,0),(1,23,0),(1,24,0),(1,25,0),(1,26,0),(1,27,0),(1,28,0),(1,29,0),(1,30,0),(1,31,0),(1,32,0),(1,33,0),(1,34,0),(1,35,0),(1,36,0),(1,38,0),(1,39,0),(1,40,0),(1,42,0),(1,44,0),(1,88,0),(2,5,0),(2,6,0),(2,9,0),(2,11,0),(2,13,0),(2,14,0),(2,20,0),(2,21,0),(2,37,0),(2,48,0),(3,2,0),(3,6,0),(3,9,0),(3,10,0),(3,11,0),(3,13,0),(3,14,0),(3,15,0),(3,16,0),(4,3,0),(4,6,0),(4,9,0),(4,10,0),(4,11,0),(4,13,0),(4,14,0),(4,15,0),(4,16,0),(5,6,0),(5,7,0),(5,8,0),(5,9,0),(5,10,0),(5,12,0),(5,15,0),(5,16,0),(6,4,0),(6,6,0),(6,7,0),(6,9,0),(6,12,0),(6,17,0),(7,46,0),(7,62,0),(7,64,0),(7,67,0),(7,89,0),(7,91,0);

--
-- Table structure for table `rokanthemes_brand_store`
--

CREATE TABLE `rokanthemes_brand_store` (
  `brand_id` int(10) unsigned NOT NULL COMMENT 'Brand Id',
  `store_id` smallint(5) unsigned NOT NULL COMMENT 'Store Id',
  PRIMARY KEY (`brand_id`,`store_id`),
  KEY `ROKANTHEMES_BRAND_STORE_STORE_ID` (`store_id`),
  CONSTRAINT `ROKANTHEMES_BRAND_STORE_BRAND_ID_ROKANTHEMES_BRAND_BRAND_ID` FOREIGN KEY (`brand_id`) REFERENCES `rokanthemes_brand` (`brand_id`) ON DELETE CASCADE,
  CONSTRAINT `ROKANTHEMES_BRAND_STORE_STORE_ID_STORE_STORE_ID` FOREIGN KEY (`store_id`) REFERENCES `store` (`store_id`) ON DELETE CASCADE
) ENGINE=InnoDB DEFAULT CHARSET=utf8 COMMENT='Brand Store';

--
-- Dumping data for table `rokanthemes_brand_store`
--

INSERT INTO `rokanthemes_brand_store` VALUES (1,0),(2,0),(3,0),(4,0),(5,0),(6,0),(7,0);

--
-- Table structure for table `rokanthemes_instagram`
--

CREATE TABLE `rokanthemes_instagram` (
  `id` int(10) unsigned NOT NULL AUTO_INCREMENT COMMENT 'ID',
  `media_url` varchar(255) NOT NULL COMMENT 'media_url',
  `local_media_url` varchar(255) NOT NULL COMMENT 'local_media_url',
  `id_instagram` varchar(255) NOT NULL DEFAULT '' COMMENT 'id_instagram',
  `username` varchar(255) NOT NULL DEFAULT '' COMMENT 'username',
  `permalink` varchar(255) NOT NULL DEFAULT '' COMMENT 'permalink',
  `caption` text DEFAULT NULL COMMENT 'Caption',
  `store` int(11) DEFAULT NULL COMMENT 'Store',
  PRIMARY KEY (`id`)
) ENGINE=InnoDB AUTO_INCREMENT=133 DEFAULT CHARSET=utf8 COMMENT='Instagram';

--
-- Dumping data for table `rokanthemes_instagram`
--

INSERT INTO `rokanthemes_instagram` VALUES (115,'https://scontent.cdninstagram.com/v/t51.29350-15/183014901_205988228005061_6525015687076104963_n.jpg?_nc_cat=107&ccb=1-3&_nc_sid=8ae9d6&_nc_ohc=FqkVfS1a_DsAX_-tJeh&_nc_ht=scontent.cdninstagram.com&oh=5f6a194613f78f85834483d4b67c3a6f&oe=60CEA57B','instagram/17905982356870648_1897494604.jpg','17905982356870648','outstock_demo_en8','https://www.instagram.com/p/COmCLgErGNa/',NULL,0),(116,'https://scontent.cdninstagram.com/v/t51.29350-15/182339906_2566213133685106_2223155068504772749_n.jpg?_nc_cat=105&ccb=1-3&_nc_sid=8ae9d6&_nc_ohc=v8U-nxEM0hcAX9_6XF2&_nc_ht=scontent.cdninstagram.com&oh=352d4d32f908e935192f19e4f1c85e58&oe=60CF81BD','instagram/17892739079080389_1141824398.jpg','17892739079080389','outstock_demo_en8','https://www.instagram.com/p/COmCGSFLNos/',NULL,0),(117,'https://scontent.cdninstagram.com/v/t51.29350-15/182425263_296742478814942_5044968094003327611_n.jpg?_nc_cat=106&ccb=1-3&_nc_sid=8ae9d6&_nc_ohc=G5Rny5QQOS0AX-5dFoU&_nc_ht=scontent.cdninstagram.com&oh=2c19dc9c48e67afcd52d5f17c83e44a1&oe=60CED194','instagram/17892942269089914_661669196.jpg','17892942269089914','outstock_demo_en8','https://www.instagram.com/p/COmCDmMrC0c/',NULL,0),(118,'https://scontent.cdninstagram.com/v/t51.29350-15/182500672_589879425324390_1532555733762422416_n.jpg?_nc_cat=111&ccb=1-3&_nc_sid=8ae9d6&_nc_ohc=KX9pYkajcsMAX_u-u1V&_nc_ht=scontent.cdninstagram.com&oh=351f608c36e8b7284f780d3554a5ba90&oe=60CED504','instagram/17878122101269097_1169557533.jpg','17878122101269097','outstock_demo_en8','https://www.instagram.com/p/COmCAFyLI2t/',NULL,0),(119,'https://scontent.cdninstagram.com/v/t51.29350-15/183768602_1180279135763607_1605025877750234450_n.jpg?_nc_cat=101&ccb=1-3&_nc_sid=8ae9d6&_nc_ohc=YC2Vlg_J7FgAX8Pn9hL&_nc_ht=scontent.cdninstagram.com&oh=436e11e4e5a75323992e31a10a8d15e9&oe=60CEB382','instagram/17880007445230685_1476811039.jpg','17880007445230685','outstock_demo_en8','https://www.instagram.com/p/COmB9R8LN6-/',NULL,0),(120,'https://scontent.cdninstagram.com/v/t51.29350-15/182871580_4512609095433700_1216330858884724312_n.jpg?_nc_cat=110&ccb=1-3&_nc_sid=8ae9d6&_nc_ohc=E5_GNF5BbBEAX_cKe5X&_nc_ht=scontent.cdninstagram.com&oh=87420d4b250d0e958870771d851120f9&oe=60CE5E54','instagram/18109809655220451_454083510.jpg','18109809655220451','outstock_demo_en8','https://www.instagram.com/p/COmB3Y8r2Yt/',NULL,0),(121,'https://scontent.cdninstagram.com/v/t51.29350-15/183014901_205988228005061_6525015687076104963_n.jpg?_nc_cat=107&ccb=1-3&_nc_sid=8ae9d6&_nc_ohc=FqkVfS1a_DsAX_-tJeh&_nc_ht=scontent.cdninstagram.com&oh=5f6a194613f78f85834483d4b67c3a6f&oe=60CEA57B','instagram/17905982356870648_2040984335.jpg','17905982356870648','outstock_demo_en8','https://www.instagram.com/p/COmCLgErGNa/',NULL,8),(122,'https://scontent.cdninstagram.com/v/t51.29350-15/182339906_2566213133685106_2223155068504772749_n.jpg?_nc_cat=105&ccb=1-3&_nc_sid=8ae9d6&_nc_ohc=v8U-nxEM0hcAX9_6XF2&_nc_ht=scontent.cdninstagram.com&oh=352d4d32f908e935192f19e4f1c85e58&oe=60CF81BD','instagram/17892739079080389_548773879.jpg','17892739079080389','outstock_demo_en8','https://www.instagram.com/p/COmCGSFLNos/',NULL,8),(123,'https://scontent.cdninstagram.com/v/t51.29350-15/182425263_296742478814942_5044968094003327611_n.jpg?_nc_cat=106&ccb=1-3&_nc_sid=8ae9d6&_nc_ohc=G5Rny5QQOS0AX-5dFoU&_nc_ht=scontent.cdninstagram.com&oh=2c19dc9c48e67afcd52d5f17c83e44a1&oe=60CED194','instagram/17892942269089914_1150426644.jpg','17892942269089914','outstock_demo_en8','https://www.instagram.com/p/COmCDmMrC0c/',NULL,8),(124,'https://scontent.cdninstagram.com/v/t51.29350-15/182500672_589879425324390_1532555733762422416_n.jpg?_nc_cat=111&ccb=1-3&_nc_sid=8ae9d6&_nc_ohc=KX9pYkajcsMAX_u-u1V&_nc_ht=scontent.cdninstagram.com&oh=351f608c36e8b7284f780d3554a5ba90&oe=60CED504','instagram/17878122101269097_353057012.jpg','17878122101269097','outstock_demo_en8','https://www.instagram.com/p/COmCAFyLI2t/',NULL,8),(125,'https://scontent.cdninstagram.com/v/t51.29350-15/183768602_1180279135763607_1605025877750234450_n.jpg?_nc_cat=101&ccb=1-3&_nc_sid=8ae9d6&_nc_ohc=YC2Vlg_J7FgAX8Pn9hL&_nc_ht=scontent.cdninstagram.com&oh=436e11e4e5a75323992e31a10a8d15e9&oe=60CEB382','instagram/17880007445230685_648430937.jpg','17880007445230685','outstock_demo_en8','https://www.instagram.com/p/COmB9R8LN6-/',NULL,8),(126,'https://scontent.cdninstagram.com/v/t51.29350-15/182871580_4512609095433700_1216330858884724312_n.jpg?_nc_cat=110&ccb=1-3&_nc_sid=8ae9d6&_nc_ohc=E5_GNF5BbBEAX_cKe5X&_nc_ht=scontent.cdninstagram.com&oh=87420d4b250d0e958870771d851120f9&oe=60CE5E54','instagram/18109809655220451_505155460.jpg','18109809655220451','outstock_demo_en8','https://www.instagram.com/p/COmB3Y8r2Yt/',NULL,8),(127,'https://scontent.cdninstagram.com/v/t51.29350-15/183014901_205988228005061_6525015687076104963_n.jpg?_nc_cat=107&ccb=1-3&_nc_sid=8ae9d6&_nc_ohc=FqkVfS1a_DsAX_-tJeh&_nc_ht=scontent.cdninstagram.com&oh=5f6a194613f78f85834483d4b67c3a6f&oe=60CEA57B','instagram/17905982356870648_1222127168.jpg','17905982356870648','outstock_demo_en8','https://www.instagram.com/p/COmCLgErGNa/',NULL,10),(128,'https://scontent.cdninstagram.com/v/t51.29350-15/182339906_2566213133685106_2223155068504772749_n.jpg?_nc_cat=105&ccb=1-3&_nc_sid=8ae9d6&_nc_ohc=v8U-nxEM0hcAX9_6XF2&_nc_ht=scontent.cdninstagram.com&oh=352d4d32f908e935192f19e4f1c85e58&oe=60CF81BD','instagram/17892739079080389_1298227515.jpg','17892739079080389','outstock_demo_en8','https://www.instagram.com/p/COmCGSFLNos/',NULL,10),(129,'https://scontent.cdninstagram.com/v/t51.29350-15/182425263_296742478814942_5044968094003327611_n.jpg?_nc_cat=106&ccb=1-3&_nc_sid=8ae9d6&_nc_ohc=G5Rny5QQOS0AX-5dFoU&_nc_ht=scontent.cdninstagram.com&oh=2c19dc9c48e67afcd52d5f17c83e44a1&oe=60CED194','instagram/17892942269089914_777181391.jpg','17892942269089914','outstock_demo_en8','https://www.instagram.com/p/COmCDmMrC0c/',NULL,10),(130,'https://scontent.cdninstagram.com/v/t51.29350-15/182500672_589879425324390_1532555733762422416_n.jpg?_nc_cat=111&ccb=1-3&_nc_sid=8ae9d6&_nc_ohc=KX9pYkajcsMAX_u-u1V&_nc_ht=scontent.cdninstagram.com&oh=351f608c36e8b7284f780d3554a5ba90&oe=60CED504','instagram/17878122101269097_68687165.jpg','17878122101269097','outstock_demo_en8','https://www.instagram.com/p/COmCAFyLI2t/',NULL,10),(131,'https://scontent.cdninstagram.com/v/t51.29350-15/183768602_1180279135763607_1605025877750234450_n.jpg?_nc_cat=101&ccb=1-3&_nc_sid=8ae9d6&_nc_ohc=YC2Vlg_J7FgAX8Pn9hL&_nc_ht=scontent.cdninstagram.com&oh=436e11e4e5a75323992e31a10a8d15e9&oe=60CEB382','instagram/17880007445230685_1806400223.jpg','17880007445230685','outstock_demo_en8','https://www.instagram.com/p/COmB9R8LN6-/',NULL,10),(132,'https://scontent.cdninstagram.com/v/t51.29350-15/182871580_4512609095433700_1216330858884724312_n.jpg?_nc_cat=110&ccb=1-3&_nc_sid=8ae9d6&_nc_ohc=E5_GNF5BbBEAX_cKe5X&_nc_ht=scontent.cdninstagram.com&oh=87420d4b250d0e958870771d851120f9&oe=60CE5E54','instagram/18109809655220451_245134401.jpg','18109809655220451','outstock_demo_en8','https://www.instagram.com/p/COmB3Y8r2Yt/',NULL,10);

--
-- Table structure for table `rokanthemes_pricecountdown`
--

CREATE TABLE `rokanthemes_pricecountdown` (
  `timer_id` int(10) unsigned NOT NULL AUTO_INCREMENT COMMENT 'Timer ID',
  `title` varchar(255) NOT NULL DEFAULT '' COMMENT 'Timer title',
  `filename` varchar(255) DEFAULT NULL COMMENT 'File Name',
  `content` text DEFAULT NULL COMMENT 'Content',
  `status` smallint(6) NOT NULL DEFAULT 1 COMMENT 'Timer status',
  `created_at` timestamp NULL DEFAULT NULL COMMENT 'Creation Time',
  `updated_at` timestamp NULL DEFAULT NULL COMMENT 'Update Time',
  PRIMARY KEY (`timer_id`)
) ENGINE=InnoDB DEFAULT CHARSET=utf8 COMMENT='Cataloginventory Stock Status Indexer Tmp';

--
-- Dumping data for table `rokanthemes_pricecountdown`
--


--
-- Table structure for table `rokanthemes_setproduct`
--

CREATE TABLE `rokanthemes_setproduct` (
  `entity_id` int(10) unsigned NOT NULL AUTO_INCREMENT COMMENT 'Id',
  `name` varchar(150) NOT NULL COMMENT 'Name',
  PRIMARY KEY (`entity_id`)
) ENGINE=InnoDB DEFAULT CHARSET=utf8 COMMENT='Rokanthemes Product Set';

--
-- Dumping data for table `rokanthemes_setproduct`
--


--
-- Table structure for table `rokanthemes_slide`
--

CREATE TABLE `rokanthemes_slide` (
  `slide_id` int(10) unsigned NOT NULL AUTO_INCREMENT COMMENT 'Slide ID',
  `slider_id` int(11) NOT NULL COMMENT 'Slider ID',
  `store_ids` text NOT NULL COMMENT 'Store Ids',
  `slide_status` smallint(6) DEFAULT 1 COMMENT 'Status',
  `slide_position` int(11) DEFAULT NULL COMMENT 'Slide Position',
  `slide_type` varchar(255) DEFAULT NULL COMMENT 'Slide Type',
  `slide_video` text DEFAULT NULL COMMENT 'Slide Video',
  `slide_image` varchar(255) DEFAULT NULL COMMENT 'Slide image',
  `slide_image_mobile` varchar(255) DEFAULT NULL COMMENT 'Slide image mobile',
  `slide_link` varchar(255) DEFAULT NULL COMMENT 'Slide Link',
  `opennewtab` varchar(50) DEFAULT NULL COMMENT 'Open New Tab',
  `slide_text` text DEFAULT NULL COMMENT 'Slide Text',
  `text_position` varchar(255) DEFAULT NULL COMMENT 'Text position',
  `text_animate` varchar(255) DEFAULT NULL COMMENT 'Text animate',
  `created_at` timestamp NULL DEFAULT NULL COMMENT 'Creation Time',
  PRIMARY KEY (`slide_id`)
) ENGINE=InnoDB AUTO_INCREMENT=39 DEFAULT CHARSET=utf8 COMMENT='Slide Item';

--
-- Dumping data for table `rokanthemes_slide`
--

INSERT INTO `rokanthemes_slide` VALUES (24,9,'[\"0\"]',2,1,NULL,NULL,'slidebanner/z/3/z3034474339105_f4d81c349603dc77dbb22617e6f5d666.jpg','slidebanner/b/a/banner_i_n_tho_i_b_n_25_tri_u.png','https://store.flexfit.vn/customer/account/create/','yes','[{\"text\":\"\\u0111\\u0103ng k\\u00ed ngay\",\"display\":\"7\",\"animated\":\"bounceIn\",\"color\":\"#FFFFFF\",\"customclass\":\"\"}]','center_bottom','no','2022-01-04 00:00:00'),(25,9,'[\"0\"]',2,2,NULL,NULL,'slidebanner/z/3/z3034473925989_5bb73e27e5ac67ca653a718491f80f79_2.jpg','slidebanner/3/_/3._banner_c_y_th_ng_combo_easy.png','https://store.flexfit.vn/san-pham/noi-that-do-roi/combo-eazy.html','yes','[{\"text\":\"xem ngay\",\"display\":\"7\",\"animated\":\"slideInUp\",\"color\":\"#DE3535\",\"customclass\":\"\"}]','left_bottom','no','2022-01-04 00:00:00'),(26,9,'[\"0\"]',1,1,NULL,NULL,'slidebanner/z/3/z3079110516115_d54875bb69e6c860c4d4784df0f5022b.jpg','slidebanner/z/3/z3082493950430_2e37fb7e5c79d403cc76c4f66ca0fdd0.jpg','https://store.flexfit.vn/customer/account/create/','yes','[{\"text\":\"xem ngay\",\"display\":\"7\",\"animated\":\"bounceIn\",\"color\":\"#FFFFFF\",\"customclass\":\"\"}]','center_bottom','no','2022-01-05 00:00:00'),(36,13,'[\"0\"]',1,0,NULL,NULL,'slidebanner/m/i/microsoftteams-image_4.png','slidebanner/m/i/microsoftteams-image_5.png','https://store.flexfit.vn/tu-bep-chu-l.html','no','[{\"text\":\"B\\u1eaft \\u0110\\u1ea7u Thi\\u1ebft K\\u1ebf T\\u1ee7 B\\u1ebfp Ch\\u1eef L\",\"display\":\"7\",\"animated\":\"slideInRight\",\"color\":\"#FFFFFF\",\"customclass\":\"action primary\"}]','right_bottom','yes','2021-12-10 00:00:00'),(37,13,'[\"0\"]',1,0,NULL,NULL,'slidebanner/m/i/microsoftteams-image_1__1.png','slidebanner/m/i/microsoftteams-image_1__2.png','https://store.flexfit.vn/tu-bep-chu-u.html','no','[{\"text\":\"B\\u1eaft \\u0110\\u1ea7u Thi\\u1ebft K\\u1ebf T\\u1ee7 B\\u1ebfp ch\\u1eef U\",\"display\":\"7\",\"animated\":\"slideInRight\",\"color\":\"#FFFFFF\",\"customclass\":\"action primary\"}]','right_bottom','yes','2021-12-23 00:00:00'),(38,13,'[\"0\"]',1,0,NULL,NULL,'slidebanner/m/i/microsoftteams-image_3__1.png','slidebanner/m/i/microsoftteams-image_3__2.png','https://store.flexfit.vn/tu-bep-chu-i.html','no','[{\"text\":\"B\\u1eaft \\u0110\\u1ea7u Thi\\u1ebft K\\u1ebf T\\u1ee7 B\\u1ebfp Ch\\u1eef I\",\"display\":\"7\",\"animated\":\"slideInRight\",\"color\":\"#FFFFFF\",\"customclass\":\"action primary\"}]','right_bottom','yes','2021-12-10 00:00:00');

--
-- Table structure for table `rokanthemes_slider`
--

CREATE TABLE `rokanthemes_slider` (
  `slider_id` int(10) unsigned NOT NULL AUTO_INCREMENT COMMENT 'Slider ID',
  `slider_identifier` varchar(255) NOT NULL COMMENT 'Identifier',
  `slider_title` varchar(255) NOT NULL DEFAULT '' COMMENT 'Slider title',
  `slider_status` smallint(6) DEFAULT 1 COMMENT 'Status',
  `slider_setting` text DEFAULT NULL COMMENT 'Setting slider',
  `created_at` timestamp NULL DEFAULT NULL COMMENT 'Created Date',
  PRIMARY KEY (`slider_id`),
  KEY `slider_identifier` (`slider_identifier`)
) ENGINE=InnoDB AUTO_INCREMENT=14 DEFAULT CHARSET=utf8 COMMENT='Slider';

--
-- Dumping data for table `rokanthemes_slider`
--

INSERT INTO `rokanthemes_slider` VALUES (9,'bluesky_outstock_funiture_09','Funiture 09 slider',1,'{\"fullwidth\":\"1\",\"effect\":\"boxRain\",\"slices\":\"15\",\"boxCols\":\"8\",\"boxRows\":\"4\",\"animSpeed\":\"500\",\"pauseTime\":\"4000\",\"startSlide\":\"1\",\"directionNav\":\"true\",\"controlNav\":\"true\",\"controlNavThumbs\":\"true\",\"pauseOnHover\":\"true\",\"manualAdvance\":\"false\",\"nextText\":\"Next\",\"prevText\":\"Prev\",\"randomStart\":\"false\",\"progressBar\":\"true\"}','2021-12-20 00:00:00'),(13,'types-of-modular-kitchens','Types of Modular Kitchens',1,'{\"fullwidth\":\"1\",\"effect\":\"boxRain\",\"slices\":\"15\",\"boxCols\":\"8\",\"boxRows\":\"4\",\"animSpeed\":\"500\",\"pauseTime\":\"3000\",\"startSlide\":\"1\",\"directionNav\":\"true\",\"controlNav\":\"false\",\"controlNavThumbs\":\"false\",\"pauseOnHover\":\"true\",\"manualAdvance\":\"false\",\"nextText\":\"Next\",\"prevText\":\"Prev\",\"randomStart\":\"false\",\"progressBar\":\"true\"}','2021-12-10 00:00:00');

--
-- Table structure for table `rokanthemes_sorting_bestseller`
--

CREATE TABLE `rokanthemes_sorting_bestseller` (
  `index_id` bigint(20) unsigned NOT NULL AUTO_INCREMENT COMMENT 'Index ID',
  `product_id` int(10) unsigned NOT NULL COMMENT 'Product ID',
  `store_id` smallint(5) unsigned DEFAULT NULL COMMENT 'Store ID',
  `bestseller` int(10) unsigned NOT NULL COMMENT 'Bestseller',
  PRIMARY KEY (`index_id`),
  UNIQUE KEY `ROKANTHEMES_SORTING_BESTSELLER_STORE_ID_PRODUCT_ID` (`store_id`,`product_id`)
) ENGINE=InnoDB AUTO_INCREMENT=255 DEFAULT CHARSET=utf8 COMMENT='Count Login Attempts';

--
-- Dumping data for table `rokanthemes_sorting_bestseller`
--

INSERT INTO `rokanthemes_sorting_bestseller` VALUES (1,2,9,4),(2,36,9,1),(3,37,9,2),(4,39,9,1),(5,40,9,1),(6,48,9,1),(7,65,9,1),(8,72,9,26),(9,73,9,24),(10,74,9,10),(11,75,9,7),(12,76,9,8),(13,89,9,1),(14,90,9,1),(15,935,9,1),(16,1182,9,1),(17,1343,9,2),(18,1344,9,1),(19,1346,9,1),(20,1379,9,1),(21,1380,9,1),(22,1397,9,1),(23,1398,9,1),(24,2414,9,5),(25,2415,9,5),(26,2418,9,4),(27,2427,9,4),(28,2429,9,4),(29,2433,9,5),(30,2434,9,4),(31,2448,9,10),(32,2454,9,12),(33,2455,9,11),(34,2457,9,2),(35,2460,9,1),(36,2468,9,11),(37,2469,9,2),(38,2472,9,1),(39,2473,9,2),(40,2475,9,1),(41,2476,9,1),(42,2477,9,1),(43,2617,9,1),(44,3284,9,40),(45,3294,9,1),(46,3295,9,1),(47,3298,9,1),(48,4231,9,1),(49,4235,9,1),(50,4272,9,1),(51,4273,9,1),(52,4390,9,1),(53,4465,9,1),(54,4773,9,1),(55,9888,9,1),(56,9889,9,1),(57,9890,9,1),(58,9914,9,1),(59,9918,9,1),(60,9919,9,2),(61,9921,9,2),(62,9924,9,1),(63,9926,9,1),(64,9929,9,4),(65,9930,9,2),(66,9933,9,2),(67,9944,9,5),(68,9945,9,3),(69,9946,9,2),(70,9955,9,1),(71,9958,9,1),(72,10006,9,1),(73,10435,9,11),(74,10441,9,11),(128,2,0,4),(129,36,0,1),(130,37,0,2),(131,39,0,1),(132,40,0,1),(133,48,0,1),(134,65,0,1),(135,72,0,26),(136,73,0,24),(137,74,0,10),(138,75,0,7),(139,76,0,8),(140,89,0,1),(141,90,0,1),(142,935,0,1),(143,1182,0,1),(144,1343,0,2),(145,1344,0,1),(146,1346,0,1),(147,1379,0,1),(148,1380,0,1),(149,1397,0,1),(150,1398,0,1),(151,2414,0,5),(152,2415,0,5),(153,2418,0,4),(154,2427,0,4),(155,2429,0,4),(156,2433,0,5),(157,2434,0,4),(158,2448,0,10),(159,2454,0,12),(160,2455,0,11),(161,2457,0,2),(162,2460,0,1),(163,2468,0,11),(164,2469,0,2),(165,2472,0,1),(166,2473,0,2),(167,2475,0,1),(168,2476,0,1),(169,2477,0,1),(170,2617,0,1),(171,3284,0,40),(172,3294,0,1),(173,3295,0,1),(174,3298,0,1),(175,4231,0,1),(176,4235,0,1),(177,4272,0,1),(178,4273,0,1),(179,4390,0,1),(180,4465,0,1),(181,4773,0,1),(182,9888,0,1),(183,9889,0,1),(184,9890,0,1),(185,9914,0,1),(186,9918,0,1),(187,9919,0,2),(188,9921,0,2),(189,9924,0,1),(190,9926,0,1),(191,9929,0,4),(192,9930,0,2),(193,9933,0,2),(194,9944,0,5),(195,9945,0,3),(196,9946,0,2),(197,9955,0,1),(198,9958,0,1),(199,10006,0,1),(200,10435,0,11),(201,10441,0,11);

--
-- Table structure for table `rokanthemes_sorting_most_viewed`
--

CREATE TABLE `rokanthemes_sorting_most_viewed` (
  `index_id` bigint(20) unsigned NOT NULL AUTO_INCREMENT COMMENT 'Index ID',
  `product_id` int(10) unsigned NOT NULL COMMENT 'Product ID',
  `store_id` smallint(5) unsigned DEFAULT NULL COMMENT 'Store ID',
  `viewed` int(10) unsigned NOT NULL COMMENT 'Viewed',
  PRIMARY KEY (`index_id`),
  UNIQUE KEY `ROKANTHEMES_SORTING_MOST_VIEWED_STORE_ID_PRODUCT_ID` (`store_id`,`product_id`)
) ENGINE=InnoDB DEFAULT CHARSET=utf8 COMMENT='Count Login Attempts';

--
-- Dumping data for table `rokanthemes_sorting_most_viewed`
--


--
-- Table structure for table `rokanthemes_sorting_review_rate`
--

CREATE TABLE `rokanthemes_sorting_review_rate` (
  `index_id` bigint(20) unsigned NOT NULL AUTO_INCREMENT COMMENT 'Index ID',
  `product_id` int(10) unsigned NOT NULL COMMENT 'Product ID',
  `store_id` smallint(5) unsigned DEFAULT NULL COMMENT 'Store ID',
  `rate` int(10) unsigned NOT NULL COMMENT 'Rate Average',
  PRIMARY KEY (`index_id`),
  UNIQUE KEY `ROKANTHEMES_SORTING_REVIEW_RATE_STORE_ID_PRODUCT_ID` (`store_id`,`product_id`)
) ENGINE=InnoDB DEFAULT CHARSET=utf8 COMMENT='Count Login Attempts';

--
-- Dumping data for table `rokanthemes_sorting_review_rate`
--


--
-- Table structure for table `rokanthemes_themeoptionversion`
--

CREATE TABLE `rokanthemes_themeoptionversion` (
  `version_id` int(11) NOT NULL AUTO_INCREMENT COMMENT 'Version ID',
  `version` varchar(255) DEFAULT NULL COMMENT 'Version',
  `version_time` timestamp NULL DEFAULT NULL COMMENT 'Version Update Time',
  PRIMARY KEY (`version_id`)
) ENGINE=InnoDB AUTO_INCREMENT=285 DEFAULT CHARSET=utf8 COMMENT='rokanthemes_themeoptionversion';

--
-- Dumping data for table `rokanthemes_themeoptionversion`
--

INSERT INTO `rokanthemes_themeoptionversion` VALUES (1,'1614329465','2021-02-26 08:51:05'),(2,'1614329495','2021-02-26 08:51:35'),(3,'1614330021','2021-02-26 09:00:21'),(4,'1614330059','2021-02-26 09:00:59'),(5,'1614330858','2021-02-26 09:14:18'),(6,'1614330997','2021-02-26 09:16:37'),(7,'1616467144','2021-03-23 02:39:04'),(8,'1616472839','2021-03-23 04:13:59'),(9,'1616472866','2021-03-23 04:14:26'),(10,'1616473498','2021-03-23 04:24:58'),(11,'1616483575','2021-03-23 07:12:55'),(12,'1616484397','2021-03-23 07:26:37'),(13,'1616491024','2021-03-23 09:17:04'),(14,'1616491258','2021-03-23 09:20:58'),(15,'1616491838','2021-03-23 09:30:38'),(16,'1616568753','2021-03-24 06:52:33'),(17,'1616568820','2021-03-24 06:53:40'),(18,'1616568890','2021-03-24 06:54:50'),(19,'1616568917','2021-03-24 06:55:17'),(20,'1616568973','2021-03-24 06:56:13'),(21,'1616568999','2021-03-24 06:56:39'),(22,'1616569025','2021-03-24 06:57:05'),(23,'1616569124','2021-03-24 06:58:44'),(24,'1616569146','2021-03-24 06:59:06'),(25,'1616569343','2021-03-24 07:02:23'),(26,'1616569367','2021-03-24 07:02:47'),(27,'1616570186','2021-03-24 07:16:26'),(28,'1616573027','2021-03-24 08:03:47'),(29,'1616573679','2021-03-24 08:14:39'),(30,'1616576421','2021-03-24 09:00:21'),(31,'1616576462','2021-03-24 09:01:02'),(32,'1616576482','2021-03-24 09:01:22'),(33,'1616576933','2021-03-24 09:08:53'),(34,'1616577084','2021-03-24 09:11:24'),(35,'1616577102','2021-03-24 09:11:42'),(36,'1616577177','2021-03-24 09:12:57'),(37,'1616577282','2021-03-24 09:14:42'),(38,'1616577352','2021-03-24 09:15:52'),(39,'1616577572','2021-03-24 09:19:32'),(40,'1616577589','2021-03-24 09:19:49'),(41,'1616577801','2021-03-24 09:23:21'),(42,'1616577835','2021-03-24 09:23:55'),(43,'1616579926','2021-03-24 09:58:46'),(44,'1616580130','2021-03-24 10:02:10'),(45,'1616580515','2021-03-24 10:08:35'),(46,'1616637880','2021-03-25 02:04:40'),(47,'1617011727','2021-03-29 09:55:27'),(48,'1617011758','2021-03-29 09:55:58'),(49,'1617012138','2021-03-29 10:02:18'),(50,'1617012374','2021-03-29 10:06:14'),(51,'1617012519','2021-03-29 10:08:39'),(52,'1617012773','2021-03-29 10:12:53'),(53,'1617012821','2021-03-29 10:13:41'),(54,'1617012866','2021-03-29 10:14:26'),(55,'1617012963','2021-03-29 10:16:03'),(56,'1617013527','2021-03-29 10:25:27'),(57,'1617013694','2021-03-29 10:28:14'),(58,'1617013793','2021-03-29 10:29:53'),(59,'1617013877','2021-03-29 10:31:17'),(60,'1617155906','2021-03-31 01:58:26'),(61,'1617157053','2021-03-31 02:17:33'),(62,'1617157116','2021-03-31 02:18:36'),(63,'1617157689','2021-03-31 02:28:09'),(64,'1617157828','2021-03-31 02:30:28'),(65,'1617157886','2021-03-31 02:31:26'),(66,'1617158108','2021-03-31 02:35:08'),(67,'1617158142','2021-03-31 02:35:42'),(68,'1617158171','2021-03-31 02:36:11'),(69,'1617165520','2021-03-31 04:38:40'),(70,'1617177829','2021-03-31 08:03:49'),(71,'1617249671','2021-04-01 04:01:11'),(72,'1617250196','2021-04-01 04:09:56'),(73,'1617290935','2021-04-01 15:28:55'),(74,'1617291330','2021-04-01 15:35:30'),(75,'1617616396','2021-04-05 09:53:16'),(76,'1617616912','2021-04-05 10:01:52'),(77,'1617770164','2021-04-07 04:36:04'),(78,'1617770186','2021-04-07 04:36:26'),(79,'1617770235','2021-04-07 04:37:15'),(80,'1617789756','2021-04-07 10:02:36'),(81,'1619104990','2021-04-22 15:23:10'),(82,'1619665365','2021-04-29 03:02:45'),(83,'1619680278','2021-04-29 07:11:18'),(84,'1619685090','2021-04-29 08:31:30'),(85,'1620009935','2021-05-03 02:45:35'),(86,'1620036721','2021-05-03 10:12:01'),(87,'1620444447','2021-05-08 03:27:27'),(88,'1621238759','2021-05-17 08:05:59'),(89,'1621400935','2021-05-19 05:08:55'),(90,'1621401109','2021-05-19 05:11:49'),(91,'1621408492','2021-05-19 07:14:52'),(92,'1621473292','2021-05-20 01:14:52'),(93,'1621477338','2021-05-20 02:22:18'),(94,'1621480175','2021-05-20 03:09:35'),(95,'1621480519','2021-05-20 03:15:19'),(96,'1621484057','2021-05-20 04:14:17'),(97,'1621486686','2021-05-20 04:58:06'),(98,'1621486708','2021-05-20 04:58:28'),(99,'1621486888','2021-05-20 05:01:28'),(100,'1621486913','2021-05-20 05:01:53'),(101,'1621487043','2021-05-20 05:04:03'),(102,'1621487112','2021-05-20 05:05:12'),(103,'1621487174','2021-05-20 05:06:14'),(104,'1621493059','2021-05-20 06:44:19'),(105,'1621493151','2021-05-20 06:45:51'),(106,'1621493249','2021-05-20 06:47:29'),(107,'1621497964','2021-05-20 08:06:04'),(108,'1621498297','2021-05-20 08:11:37'),(109,'1621498704','2021-05-20 08:18:24'),(110,'1621498723','2021-05-20 08:18:43'),(111,'1621502799','2021-05-20 09:26:39'),(112,'1621651285','2021-05-22 02:41:25'),(113,'1621651404','2021-05-22 02:43:24'),(114,'1621651609','2021-05-22 02:46:49'),(115,'1621656057','2021-05-22 04:00:57'),(116,'1621656094','2021-05-22 04:01:34'),(117,'1621656157','2021-05-22 04:02:37'),(118,'1621866674','2021-05-24 14:31:14'),(119,'1621866707','2021-05-24 14:31:47'),(120,'1621871217','2021-05-24 15:46:57'),(121,'1621996059','2021-05-26 02:27:39'),(122,'1622018563','2021-05-26 08:42:43'),(123,'1622103684','2021-05-27 08:21:24'),(124,'1622106787','2021-05-27 09:13:07'),(125,'1622198449','2021-05-28 10:40:49'),(126,'1622278855','2021-05-29 09:00:55'),(127,'1622426692','2021-05-31 02:04:52'),(128,'1622453397','2021-05-31 09:29:57'),(129,'1622522748','2021-06-01 04:45:48'),(130,'1622536566','2021-06-01 08:36:06'),(131,'1622599636','2021-06-02 02:07:16'),(132,'1622599752','2021-06-02 02:09:12'),(133,'1622602291','2021-06-02 02:51:31'),(134,'1622626024','2021-06-02 09:27:04'),(135,'1623207732','2021-06-09 03:02:12'),(136,'1623207765','2021-06-09 03:02:45'),(137,'1623207799','2021-06-09 03:03:19'),(138,'1623207822','2021-06-09 03:03:42'),(139,'1623207849','2021-06-09 03:04:09'),(140,'1623207876','2021-06-09 03:04:36'),(141,'1623207910','2021-06-09 03:05:10'),(142,'1623207939','2021-06-09 03:05:39'),(143,'1623207968','2021-06-09 03:06:08'),(144,'1623209474','2021-06-09 03:31:14'),(145,'1623209570','2021-06-09 03:32:50'),(146,'1623306768','2021-06-10 06:32:48'),(147,'1628258981','2021-08-06 14:09:41'),(148,'1628259572','2021-08-06 14:19:32'),(149,'1628259720','2021-08-06 14:22:00'),(150,'1628260075','2021-08-06 14:27:55'),(151,'1628266134','2021-08-06 16:08:54'),(152,'1628567197','2021-08-10 03:46:37'),(153,'1628567462','2021-08-10 03:51:02'),(154,'1628567563','2021-08-10 03:52:43'),(155,'1628567668','2021-08-10 03:54:28'),(156,'1628567879','2021-08-10 03:57:59'),(157,'1628567989','2021-08-10 03:59:49'),(158,'1628569442','2021-08-10 04:24:02'),(159,'1628569464','2021-08-10 04:24:24'),(160,'1629341297','2021-08-19 02:48:17'),(161,'1629341440','2021-08-19 02:50:40'),(162,'1629341571','2021-08-19 02:52:51'),(163,'1629341632','2021-08-19 02:53:52'),(164,'1629341710','2021-08-19 02:55:10'),(165,'1629341864','2021-08-19 02:57:44'),(166,'1629342063','2021-08-19 03:01:03'),(167,'1629342535','2021-08-19 03:08:55'),(168,'1629343864','2021-08-19 03:31:04'),(169,'1629343899','2021-08-19 03:31:39'),(170,'1629344014','2021-08-19 03:33:34'),(171,'1629344209','2021-08-19 03:36:49'),(172,'1629344332','2021-08-19 03:38:52'),(173,'1629344406','2021-08-19 03:40:06'),(174,'1629344511','2021-08-19 03:41:51'),(175,'1629349016','2021-08-19 04:56:56'),(176,'1629349068','2021-08-19 04:57:48'),(177,'1629349099','2021-08-19 04:58:19'),(178,'1629349256','2021-08-19 05:00:56'),(179,'1629349475','2021-08-19 05:04:35'),(180,'1629349560','2021-08-19 05:06:00'),(181,'1629349595','2021-08-19 05:06:35'),(182,'1629349941','2021-08-19 05:12:21'),(183,'1629351197','2021-08-19 05:33:17'),(184,'1629351319','2021-08-19 05:35:19'),(185,'1629351413','2021-08-19 05:36:53'),(186,'1629351543','2021-08-19 05:39:03'),(187,'1629361270','2021-08-19 08:21:10'),(188,'1629364525','2021-08-19 09:15:25'),(189,'1629364552','2021-08-19 09:15:52'),(190,'1629365098','2021-08-19 09:24:58'),(191,'1629365187','2021-08-19 09:26:27'),(192,'1629366201','2021-08-19 09:43:21'),(193,'1629366879','2021-08-19 09:54:39'),(194,'1629368398','2021-08-19 10:19:58'),(195,'1629371305','2021-08-19 11:08:25'),(196,'1633172382','2021-10-02 10:59:42'),(197,'1633401492','2021-10-05 02:38:12'),(198,'1633401512','2021-10-05 02:38:32'),(199,'1633921857','2021-10-11 03:10:57'),(200,'1633921889','2021-10-11 03:11:29'),(201,'1633921949','2021-10-11 03:12:29'),(202,'1633921986','2021-10-11 03:13:06'),(203,'1633922040','2021-10-11 03:14:00'),(204,'1637163289','2021-11-17 15:34:49'),(205,'1637736541','2021-11-24 06:49:01'),(206,'1637736657','2021-11-24 06:50:57'),(207,'1637738661','2021-11-24 07:24:21'),(208,'1637739352','2021-11-24 07:35:52'),(209,'1637740374','2021-11-24 07:52:54'),(210,'1637741403','2021-11-24 08:10:03'),(211,'1637741504','2021-11-24 08:11:44'),(212,'1637741740','2021-11-24 08:15:40'),(213,'1637741761','2021-11-24 08:16:01'),(214,'1637741936','2021-11-24 08:18:56'),(215,'1637741968','2021-11-24 08:19:28'),(216,'1637742449','2021-11-24 08:27:29'),(217,'1637742680','2021-11-24 08:31:20'),(218,'1637742697','2021-11-24 08:31:37'),(219,'1637743125','2021-11-24 08:38:45'),(220,'1637743251','2021-11-24 08:40:51'),(221,'1637743393','2021-11-24 08:43:13'),(222,'1637743426','2021-11-24 08:43:46'),(223,'1637743651','2021-11-24 08:47:31'),(224,'1637743733','2021-11-24 08:48:53'),(225,'1637744017','2021-11-24 08:53:37'),(226,'1637744124','2021-11-24 08:55:24'),(227,'1637744210','2021-11-24 08:56:50'),(228,'1637744232','2021-11-24 08:57:12'),(229,'1637748082','2021-11-24 10:01:22'),(230,'1637768668','2021-11-24 15:44:28'),(231,'1637769745','2021-11-24 16:02:25'),(232,'1637769824','2021-11-24 16:03:44'),(233,'1637770009','2021-11-24 16:06:49'),(234,'1637770166','2021-11-24 16:09:26'),(235,'1637770192','2021-11-24 16:09:52'),(236,'1637770246','2021-11-24 16:10:46'),(237,'1637770966','2021-11-24 16:22:46'),(238,'1637770986','2021-11-24 16:23:06'),(239,'1637826980','2021-11-25 07:56:20'),(240,'1637830660','2021-11-25 08:57:40'),(241,'1637830965','2021-11-25 09:02:45'),(242,'1637831000','2021-11-25 09:03:20'),(243,'1637831351','2021-11-25 09:09:11'),(244,'1637831931','2021-11-25 09:18:51'),(245,'1637832075','2021-11-25 09:21:15'),(246,'1637832583','2021-11-25 09:29:43'),(247,'1637832760','2021-11-25 09:32:40'),(248,'1638365055','2021-12-01 13:24:15'),(249,'1638365120','2021-12-01 13:25:20'),(250,'1638368546','2021-12-01 14:22:26'),(251,'1638368874','2021-12-01 14:27:54'),(252,'1638369298','2021-12-01 14:34:58'),(253,'1638516623','2021-12-03 07:30:23'),(254,'1638516643','2021-12-03 07:30:43'),(255,'1638516722','2021-12-03 07:32:02'),(256,'1640083538','2021-12-21 10:45:38'),(257,'1640083674','2021-12-21 10:47:54'),(258,'1640083852','2021-12-21 10:50:52'),(259,'1640148874','2021-12-22 04:54:34'),(260,'1640591696','2021-12-27 07:54:56'),(261,'1640591846','2021-12-27 07:57:26'),(262,'1640591962','2021-12-27 07:59:22'),(263,'1640592048','2021-12-27 08:00:48'),(264,'1640592081','2021-12-27 08:01:21'),(265,'1640592463','2021-12-27 08:07:43'),(266,'1640592500','2021-12-27 08:08:20'),(267,'1641201923','2022-01-03 09:25:23'),(268,'1641266350','2022-01-04 03:19:10'),(269,'1641266438','2022-01-04 03:20:38'),(270,'1641266583','2022-01-04 03:23:03'),(271,'1641267471','2022-01-04 03:37:51'),(272,'1641443706','2022-01-06 04:35:06'),(273,'1641452222','2022-01-06 06:57:02'),(274,'1641452959','2022-01-06 07:09:19'),(275,'1641453020','2022-01-06 07:10:20'),(276,'1641453724','2022-01-06 07:22:04'),(277,'1641453773','2022-01-06 07:22:53'),(278,'1641453870','2022-01-06 07:24:30'),(279,'1641453908','2022-01-06 07:25:08'),(280,'1641454078','2022-01-06 07:27:58'),(281,'1641454616','2022-01-06 07:36:56'),(282,'1641454774','2022-01-06 07:39:34'),(283,'1641454870','2022-01-06 07:41:10'),(284,'1641455008','2022-01-06 07:43:28');

--
-- Table structure for table `sales_bestsellers_aggregated_daily`
--

CREATE TABLE `sales_bestsellers_aggregated_daily` (
  `id` int(10) unsigned NOT NULL AUTO_INCREMENT COMMENT 'ID',
  `period` date DEFAULT NULL COMMENT 'Period',
  `store_id` smallint(5) unsigned DEFAULT NULL COMMENT 'Store ID',
  `product_id` int(10) unsigned DEFAULT NULL COMMENT 'Product ID',
  `product_name` varchar(255) DEFAULT NULL COMMENT 'Product Name',
  `product_price` decimal(12,4) NOT NULL DEFAULT 0.0000 COMMENT 'Product Price',
  `qty_ordered` decimal(12,4) NOT NULL DEFAULT 0.0000 COMMENT 'Qty Ordered',
  `rating_pos` smallint(5) unsigned NOT NULL DEFAULT 0 COMMENT 'Rating Pos',
  PRIMARY KEY (`id`),
  UNIQUE KEY `SALES_BESTSELLERS_AGGREGATED_DAILY_PERIOD_STORE_ID_PRODUCT_ID` (`period`,`store_id`,`product_id`),
  KEY `SALES_BESTSELLERS_AGGREGATED_DAILY_STORE_ID` (`store_id`),
  KEY `SALES_BESTSELLERS_AGGREGATED_DAILY_PRODUCT_ID` (`product_id`),
  CONSTRAINT `SALES_BESTSELLERS_AGGREGATED_DAILY_STORE_ID_STORE_STORE_ID` FOREIGN KEY (`store_id`) REFERENCES `store` (`store_id`) ON DELETE CASCADE
) ENGINE=InnoDB AUTO_INCREMENT=303 DEFAULT CHARSET=utf8 COMMENT='Sales Bestsellers Aggregated Daily';

--
-- Dumping data for table `sales_bestsellers_aggregated_daily`
--

INSERT INTO `sales_bestsellers_aggregated_daily` VALUES (215,'2021-10-06',9,36,'Tủ bếp chữ I < 2m5',33865744.0000,1.0000,6),(216,'2021-10-06',9,72,'Kệ tivi AMI',7399000.0000,2.0000,5),(217,'2021-10-06',9,73,'Kệ tivi Brooklyn',9097000.0000,7.0000,1),(218,'2021-10-06',9,74,'Kệ tivi Champagne',7198000.0000,2.0000,3),(219,'2021-10-06',9,75,'Kệ tivi LIVANT',6499000.0000,3.0000,2),(220,'2021-10-06',9,76,'Kệ tivi Roltp',6499000.0000,2.0000,4),(221,'2021-10-07',9,65,'Tủ 3 ngăn kéo HDD',745000.0000,1.0000,5),(222,'2021-10-07',9,72,'Kệ tivi AMI',7399000.0000,6.0000,1),(223,'2021-10-07',9,73,'Kệ tivi Brooklyn',9097000.0000,4.0000,2),(224,'2021-10-07',9,74,'Kệ tivi Champagne',7198000.0000,2.0000,3),(225,'2021-10-07',9,76,'Kệ tivi Roltp',6499000.0000,1.0000,4),(226,'2021-10-11',9,48,'Bàn Durango',8755000.0000,1.0000,1),(227,'2021-10-11',9,73,'Kệ tivi Brooklyn',9097000.0000,1.0000,2),(228,'2021-10-11',9,74,'Kệ tivi Champagne',7198000.0000,1.0000,3),(229,'2021-10-18',9,935,'Bàn Trà Foresthome BT4-MD',1280000.0000,1.0000,2),(230,'2021-10-18',9,1182,'Ghế làm việc Further 47 -2MR',100000.0000,1.0000,1),(231,'2021-11-17',9,4465,'Ofurni_Further-46w-2mr',3110000.0000,1.0000,1),(232,'2021-12-07',9,3284,'Payment Test',100000.0000,1.0000,1),(246,'2021-10-06',0,36,'Tủ bếp chữ I < 2m5',33865744.0000,1.0000,6),(247,'2021-10-06',0,72,'Kệ tivi AMI',7399000.0000,2.0000,5),(248,'2021-10-06',0,73,'Kệ tivi Brooklyn',9097000.0000,7.0000,1),(249,'2021-10-06',0,74,'Kệ tivi Champagne',7198000.0000,2.0000,3),(250,'2021-10-06',0,75,'Kệ tivi LIVANT',6499000.0000,3.0000,2),(251,'2021-10-06',0,76,'Kệ tivi Roltp',6499000.0000,2.0000,4),(252,'2021-10-07',0,65,'Tủ 3 ngăn kéo HDD',745000.0000,1.0000,5),(253,'2021-10-07',0,72,'Kệ tivi AMI',7399000.0000,6.0000,1),(254,'2021-10-07',0,73,'Kệ tivi Brooklyn',9097000.0000,4.0000,2),(255,'2021-10-07',0,74,'Kệ tivi Champagne',7198000.0000,2.0000,3),(256,'2021-10-07',0,76,'Kệ tivi Roltp',6499000.0000,1.0000,4),(257,'2021-10-11',0,48,'Bàn Durango',8755000.0000,1.0000,1),(258,'2021-10-11',0,73,'Kệ tivi Brooklyn',9097000.0000,1.0000,2),(259,'2021-10-11',0,74,'Kệ tivi Champagne',7198000.0000,1.0000,3),(260,'2021-10-18',0,935,'Bàn Trà Foresthome BT4-MD',1280000.0000,1.0000,1),(261,'2021-10-18',0,1182,'Ghế làm việc Further 47 -2MR',100000.0000,1.0000,2),(262,'2021-11-17',0,4465,'Ofurni_Further-46w-2mr',3110000.0000,1.0000,1),(263,'2021-12-07',0,3284,'Payment Test',100000.0000,1.0000,1),(277,'2021-12-08',9,3284,'Payment Test',2000.0000,4.0000,1),(278,'2021-12-08',9,9930,'Bàn Ăn Vuông Eames Ba4',1320000.0000,1.0000,2),(280,'2021-12-08',0,3284,'Payment Test',2000.0000,4.0000,1),(281,'2021-12-08',0,9930,'Bàn Ăn Vuông Eames Ba4',1320000.0000,1.0000,2),(283,'2021-12-10',9,9933,'Bàn Ăn Vuông Eames Ba4',1749000.0000,1.0000,1),(284,'2021-12-10',0,9933,'Bàn Ăn Vuông Eames Ba4',1749000.0000,1.0000,1),(289,'2021-12-16',9,9888,'Tab Trang Trí Morelia',1496000.0000,1.0000,1),(290,'2021-12-16',0,9888,'Tab Trang Trí Morelia',1496000.0000,1.0000,1),(293,'2022-01-04',9,3284,'Payment Test',2000.0000,1.0000,1),(296,'2022-01-04',0,3284,'Payment Test',2000.0000,1.0000,1),(301,'2022-01-07',9,10006,'Bàn Ăn Chân Sắt',9350000.0000,1.0000,1),(302,'2022-01-07',0,10006,'Bàn Ăn Chân Sắt',9350000.0000,1.0000,1);

--
-- Table structure for table `sales_bestsellers_aggregated_monthly`
--

CREATE TABLE `sales_bestsellers_aggregated_monthly` (
  `id` int(10) unsigned NOT NULL AUTO_INCREMENT COMMENT 'ID',
  `period` date DEFAULT NULL COMMENT 'Period',
  `store_id` smallint(5) unsigned DEFAULT NULL COMMENT 'Store ID',
  `product_id` int(10) unsigned DEFAULT NULL COMMENT 'Product ID',
  `product_name` varchar(255) DEFAULT NULL COMMENT 'Product Name',
  `product_price` decimal(12,4) NOT NULL DEFAULT 0.0000 COMMENT 'Product Price',
  `qty_ordered` decimal(12,4) NOT NULL DEFAULT 0.0000 COMMENT 'Qty Ordered',
  `rating_pos` smallint(5) unsigned NOT NULL DEFAULT 0 COMMENT 'Rating Pos',
  PRIMARY KEY (`id`),
  UNIQUE KEY `SALES_BESTSELLERS_AGGREGATED_MONTHLY_PERIOD_STORE_ID_PRODUCT_ID` (`period`,`store_id`,`product_id`),
  KEY `SALES_BESTSELLERS_AGGREGATED_MONTHLY_STORE_ID` (`store_id`),
  KEY `SALES_BESTSELLERS_AGGREGATED_MONTHLY_PRODUCT_ID` (`product_id`),
  CONSTRAINT `SALES_BESTSELLERS_AGGREGATED_MONTHLY_STORE_ID_STORE_STORE_ID` FOREIGN KEY (`store_id`) REFERENCES `store` (`store_id`) ON DELETE CASCADE
) ENGINE=InnoDB AUTO_INCREMENT=237 DEFAULT CHARSET=utf8 COMMENT='Sales Bestsellers Aggregated Monthly';

--
-- Dumping data for table `sales_bestsellers_aggregated_monthly`
--

INSERT INTO `sales_bestsellers_aggregated_monthly` VALUES (1,'2021-10-01',0,73,'Kệ tivi Brooklyn',9097000.0000,12.0000,1),(2,'2021-10-01',0,72,'Kệ tivi AMI',7399000.0000,8.0000,2),(3,'2021-10-01',9,73,'Kệ tivi Brooklyn',9097000.0000,12.0000,1),(4,'2021-10-01',9,72,'Kệ tivi AMI',7399000.0000,8.0000,2),(8,'2021-10-01',0,75,'Kệ tivi LIVANT',6499000.0000,3.0000,4),(9,'2021-10-01',0,76,'Kệ tivi Roltp',6499000.0000,3.0000,5),(10,'2021-10-01',0,74,'Kệ tivi Champagne',7198000.0000,5.0000,3),(11,'2021-10-01',0,36,'Tủ bếp chữ I < 2m5',33865744.0000,1.0000,9),(12,'2021-10-01',9,75,'Kệ tivi LIVANT',6499000.0000,3.0000,4),(13,'2021-10-01',9,76,'Kệ tivi Roltp',6499000.0000,3.0000,5),(14,'2021-10-01',9,74,'Kệ tivi Champagne',7198000.0000,5.0000,3),(15,'2021-10-01',9,36,'Tủ bếp chữ I < 2m5',33865744.0000,1.0000,10),(23,'2021-10-01',0,65,'Tủ 3 ngăn kéo HDD',745000.0000,1.0000,6),(24,'2021-10-01',9,65,'Tủ 3 ngăn kéo HDD',745000.0000,1.0000,7),(28,'2021-10-01',0,37,'Tủ bếp chữ I 2m5 - 3m1',42973520.0000,1.0000,10),(29,'2021-10-01',9,37,'Tủ bếp chữ I 2m5 - 3m1',42973520.0000,1.0000,8),(32,'2021-10-01',0,89,'Sản Phẩm Test màu-Pink',100.0000,1.0000,13),(33,'2021-10-01',0,48,'Bàn Durango',8755000.0000,1.0000,8),(34,'2021-10-01',9,89,'Sản Phẩm Test màu-Pink',100.0000,1.0000,7),(35,'2021-10-01',9,48,'Bàn Durango',8755000.0000,1.0000,9),(45,'2021-10-01',0,935,'Bàn Trà Foresthome BT4-MD',1280000.0000,1.0000,10),(46,'2021-10-01',0,1182,'Ghế làm việc Further 47 -2MR',100000.0000,1.0000,7),(47,'2021-10-01',9,1182,'Ghế làm việc Further 47 -2MR',100000.0000,1.0000,8),(48,'2021-10-01',9,935,'Bàn Trà Foresthome BT4-MD',1280000.0000,1.0000,6),(60,'2021-10-01',0,1380,'BÀN TRÀ BILY',1930000.0000,1.0000,9),(61,'2021-10-01',9,1380,'BÀN TRÀ BILY',1930000.0000,1.0000,12),(69,'2021-11-01',0,1346,'Bàn Trà Zuka',1100000.0000,1.0000,2),(70,'2021-11-01',9,1346,'Bàn Trà Zuka',1100000.0000,1.0000,6),(80,'2021-11-01',0,1398,'Bàn Trà Đôi Bt16',2375000.0000,1.0000,6),(81,'2021-11-01',0,1344,'Bàn Trà Zuka',1100000.0000,1.0000,4),(82,'2021-11-01',9,1344,'Bàn Trà Zuka',1100000.0000,1.0000,5),(83,'2021-11-01',9,1398,'Bàn Trà Đôi Bt16',2375000.0000,1.0000,7),(89,'2021-11-01',0,2454,'Sofa Văng Bọc Vải Bắc Âu',9000000.0000,6.0000,1),(90,'2021-11-01',0,2448,'Sofa Góc Da',17500000.0000,5.0000,2),(91,'2021-11-01',0,2468,'Sofa đơn da thật Softy 1739',99999999.9999,5.0000,3),(92,'2021-11-01',0,2455,'Sofa Văng Da Hiện Đại',8500000.0000,5.0000,4),(93,'2021-11-01',0,2415,'Bàn Trà Bt18',3300000.0000,3.0000,5),(94,'2021-11-01',0,2433,'Bàn Trà Mạ Pvd Bt38',9000000.0000,3.0000,6),(95,'2021-11-01',0,2434,'Bàn Trà Mạ Pvd Bt39',7875000.0000,3.0000,7),(96,'2021-11-01',0,2429,'Bàn Trà Mạ Pvd Bt34',10100000.0000,1.0000,5),(97,'2021-11-01',0,2418,'Bàn Trà Bầu Dục',12700000.0000,2.0000,9),(98,'2021-11-01',0,2477,'Bàn trà Solange',97200000.0000,1.0000,11),(99,'2021-11-01',0,2457,'NORDIC Blue Peace',9300000.0000,1.0000,12),(100,'2021-11-01',0,2475,'Bàn trà Master',34500000.0000,1.0000,13),(101,'2021-11-01',0,2472,'Bàn trà baba tròn',23500000.0000,1.0000,15),(102,'2021-11-01',0,2460,'Bàn Martini',4500000.0000,1.0000,16),(103,'2021-11-01',0,2476,'Bàn trà Round',13000000.0000,1.0000,18),(104,'2021-11-01',0,2473,'Bàn trà baba vuông',23500000.0000,1.0000,19),(105,'2021-11-01',9,2454,'Sofa Văng Bọc Vải Bắc Âu',9000000.0000,6.0000,1),(106,'2021-11-01',9,2455,'Sofa Văng Da Hiện Đại',8500000.0000,5.0000,2),(107,'2021-11-01',9,2448,'Sofa Góc Da',17500000.0000,5.0000,3),(108,'2021-11-01',9,2468,'Sofa đơn da thật Softy 1739',99999999.9999,5.0000,4),(109,'2021-11-01',9,2434,'Bàn Trà Mạ Pvd Bt39',7875000.0000,3.0000,5),(110,'2021-11-01',9,2429,'Bàn Trà Mạ Pvd Bt34',10100000.0000,1.0000,2),(111,'2021-11-01',9,2415,'Bàn Trà Bt18',3300000.0000,3.0000,7),(112,'2021-11-01',9,2433,'Bàn Trà Mạ Pvd Bt38',9000000.0000,3.0000,8),(113,'2021-11-01',9,2418,'Bàn Trà Bầu Dục',12700000.0000,2.0000,9),(114,'2021-11-01',9,2472,'Bàn trà baba tròn',23500000.0000,1.0000,10),(115,'2021-11-01',9,2460,'Bàn Martini',4500000.0000,1.0000,12),(116,'2021-11-01',9,2476,'Bàn trà Round',13000000.0000,1.0000,13),(117,'2021-11-01',9,2473,'Bàn trà baba vuông',23500000.0000,1.0000,15),(118,'2021-11-01',9,2477,'Bàn trà Solange',97200000.0000,1.0000,16),(119,'2021-11-01',9,2457,'NORDIC Blue Peace',9300000.0000,1.0000,17),(120,'2021-11-01',9,2475,'Bàn trà Master',34500000.0000,1.0000,18),(153,'2021-11-01',0,4390,'Manager_1me2531',7310000.0000,1.0000,7),(154,'2021-11-01',0,4465,'Ofurni_Further-46w-2mr',3110000.0000,1.0000,1),(155,'2021-11-01',9,4390,'Manager_1me2531',7310000.0000,1.0000,8),(156,'2021-11-01',9,4465,'Ofurni_Further-46w-2mr',3110000.0000,1.0000,1),(164,'2021-11-01',0,3284,'Payment Test',100000.0000,2.0000,1),(165,'2021-11-01',9,3284,'Payment Test',100000.0000,2.0000,1),(173,'2021-11-01',0,9921,'Bàn Ăn Tròn Eames Ba2',1364000.0000,1.0000,8),(174,'2021-11-01',9,9921,'Bàn Ăn Tròn Eames Ba2',1364000.0000,1.0000,4),(177,'2021-12-01',0,9890,'Tủ 3 Ngăn Kéo Hdd',819500.0000,1.0000,4),(178,'2021-12-01',9,9890,'Tủ 3 Ngăn Kéo Hdd',819500.0000,1.0000,3),(180,'2021-12-01',0,9945,'Bàn Tròn Wire',1292500.0000,1.0000,3),(181,'2021-12-01',9,9945,'Bàn Tròn Wire',1292500.0000,1.0000,2),(184,'2021-12-01',0,3284,'Payment Test',100000.0000,5.0000,1),(185,'2021-12-01',0,40,'Tủ bếp chữ I trên 4m2',47773200.0000,1.0000,2),(186,'2021-12-01',0,9926,'Bàn Ăn Vuông Eames Ba3',1364000.0000,1.0000,5),(187,'2021-12-01',9,3284,'Payment Test',100000.0000,5.0000,1),(188,'2021-12-01',9,9926,'Bàn Ăn Vuông Eames Ba3',1364000.0000,1.0000,4),(189,'2021-12-01',9,40,'Tủ bếp chữ I trên 4m2',47773200.0000,1.0000,5),(193,'2021-12-01',0,9930,'Bàn Ăn Vuông Eames Ba4',1320000.0000,1.0000,4),(194,'2021-12-01',9,9930,'Bàn Ăn Vuông Eames Ba4',1320000.0000,1.0000,4),(197,'2021-12-01',0,9933,'Bàn Ăn Vuông Eames Ba4',1749000.0000,1.0000,3),(198,'2021-12-01',9,9933,'Bàn Ăn Vuông Eames Ba4',1749000.0000,1.0000,3),(205,'2021-12-01',0,9888,'Tab Trang Trí Morelia',1496000.0000,1.0000,2),(206,'2021-12-01',9,9888,'Tab Trang Trí Morelia',1496000.0000,1.0000,2),(226,'2022-01-01',0,3284,'Payment Test',2000.0000,1.0000,2),(227,'2022-01-01',9,3284,'Payment Test',2000.0000,1.0000,2),(229,'2022-01-01',0,10441,'Gói cho thuê 1 phòng ngủ không bếp-12',1299000.0000,11.0000,1),(230,'2022-01-01',9,10441,'Gói cho thuê 1 phòng ngủ không bếp-12',1299000.0000,11.0000,1),(233,'2022-01-01',0,10006,'Bàn Ăn Chân Sắt',9350000.0000,1.0000,1),(234,'2022-01-01',9,10006,'Bàn Ăn Chân Sắt',9350000.0000,1.0000,1);

--
-- Table structure for table `sales_bestsellers_aggregated_yearly`
--

CREATE TABLE `sales_bestsellers_aggregated_yearly` (
  `id` int(10) unsigned NOT NULL AUTO_INCREMENT COMMENT 'ID',
  `period` date DEFAULT NULL COMMENT 'Period',
  `store_id` smallint(5) unsigned DEFAULT NULL COMMENT 'Store ID',
  `product_id` int(10) unsigned DEFAULT NULL COMMENT 'Product ID',
  `product_name` varchar(255) DEFAULT NULL COMMENT 'Product Name',
  `product_price` decimal(12,4) NOT NULL DEFAULT 0.0000 COMMENT 'Product Price',
  `qty_ordered` decimal(12,4) NOT NULL DEFAULT 0.0000 COMMENT 'Qty Ordered',
  `rating_pos` smallint(5) unsigned NOT NULL DEFAULT 0 COMMENT 'Rating Pos',
  PRIMARY KEY (`id`),
  UNIQUE KEY `SALES_BESTSELLERS_AGGREGATED_YEARLY_PERIOD_STORE_ID_PRODUCT_ID` (`period`,`store_id`,`product_id`),
  KEY `SALES_BESTSELLERS_AGGREGATED_YEARLY_STORE_ID` (`store_id`),
  KEY `SALES_BESTSELLERS_AGGREGATED_YEARLY_PRODUCT_ID` (`product_id`),
  CONSTRAINT `SALES_BESTSELLERS_AGGREGATED_YEARLY_STORE_ID_STORE_STORE_ID` FOREIGN KEY (`store_id`) REFERENCES `store` (`store_id`) ON DELETE CASCADE
) ENGINE=InnoDB AUTO_INCREMENT=238 DEFAULT CHARSET=utf8 COMMENT='Sales Bestsellers Aggregated Yearly';

--
-- Dumping data for table `sales_bestsellers_aggregated_yearly`
--

INSERT INTO `sales_bestsellers_aggregated_yearly` VALUES (1,'2021-01-01',0,73,'Kệ tivi Brooklyn',9097000.0000,12.0000,1),(2,'2021-01-01',0,72,'Kệ tivi AMI',7399000.0000,8.0000,2),(3,'2021-01-01',9,73,'Kệ tivi Brooklyn',9097000.0000,12.0000,1),(4,'2021-01-01',9,72,'Kệ tivi AMI',7399000.0000,8.0000,2),(8,'2021-01-01',0,75,'Kệ tivi LIVANT',6499000.0000,3.0000,5),(9,'2021-01-01',0,76,'Kệ tivi Roltp',6499000.0000,3.0000,6),(10,'2021-01-01',0,74,'Kệ tivi Champagne',7198000.0000,5.0000,4),(11,'2021-01-01',0,36,'Tủ bếp chữ I < 2m5',33865744.0000,1.0000,11),(12,'2021-01-01',9,75,'Kệ tivi LIVANT',6499000.0000,3.0000,5),(13,'2021-01-01',9,76,'Kệ tivi Roltp',6499000.0000,3.0000,6),(14,'2021-01-01',9,74,'Kệ tivi Champagne',7198000.0000,5.0000,3),(15,'2021-01-01',9,36,'Tủ bếp chữ I < 2m5',33865744.0000,1.0000,14),(23,'2021-01-01',0,65,'Tủ 3 ngăn kéo HDD',745000.0000,1.0000,7),(24,'2021-01-01',9,65,'Tủ 3 ngăn kéo HDD',745000.0000,1.0000,9),(28,'2021-01-01',0,37,'Tủ bếp chữ I 2m5 - 3m1',42973520.0000,1.0000,15),(29,'2021-01-01',9,37,'Tủ bếp chữ I 2m5 - 3m1',42973520.0000,1.0000,10),(32,'2021-01-01',0,89,'Sản Phẩm Test màu-Pink',100.0000,1.0000,25),(33,'2021-01-01',0,48,'Bàn Durango',8755000.0000,1.0000,9),(34,'2021-01-01',9,89,'Sản Phẩm Test màu-Pink',100.0000,1.0000,9),(35,'2021-01-01',9,48,'Bàn Durango',8755000.0000,1.0000,13),(45,'2021-01-01',0,935,'Bàn Trà Foresthome BT4-MD',1280000.0000,1.0000,14),(46,'2021-01-01',0,1182,'Ghế làm việc Further 47 -2MR',100000.0000,1.0000,8),(47,'2021-01-01',9,1182,'Ghế làm việc Further 47 -2MR',100000.0000,1.0000,11),(48,'2021-01-01',9,935,'Bàn Trà Foresthome BT4-MD',1280000.0000,1.0000,7),(60,'2021-01-01',0,1380,'BÀN TRÀ BILY',1930000.0000,1.0000,13),(61,'2021-01-01',9,1380,'BÀN TRÀ BILY',1930000.0000,1.0000,22),(69,'2021-01-01',0,1346,'Bàn Trà Zuka',1100000.0000,1.0000,9),(70,'2021-01-01',9,1346,'Bàn Trà Zuka',1100000.0000,1.0000,20),(80,'2021-01-01',0,1398,'Bàn Trà Đôi Bt16',2375000.0000,1.0000,22),(81,'2021-01-01',0,1344,'Bàn Trà Zuka',1100000.0000,1.0000,14),(82,'2021-01-01',9,1344,'Bàn Trà Zuka',1100000.0000,1.0000,17),(83,'2021-01-01',9,1398,'Bàn Trà Đôi Bt16',2375000.0000,1.0000,23),(89,'2021-01-01',0,2454,'Sofa Văng Bọc Vải Bắc Âu',9000000.0000,6.0000,6),(90,'2021-01-01',0,2448,'Sofa Góc Da',17500000.0000,5.0000,7),(91,'2021-01-01',0,2468,'Sofa đơn da thật Softy 1739',99999999.9999,5.0000,8),(92,'2021-01-01',0,2455,'Sofa Văng Da Hiện Đại',8500000.0000,5.0000,9),(93,'2021-01-01',0,2415,'Bàn Trà Bt18',3300000.0000,3.0000,10),(94,'2021-01-01',0,2433,'Bàn Trà Mạ Pvd Bt38',9000000.0000,3.0000,11),(95,'2021-01-01',0,2434,'Bàn Trà Mạ Pvd Bt39',7875000.0000,3.0000,12),(96,'2021-01-01',0,2429,'Bàn Trà Mạ Pvd Bt34',10100000.0000,1.0000,19),(97,'2021-01-01',0,2418,'Bàn Trà Bầu Dục',12700000.0000,2.0000,14),(98,'2021-01-01',0,2477,'Bàn trà Solange',97200000.0000,1.0000,16),(99,'2021-01-01',0,2457,'NORDIC Blue Peace',9300000.0000,1.0000,18),(100,'2021-01-01',0,2475,'Bàn trà Master',34500000.0000,1.0000,19),(101,'2021-01-01',0,2472,'Bàn trà baba tròn',23500000.0000,1.0000,22),(102,'2021-01-01',0,2460,'Bàn Martini',4500000.0000,1.0000,26),(103,'2021-01-01',0,2476,'Bàn trà Round',13000000.0000,1.0000,28),(104,'2021-01-01',0,2473,'Bàn trà baba vuông',23500000.0000,1.0000,32),(105,'2021-01-01',9,2454,'Sofa Văng Bọc Vải Bắc Âu',9000000.0000,6.0000,6),(106,'2021-01-01',9,2455,'Sofa Văng Da Hiện Đại',8500000.0000,5.0000,7),(107,'2021-01-01',9,2448,'Sofa Góc Da',17500000.0000,5.0000,8),(108,'2021-01-01',9,2468,'Sofa đơn da thật Softy 1739',99999999.9999,5.0000,9),(109,'2021-01-01',9,2434,'Bàn Trà Mạ Pvd Bt39',7875000.0000,3.0000,10),(110,'2021-01-01',9,2429,'Bàn Trà Mạ Pvd Bt34',10100000.0000,1.0000,11),(111,'2021-01-01',9,2415,'Bàn Trà Bt18',3300000.0000,3.0000,12),(112,'2021-01-01',9,2433,'Bàn Trà Mạ Pvd Bt38',9000000.0000,3.0000,13),(113,'2021-01-01',9,2418,'Bàn Trà Bầu Dục',12700000.0000,2.0000,14),(114,'2021-01-01',9,2472,'Bàn trà baba tròn',23500000.0000,1.0000,15),(115,'2021-01-01',9,2460,'Bàn Martini',4500000.0000,1.0000,19),(116,'2021-01-01',9,2476,'Bàn trà Round',13000000.0000,1.0000,20),(117,'2021-01-01',9,2473,'Bàn trà baba vuông',23500000.0000,1.0000,25),(118,'2021-01-01',9,2477,'Bàn trà Solange',97200000.0000,1.0000,28),(119,'2021-01-01',9,2457,'NORDIC Blue Peace',9300000.0000,1.0000,30),(120,'2021-01-01',9,2475,'Bàn trà Master',34500000.0000,1.0000,31),(153,'2021-01-01',0,4390,'Manager_1me2531',7310000.0000,1.0000,23),(154,'2021-01-01',0,4465,'Ofurni_Further-46w-2mr',3110000.0000,1.0000,12),(155,'2021-01-01',9,4390,'Manager_1me2531',7310000.0000,1.0000,25),(156,'2021-01-01',9,4465,'Ofurni_Further-46w-2mr',3110000.0000,1.0000,15),(164,'2021-01-01',0,3284,'Payment Test',100000.0000,5.0000,3),(165,'2021-01-01',9,3284,'Payment Test',100000.0000,5.0000,4),(173,'2021-01-01',0,9921,'Bàn Ăn Tròn Eames Ba2',1364000.0000,1.0000,24),(174,'2021-01-01',9,9921,'Bàn Ăn Tròn Eames Ba2',1364000.0000,1.0000,16),(177,'2021-01-01',0,9890,'Tủ 3 Ngăn Kéo Hdd',819500.0000,1.0000,20),(178,'2021-01-01',9,9890,'Tủ 3 Ngăn Kéo Hdd',819500.0000,1.0000,12),(180,'2021-01-01',0,9945,'Bàn Tròn Wire',1292500.0000,1.0000,16),(181,'2021-01-01',9,9945,'Bàn Tròn Wire',1292500.0000,1.0000,8),(185,'2021-01-01',0,9926,'Bàn Ăn Vuông Eames Ba3',1364000.0000,1.0000,7),(186,'2021-01-01',0,40,'Tủ bếp chữ I trên 4m2',47773200.0000,1.0000,21),(187,'2021-01-01',9,9926,'Bàn Ăn Vuông Eames Ba3',1364000.0000,1.0000,13),(188,'2021-01-01',9,40,'Tủ bếp chữ I trên 4m2',47773200.0000,1.0000,21),(194,'2021-01-01',0,9930,'Bàn Ăn Vuông Eames Ba4',1320000.0000,1.0000,15),(195,'2021-01-01',9,9930,'Bàn Ăn Vuông Eames Ba4',1320000.0000,1.0000,12),(198,'2021-01-01',0,9933,'Bàn Ăn Vuông Eames Ba4',1749000.0000,1.0000,13),(199,'2021-01-01',9,9933,'Bàn Ăn Vuông Eames Ba4',1749000.0000,1.0000,10),(206,'2021-01-01',0,9888,'Tab Trang Trí Morelia',1496000.0000,1.0000,10),(207,'2021-01-01',9,9888,'Tab Trang Trí Morelia',1496000.0000,1.0000,8),(227,'2022-01-01',0,3284,'Payment Test',2000.0000,1.0000,2),(228,'2022-01-01',9,3284,'Payment Test',2000.0000,1.0000,2),(230,'2022-01-01',0,10441,'Gói cho thuê 1 phòng ngủ không bếp-12',1299000.0000,11.0000,1),(231,'2022-01-01',9,10441,'Gói cho thuê 1 phòng ngủ không bếp-12',1299000.0000,11.0000,1),(234,'2022-01-01',0,10006,'Bàn Ăn Chân Sắt',9350000.0000,1.0000,1),(235,'2022-01-01',9,10006,'Bàn Ăn Chân Sắt',9350000.0000,1.0000,1);

--
-- Table structure for table `sales_creditmemo`
--

CREATE TABLE `sales_creditmemo` (
  `entity_id` int(10) unsigned NOT NULL AUTO_INCREMENT COMMENT 'Entity ID',
  `store_id` smallint(5) unsigned DEFAULT NULL COMMENT 'Store ID',
  `adjustment_positive` decimal(20,4) DEFAULT NULL COMMENT 'Adjustment Positive',
  `base_shipping_tax_amount` decimal(20,4) DEFAULT NULL COMMENT 'Base Shipping Tax Amount',
  `store_to_order_rate` decimal(20,4) DEFAULT NULL COMMENT 'Store To Order Rate',
  `base_discount_amount` decimal(20,4) DEFAULT NULL COMMENT 'Base Discount Amount',
  `base_to_order_rate` decimal(20,4) DEFAULT NULL COMMENT 'Base To Order Rate',
  `grand_total` decimal(20,4) DEFAULT NULL COMMENT 'Grand Total',
  `base_adjustment_negative` decimal(20,4) DEFAULT NULL COMMENT 'Base Adjustment Negative',
  `base_subtotal_incl_tax` decimal(20,4) DEFAULT NULL COMMENT 'Base Subtotal Incl Tax',
  `shipping_amount` decimal(20,4) DEFAULT NULL COMMENT 'Shipping Amount',
  `subtotal_incl_tax` decimal(20,4) DEFAULT NULL COMMENT 'Subtotal Incl Tax',
  `adjustment_negative` decimal(20,4) DEFAULT NULL COMMENT 'Adjustment Negative',
  `base_shipping_amount` decimal(20,4) DEFAULT NULL COMMENT 'Base Shipping Amount',
  `store_to_base_rate` decimal(20,4) DEFAULT NULL COMMENT 'Store To Base Rate',
  `base_to_global_rate` decimal(20,4) DEFAULT NULL COMMENT 'Base To Global Rate',
  `base_adjustment` decimal(20,4) DEFAULT NULL COMMENT 'Base Adjustment',
  `base_subtotal` decimal(20,4) DEFAULT NULL COMMENT 'Base Subtotal',
  `discount_amount` decimal(20,4) DEFAULT NULL COMMENT 'Discount Amount',
  `subtotal` decimal(20,4) DEFAULT NULL COMMENT 'Subtotal',
  `adjustment` decimal(20,4) DEFAULT NULL COMMENT 'Adjustment',
  `base_grand_total` decimal(20,4) DEFAULT NULL COMMENT 'Base Grand Total',
  `base_adjustment_positive` decimal(20,4) DEFAULT NULL COMMENT 'Base Adjustment Positive',
  `base_tax_amount` decimal(20,4) DEFAULT NULL COMMENT 'Base Tax Amount',
  `shipping_tax_amount` decimal(20,4) DEFAULT NULL COMMENT 'Shipping Tax Amount',
  `tax_amount` decimal(20,4) DEFAULT NULL COMMENT 'Tax Amount',
  `order_id` int(10) unsigned NOT NULL COMMENT 'Order ID',
  `email_sent` smallint(5) unsigned DEFAULT NULL COMMENT 'Email Sent',
  `send_email` smallint(5) unsigned DEFAULT NULL COMMENT 'Send Email',
  `creditmemo_status` int(11) DEFAULT NULL COMMENT 'Creditmemo Status',
  `state` int(11) DEFAULT NULL COMMENT 'State',
  `shipping_address_id` int(11) DEFAULT NULL COMMENT 'Shipping Address ID',
  `billing_address_id` int(11) DEFAULT NULL COMMENT 'Billing Address ID',
  `invoice_id` int(11) DEFAULT NULL COMMENT 'Invoice ID',
  `store_currency_code` varchar(3) DEFAULT NULL COMMENT 'Store Currency Code',
  `order_currency_code` varchar(3) DEFAULT NULL COMMENT 'Order Currency Code',
  `base_currency_code` varchar(3) DEFAULT NULL COMMENT 'Base Currency Code',
  `global_currency_code` varchar(3) DEFAULT NULL COMMENT 'Global Currency Code',
  `transaction_id` varchar(255) DEFAULT NULL COMMENT 'Transaction ID',
  `increment_id` varchar(50) DEFAULT NULL COMMENT 'Increment ID',
  `created_at` timestamp NOT NULL DEFAULT current_timestamp() COMMENT 'Created At',
  `updated_at` timestamp NOT NULL DEFAULT current_timestamp() ON UPDATE current_timestamp() COMMENT 'Updated At',
  `discount_tax_compensation_amount` decimal(20,4) DEFAULT NULL COMMENT 'Discount Tax Compensation Amount',
  `base_discount_tax_compensation_amount` decimal(20,4) DEFAULT NULL COMMENT 'Base Discount Tax Compensation Amount',
  `shipping_discount_tax_compensation_amount` decimal(20,4) DEFAULT NULL COMMENT 'Shipping Discount Tax Compensation Amount',
  `base_shipping_discount_tax_compensation_amnt` decimal(20,4) DEFAULT NULL COMMENT 'Base Shipping Discount Tax Compensation Amount',
  `shipping_incl_tax` decimal(20,4) DEFAULT NULL COMMENT 'Shipping Incl Tax',
  `base_shipping_incl_tax` decimal(20,4) DEFAULT NULL COMMENT 'Base Shipping Incl Tax',
  `discount_description` varchar(255) DEFAULT NULL COMMENT 'Discount Description',
  `customer_note` text DEFAULT NULL COMMENT 'Customer Note',
  `customer_note_notify` smallint(5) unsigned DEFAULT NULL COMMENT 'Customer Note Notify',
  PRIMARY KEY (`entity_id`),
  UNIQUE KEY `SALES_CREDITMEMO_INCREMENT_ID_STORE_ID` (`increment_id`,`store_id`),
  KEY `SALES_CREDITMEMO_STORE_ID` (`store_id`),
  KEY `SALES_CREDITMEMO_ORDER_ID` (`order_id`),
  KEY `SALES_CREDITMEMO_CREDITMEMO_STATUS` (`creditmemo_status`),
  KEY `SALES_CREDITMEMO_STATE` (`state`),
  KEY `SALES_CREDITMEMO_CREATED_AT` (`created_at`),
  KEY `SALES_CREDITMEMO_UPDATED_AT` (`updated_at`),
  KEY `SALES_CREDITMEMO_SEND_EMAIL` (`send_email`),
  KEY `SALES_CREDITMEMO_EMAIL_SENT` (`email_sent`),
  CONSTRAINT `SALES_CREDITMEMO_ORDER_ID_SALES_ORDER_ENTITY_ID` FOREIGN KEY (`order_id`) REFERENCES `sales_order` (`entity_id`) ON DELETE CASCADE,
  CONSTRAINT `SALES_CREDITMEMO_STORE_ID_STORE_STORE_ID` FOREIGN KEY (`store_id`) REFERENCES `store` (`store_id`) ON DELETE SET NULL
) ENGINE=InnoDB DEFAULT CHARSET=utf8 COMMENT='Sales Flat Creditmemo';

--
-- Dumping data for table `sales_creditmemo`
--


--
-- Table structure for table `sales_creditmemo_comment`
--

CREATE TABLE `sales_creditmemo_comment` (
  `entity_id` int(10) unsigned NOT NULL AUTO_INCREMENT COMMENT 'Entity ID',
  `parent_id` int(10) unsigned NOT NULL COMMENT 'Parent ID',
  `is_customer_notified` int(11) DEFAULT NULL COMMENT 'Is Customer Notified',
  `is_visible_on_front` smallint(5) unsigned NOT NULL DEFAULT 0 COMMENT 'Is Visible On Front',
  `comment` text DEFAULT NULL COMMENT 'Comment',
  `created_at` timestamp NOT NULL DEFAULT current_timestamp() COMMENT 'Created At',
  PRIMARY KEY (`entity_id`),
  KEY `SALES_CREDITMEMO_COMMENT_CREATED_AT` (`created_at`),
  KEY `SALES_CREDITMEMO_COMMENT_PARENT_ID` (`parent_id`),
  CONSTRAINT `SALES_CREDITMEMO_COMMENT_PARENT_ID_SALES_CREDITMEMO_ENTITY_ID` FOREIGN KEY (`parent_id`) REFERENCES `sales_creditmemo` (`entity_id`) ON DELETE CASCADE
) ENGINE=InnoDB DEFAULT CHARSET=utf8 COMMENT='Sales Flat Creditmemo Comment';

--
-- Dumping data for table `sales_creditmemo_comment`
--


--
-- Table structure for table `sales_creditmemo_grid`
--

CREATE TABLE `sales_creditmemo_grid` (
  `entity_id` int(10) unsigned NOT NULL COMMENT 'Entity ID',
  `increment_id` varchar(50) DEFAULT NULL COMMENT 'Increment ID',
  `created_at` timestamp NULL DEFAULT NULL COMMENT 'Created At',
  `updated_at` timestamp NULL DEFAULT NULL COMMENT 'Updated At',
  `order_id` int(10) unsigned NOT NULL COMMENT 'Order ID',
  `order_increment_id` varchar(50) DEFAULT NULL COMMENT 'Order Increment ID',
  `order_created_at` timestamp NULL DEFAULT NULL COMMENT 'Order Created At',
  `billing_name` varchar(255) DEFAULT NULL COMMENT 'Billing Name',
  `state` int(11) DEFAULT NULL COMMENT 'Status',
  `base_grand_total` decimal(20,4) DEFAULT NULL COMMENT 'Base Grand Total',
  `order_status` varchar(32) DEFAULT NULL COMMENT 'Order Status',
  `store_id` smallint(5) unsigned DEFAULT NULL COMMENT 'Store ID',
  `billing_address` varchar(255) DEFAULT NULL COMMENT 'Billing Address',
  `shipping_address` varchar(255) DEFAULT NULL COMMENT 'Shipping Address',
  `customer_name` varchar(128) NOT NULL COMMENT 'Customer Name',
  `customer_email` varchar(128) DEFAULT NULL COMMENT 'Customer Email',
  `customer_group_id` smallint(6) DEFAULT NULL COMMENT 'Customer Group ID',
  `payment_method` varchar(32) DEFAULT NULL COMMENT 'Payment Method',
  `shipping_information` varchar(255) DEFAULT NULL COMMENT 'Shipping Method Name',
  `subtotal` decimal(20,4) DEFAULT NULL COMMENT 'Subtotal',
  `shipping_and_handling` decimal(20,4) DEFAULT NULL COMMENT 'Shipping and handling amount',
  `adjustment_positive` decimal(20,4) DEFAULT NULL COMMENT 'Adjustment Positive',
  `adjustment_negative` decimal(20,4) DEFAULT NULL COMMENT 'Adjustment Negative',
  `order_base_grand_total` decimal(20,4) DEFAULT NULL COMMENT 'Order Grand Total',
  PRIMARY KEY (`entity_id`),
  UNIQUE KEY `SALES_CREDITMEMO_GRID_INCREMENT_ID_STORE_ID` (`increment_id`,`store_id`),
  KEY `SALES_CREDITMEMO_GRID_ORDER_INCREMENT_ID` (`order_increment_id`),
  KEY `SALES_CREDITMEMO_GRID_CREATED_AT` (`created_at`),
  KEY `SALES_CREDITMEMO_GRID_UPDATED_AT` (`updated_at`),
  KEY `SALES_CREDITMEMO_GRID_ORDER_CREATED_AT` (`order_created_at`),
  KEY `SALES_CREDITMEMO_GRID_STATE` (`state`),
  KEY `SALES_CREDITMEMO_GRID_BILLING_NAME` (`billing_name`),
  KEY `SALES_CREDITMEMO_GRID_ORDER_STATUS` (`order_status`),
  KEY `SALES_CREDITMEMO_GRID_BASE_GRAND_TOTAL` (`base_grand_total`),
  KEY `SALES_CREDITMEMO_GRID_STORE_ID` (`store_id`),
  KEY `SALES_CREDITMEMO_GRID_ORDER_BASE_GRAND_TOTAL` (`order_base_grand_total`),
  KEY `SALES_CREDITMEMO_GRID_ORDER_ID` (`order_id`),
  FULLTEXT KEY `FTI_32B7BA885941A8254EE84AE650ABDC86` (`increment_id`,`order_increment_id`,`billing_name`,`billing_address`,`shipping_address`,`customer_name`,`customer_email`)
) ENGINE=InnoDB DEFAULT CHARSET=utf8 COMMENT='Sales Flat Creditmemo Grid';

--
-- Dumping data for table `sales_creditmemo_grid`
--


--
-- Table structure for table `sales_creditmemo_item`
--

